[INFO] fetching crate fontdone 2.14.3...
[INFO] testing fontdone-2.14.3 against 1.100.0-beta.1+cargoflags=--release for beta-release-1.100-2
[INFO] extracting crate fontdone 2.14.3 into /workspace/builds/worker-4-tc2/source
[INFO] started tweaking crates.io crate fontdone 2.14.3
[INFO] removed 0 missing examples
[INFO] finished tweaking crates.io crate fontdone 2.14.3
[INFO] tweaked toml for crates.io crate fontdone 2.14.3 written to /workspace/builds/worker-4-tc2/source/Cargo.toml
[INFO] validating manifest of crates.io crate fontdone 2.14.3 on toolchain 1.100.0-beta.1
[INFO] running `Command { std: CARGO_HOME="/workspace/cargo-home" RUSTUP_HOME="/workspace/rustup-home" "/workspace/cargo-home/bin/cargo" "+1.100.0-beta.1" "metadata" "--manifest-path" "Cargo.toml" "--no-deps", kill_on_drop: false }`
[INFO] crate crates.io crate fontdone 2.14.3 already has a lockfile, it will not be regenerated
[INFO] running `Command { std: CARGO_HOME="/workspace/cargo-home" RUSTUP_HOME="/workspace/rustup-home" "/workspace/cargo-home/bin/cargo" "+1.100.0-beta.1" "fetch" "--manifest-path" "Cargo.toml", kill_on_drop: false }`
[INFO] [stderr] warning: Cargo.toml: `lints.rust.future-incompatible` is deprecated in favor of `lints.rust.future_incompatible` and will not work in a future edition
[INFO] [stderr] warning: `fontdone` (manifest) generated 1 warning
[INFO] running `Command { std: "docker" "create" "-v" "/var/lib/crater-agent-workspace/builds/worker-4-tc2/source:/opt/rustwide/workdir:ro,Z" "-v" "/var/lib/crater-agent-workspace/builds/worker-4-tc2/target:/opt/rustwide/target:rw,Z" "-v" "/var/lib/crater-agent-workspace/cargo-home:/opt/rustwide/cargo-home:ro,Z" "-v" "/var/lib/crater-agent-workspace/rustup-home:/opt/rustwide/rustup-home:ro,Z" "-m" "1610612736" "--network" "none" "ghcr.io/rust-lang/crates-build-env/linux@sha256:77db811e55d90add9212f6832c23229e3de5f1c1f9905e8cb07319ea15df73ac" "sleep" "infinity", kill_on_drop: false }`
[INFO] [stdout] 32f7aaeeef338bc2e3ae2f09b6995149d649c6ed4bbeb3fba79a691c9c1cca00
[INFO] running `Command { std: "docker" "start" "32f7aaeeef338bc2e3ae2f09b6995149d649c6ed4bbeb3fba79a691c9c1cca00", kill_on_drop: false }`
[INFO] running `Command { std: "docker" "inspect" "32f7aaeeef338bc2e3ae2f09b6995149d649c6ed4bbeb3fba79a691c9c1cca00", kill_on_drop: false }`
[INFO] running `Command { std: "docker" "exec" "-e" "SOURCE_DIR=/opt/rustwide/workdir" "-e" "CARGO_HOME=/opt/rustwide/cargo-home" "-e" "RUSTUP_HOME=/opt/rustwide/rustup-home" "-e" "CARGO_TARGET_DIR=/opt/rustwide/target" "-w" "/opt/rustwide/workdir" "--user" "0:0" "32f7aaeeef338bc2e3ae2f09b6995149d649c6ed4bbeb3fba79a691c9c1cca00" "/opt/rustwide/cargo-home/bin/cargo" "+1.100.0-beta.1" "metadata" "--no-deps" "--format-version=1", kill_on_drop: false }`
[INFO] running `Command { std: "docker" "inspect" "32f7aaeeef338bc2e3ae2f09b6995149d649c6ed4bbeb3fba79a691c9c1cca00", kill_on_drop: false }`
[INFO] running `Command { std: "docker" "exec" "-e" "SOURCE_DIR=/opt/rustwide/workdir" "-e" "CARGO_HOME=/opt/rustwide/cargo-home" "-e" "RUSTUP_HOME=/opt/rustwide/rustup-home" "-e" "CARGO_TARGET_DIR=/opt/rustwide/target" "-e" "CARGO_INCREMENTAL=0" "-e" "RUST_BACKTRACE=full" "-e" "RUSTFLAGS=--cap-lints=warn" "-e" "RUSTDOCFLAGS=--cap-lints=warn" "-w" "/opt/rustwide/workdir" "--user" "0:0" "32f7aaeeef338bc2e3ae2f09b6995149d649c6ed4bbeb3fba79a691c9c1cca00" "/opt/rustwide/cargo-home/bin/cargo" "+1.100.0-beta.1" "build" "--frozen" "--message-format=json" "--release", kill_on_drop: false }`
[INFO] [stderr] warning: Cargo.toml: `lints.rust.future-incompatible` is deprecated in favor of `lints.rust.future_incompatible` and will not work in a future edition
[INFO] [stderr] warning: `fontdone` (manifest) generated 1 warning
[INFO] [stderr]    Compiling simd-adler32 v0.3.10
[INFO] [stderr]    Compiling tinyvec v1.12.0
[INFO] [stderr]    Compiling thiserror-impl v2.0.19
[INFO] [stderr]    Compiling miniz_oxide v0.8.9
[INFO] [stderr]    Compiling bzip2-rs v0.1.2
[INFO] [stderr]    Compiling flate2 v1.1.9
[INFO] [stderr]    Compiling thiserror v2.0.19
[INFO] [stderr]    Compiling fontdone v2.14.3 (/opt/rustwide/workdir)
[INFO] [stderr]     Finished `release` profile [optimized] target(s) in 30.48s
[INFO] running `Command { std: "docker" "inspect" "32f7aaeeef338bc2e3ae2f09b6995149d649c6ed4bbeb3fba79a691c9c1cca00", kill_on_drop: false }`
[INFO] running `Command { std: "docker" "exec" "-e" "SOURCE_DIR=/opt/rustwide/workdir" "-e" "CARGO_HOME=/opt/rustwide/cargo-home" "-e" "RUSTUP_HOME=/opt/rustwide/rustup-home" "-e" "CARGO_TARGET_DIR=/opt/rustwide/target" "-e" "CARGO_INCREMENTAL=0" "-e" "RUST_BACKTRACE=full" "-e" "RUSTFLAGS=--cap-lints=warn" "-e" "RUSTDOCFLAGS=--cap-lints=warn" "-w" "/opt/rustwide/workdir" "--user" "0:0" "32f7aaeeef338bc2e3ae2f09b6995149d649c6ed4bbeb3fba79a691c9c1cca00" "/opt/rustwide/cargo-home/bin/cargo" "+1.100.0-beta.1" "test" "--frozen" "--no-run" "--message-format=json" "--release", kill_on_drop: false }`
[INFO] [stderr] warning: Cargo.toml: `lints.rust.future-incompatible` is deprecated in favor of `lints.rust.future_incompatible` and will not work in a future edition
[INFO] [stderr] warning: `fontdone` (manifest) generated 1 warning
[INFO] [stderr]    Compiling hybrid-array v0.4.13
[INFO] [stderr]    Compiling aho-corasick v1.1.4
[INFO] [stderr]    Compiling jiff-core v0.1.0
[INFO] [stderr]    Compiling const-oid v0.10.2
[INFO] [stderr]    Compiling anstream v1.0.0
[INFO] [stderr]    Compiling cpufeatures v0.3.0
[INFO] [stderr]    Compiling serde v1.0.229
[INFO] [stderr]    Compiling fontdone v2.14.3 (/opt/rustwide/workdir)
[INFO] [stderr]    Compiling block-buffer v0.12.1
[INFO] [stderr]    Compiling crypto-common v0.2.2
[INFO] [stderr]    Compiling jiff v0.2.35
[INFO] [stderr]    Compiling regex-automata v0.4.16
[INFO] [stderr]    Compiling digest v0.11.3
[INFO] [stderr]    Compiling sha2 v0.11.0
[INFO] [stderr]    Compiling regex v1.13.1
[INFO] [stderr]    Compiling env_filter v2.0.0
[INFO] [stderr]    Compiling env_logger v0.11.11
[INFO] [stdout] error: couldn't read `src/ffi/../../tests/fixtures/input/fonts/DejaVuSans.ttf`: No such file or directory (os error 2)
[INFO] [stdout]      --> src/ffi/handles.rs:13856:28
[INFO] [stdout]       |
[INFO] [stdout] 13856 |                 let data = include_bytes!("../../tests/fixtures/input/fonts/DejaVuSans.ttf");
[INFO] [stdout]       |                            ^^^^^^^^^^^^^^^^^^^^^^^^^^^^^^^^^^^^^^^^^^^^^^^^^^^^^^^^^^^^^^^^^
[INFO] [stdout] 
[INFO] [stdout] 
[INFO] [stdout] error: couldn't read `src/ffi/../../tests/fixtures/input/fonts/DejaVuSans.ttf`: No such file or directory (os error 2)
[INFO] [stdout]      --> src/ffi/handles.rs:13891:13
[INFO] [stdout]       |
[INFO] [stdout] 13891 |             include_bytes!("../../tests/fixtures/input/fonts/DejaVuSans.ttf").to_vec(),
[INFO] [stdout]       |             ^^^^^^^^^^^^^^^^^^^^^^^^^^^^^^^^^^^^^^^^^^^^^^^^^^^^^^^^^^^^^^^^^
[INFO] [stdout] 
[INFO] [stdout] 
[INFO] [stdout] error: couldn't read `src/ffi/../../tests/fixtures/input/fonts/DejaVuSans.ttf`: No such file or directory (os error 2)
[INFO] [stdout]      --> src/ffi/handles.rs:13906:13
[INFO] [stdout]       |
[INFO] [stdout] 13906 |             include_bytes!("../../tests/fixtures/input/fonts/DejaVuSans.ttf").to_vec(),
[INFO] [stdout]       |             ^^^^^^^^^^^^^^^^^^^^^^^^^^^^^^^^^^^^^^^^^^^^^^^^^^^^^^^^^^^^^^^^^
[INFO] [stdout] 
[INFO] [stdout] 
[INFO] [stdout] error: couldn't read `src/ffi/../../tests/fixtures/input/fonts/DejaVuSans.ttf`: No such file or directory (os error 2)
[INFO] [stdout]      --> src/ffi/handles.rs:13926:20
[INFO] [stdout]       |
[INFO] [stdout] 13926 |         let data = include_bytes!("../../tests/fixtures/input/fonts/DejaVuSans.ttf");
[INFO] [stdout]       |                    ^^^^^^^^^^^^^^^^^^^^^^^^^^^^^^^^^^^^^^^^^^^^^^^^^^^^^^^^^^^^^^^^^
[INFO] [stdout] 
[INFO] [stdout] 
[INFO] [stdout] error: couldn't read `src/ffi/../../tests/fixtures/input/fonts/DejaVuSans.ttf`: No such file or directory (os error 2)
[INFO] [stdout]      --> src/ffi/handles.rs:13956:20
[INFO] [stdout]       |
[INFO] [stdout] 13956 |         let data = include_bytes!("../../tests/fixtures/input/fonts/DejaVuSans.ttf");
[INFO] [stdout]       |                    ^^^^^^^^^^^^^^^^^^^^^^^^^^^^^^^^^^^^^^^^^^^^^^^^^^^^^^^^^^^^^^^^^
[INFO] [stdout] 
[INFO] [stdout] 
[INFO] [stdout] error: couldn't read `src/ffi/../../tests/fixtures/input/fonts/variable/compact-variable.ttf`: No such file or directory (os error 2)
[INFO] [stdout]      --> src/ffi/handles.rs:14001:20
[INFO] [stdout]       |
[INFO] [stdout] 14001 |         let data = include_bytes!("../../tests/fixtures/input/fonts/variable/compact-variable.ttf");
[INFO] [stdout]       |                    ^^^^^^^^^^^^^^^^^^^^^^^^^^^^^^^^^^^^^^^^^^^^^^^^^^^^^^^^^^^^^^^^^^^^^^^^^^^^^^^^
[INFO] [stdout] 
[INFO] [stdout] 
[INFO] [stdout] error: couldn't read `src/../tests/fixtures/input/fonts/variable/compact-variable.ttf`: No such file or directory (os error 2)
[INFO] [stdout]     --> src/font.rs:9875:20
[INFO] [stdout]      |
[INFO] [stdout] 9875 |         let data = include_bytes!("../tests/fixtures/input/fonts/variable/compact-variable.ttf");
[INFO] [stdout]      |                    ^^^^^^^^^^^^^^^^^^^^^^^^^^^^^^^^^^^^^^^^^^^^^^^^^^^^^^^^^^^^^^^^^^^^^^^^^^^^^
[INFO] [stdout] 
[INFO] [stdout] 
[INFO] [stdout] error[E0432]: unresolved import `handles::FT_Fvar_Named_Style_Coords`
[INFO] [stdout]      --> src/ffi/mod.rs:318:21
[INFO] [stdout]       |
[INFO] [stdout]   306 |   macro_rules! export_parity_helpers {
[INFO] [stdout] ...
[INFO] [stdout]   318 |               pub use handles::$name;
[INFO] [stdout]       |                       ^^^^^^^^^^^^^^
[INFO] [stdout] ...
[INFO] [stdout]   350 | / export_parity_helpers!(
[INFO] [stdout]   351 | |     FT_ColrV1_Paint_ColorLine_Copy,
[INFO] [stdout]   352 | |     FT_ColrV1_Paint_LinearGradient_Copy,
[INFO] [stdout]   353 | |     FT_ColrV1_Paint_Transform_Copy,
[INFO] [stdout] ...     |
[INFO] [stdout]   358 | |     FT_Fvar_Named_Style_Coords,
[INFO] [stdout]       | |     -------------------------- no `FT_Fvar_Named_Style_Coords` in `ffi::handles`
[INFO] [stdout] ...     |
[INFO] [stdout]   390 | |     FT_Unsupported_GlyphSlot,
[INFO] [stdout]   391 | | );
[INFO] [stdout]       | |_- in this macro invocation
[INFO] [stdout]       |
[INFO] [stdout] note: found an item that was configured out
[INFO] [stdout]      --> src/ffi/handles.rs:13593:8
[INFO] [stdout]       |
[INFO] [stdout] 13592 | #[cfg(feature = "abi-test-support")]
[INFO] [stdout]       |       ---------------------------- the item is gated behind the `abi-test-support` feature
[INFO] [stdout] 13593 | pub fn FT_Fvar_Named_Style_Coords(
[INFO] [stdout]       |        ^^^^^^^^^^^^^^^^^^^^^^^^^^
[INFO] [stdout] 
[INFO] [stdout] 
[INFO] [stdout] error[E0277]: can't compare `u32` with `!`
[INFO] [stdout]      --> src/ffi/handles.rs:10112:41
[INFO] [stdout]       |
[INFO] [stdout] 10112 |             if iterator.num_color_stops != colorline.stops.len().try_into().ok()?
[INFO] [stdout]       |                                         ^^ no implementation for `u32 == !`
[INFO] [stdout]       |
[INFO] [stdout]       = help: the trait `PartialEq<!>` is not implemented for `u32`
[INFO] [stdout] help: `u32` implements trait `PartialEq<Rhs>`
[INFO] [stdout]      --> /rustc/e3feeb59cd1bdd011a2bfcc0747b55125d9b8527/library/core/src/cmp.rs:2174:12
[INFO] [stdout]       |
[INFO] [stdout]       = note: `PartialEq`
[INFO] [stdout]      ::: /rustc/e3feeb59cd1bdd011a2bfcc0747b55125d9b8527/library/core/src/cmp.rs:2186:5
[INFO] [stdout]       |
[INFO] [stdout]       = note: in this macro invocation
[INFO] [stdout]       |
[INFO] [stdout]      ::: /opt/rustwide/cargo-home/registry/src/index.crates.io-1949cf8c6b5b557f/serde_json-1.0.151/src/value/partial_eq.rs:76:13
[INFO] [stdout]       |
[INFO] [stdout]    76 |               impl PartialEq<Value> for $ty {
[INFO] [stdout]       |               ^^^^^^^^^^^^^^^^^^^^^^^^^^^^^ `PartialEq<serde_json::Value>`
[INFO] [stdout] ...
[INFO] [stdout]    97 | / partialeq_numeric! {
[INFO] [stdout]    98 | |     eq_i64[i8 i16 i32 i64 isize]
[INFO] [stdout]    99 | |     eq_u64[u8 u16 u32 u64 usize]
[INFO] [stdout]   100 | |     eq_f32[f32]
[INFO] [stdout]   101 | |     eq_f64[f64]
[INFO] [stdout]   102 | |     eq_bool[bool]
[INFO] [stdout]   103 | | }
[INFO] [stdout]       | |_- in this macro invocation
[INFO] [stdout]       = note: this error originates in the macro `impl_partial_eq_for_primitive` which comes from the expansion of the macro `partialeq_numeric` (in Nightly builds, run with -Z macro-backtrace for more info)
[INFO] [stdout] 
[INFO] [stdout] 
[INFO] [stdout] error[E0277]: the trait bound `!: TryFrom<usize>` is not satisfied
[INFO] [stdout]      --> src/ffi/handles.rs:10112:66
[INFO] [stdout]       |
[INFO] [stdout] 10112 |             if iterator.num_color_stops != colorline.stops.len().try_into().ok()?
[INFO] [stdout]       |                                                                  ^^^^^^^^ the trait `From<usize>` is not implemented for `!`
[INFO] [stdout]       |
[INFO] [stdout]       = note: required for `usize` to implement `Into<!>`
[INFO] [stdout]       = note: required for `!` to implement `TryFrom<usize>`
[INFO] [stdout]       = note: required for `usize` to implement `TryInto<!>`
[INFO] [stdout] 
[INFO] [stdout] 
[INFO] [stdout] Some errors have detailed explanations: E0277, E0432.
[INFO] [stdout] 
[INFO] [stdout] For more information about an error, try `rustc --explain E0277`.
[INFO] [stdout] 
[INFO] [stderr] error: could not compile `fontdone` (lib test) due to 10 previous errors
[INFO] [stderr] warning: build failed, waiting for other jobs to finish...
[INFO] running `Command { std: "docker" "inspect" "32f7aaeeef338bc2e3ae2f09b6995149d649c6ed4bbeb3fba79a691c9c1cca00", kill_on_drop: false }`
[INFO] running `Command { std: "docker" "rm" "-f" "32f7aaeeef338bc2e3ae2f09b6995149d649c6ed4bbeb3fba79a691c9c1cca00", kill_on_drop: false }`
[INFO] [stdout] 32f7aaeeef338bc2e3ae2f09b6995149d649c6ed4bbeb3fba79a691c9c1cca00
