[INFO] fetching crate font-convert 0.1.0...
[INFO] testing font-convert-0.1.0 against 1.99.0-beta.8+cargoflags=--release for beta-release-1.100-2
[INFO] extracting crate font-convert 0.1.0 into /workspace/builds/worker-2-tc1/source
[INFO] started tweaking crates.io crate font-convert 0.1.0
[INFO] removed 0 missing examples
[INFO] finished tweaking crates.io crate font-convert 0.1.0
[INFO] tweaked toml for crates.io crate font-convert 0.1.0 written to /workspace/builds/worker-2-tc1/source/Cargo.toml
[INFO] validating manifest of crates.io crate font-convert 0.1.0 on toolchain 1.99.0-beta.8
[INFO] running `Command { std: CARGO_HOME="/workspace/cargo-home" RUSTUP_HOME="/workspace/rustup-home" "/workspace/cargo-home/bin/cargo" "+1.99.0-beta.8" "metadata" "--manifest-path" "Cargo.toml" "--no-deps", kill_on_drop: false }`
[INFO] crate crates.io crate font-convert 0.1.0 already has a lockfile, it will not be regenerated
[INFO] running `Command { std: CARGO_HOME="/workspace/cargo-home" RUSTUP_HOME="/workspace/rustup-home" "/workspace/cargo-home/bin/cargo" "+1.99.0-beta.8" "fetch" "--manifest-path" "Cargo.toml", kill_on_drop: false }`
[INFO] [stderr]     Updating crates.io index
[INFO] [stderr]  Downloading crates ...
[INFO] [stderr]   Downloaded cc v1.2.51
[INFO] [stderr]   Downloaded fontcull v2.0.0
[INFO] [stderr]   Downloaded find-msvc-tools v0.1.6
[INFO] [stderr]   Downloaded woofwoof v1.0.1
[INFO] [stderr]   Downloaded fontcull-write-fonts v0.44.3
[INFO] [stderr]   Downloaded syn v2.0.112
[INFO] [stderr]   Downloaded fontcull-skrifa v0.39.2
[INFO] [stderr]   Downloaded fontcull-read-fonts v0.38.0
[INFO] [stderr]   Downloaded fontcull-font-types v0.10.2
[INFO] [stderr]   Downloaded fontcull-klippa v0.1.2
[INFO] running `Command { std: "docker" "create" "-v" "/var/lib/crater-agent-workspace/builds/worker-2-tc1/source:/opt/rustwide/workdir:ro,Z" "-v" "/var/lib/crater-agent-workspace/builds/worker-2-tc1/target:/opt/rustwide/target:rw,Z" "-v" "/var/lib/crater-agent-workspace/cargo-home:/opt/rustwide/cargo-home:ro,Z" "-v" "/var/lib/crater-agent-workspace/rustup-home:/opt/rustwide/rustup-home:ro,Z" "-m" "1610612736" "--network" "none" "ghcr.io/rust-lang/crates-build-env/linux@sha256:77db811e55d90add9212f6832c23229e3de5f1c1f9905e8cb07319ea15df73ac" "sleep" "infinity", kill_on_drop: false }`
[INFO] [stdout] 29c34fb3272958769f80f579edca8d222a34ce2d3add95602a99b776b58ea97e
[INFO] running `Command { std: "docker" "start" "29c34fb3272958769f80f579edca8d222a34ce2d3add95602a99b776b58ea97e", kill_on_drop: false }`
[INFO] running `Command { std: "docker" "inspect" "29c34fb3272958769f80f579edca8d222a34ce2d3add95602a99b776b58ea97e", kill_on_drop: false }`
[INFO] running `Command { std: "docker" "exec" "-e" "SOURCE_DIR=/opt/rustwide/workdir" "-e" "CARGO_HOME=/opt/rustwide/cargo-home" "-e" "RUSTUP_HOME=/opt/rustwide/rustup-home" "-e" "CARGO_TARGET_DIR=/opt/rustwide/target" "-w" "/opt/rustwide/workdir" "--user" "0:0" "29c34fb3272958769f80f579edca8d222a34ce2d3add95602a99b776b58ea97e" "/opt/rustwide/cargo-home/bin/cargo" "+1.99.0-beta.8" "metadata" "--no-deps" "--format-version=1", kill_on_drop: false }`
[INFO] running `Command { std: "docker" "inspect" "29c34fb3272958769f80f579edca8d222a34ce2d3add95602a99b776b58ea97e", kill_on_drop: false }`
[INFO] running `Command { std: "docker" "exec" "-e" "SOURCE_DIR=/opt/rustwide/workdir" "-e" "CARGO_HOME=/opt/rustwide/cargo-home" "-e" "RUSTUP_HOME=/opt/rustwide/rustup-home" "-e" "CARGO_TARGET_DIR=/opt/rustwide/target" "-e" "CARGO_INCREMENTAL=0" "-e" "RUST_BACKTRACE=full" "-e" "RUSTFLAGS=--cap-lints=warn" "-e" "RUSTDOCFLAGS=--cap-lints=warn" "-w" "/opt/rustwide/workdir" "--user" "0:0" "29c34fb3272958769f80f579edca8d222a34ce2d3add95602a99b776b58ea97e" "/opt/rustwide/cargo-home/bin/cargo" "+1.99.0-beta.8" "build" "--frozen" "--message-format=json" "--release", kill_on_drop: false }`
[INFO] [stderr]    Compiling proc-macro2 v1.0.104
[INFO] [stderr]    Compiling find-msvc-tools v0.1.6
[INFO] [stderr]    Compiling indexmap v2.12.1
[INFO] [stderr]    Compiling brotli-decompressor v4.0.3
[INFO] [stderr]    Compiling kurbo v0.12.0
[INFO] [stderr]    Compiling simd-adler32 v0.3.8
[INFO] [stderr]    Compiling cc v1.2.51
[INFO] [stderr]    Compiling miniz_oxide v0.8.9
[INFO] [stderr]    Compiling brotli v7.0.0
[INFO] [stderr]    Compiling quote v1.0.42
[INFO] [stderr]    Compiling syn v2.0.112
[INFO] [stderr]    Compiling libz-sys v1.1.23
[INFO] [stderr]    Compiling woofwoof v1.0.1
[INFO] [stderr]    Compiling flate2 v1.1.5
[INFO] [stderr]    Compiling bytemuck_derive v1.10.2
[INFO] [stderr]    Compiling clap_derive v4.5.49
[INFO] [stderr]    Compiling thiserror-impl v1.0.69
[INFO] [stderr]    Compiling thiserror v1.0.69
[INFO] [stderr]    Compiling bytemuck v1.24.0
[INFO] [stderr]    Compiling fontcull-font-types v0.10.2
[INFO] [stderr]    Compiling clap v4.5.53
[INFO] [stderr]    Compiling fontcull-read-fonts v0.38.0
[INFO] [stderr] warning: woofwoof@1.0.1: In file included from vendor/woff2/src/woff2_out.cc:9:
[INFO] [stderr] warning: woofwoof@1.0.1: vendor/woff2/include/woff2/output.h:73:25: error: expected ')' before '*' token
[INFO] [stderr] warning: woofwoof@1.0.1:    73 |   WOFF2MemoryOut(uint8_t* buf, size_t buf_size);
[INFO] [stderr] warning: woofwoof@1.0.1:       |                 ~       ^
[INFO] [stderr] warning: woofwoof@1.0.1:       |                         )
[INFO] [stderr] warning: woofwoof@1.0.1: vendor/woff2/include/woff2/output.h:79:3: error: 'uint8_t' does not name a type
[INFO] [stderr] warning: woofwoof@1.0.1:    79 |   uint8_t* buf_;
[INFO] [stderr] warning: woofwoof@1.0.1:       |   ^~~~~~~
[INFO] [stderr] warning: woofwoof@1.0.1: vendor/woff2/include/woff2/output.h:16:1: note: 'uint8_t' is defined in header '<cstdint>'; this is probably fixable by adding '#include <cstdint>'
[INFO] [stderr] warning: woofwoof@1.0.1:    15 | #include <string>
[INFO] [stderr] warning: woofwoof@1.0.1:   +++ |+#include <cstdint>
[INFO] [stderr] warning: woofwoof@1.0.1:    16 | 
[INFO] [stderr] warning: woofwoof@1.0.1: vendor/woff2/src/woff2_out.cc:44:31: error: expected constructor, destructor, or type conversion before '(' token
[INFO] [stderr] warning: woofwoof@1.0.1:    44 | WOFF2MemoryOut::WOFF2MemoryOut(uint8_t* buf, size_t buf_size)
[INFO] [stderr] warning: woofwoof@1.0.1:       |                               ^
[INFO] [stderr] warning: woofwoof@1.0.1: vendor/woff2/src/woff2_out.cc: In member function 'virtual bool woff2::WOFF2MemoryOut::Write(const void*, size_t, size_t)':
[INFO] [stderr] warning: woofwoof@1.0.1: vendor/woff2/src/woff2_out.cc:57:15: error: 'buf_' was not declared in this scope; did you mean 'buf'?
[INFO] [stderr] warning: woofwoof@1.0.1:    57 |   std::memcpy(buf_ + offset, buf, n);
[INFO] [stderr] warning: woofwoof@1.0.1:       |               ^~~~
[INFO] [stderr] warning: woofwoof@1.0.1:       |               buf
[INFO] [stderr] error: failed to run custom build command for `woofwoof v1.0.1`
[INFO] [stderr] note: To improve backtraces for build dependencies, set the CARGO_PROFILE_RELEASE_BUILD_OVERRIDE_DEBUG=true environment variable to enable debug information generation.
[INFO] [stderr] 
[INFO] [stderr] Caused by:
[INFO] [stderr]   process didn't exit successfully: `/opt/rustwide/target/release/build/woofwoof-8c162fe83a80dc4a/build-script-build` (exit status: 1)
[INFO] [stderr]   --- stdout
[INFO] [stderr]   OUT_DIR = Some(/opt/rustwide/target/release/build/woofwoof-0e4ba24e23b3b15e/out)
[INFO] [stderr]   OPT_LEVEL = Some(3)
[INFO] [stderr]   TARGET = Some(x86_64-unknown-linux-gnu)
[INFO] [stderr]   CARGO_ENCODED_RUSTFLAGS = Some(--cap-lints=warn)
[INFO] [stderr]   HOST = Some(x86_64-unknown-linux-gnu)
[INFO] [stderr]   cargo:rerun-if-env-changed=CXX_x86_64-unknown-linux-gnu
[INFO] [stderr]   CXX_x86_64-unknown-linux-gnu = None
[INFO] [stderr]   cargo:rerun-if-env-changed=CXX_x86_64_unknown_linux_gnu
[INFO] [stderr]   CXX_x86_64_unknown_linux_gnu = None
[INFO] [stderr]   cargo:rerun-if-env-changed=HOST_CXX
[INFO] [stderr]   HOST_CXX = None
[INFO] [stderr]   cargo:rerun-if-env-changed=CXX
[INFO] [stderr]   CXX = None
[INFO] [stderr]   cargo:rerun-if-env-changed=CC_ENABLE_DEBUG_OUTPUT
[INFO] [stderr]   RUSTC_WRAPPER = None
[INFO] [stderr]   cargo:rerun-if-env-changed=CRATE_CC_NO_DEFAULTS
[INFO] [stderr]   CRATE_CC_NO_DEFAULTS = None
[INFO] [stderr]   DEBUG = Some(false)
[INFO] [stderr]   CARGO_CFG_TARGET_FEATURE = Some(fxsr,sse,sse2)
[INFO] [stderr]   cargo:rerun-if-env-changed=CXXFLAGS
[INFO] [stderr]   CXXFLAGS = None
[INFO] [stderr]   cargo:rerun-if-env-changed=HOST_CXXFLAGS
[INFO] [stderr]   HOST_CXXFLAGS = None
[INFO] [stderr]   cargo:rerun-if-env-changed=CXXFLAGS_x86_64_unknown_linux_gnu
[INFO] [stderr]   CXXFLAGS_x86_64_unknown_linux_gnu = None
[INFO] [stderr]   cargo:rerun-if-env-changed=CXXFLAGS_x86_64-unknown-linux-gnu
[INFO] [stderr]   CXXFLAGS_x86_64-unknown-linux-gnu = None
[INFO] [stderr]   cargo:warning=In file included from vendor/woff2/src/woff2_out.cc:9:
[INFO] [stderr]   cargo:warning=vendor/woff2/include/woff2/output.h:73:25: error: expected ')' before '*' token
[INFO] [stderr]   cargo:warning=   73 |   WOFF2MemoryOut(uint8_t* buf, size_t buf_size);
[INFO] [stderr]   cargo:warning=      |                 ~       ^
[INFO] [stderr]   cargo:warning=      |                         )
[INFO] [stderr]   cargo:warning=vendor/woff2/include/woff2/output.h:79:3: error: 'uint8_t' does not name a type
[INFO] [stderr]   cargo:warning=   79 |   uint8_t* buf_;
[INFO] [stderr]   cargo:warning=      |   ^~~~~~~
[INFO] [stderr]   cargo:warning=vendor/woff2/include/woff2/output.h:16:1: note: 'uint8_t' is defined in header '<cstdint>'; this is probably fixable by adding '#include <cstdint>'
[INFO] [stderr]   cargo:warning=   15 | #include <string>
[INFO] [stderr]   cargo:warning=  +++ |+#include <cstdint>
[INFO] [stderr]   cargo:warning=   16 | 
[INFO] [stderr]   cargo:warning=vendor/woff2/src/woff2_out.cc:44:31: error: expected constructor, destructor, or type conversion before '(' token
[INFO] [stderr]   cargo:warning=   44 | WOFF2MemoryOut::WOFF2MemoryOut(uint8_t* buf, size_t buf_size)
[INFO] [stderr]   cargo:warning=      |                               ^
[INFO] [stderr]   cargo:warning=vendor/woff2/src/woff2_out.cc: In member function 'virtual bool woff2::WOFF2MemoryOut::Write(const void*, size_t, size_t)':
[INFO] [stderr]   cargo:warning=vendor/woff2/src/woff2_out.cc:57:15: error: 'buf_' was not declared in this scope; did you mean 'buf'?
[INFO] [stderr]   cargo:warning=   57 |   std::memcpy(buf_ + offset, buf, n);
[INFO] [stderr]   cargo:warning=      |               ^~~~
[INFO] [stderr]   cargo:warning=      |               buf
[INFO] [stderr] 
[INFO] [stderr]   --- stderr
[INFO] [stderr] 
[INFO] [stderr] 
[INFO] [stderr]   error occurred in cc-rs: command did not execute successfully (status code exit status: 1): LC_ALL="C" "c++" "-O3" "-ffunction-sections" "-fdata-sections" "-fPIC" "-m64" "-I" "vendor/woff2/include" "-I" "include" "-w" "-std=c++11" "-o" "/opt/rustwide/target/release/build/woofwoof-0e4ba24e23b3b15e/out/a338f9483f92666c-woff2_out.o" "-c" "vendor/woff2/src/woff2_out.cc"
[INFO] [stderr] 
[INFO] [stderr] 
[INFO] [stderr] warning: build failed, waiting for other jobs to finish...
[INFO] running `Command { std: "docker" "inspect" "29c34fb3272958769f80f579edca8d222a34ce2d3add95602a99b776b58ea97e", kill_on_drop: false }`
[INFO] running `Command { std: "docker" "rm" "-f" "29c34fb3272958769f80f579edca8d222a34ce2d3add95602a99b776b58ea97e", kill_on_drop: false }`
[INFO] [stdout] 29c34fb3272958769f80f579edca8d222a34ce2d3add95602a99b776b58ea97e
