[INFO] fetching crate fnprint 0.6.1...
[INFO] testing fnprint-0.6.1 against 1.99.0-beta.8+cargoflags=--release for beta-release-1.100-2
[INFO] extracting crate fnprint 0.6.1 into /workspace/builds/worker-6-tc1/source
[INFO] started tweaking crates.io crate fnprint 0.6.1
[INFO] removed 0 missing tests
[INFO] finished tweaking crates.io crate fnprint 0.6.1
[INFO] tweaked toml for crates.io crate fnprint 0.6.1 written to /workspace/builds/worker-6-tc1/source/Cargo.toml
[INFO] validating manifest of crates.io crate fnprint 0.6.1 on toolchain 1.99.0-beta.8
[INFO] running `Command { std: CARGO_HOME="/workspace/cargo-home" RUSTUP_HOME="/workspace/rustup-home" "/workspace/cargo-home/bin/cargo" "+1.99.0-beta.8" "metadata" "--manifest-path" "Cargo.toml" "--no-deps", kill_on_drop: false }`
[INFO] crate crates.io crate fnprint 0.6.1 already has a lockfile, it will not be regenerated
[INFO] running `Command { std: CARGO_HOME="/workspace/cargo-home" RUSTUP_HOME="/workspace/rustup-home" "/workspace/cargo-home/bin/cargo" "+1.99.0-beta.8" "fetch" "--manifest-path" "Cargo.toml", kill_on_drop: false }`
[INFO] [stderr]     Updating crates.io index
[INFO] [stderr]  Downloading crates ...
[INFO] [stderr]   Downloaded fnprint-loader v0.6.1
[INFO] [stderr]   Downloaded fnprint-sig v0.6.1
[INFO] [stderr]   Downloaded fnprint-sandbox v0.6.1
[INFO] [stderr]   Downloaded scroll_derive v0.13.2
[INFO] [stderr]   Downloaded fnprint-db v0.6.1
[INFO] [stderr]   Downloaded fnprint-trace v0.6.1
[INFO] [stderr]   Downloaded scroll v0.13.0
[INFO] [stderr]   Downloaded fnprint-core v0.6.1
[INFO] [stderr]   Downloaded fnprint-emu v0.6.1
[INFO] [stderr]   Downloaded unicorn-engine-tci v2.1.6
[INFO] [stderr]   Downloaded capstone v0.14.0
[INFO] [stderr]   Downloaded goblin v0.10.7
[INFO] [stderr]   Downloaded seccompiler v0.5.0
[INFO] [stderr]   Downloaded rusqlite v0.37.0
[INFO] [stderr]   Downloaded gimli v0.34.0
[INFO] [stderr]   Downloaded unicorn-engine-sys-tci v2.1.6
[INFO] [stderr]   Downloaded capstone-sys v0.18.0
[INFO] running `Command { std: "docker" "create" "-v" "/var/lib/crater-agent-workspace/builds/worker-6-tc1/source:/opt/rustwide/workdir:ro,Z" "-v" "/var/lib/crater-agent-workspace/builds/worker-6-tc1/target:/opt/rustwide/target:rw,Z" "-v" "/var/lib/crater-agent-workspace/cargo-home:/opt/rustwide/cargo-home:ro,Z" "-v" "/var/lib/crater-agent-workspace/rustup-home:/opt/rustwide/rustup-home:ro,Z" "-m" "1610612736" "--network" "none" "ghcr.io/rust-lang/crates-build-env/linux@sha256:77db811e55d90add9212f6832c23229e3de5f1c1f9905e8cb07319ea15df73ac" "sleep" "infinity", kill_on_drop: false }`
[INFO] [stdout] 176a83aeeab2c998921a07ace80f9c6ee36b0258a24e7e3a746b163f130f324a
[INFO] running `Command { std: "docker" "start" "176a83aeeab2c998921a07ace80f9c6ee36b0258a24e7e3a746b163f130f324a", kill_on_drop: false }`
[INFO] running `Command { std: "docker" "inspect" "176a83aeeab2c998921a07ace80f9c6ee36b0258a24e7e3a746b163f130f324a", kill_on_drop: false }`
[INFO] running `Command { std: "docker" "exec" "-e" "SOURCE_DIR=/opt/rustwide/workdir" "-e" "CARGO_HOME=/opt/rustwide/cargo-home" "-e" "RUSTUP_HOME=/opt/rustwide/rustup-home" "-e" "CARGO_TARGET_DIR=/opt/rustwide/target" "-w" "/opt/rustwide/workdir" "--user" "0:0" "176a83aeeab2c998921a07ace80f9c6ee36b0258a24e7e3a746b163f130f324a" "/opt/rustwide/cargo-home/bin/cargo" "+1.99.0-beta.8" "metadata" "--no-deps" "--format-version=1", kill_on_drop: false }`
[INFO] running `Command { std: "docker" "inspect" "176a83aeeab2c998921a07ace80f9c6ee36b0258a24e7e3a746b163f130f324a", kill_on_drop: false }`
[INFO] running `Command { std: "docker" "exec" "-e" "SOURCE_DIR=/opt/rustwide/workdir" "-e" "CARGO_HOME=/opt/rustwide/cargo-home" "-e" "RUSTUP_HOME=/opt/rustwide/rustup-home" "-e" "CARGO_TARGET_DIR=/opt/rustwide/target" "-e" "CARGO_INCREMENTAL=0" "-e" "RUST_BACKTRACE=full" "-e" "RUSTFLAGS=--cap-lints=warn" "-e" "RUSTDOCFLAGS=--cap-lints=warn" "-w" "/opt/rustwide/workdir" "--user" "0:0" "176a83aeeab2c998921a07ace80f9c6ee36b0258a24e7e3a746b163f130f324a" "/opt/rustwide/cargo-home/bin/cargo" "+1.99.0-beta.8" "build" "--frozen" "--message-format=json" "--release", kill_on_drop: false }`
[INFO] [stderr]    Compiling prettyplease v0.2.37
[INFO] [stderr]    Compiling regex-syntax v0.8.11
[INFO] [stderr]    Compiling bindgen v0.71.1
[INFO] [stderr]    Compiling either v1.18.0
[INFO] [stderr]    Compiling rustc-hash v2.1.3
[INFO] [stderr]    Compiling clang-sys v1.9.1
[INFO] [stderr]    Compiling libc v0.2.189
[INFO] [stderr]    Compiling nom v7.1.3
[INFO] [stderr]    Compiling libloading v0.8.9
[INFO] [stderr]    Compiling bitflags v2.13.1
[INFO] [stderr]    Compiling syn v3.0.5
[INFO] [stderr]    Compiling syn v2.0.119
[INFO] [stderr]    Compiling cmake v0.1.58
[INFO] [stderr]    Compiling crossbeam-epoch v0.9.21
[INFO] [stderr]    Compiling libsqlite3-sys v0.35.0
[INFO] [stderr]    Compiling capstone-sys v0.18.0
[INFO] [stderr]    Compiling crossbeam-deque v0.8.8
[INFO] [stderr]    Compiling hashbrown v0.15.5
[INFO] [stderr]    Compiling indexmap v2.14.2
[INFO] [stderr]    Compiling stable_deref_trait v1.2.1
[INFO] [stderr]    Compiling fnv v1.0.7
[INFO] [stderr]    Compiling thiserror v2.0.20
[INFO] [stderr]    Compiling plain v0.2.3
[INFO] [stderr]    Compiling fallible-iterator v0.3.0
[INFO] [stderr]    Compiling smallvec v1.16.0
[INFO] [stderr]    Compiling itertools v0.13.0
[INFO] [stderr]    Compiling rustix v0.38.44
[INFO] [stderr]    Compiling fallible-streaming-iterator v0.1.9
[INFO] [stderr]    Compiling clap_builder v4.6.6
[INFO] [stderr]    Compiling linux-raw-sys v0.4.15
[INFO] [stderr]    Compiling seccompiler v0.5.0
[INFO] [stderr]    Compiling serde_json v1.0.151
[INFO] [stderr]    Compiling rayon-core v1.13.0
[INFO] [stderr]    Compiling hashlink v0.10.0
[INFO] [stderr]    Compiling gimli v0.34.0
[INFO] [stderr]    Compiling rayon v1.12.0
[INFO] [stderr]    Compiling regex-automata v0.4.18
[INFO] [stderr]    Compiling cexpr v0.6.0
[INFO] [stderr]    Compiling fnprint-sandbox v0.6.1
[INFO] [stderr]    Compiling regex v1.13.1
[INFO] [stderr]    Compiling serde_derive v1.0.229
[INFO] [stderr]    Compiling scroll_derive v0.13.2
[INFO] [stderr]    Compiling thiserror-impl v2.0.20
[INFO] [stderr]    Compiling clap_derive v4.6.4
[INFO] [stderr]    Compiling scroll v0.13.0
[INFO] [stderr]    Compiling goblin v0.10.7
[INFO] [stderr]    Compiling cobs v0.3.0
[INFO] [stderr]    Compiling clap v4.6.6
[INFO] [stderr]    Compiling clap_complete v4.6.9
[INFO] [stderr]    Compiling serde v1.0.229
[INFO] [stderr]    Compiling fnprint-trace v0.6.1
[INFO] [stderr]    Compiling postcard v1.1.3
[INFO] [stderr]    Compiling fnprint-sig v0.6.1
[INFO] [stderr]    Compiling unicorn-engine-sys-tci v2.1.6
[INFO] [stderr]    Compiling fnprint-loader v0.6.1
[INFO] [stderr] warning: libsqlite3-sys@0.35.0: cc: fatal error: Killed signal terminated program cc1
[INFO] [stderr] warning: libsqlite3-sys@0.35.0: compilation terminated.
[INFO] [stderr] error: failed to run custom build command for `libsqlite3-sys v0.35.0`
[INFO] [stderr] note: To improve backtraces for build dependencies, set the CARGO_PROFILE_RELEASE_BUILD_OVERRIDE_DEBUG=true environment variable to enable debug information generation.
[INFO] [stderr] 
[INFO] [stderr] Caused by:
[INFO] [stderr]   process didn't exit successfully: `/opt/rustwide/target/release/build/libsqlite3-sys-3fbf596ba6229716/build-script-build` (exit status: 1)
[INFO] [stderr]   --- stdout
[INFO] [stderr]   cargo:rerun-if-env-changed=LIBSQLITE3_SYS_USE_PKG_CONFIG
[INFO] [stderr]   cargo:include=/opt/rustwide/cargo-home/registry/src/index.crates.io-1949cf8c6b5b557f/libsqlite3-sys-0.35.0/sqlite3
[INFO] [stderr]   cargo:rerun-if-changed=sqlite3/sqlite3.c
[INFO] [stderr]   cargo:rerun-if-changed=sqlite3/wasm32-wasi-vfs.c
[INFO] [stderr]   cargo:rerun-if-env-changed=SQLITE_MAX_VARIABLE_NUMBER
[INFO] [stderr]   cargo:rerun-if-env-changed=SQLITE_MAX_EXPR_DEPTH
[INFO] [stderr]   cargo:rerun-if-env-changed=SQLITE_MAX_COLUMN
[INFO] [stderr]   cargo:rerun-if-env-changed=LIBSQLITE3_FLAGS
[INFO] [stderr]   cargo:rerun-if-env-changed=CC_FORCE_DISABLE
[INFO] [stderr]   CC_FORCE_DISABLE = None
[INFO] [stderr]   cargo:rerun-if-env-changed=CC_x86_64-unknown-linux-gnu
[INFO] [stderr]   CC_x86_64-unknown-linux-gnu = None
[INFO] [stderr]   cargo:rerun-if-env-changed=CC_x86_64_unknown_linux_gnu
[INFO] [stderr]   CC_x86_64_unknown_linux_gnu = None
[INFO] [stderr]   cargo:rerun-if-env-changed=HOST_CC
[INFO] [stderr]   HOST_CC = None
[INFO] [stderr]   cargo:rerun-if-env-changed=CC
[INFO] [stderr]   CC = None
[INFO] [stderr]   cargo:rerun-if-env-changed=CC_ENABLE_DEBUG_OUTPUT
[INFO] [stderr]   cargo:rerun-if-env-changed=CRATE_CC_NO_DEFAULTS
[INFO] [stderr]   CRATE_CC_NO_DEFAULTS = None
[INFO] [stderr]   cargo:rerun-if-env-changed=CFLAGS
[INFO] [stderr]   CFLAGS = None
[INFO] [stderr]   cargo:rerun-if-env-changed=HOST_CFLAGS
[INFO] [stderr]   HOST_CFLAGS = None
[INFO] [stderr]   cargo:rerun-if-env-changed=CFLAGS_x86_64_unknown_linux_gnu
[INFO] [stderr]   CFLAGS_x86_64_unknown_linux_gnu = None
[INFO] [stderr]   cargo:rerun-if-env-changed=CFLAGS_x86_64-unknown-linux-gnu
[INFO] [stderr]   CFLAGS_x86_64-unknown-linux-gnu = None
[INFO] [stderr]   cargo:warning=cc: fatal error: Killed signal terminated program cc1
[INFO] [stderr]   cargo:warning=compilation terminated.
[INFO] [stderr] 
[INFO] [stderr]   --- stderr
[INFO] [stderr] 
[INFO] [stderr] 
[INFO] [stderr]   error occurred in cc-rs: command did not execute successfully (status code exit status: 1): LC_ALL="C" "cc" "-O3" "-ffunction-sections" "-fdata-sections" "-fPIC" "-m64" "-w" "-DSQLITE_CORE" "-DSQLITE_DEFAULT_FOREIGN_KEYS=1" "-DSQLITE_ENABLE_API_ARMOR" "-DSQLITE_ENABLE_COLUMN_METADATA" "-DSQLITE_ENABLE_DBSTAT_VTAB" "-DSQLITE_ENABLE_FTS3" "-DSQLITE_ENABLE_FTS3_PARENTHESIS" "-DSQLITE_ENABLE_FTS5" "-DSQLITE_ENABLE_JSON1" "-DSQLITE_ENABLE_LOAD_EXTENSION=1" "-DSQLITE_ENABLE_MEMORY_MANAGEMENT" "-DSQLITE_ENABLE_RTREE" "-DSQLITE_ENABLE_STAT4" "-DSQLITE_SOUNDEX" "-DSQLITE_THREADSAFE=1" "-DSQLITE_USE_URI" "-DHAVE_USLEEP=1" "-DHAVE_ISNAN" "-D_POSIX_THREAD_SAFE_FUNCTIONS" "-DHAVE_LOCALTIME_R" "-o" "/opt/rustwide/target/release/build/libsqlite3-sys-f16ff2c7a7307e6e/out/c877a2978823c39d-sqlite3.o" "-c" "sqlite3/sqlite3.c"
[INFO] [stderr] 
[INFO] [stderr] 
[INFO] [stderr] warning: build failed, waiting for other jobs to finish...
[INFO] [stderr] error: failed to run custom build command for `unicorn-engine-sys-tci v2.1.6`
[INFO] [stderr] note: To improve backtraces for build dependencies, set the CARGO_PROFILE_RELEASE_BUILD_OVERRIDE_DEBUG=true environment variable to enable debug information generation.
[INFO] [stderr] 
[INFO] [stderr] Caused by:
[INFO] [stderr]   process didn't exit successfully: `/opt/rustwide/target/release/build/unicorn-engine-sys-tci-43ce3bff45c23a24/build-script-build` (exit status: 101)
[INFO] [stderr]   --- stdout
[INFO] [stderr]   cargo:rerun-if-changed=/opt/rustwide/cargo-home/registry/uc.c
[INFO] [stderr]   cargo:rerun-if-changed=/opt/rustwide/cargo-home/registry/list.c
[INFO] [stderr]   cargo:rerun-if-env-changed=CC_x86_64-unknown-linux-gnu
[INFO] [stderr]   CC_x86_64-unknown-linux-gnu = None
[INFO] [stderr]   cargo:rerun-if-env-changed=CC_x86_64_unknown_linux_gnu
[INFO] [stderr]   CC_x86_64_unknown_linux_gnu = None
[INFO] [stderr]   cargo:rerun-if-env-changed=HOST_CC
[INFO] [stderr]   HOST_CC = None
[INFO] [stderr]   cargo:rerun-if-env-changed=CC
[INFO] [stderr]   CC = None
[INFO] [stderr]   cargo:rerun-if-env-changed=CC_ENABLE_DEBUG_OUTPUT
[INFO] [stderr]   cargo:rerun-if-env-changed=CRATE_CC_NO_DEFAULTS
[INFO] [stderr]   CRATE_CC_NO_DEFAULTS = None
[INFO] [stderr]   cargo:rerun-if-env-changed=CFLAGS
[INFO] [stderr]   CFLAGS = None
[INFO] [stderr]   cargo:rerun-if-env-changed=HOST_CFLAGS
[INFO] [stderr]   HOST_CFLAGS = None
[INFO] [stderr]   cargo:rerun-if-env-changed=CFLAGS_x86_64_unknown_linux_gnu
[INFO] [stderr]   CFLAGS_x86_64_unknown_linux_gnu = None
[INFO] [stderr]   cargo:rerun-if-env-changed=CFLAGS_x86_64-unknown-linux-gnu
[INFO] [stderr]   CFLAGS_x86_64-unknown-linux-gnu = None
[INFO] [stderr]   CMAKE_TOOLCHAIN_FILE_x86_64-unknown-linux-gnu = None
[INFO] [stderr]   CMAKE_TOOLCHAIN_FILE_x86_64_unknown_linux_gnu = None
[INFO] [stderr]   HOST_CMAKE_TOOLCHAIN_FILE = None
[INFO] [stderr]   CMAKE_TOOLCHAIN_FILE = None
[INFO] [stderr]   1.13.2
[INFO] [stderr]   CMAKE_PREFIX_PATH_x86_64-unknown-linux-gnu = None
[INFO] [stderr]   CMAKE_PREFIX_PATH_x86_64_unknown_linux_gnu = None
[INFO] [stderr]   HOST_CMAKE_PREFIX_PATH = None
[INFO] [stderr]   CMAKE_PREFIX_PATH = None
[INFO] [stderr]   CMAKE_x86_64-unknown-linux-gnu = None
[INFO] [stderr]   CMAKE_x86_64_unknown_linux_gnu = None
[INFO] [stderr]   HOST_CMAKE = None
[INFO] [stderr]   CMAKE = None
[INFO] [stderr]   -- The C compiler identification is GNU 15.2.0
[INFO] [stderr]   -- Detecting C compiler ABI info
[INFO] [stderr]   -- Detecting C compiler ABI info - done
[INFO] [stderr]   -- Check for working C compiler: /usr/bin/cc - skipped
[INFO] [stderr]   -- Detecting C compile features
[INFO] [stderr]   -- Detecting C compile features - done
[INFO] [stderr]   Install prefix    /usr/local
[INFO] [stderr]   binary directory  /usr/local/bin
[INFO] [stderr]   library directory /usr/local/lib
[INFO] [stderr]   libexec directory /usr/local/libexec
[INFO] [stderr]   include directory /usr/local/include
[INFO] [stderr]   config directory  /usr/local/etc
[INFO] [stderr]   local state directory   /usr/local/var
[INFO] [stderr]   ELF interp prefix /usr/gnemul/qemu-%M
[INFO] [stderr]   Build directory   /opt/rustwide/target/release/build/unicorn-engine-sys-tci-73681c496334e766/out/build
[INFO] [stderr]   Source path       /opt/rustwide/cargo-home/registry/src/index.crates.io-1949cf8c6b5b557f/unicorn-engine-sys-tci-2.1.6/qemu
[INFO] [stderr]   GIT binary        git
[INFO] [stderr]   GIT submodules    
[INFO] [stderr]   C compiler        /usr/bin/cc
[INFO] [stderr]   Host C compiler   cc
[INFO] [stderr]   C++ compiler      c++
[INFO] [stderr]   Objective-C compiler clang
[INFO] [stderr]   ARFLAGS           rv
[INFO] [stderr]   CFLAGS            -g 
[INFO] [stderr]   QEMU_CFLAGS       -fPIE -DPIE -m64 -mcx16 -D_GNU_SOURCE -D_FILE_OFFSET_BITS=64 -D_LARGEFILE_SOURCE -Wstrict-prototypes -Wredundant-decls -Wall -Wundef -Wwrite-strings -Wmissing-prototypes -fno-strict-aliasing -fno-common -fwrapv -std=gnu99  -DUNICORN_HAS_X86 -DUNICORN_HAS_ARM -DUNICORN_HAS_ARM64 -fPIC -Wexpansion-to-defined -Wendif-labels -Wno-shift-negative-value -Wno-missing-include-dirs -Wempty-body -Wnested-externs -Wformat-security -Wformat-y2k -Winit-self -Wignored-qualifiers -Wold-style-declaration -Wold-style-definition -Wtype-limits -fstack-protector-strong
[INFO] [stderr]   QEMU_LDFLAGS      -Wl,--warn-common -Wl,-z,relro -Wl,-z,now -pie -m64  -DUNICORN_HAS_X86 -DUNICORN_HAS_ARM -DUNICORN_HAS_ARM64 -fPIC -fstack-protector-strong
[INFO] [stderr]   make              make
[INFO] [stderr]   install           install
[INFO] [stderr]   host CPU          x86_64
[INFO] [stderr]   host big endian   no
[INFO] [stderr]   target list       x86_64-softmmu  arm-softmmu  aarch64-softmmu   
[INFO] [stderr]   strip binaries    yes
[INFO] [stderr]   static build      no
[INFO] [stderr]   mingw32 support   no
[INFO] [stderr]   PIE               yes
[INFO] [stderr]   TCG support       yes
[INFO] [stderr]   malloc trim support yes
[INFO] [stderr]   membarrier        no
[INFO] [stderr]   madvise           yes
[INFO] [stderr]   posix_madvise     yes
[INFO] [stderr]   posix_memalign    yes
[INFO] [stderr]   debug stack usage no
[INFO] [stderr]   tcmalloc support  no
[INFO] [stderr]   jemalloc support  no
[INFO] [stderr]   avx2 optimization yes
[INFO] [stderr]   avx512f optimization no
[INFO] [stderr]   interpreter yes
[INFO] [stderr]   -- Configuring done (9.5s)
[INFO] [stderr]   -- Generating done (0.1s)
[INFO] [stderr]   -- Build files have been written to: /opt/rustwide/target/release/build/unicorn-engine-sys-tci-73681c496334e766/out/build
[INFO] [stderr]   [1/162] Building C object CMakeFiles/unicorn-common.dir/glib_compat/gslice.c.o
[INFO] [stderr]   [2/162] Building C object CMakeFiles/unicorn-common.dir/qemu/util/cutils.c.o
[INFO] [stderr]   [3/162] Building C object CMakeFiles/unicorn-common.dir/glib_compat/gtestutils.c.o
[INFO] [stderr]   [4/162] Building C object CMakeFiles/unicorn-common.dir/glib_compat/gmem.c.o
[INFO] [stderr]   [5/162] Building C object CMakeFiles/unicorn-common.dir/list.c.o
[INFO] [stderr]   [6/162] Building C object CMakeFiles/unicorn-common.dir/glib_compat/glist.c.o
[INFO] [stderr]   [7/162] Building C object CMakeFiles/unicorn-common.dir/qemu/util/guest-random.c.o
[INFO] [stderr]   [8/162] Building C object CMakeFiles/unicorn-common.dir/qemu/util/osdep.c.o
[INFO] [stderr]   [9/162] Building C object CMakeFiles/unicorn-common.dir/qemu/util/qemu-timer-common.c.o
[INFO] [stderr]   [10/162] Building C object CMakeFiles/unicorn-common.dir/qemu/util/qemu-timer.c.o
[INFO] [stderr]   [11/162] Building C object CMakeFiles/unicorn-common.dir/qemu/util/host-utils.c.o
[INFO] [stderr]   [12/162] Building C object CMakeFiles/unicorn-common.dir/qemu/util/pagesize.c.o
[INFO] [stderr]   [13/162] Building C object CMakeFiles/unicorn-common.dir/qemu/util/getauxval.c.o
[INFO] [stderr]   [14/162] Building C object CMakeFiles/unicorn-common.dir/qemu/util/crc32c.c.o
[INFO] [stderr]   [15/162] Building C object CMakeFiles/unicorn-common.dir/qemu/util/qemu-thread-posix.c.o
[INFO] [stderr]   [16/162] Building C object CMakeFiles/unicorn-common.dir/qemu/util/bitops.c.o
[INFO] [stderr]   [17/162] Building C object CMakeFiles/unicorn-common.dir/qemu/util/range.c.o
[INFO] [stderr]   [18/162] Building C object CMakeFiles/unicorn-common.dir/qemu/util/cacheinfo.c.o
[INFO] [stderr]   [19/162] Building C object CMakeFiles/x86_64-softmmu.dir/qemu/exec-vary.c.o
[INFO] [stderr]   [20/162] Building C object CMakeFiles/unicorn-common.dir/glib_compat/grand.c.o
[INFO] [stderr]   [21/162] Building C object CMakeFiles/unicorn-common.dir/glib_compat/gtree.c.o
[INFO] [stderr]   [22/162] Building C object CMakeFiles/unicorn-common.dir/qemu/crypto/aes.c.o
[INFO] [stderr]   [23/162] Building C object CMakeFiles/unicorn-common.dir/qemu/util/oslib-posix.c.o
[INFO] [stderr]   [24/162] Building C object CMakeFiles/x86_64-softmmu.dir/qemu/softmmu/cpus.c.o
[INFO] [stderr]   [25/162] Building C object CMakeFiles/x86_64-softmmu.dir/qemu/softmmu/ioport.c.o
[INFO] [stderr]   [26/162] Building C object CMakeFiles/unicorn-common.dir/glib_compat/gpattern.c.o
[INFO] [stderr]   [27/162] Building C object CMakeFiles/unicorn-common.dir/qemu/util/bitmap.c.o
[INFO] [stderr]   [28/162] Building C object CMakeFiles/x86_64-softmmu.dir/qemu/softmmu/memory.c.o
[INFO] [stderr]   [29/162] Building C object CMakeFiles/x86_64-softmmu.dir/qemu/softmmu/memory_mapping.c.o
[INFO] [stderr]   [30/162] Building C object CMakeFiles/x86_64-softmmu.dir/qemu/accel/tcg/cpu-exec.c.o
[INFO] [stderr]   [31/162] Building C object CMakeFiles/x86_64-softmmu.dir/qemu/accel/tcg/tcg-all.c.o
[INFO] [stderr]   [32/162] Building C object CMakeFiles/unicorn-common.dir/glib_compat/garray.c.o
[INFO] [stderr]   [33/162] Building C object CMakeFiles/unicorn-common.dir/glib_compat/glib_compat.c.o
[INFO] [stderr]   [34/162] Building C object CMakeFiles/unicorn-common.dir/qemu/util/qdist.c.o
[INFO] [stderr]   [35/162] Building C object CMakeFiles/x86_64-softmmu.dir/qemu/accel/tcg/tcg-runtime.c.o
[INFO] [stderr]   [36/162] Building C object CMakeFiles/x86_64-softmmu.dir/qemu/accel/tcg/cpu-exec-common.c.o
[INFO] [stderr]   [37/162] Building C object CMakeFiles/unicorn-common.dir/qemu/util/qht.c.o
[INFO] [stderr]   [38/162] Building C object CMakeFiles/x86_64-softmmu.dir/qemu/hw/i386/x86.c.o
[INFO] [stderr]   [39/162] Building C object CMakeFiles/x86_64-softmmu.dir/qemu/softmmu/unicorn_vtlb.c.o
[INFO] [stderr]   [40/162] Building C object CMakeFiles/x86_64-softmmu.dir/qemu/accel/tcg/translate-all.c.o
[INFO] [stderr]   [41/162] Building C object CMakeFiles/x86_64-softmmu.dir/qemu/target/i386/arch_memory_mapping.c.o
[INFO] [stderr]   [42/162] Building C object CMakeFiles/x86_64-softmmu.dir/qemu/target/i386/bpt_helper.c.o
[INFO] [stderr]   [43/162] Building C object CMakeFiles/x86_64-softmmu.dir/qemu/accel/tcg/translator.c.o
[INFO] [stderr]   [44/162] Building C object CMakeFiles/x86_64-softmmu.dir/qemu/target/i386/cc_helper.c.o
[INFO] [stderr]   [45/162] Building C object CMakeFiles/x86_64-softmmu.dir/qemu/tcg/tci.c.o
[INFO] [stderr]   [46/162] Building C object CMakeFiles/x86_64-softmmu.dir/qemu/tcg/tcg-op-vec.c.o
[INFO] [stderr]   [47/162] Building C object CMakeFiles/x86_64-softmmu.dir/qemu/target/i386/int_helper.c.o
[INFO] [stderr]   [48/162] Building C object CMakeFiles/x86_64-softmmu.dir/qemu/target/i386/helper.c.o
[INFO] [stderr]   [49/162] Building C object CMakeFiles/x86_64-softmmu.dir/qemu/target/i386/misc_helper.c.o
[INFO] [stderr]   [50/162] Building C object CMakeFiles/x86_64-softmmu.dir/qemu/exec.c.o
[INFO] [stderr]   [51/162] Building C object CMakeFiles/x86_64-softmmu.dir/qemu/target/i386/machine.c.o
[INFO] [stderr]   [52/162] Building C object CMakeFiles/x86_64-softmmu.dir/qemu/target/i386/mem_helper.c.o
[INFO] [stderr]   [53/162] Building C object CMakeFiles/x86_64-softmmu.dir/qemu/target/i386/mpx_helper.c.o
[INFO] [stderr]   [54/162] Building C object CMakeFiles/x86_64-softmmu.dir/qemu/target/i386/smm_helper.c.o
[INFO] [stderr]   [55/162] Building C object CMakeFiles/x86_64-softmmu.dir/qemu/target/i386/excp_helper.c.o
[INFO] [stderr]   [56/162] Building C object CMakeFiles/x86_64-softmmu.dir/qemu/target/i386/xsave_helper.c.o
[INFO] [stderr]   [57/162] Building C object CMakeFiles/x86_64-softmmu.dir/qemu/target/i386/cpu.c.o
[INFO] [stderr]   [58/162] Building C object CMakeFiles/arm-softmmu.dir/qemu/exec-vary.c.o
[INFO] [stderr]   [59/162] Building C object CMakeFiles/arm-softmmu.dir/qemu/softmmu/cpus.c.o
[INFO] [stderr]   [60/162] Building C object CMakeFiles/arm-softmmu.dir/qemu/softmmu/ioport.c.o
[INFO] [stderr]   [61/162] Building C object CMakeFiles/x86_64-softmmu.dir/qemu/target/i386/svm_helper.c.o
[INFO] [stderr]   [62/162] Building C object CMakeFiles/arm-softmmu.dir/qemu/softmmu/memory_mapping.c.o
[INFO] [stderr]   [63/162] Building C object CMakeFiles/x86_64-softmmu.dir/qemu/tcg/optimize.c.o
[INFO] [stderr]   [64/162] Building C object CMakeFiles/x86_64-softmmu.dir/qemu/tcg/tcg.c.o
[INFO] [stderr]   [65/162] Building C object CMakeFiles/x86_64-softmmu.dir/qemu/target/i386/unicorn.c.o
[INFO] [stderr]   [66/162] Building C object CMakeFiles/arm-softmmu.dir/qemu/softmmu/memory.c.o
[INFO] [stderr]   [67/162] Building C object CMakeFiles/x86_64-softmmu.dir/qemu/tcg/tcg-op.c.o
[INFO] [stderr]   FAILED: [code=1] CMakeFiles/x86_64-softmmu.dir/qemu/tcg/tcg-op.c.o 
[INFO] [stderr]   /usr/bin/cc  -I/opt/rustwide/target/release/build/unicorn-engine-sys-tci-73681c496334e766/out/build -I/opt/rustwide/cargo-home/registry/src/index.crates.io-1949cf8c6b5b557f/unicorn-engine-sys-tci-2.1.6/glib_compat -I/opt/rustwide/cargo-home/registry/src/index.crates.io-1949cf8c6b5b557f/unicorn-engine-sys-tci-2.1.6/qemu -I/opt/rustwide/cargo-home/registry/src/index.crates.io-1949cf8c6b5b557f/unicorn-engine-sys-tci-2.1.6/qemu/include -I/opt/rustwide/cargo-home/registry/src/index.crates.io-1949cf8c6b5b557f/unicorn-engine-sys-tci-2.1.6/include -I/opt/rustwide/cargo-home/registry/src/index.crates.io-1949cf8c6b5b557f/unicorn-engine-sys-tci-2.1.6/qemu/tcg -ffunction-sections -fdata-sections -fPIC -m64 -w -O3 -DNDEBUG -std=gnu11 -m64 -mcx16 -I/opt/rustwide/cargo-home/registry/src/index.crates.io-1949cf8c6b5b557f/unicorn-engine-sys-tci-2.1.6/qemu/tcg/tci -D_GNU_SOURCE -D_FILE_OFFSET_BITS=64 -D_LARGEFILE_SOURCE -Wall -fPIC -DNEED_CPU_H -include x86_64.h -I/opt/rustwide/target/release/build/unicorn-engine-sys-tci-73681c496334e766/out/build/x86_64-softmmu -I/opt/rustwide/cargo-home/registry/src/index.crates.io-1949cf8c6b5b557f/unicorn-engine-sys-tci-2.1.6/qemu/target/i386 -MD -MT CMakeFiles/x86_64-softmmu.dir/qemu/tcg/tcg-op.c.o -MF CMakeFiles/x86_64-softmmu.dir/qemu/tcg/tcg-op.c.o.d -o CMakeFiles/x86_64-softmmu.dir/qemu/tcg/tcg-op.c.o -c /opt/rustwide/cargo-home/registry/src/index.crates.io-1949cf8c6b5b557f/unicorn-engine-sys-tci-2.1.6/qemu/tcg/tcg-op.c
[INFO] [stderr]   cc: fatal error: Killed signal terminated program cc1
[INFO] [stderr]   compilation terminated.
[INFO] [stderr]   [68/162] Building C object CMakeFiles/x86_64-softmmu.dir/qemu/tcg/tcg-op-gvec.c.o
[INFO] [stderr]   FAILED: [code=1] CMakeFiles/x86_64-softmmu.dir/qemu/tcg/tcg-op-gvec.c.o 
[INFO] [stderr]   /usr/bin/cc  -I/opt/rustwide/target/release/build/unicorn-engine-sys-tci-73681c496334e766/out/build -I/opt/rustwide/cargo-home/registry/src/index.crates.io-1949cf8c6b5b557f/unicorn-engine-sys-tci-2.1.6/glib_compat -I/opt/rustwide/cargo-home/registry/src/index.crates.io-1949cf8c6b5b557f/unicorn-engine-sys-tci-2.1.6/qemu -I/opt/rustwide/cargo-home/registry/src/index.crates.io-1949cf8c6b5b557f/unicorn-engine-sys-tci-2.1.6/qemu/include -I/opt/rustwide/cargo-home/registry/src/index.crates.io-1949cf8c6b5b557f/unicorn-engine-sys-tci-2.1.6/include -I/opt/rustwide/cargo-home/registry/src/index.crates.io-1949cf8c6b5b557f/unicorn-engine-sys-tci-2.1.6/qemu/tcg -ffunction-sections -fdata-sections -fPIC -m64 -w -O3 -DNDEBUG -std=gnu11 -m64 -mcx16 -I/opt/rustwide/cargo-home/registry/src/index.crates.io-1949cf8c6b5b557f/unicorn-engine-sys-tci-2.1.6/qemu/tcg/tci -D_GNU_SOURCE -D_FILE_OFFSET_BITS=64 -D_LARGEFILE_SOURCE -Wall -fPIC -DNEED_CPU_H -include x86_64.h -I/opt/rustwide/target/release/build/unicorn-engine-sys-tci-73681c496334e766/out/build/x86_64-softmmu -I/opt/rustwide/cargo-home/registry/src/index.crates.io-1949cf8c6b5b557f/unicorn-engine-sys-tci-2.1.6/qemu/target/i386 -MD -MT CMakeFiles/x86_64-softmmu.dir/qemu/tcg/tcg-op-gvec.c.o -MF CMakeFiles/x86_64-softmmu.dir/qemu/tcg/tcg-op-gvec.c.o.d -o CMakeFiles/x86_64-softmmu.dir/qemu/tcg/tcg-op-gvec.c.o -c /opt/rustwide/cargo-home/registry/src/index.crates.io-1949cf8c6b5b557f/unicorn-engine-sys-tci-2.1.6/qemu/tcg/tcg-op-gvec.c
[INFO] [stderr]   cc: fatal error: Killed signal terminated program cc1
[INFO] [stderr]   compilation terminated.
[INFO] [stderr]   [69/162] Building C object CMakeFiles/arm-softmmu.dir/qemu/tcg/tcg-op.c.o
[INFO] [stderr]   FAILED: [code=1] CMakeFiles/arm-softmmu.dir/qemu/tcg/tcg-op.c.o 
[INFO] [stderr]   /usr/bin/cc  -I/opt/rustwide/target/release/build/unicorn-engine-sys-tci-73681c496334e766/out/build -I/opt/rustwide/cargo-home/registry/src/index.crates.io-1949cf8c6b5b557f/unicorn-engine-sys-tci-2.1.6/glib_compat -I/opt/rustwide/cargo-home/registry/src/index.crates.io-1949cf8c6b5b557f/unicorn-engine-sys-tci-2.1.6/qemu -I/opt/rustwide/cargo-home/registry/src/index.crates.io-1949cf8c6b5b557f/unicorn-engine-sys-tci-2.1.6/qemu/include -I/opt/rustwide/cargo-home/registry/src/index.crates.io-1949cf8c6b5b557f/unicorn-engine-sys-tci-2.1.6/include -I/opt/rustwide/cargo-home/registry/src/index.crates.io-1949cf8c6b5b557f/unicorn-engine-sys-tci-2.1.6/qemu/tcg -ffunction-sections -fdata-sections -fPIC -m64 -w -O3 -DNDEBUG -std=gnu11 -m64 -mcx16 -I/opt/rustwide/cargo-home/registry/src/index.crates.io-1949cf8c6b5b557f/unicorn-engine-sys-tci-2.1.6/qemu/tcg/tci -D_GNU_SOURCE -D_FILE_OFFSET_BITS=64 -D_LARGEFILE_SOURCE -Wall -fPIC -DNEED_CPU_H -include arm.h -I/opt/rustwide/target/release/build/unicorn-engine-sys-tci-73681c496334e766/out/build/arm-softmmu -I/opt/rustwide/cargo-home/registry/src/index.crates.io-1949cf8c6b5b557f/unicorn-engine-sys-tci-2.1.6/qemu/target/arm -MD -MT CMakeFiles/arm-softmmu.dir/qemu/tcg/tcg-op.c.o -MF CMakeFiles/arm-softmmu.dir/qemu/tcg/tcg-op.c.o.d -o CMakeFiles/arm-softmmu.dir/qemu/tcg/tcg-op.c.o -c /opt/rustwide/cargo-home/registry/src/index.crates.io-1949cf8c6b5b557f/unicorn-engine-sys-tci-2.1.6/qemu/tcg/tcg-op.c
[INFO] [stderr]   cc: fatal error: Killed signal terminated program cc1
[INFO] [stderr]   compilation terminated.
[INFO] [stderr]   [70/162] Building C object CMakeFiles/arm-softmmu.dir/qemu/accel/tcg/cpu-exec.c.o
[INFO] [stderr]   [71/162] Building C object CMakeFiles/x86_64-softmmu.dir/qemu/target/i386/seg_helper.c.o
[INFO] [stderr]   [72/162] Building C object CMakeFiles/arm-softmmu.dir/qemu/exec.c.o
[INFO] [stderr]   [73/162] Building C object CMakeFiles/arm-softmmu.dir/qemu/tcg/optimize.c.o
[INFO] [stderr]   [74/162] Building C object CMakeFiles/arm-softmmu.dir/qemu/tcg/tcg-op-vec.c.o
[INFO] [stderr]   [75/162] Building C object CMakeFiles/x86_64-softmmu.dir/qemu/target/i386/fpu_helper.c.o
[INFO] [stderr]   [76/162] Building C object CMakeFiles/x86_64-softmmu.dir/qemu/accel/tcg/cputlb.c.o
[INFO] [stderr]   [77/162] Building C object CMakeFiles/arm-softmmu.dir/qemu/tcg/tcg.c.o
[INFO] [stderr]   [78/162] Building C object CMakeFiles/x86_64-softmmu.dir/qemu/accel/tcg/tcg-runtime-gvec.c.o
[INFO] [stderr]   [79/162] Building C object CMakeFiles/arm-softmmu.dir/qemu/tcg/tcg-op-gvec.c.o
[INFO] [stderr]   [80/162] Building C object CMakeFiles/x86_64-softmmu.dir/qemu/fpu/softfloat.c.o
[INFO] [stderr]   [81/162] Building C object CMakeFiles/arm-softmmu.dir/qemu/fpu/softfloat.c.o
[INFO] [stderr]   [82/162] Building C object CMakeFiles/x86_64-softmmu.dir/qemu/target/i386/translate.c.o
[INFO] [stderr]   ninja: build stopped: subcommand failed.
[INFO] [stderr] 
[INFO] [stderr]   --- stderr
[INFO] [stderr]   error: 'rustfmt' is not installed for the toolchain '1.99.0-beta.8-x86_64-unknown-linux-gnu'.
[INFO] [stderr]   help: run `rustup component add --toolchain 1.99.0-beta.8-x86_64-unknown-linux-gnu rustfmt` to install it
[INFO] [stderr]   Failed to run rustfmt: Internal rustfmt error (non-fatal, continuing)
[INFO] [stderr]   running: cd "/opt/rustwide/target/release/build/unicorn-engine-sys-tci-73681c496334e766/out/build" && CMAKE_PREFIX_PATH="" LC_ALL="C" "cmake" "/opt/rustwide/cargo-home/registry/src/index.crates.io-1949cf8c6b5b557f/unicorn-engine-sys-tci-2.1.6" "-B" "/opt/rustwide/target/release/build/unicorn-engine-sys-tci-73681c496334e766/out/build" "-G" "Ninja" "-DUNICORN_BUILD_TESTS=OFF" "-DUNICORN_INSTALL=ON" "-DUNICORN_ARCH=x86;arm;aarch64" "-DUNICORN_INTERPRETER=on" "-DCMAKE_INSTALL_PREFIX=/opt/rustwide/target/release/build/unicorn-engine-sys-tci-73681c496334e766/out" "-DCMAKE_C_FLAGS= -ffunction-sections -fdata-sections -fPIC -m64 -w" "-DCMAKE_C_COMPILER=/usr/bin/cc" "-DCMAKE_CXX_FLAGS= -ffunction-sections -fdata-sections -fPIC -m64 -w" "-DCMAKE_CXX_COMPILER=/usr/bin/c++" "-DCMAKE_ASM_FLAGS= -ffunction-sections -fdata-sections -fPIC -m64 -w" "-DCMAKE_ASM_COMPILER=/usr/bin/cc" "-DCMAKE_BUILD_TYPE=Release"
[INFO] [stderr]   CMake Warning:
[INFO] [stderr]     Manually-specified variables were not used by the project:
[INFO] [stderr] 
[INFO] [stderr]       CMAKE_ASM_COMPILER
[INFO] [stderr]       CMAKE_ASM_FLAGS
[INFO] [stderr]       CMAKE_CXX_COMPILER
[INFO] [stderr]       CMAKE_CXX_FLAGS
[INFO] [stderr] 
[INFO] [stderr] 
[INFO] [stderr]   running: cd "/opt/rustwide/target/release/build/unicorn-engine-sys-tci-73681c496334e766/out/build" && LC_ALL="C" "cmake" "--build" "/opt/rustwide/target/release/build/unicorn-engine-sys-tci-73681c496334e766/out/build" "--target" "install" "--config" "Release" "--parallel" "16"
[INFO] [stderr] 
[INFO] [stderr]   thread 'main' (1153) panicked at /opt/rustwide/cargo-home/registry/src/index.crates.io-1949cf8c6b5b557f/cmake-0.1.58/src/lib.rs:1132:5:
[INFO] [stderr] 
[INFO] [stderr]   command did not execute successfully, got: exit status: 1
[INFO] [stderr] 
[INFO] [stderr]   build script failed, must exit now
[INFO] [stderr]   stack backtrace:
[INFO] [stderr]      0:     0x58bc59b8a9c1 - <<std[70759c8f55707aa4]::sys::backtrace::BacktraceLock>::print::DisplayBacktrace as core[df12db4294e9bfd3]::fmt::Display>::fmt
[INFO] [stderr]      1:     0x58bc59ba293a - core[df12db4294e9bfd3]::fmt::write
[INFO] [stderr]      2:     0x58bc59b90e7c - <std[70759c8f55707aa4]::sys::stdio::unix::Stderr as core[df12db4294e9bfd3]::io::write::Write>::write_fmt
[INFO] [stderr]      3:     0x58bc59b646f6 - std[70759c8f55707aa4]::panicking::default_hook::{closure#0}
[INFO] [stderr]      4:     0x58bc59b823f1 - std[70759c8f55707aa4]::panicking::default_hook
[INFO] [stderr]      5:     0x58bc59b8271b - std[70759c8f55707aa4]::panicking::panic_with_hook
[INFO] [stderr]      6:     0x58bc59b647a2 - std[70759c8f55707aa4]::panicking::panic_handler::{closure#0}
[INFO] [stderr]      7:     0x58bc59b5d369 - std[70759c8f55707aa4]::sys::backtrace::__rust_end_short_backtrace::<std[70759c8f55707aa4]::panicking::panic_handler::{closure#0}, !>
[INFO] [stderr]      8:     0x58bc59b6538d - __rustc[8fa7c3cbc660c2b3]::rust_begin_unwind
[INFO] [stderr]      9:     0x58bc59ba315c - core[df12db4294e9bfd3]::panicking::panic_fmt
[INFO] [stderr]     10:     0x58bc59603927 - cmake[e49a7ff4433b84d]::fail
[INFO] [stderr]     11:     0x58bc596035b3 - cmake[e49a7ff4433b84d]::run
[INFO] [stderr]     12:     0x58bc59609585 - <cmake[e49a7ff4433b84d]::Config>::build
[INFO] [stderr]     13:     0x58bc595f1ab9 - build_script_build[35179307bb7fe7dd]::build_with_cmake
[INFO] [stderr]     14:     0x58bc595f3a50 - build_script_build[35179307bb7fe7dd]::main
[INFO] [stderr]     15:     0x58bc595f6753 - <fn() as core[df12db4294e9bfd3]::ops::function::FnOnce<()>>::call_once
[INFO] [stderr]     16:     0x58bc595ef2fe - std[70759c8f55707aa4]::sys::backtrace::__rust_begin_short_backtrace::<fn(), ()>
[INFO] [stderr]     17:     0x58bc595ef9b9 - std[70759c8f55707aa4]::rt::lang_start::<()>::{closure#0}
[INFO] [stderr]     18:     0x58bc59b816a9 - std[70759c8f55707aa4]::rt::lang_start_internal
[INFO] [stderr]     19:     0x58bc595eec01 - std[70759c8f55707aa4]::rt::lang_start::<()>
[INFO] [stderr]     20:     0x58bc595f6a05 - main
[INFO] [stderr]     21:     0x76885104e601 - <unknown>
[INFO] [stderr]     22:     0x76885104e718 - __libc_start_main
[INFO] [stderr]     23:     0x58bc595ecc35 - _start
[INFO] [stderr]     24:                0x0 - <unknown>
[INFO] running `Command { std: "docker" "inspect" "176a83aeeab2c998921a07ace80f9c6ee36b0258a24e7e3a746b163f130f324a", kill_on_drop: false }`
[INFO] running `Command { std: "docker" "rm" "-f" "176a83aeeab2c998921a07ace80f9c6ee36b0258a24e7e3a746b163f130f324a", kill_on_drop: false }`
[INFO] [stdout] 176a83aeeab2c998921a07ace80f9c6ee36b0258a24e7e3a746b163f130f324a
