[INFO] fetching crate fn0-object-storage 0.5.9...
[INFO] testing fn0-object-storage-0.5.9 against 1.99.0-beta.8+cargoflags=--release for beta-release-1.100-2
[INFO] extracting crate fn0-object-storage 0.5.9 into /workspace/builds/worker-7-tc1/source
[INFO] removed /workspace/builds/worker-7-tc1/source/.cargo/config.toml
[INFO] started tweaking crates.io crate fn0-object-storage 0.5.9
[INFO] finished tweaking crates.io crate fn0-object-storage 0.5.9
[INFO] tweaked toml for crates.io crate fn0-object-storage 0.5.9 written to /workspace/builds/worker-7-tc1/source/Cargo.toml
[INFO] validating manifest of crates.io crate fn0-object-storage 0.5.9 on toolchain 1.99.0-beta.8
[INFO] running `Command { std: CARGO_HOME="/workspace/cargo-home" RUSTUP_HOME="/workspace/rustup-home" "/workspace/cargo-home/bin/cargo" "+1.99.0-beta.8" "metadata" "--manifest-path" "Cargo.toml" "--no-deps", kill_on_drop: false }`
[INFO] crate crates.io crate fn0-object-storage 0.5.9 already has a lockfile, it will not be regenerated
[INFO] running `Command { std: CARGO_HOME="/workspace/cargo-home" RUSTUP_HOME="/workspace/rustup-home" "/workspace/cargo-home/bin/cargo" "+1.99.0-beta.8" "fetch" "--manifest-path" "Cargo.toml", kill_on_drop: false }`
[INFO] [stderr]     Updating crates.io index
[INFO] [stderr]  Downloading crates ...
[INFO] [stderr]   Downloaded rustls-pki-types v1.13.2
[INFO] [stderr]   Downloaded forte-macros v0.6.0
[INFO] [stderr]   Downloaded forte-json v0.1.3
[INFO] [stderr]   Downloaded macro-string v0.2.0
[INFO] [stderr]   Downloaded tonic-prost v0.14.5
[INFO] [stderr]   Downloaded wit-bindgen-rust-macro v0.60.0
[INFO] [stderr]   Downloaded wasm-metadata v0.254.0
[INFO] [stderr]   Downloaded time-macros v0.2.24
[INFO] [stderr]   Downloaded find-msvc-tools v0.1.6
[INFO] [stderr]   Downloaded wit-bindgen-core v0.60.0
[INFO] [stderr]   Downloaded forte-wit v0.2.0
[INFO] [stderr]   Downloaded forte-sdk v0.11.0
[INFO] [stderr]   Downloaded cc v1.2.51
[INFO] [stderr]   Downloaded wit-bindgen v0.60.0
[INFO] [stderr]   Downloaded wit-bindgen-rust v0.60.0
[INFO] [stderr]   Downloaded wasm-encoder v0.254.0
[INFO] [stderr]   Downloaded tonic v0.14.5
[INFO] [stderr]   Downloaded iri-string v0.7.11
[INFO] [stderr]   Downloaded serde_json v1.0.148
[INFO] [stderr]   Downloaded wit-parser v0.254.0
[INFO] [stderr]   Downloaded rustls v0.23.28
[INFO] [stderr]   Downloaded syn v2.0.113
[INFO] [stderr]   Downloaded wit-component v0.254.0
[INFO] [stderr]   Downloaded wasmparser v0.254.0
[INFO] running `Command { std: "docker" "create" "-v" "/var/lib/crater-agent-workspace/builds/worker-7-tc1/source:/opt/rustwide/workdir:ro,Z" "-v" "/var/lib/crater-agent-workspace/builds/worker-7-tc1/target:/opt/rustwide/target:rw,Z" "-v" "/var/lib/crater-agent-workspace/cargo-home:/opt/rustwide/cargo-home:ro,Z" "-v" "/var/lib/crater-agent-workspace/rustup-home:/opt/rustwide/rustup-home:ro,Z" "-m" "1610612736" "--network" "none" "ghcr.io/rust-lang/crates-build-env/linux@sha256:77db811e55d90add9212f6832c23229e3de5f1c1f9905e8cb07319ea15df73ac" "sleep" "infinity", kill_on_drop: false }`
[INFO] [stdout] a5b9bb0489055a3b76f03017d0d589c763802b2647608dfcfd48408e37aa7aae
[INFO] running `Command { std: "docker" "start" "a5b9bb0489055a3b76f03017d0d589c763802b2647608dfcfd48408e37aa7aae", kill_on_drop: false }`
[INFO] running `Command { std: "docker" "inspect" "a5b9bb0489055a3b76f03017d0d589c763802b2647608dfcfd48408e37aa7aae", kill_on_drop: false }`
[INFO] running `Command { std: "docker" "exec" "-e" "SOURCE_DIR=/opt/rustwide/workdir" "-e" "CARGO_HOME=/opt/rustwide/cargo-home" "-e" "RUSTUP_HOME=/opt/rustwide/rustup-home" "-e" "CARGO_TARGET_DIR=/opt/rustwide/target" "-w" "/opt/rustwide/workdir" "--user" "0:0" "a5b9bb0489055a3b76f03017d0d589c763802b2647608dfcfd48408e37aa7aae" "/opt/rustwide/cargo-home/bin/cargo" "+1.99.0-beta.8" "metadata" "--no-deps" "--format-version=1", kill_on_drop: false }`
[INFO] running `Command { std: "docker" "inspect" "a5b9bb0489055a3b76f03017d0d589c763802b2647608dfcfd48408e37aa7aae", kill_on_drop: false }`
[INFO] running `Command { std: "docker" "exec" "-e" "SOURCE_DIR=/opt/rustwide/workdir" "-e" "CARGO_HOME=/opt/rustwide/cargo-home" "-e" "RUSTUP_HOME=/opt/rustwide/rustup-home" "-e" "CARGO_TARGET_DIR=/opt/rustwide/target" "-e" "CARGO_INCREMENTAL=0" "-e" "RUST_BACKTRACE=full" "-e" "RUSTFLAGS=--cap-lints=warn" "-e" "RUSTDOCFLAGS=--cap-lints=warn" "-w" "/opt/rustwide/workdir" "--user" "0:0" "a5b9bb0489055a3b76f03017d0d589c763802b2647608dfcfd48408e37aa7aae" "/opt/rustwide/cargo-home/bin/cargo" "+1.99.0-beta.8" "build" "--frozen" "--message-format=json" "--release", kill_on_drop: false }`
[INFO] [stderr]    Compiling proc-macro2 v1.0.105
[INFO] [stderr]    Compiling futures-task v0.3.31
[INFO] [stderr]    Compiling rustls v0.23.28
[INFO] [stderr]    Compiling rustls-pki-types v1.13.2
[INFO] [stderr]    Compiling futures-channel v0.3.31
[INFO] [stderr]    Compiling zmij v1.0.12
[INFO] [stderr]    Compiling serde v1.0.228
[INFO] [stderr]    Compiling socket2 v0.6.5
[INFO] [stderr]    Compiling mio v1.2.2
[INFO] [stderr]    Compiling subtle v2.6.1
[INFO] [stderr]    Compiling unicase v2.9.0
[INFO] [stderr]    Compiling tracing v0.1.44
[INFO] [stderr]    Compiling serde_json v1.0.148
[INFO] [stderr]    Compiling ipnet v2.12.0
[INFO] [stderr]    Compiling iri-string v0.7.11
[INFO] [stderr]    Compiling http-body-util v0.1.3
[INFO] [stderr]    Compiling futures-util v0.3.31
[INFO] [stderr]    Compiling mime_guess v2.0.5
[INFO] [stderr]    Compiling rustls-webpki v0.103.10
[INFO] [stderr]    Compiling webpki-roots v1.0.9
[INFO] [stderr]    Compiling tokio v1.53.1
[INFO] [stderr]    Compiling quote v1.0.45
[INFO] [stderr]    Compiling syn v2.0.113
[INFO] [stderr]    Compiling serde_urlencoded v0.7.1
[INFO] [stderr]    Compiling synstructure v0.13.2
[INFO] [stderr]    Compiling zerovec-derive v0.11.3
[INFO] [stderr]    Compiling displaydoc v0.2.5
[INFO] [stderr]    Compiling thiserror-impl v2.0.18
[INFO] [stderr]    Compiling zerofrom-derive v0.1.6
[INFO] [stderr]    Compiling yoke-derive v0.8.2
[INFO] [stderr]    Compiling zerofrom v0.1.6
[INFO] [stderr]    Compiling yoke v0.8.2
[INFO] [stderr]    Compiling thiserror v2.0.18
[INFO] [stderr]    Compiling zerovec v0.11.6
[INFO] [stderr]    Compiling zerotrie v0.2.4
[INFO] [stderr]    Compiling hyper v1.11.0
[INFO] [stderr]    Compiling tokio-rustls v0.26.4
[INFO] [stderr]    Compiling tower v0.5.3
[INFO] [stderr]    Compiling tokio-util v0.7.18
[INFO] [stderr]    Compiling tinystr v0.8.3
[INFO] [stderr]    Compiling potential_utf v0.1.4
[INFO] [stderr]    Compiling icu_collections v2.2.0
[INFO] [stderr]    Compiling icu_locale_core v2.2.0
[INFO] [stderr]    Compiling tower-http v0.6.8
[INFO] [stderr]    Compiling icu_provider v2.2.0
[INFO] [stderr]    Compiling icu_normalizer v2.2.0
[INFO] [stderr]    Compiling icu_properties v2.2.0
[INFO] [stderr]    Compiling hyper-util v0.1.20
[INFO] [stderr]    Compiling hyper-rustls v0.27.7
[INFO] [stderr]    Compiling idna_adapter v1.2.1
[INFO] [stderr]    Compiling idna v1.1.0
[INFO] [stderr]    Compiling url v2.5.8
[INFO] [stderr]    Compiling reqwest v0.12.28
[INFO] [stderr]    Compiling fn0-object-storage v0.5.9 (/opt/rustwide/workdir)
[INFO] [stderr]     Finished `release` profile [optimized] target(s) in 37.81s
[INFO] running `Command { std: "docker" "inspect" "a5b9bb0489055a3b76f03017d0d589c763802b2647608dfcfd48408e37aa7aae", kill_on_drop: false }`
[INFO] running `Command { std: "docker" "exec" "-e" "SOURCE_DIR=/opt/rustwide/workdir" "-e" "CARGO_HOME=/opt/rustwide/cargo-home" "-e" "RUSTUP_HOME=/opt/rustwide/rustup-home" "-e" "CARGO_TARGET_DIR=/opt/rustwide/target" "-e" "CARGO_INCREMENTAL=0" "-e" "RUST_BACKTRACE=full" "-e" "RUSTFLAGS=--cap-lints=warn" "-e" "RUSTDOCFLAGS=--cap-lints=warn" "-w" "/opt/rustwide/workdir" "--user" "0:0" "a5b9bb0489055a3b76f03017d0d589c763802b2647608dfcfd48408e37aa7aae" "/opt/rustwide/cargo-home/bin/cargo" "+1.99.0-beta.8" "test" "--frozen" "--no-run" "--message-format=json" "--release", kill_on_drop: false }`
[INFO] [stderr]    Compiling fn0-object-storage v0.5.9 (/opt/rustwide/workdir)
[INFO] [stdout] error[E0433]: cannot find module or crate `forte_sdk` in this scope
[INFO] [stdout]    --> src/http.rs:359:7
[INFO] [stdout]     |
[INFO] [stdout] 359 |     #[forte_sdk::test]
[INFO] [stdout]     |       ^^^^^^^^^ use of unresolved module or unlinked crate `forte_sdk`
[INFO] [stdout] 
[INFO] [stdout] 
[INFO] [stdout] error[E0433]: cannot find module or crate `forte_sdk` in this scope
[INFO] [stdout]    --> src/http.rs:384:7
[INFO] [stdout]     |
[INFO] [stdout] 384 |     #[forte_sdk::test]
[INFO] [stdout]     |       ^^^^^^^^^ use of unresolved module or unlinked crate `forte_sdk`
[INFO] [stdout] 
[INFO] [stdout] 
[INFO] [stdout] error[E0433]: cannot find module or crate `forte_sdk` in this scope
[INFO] [stdout]    --> src/http.rs:392:7
[INFO] [stdout]     |
[INFO] [stdout] 392 |     #[forte_sdk::test]
[INFO] [stdout]     |       ^^^^^^^^^ use of unresolved module or unlinked crate `forte_sdk`
[INFO] [stdout] 
[INFO] [stdout] 
[INFO] [stdout] error[E0433]: cannot find module or crate `forte_sdk` in this scope
[INFO] [stdout]   --> src/lib.rs:70:1
[INFO] [stdout]    |
[INFO] [stdout] 70 | forte_sdk::test_main!();
[INFO] [stdout]    | ^^^^^^^^^ use of unresolved module or unlinked crate `forte_sdk`
[INFO] [stdout] 
[INFO] [stdout] 
[INFO] [stdout] error[E0433]: cannot find module or crate `forte_sdk` in this scope
[INFO] [stdout]   --> src/lib.rs:76:7
[INFO] [stdout]    |
[INFO] [stdout] 76 |     #[forte_sdk::test]
[INFO] [stdout]    |       ^^^^^^^^^ use of unresolved module or unlinked crate `forte_sdk`
[INFO] [stdout] 
[INFO] [stdout] 
[INFO] [stdout] error[E0433]: cannot find module or crate `forte_sdk` in this scope
[INFO] [stdout]    --> src/lib.rs:103:7
[INFO] [stdout]     |
[INFO] [stdout] 103 |     #[forte_sdk::test]
[INFO] [stdout]     |       ^^^^^^^^^ use of unresolved module or unlinked crate `forte_sdk`
[INFO] [stdout] 
[INFO] [stdout] 
[INFO] [stdout] error[E0433]: cannot find module or crate `forte_sdk` in this scope
[INFO] [stdout]    --> src/lib.rs:122:7
[INFO] [stdout]     |
[INFO] [stdout] 122 |     #[forte_sdk::test]
[INFO] [stdout]     |       ^^^^^^^^^ use of unresolved module or unlinked crate `forte_sdk`
[INFO] [stdout] 
[INFO] [stdout] 
[INFO] [stdout] error[E0433]: cannot find module or crate `forte_sdk` in this scope
[INFO] [stdout]    --> src/lib.rs:144:7
[INFO] [stdout]     |
[INFO] [stdout] 144 |     #[forte_sdk::test]
[INFO] [stdout]     |       ^^^^^^^^^ use of unresolved module or unlinked crate `forte_sdk`
[INFO] [stdout] 
[INFO] [stdout] 
[INFO] [stdout] error[E0433]: cannot find module or crate `forte_sdk` in this scope
[INFO] [stdout]    --> src/lib.rs:164:7
[INFO] [stdout]     |
[INFO] [stdout] 164 |     #[forte_sdk::test]
[INFO] [stdout]     |       ^^^^^^^^^ use of unresolved module or unlinked crate `forte_sdk`
[INFO] [stdout] 
[INFO] [stdout] 
[INFO] [stdout] error[E0433]: cannot find module or crate `forte_sdk` in this scope
[INFO] [stdout]    --> src/lib.rs:182:7
[INFO] [stdout]     |
[INFO] [stdout] 182 |     #[forte_sdk::test]
[INFO] [stdout]     |       ^^^^^^^^^ use of unresolved module or unlinked crate `forte_sdk`
[INFO] [stdout] 
[INFO] [stdout] 
[INFO] [stdout] error[E0433]: cannot find module or crate `forte_sdk` in this scope
[INFO] [stdout]    --> src/lib.rs:201:7
[INFO] [stdout]     |
[INFO] [stdout] 201 |     #[forte_sdk::test]
[INFO] [stdout]     |       ^^^^^^^^^ use of unresolved module or unlinked crate `forte_sdk`
[INFO] [stdout] 
[INFO] [stdout] 
[INFO] [stdout] error[E0433]: cannot find module or crate `forte_sdk` in this scope
[INFO] [stdout]    --> src/lib.rs:219:7
[INFO] [stdout]     |
[INFO] [stdout] 219 |     #[forte_sdk::test]
[INFO] [stdout]     |       ^^^^^^^^^ use of unresolved module or unlinked crate `forte_sdk`
[INFO] [stdout] 
[INFO] [stdout] 
[INFO] [stdout] error[E0601]: `main` function not found in crate `fn0_object_storage`
[INFO] [stdout]    --> src/lib.rs:225:2
[INFO] [stdout]     |
[INFO] [stdout] 225 | }
[INFO] [stdout]     |  ^ consider adding a `main` function to `src/lib.rs`
[INFO] [stdout] 
[INFO] [stdout] 
[INFO] [stdout] Some errors have detailed explanations: E0433, E0601.
[INFO] [stdout] 
[INFO] [stdout] For more information about an error, try `rustc --explain E0433`.
[INFO] [stdout] 
[INFO] [stderr] error: could not compile `fn0-object-storage` (lib test) due to 13 previous errors
[INFO] running `Command { std: "docker" "inspect" "a5b9bb0489055a3b76f03017d0d589c763802b2647608dfcfd48408e37aa7aae", kill_on_drop: false }`
[INFO] running `Command { std: "docker" "rm" "-f" "a5b9bb0489055a3b76f03017d0d589c763802b2647608dfcfd48408e37aa7aae", kill_on_drop: false }`
[INFO] [stdout] a5b9bb0489055a3b76f03017d0d589c763802b2647608dfcfd48408e37aa7aae
