[INFO] fetching crate fm-rs 0.3.0...
[INFO] testing fm-rs-0.3.0 against 1.100.0-beta.1+cargoflags=--release for beta-release-1.100-2
[INFO] extracting crate fm-rs 0.3.0 into /workspace/builds/worker-0-tc2/source
[INFO] started tweaking crates.io crate fm-rs 0.3.0
[INFO] removed 0 missing examples
[INFO] removed 0 missing tests
[INFO] finished tweaking crates.io crate fm-rs 0.3.0
[INFO] tweaked toml for crates.io crate fm-rs 0.3.0 written to /workspace/builds/worker-0-tc2/source/Cargo.toml
[INFO] validating manifest of crates.io crate fm-rs 0.3.0 on toolchain 1.100.0-beta.1
[INFO] running `Command { std: CARGO_HOME="/workspace/cargo-home" RUSTUP_HOME="/workspace/rustup-home" "/workspace/cargo-home/bin/cargo" "+1.100.0-beta.1" "metadata" "--manifest-path" "Cargo.toml" "--no-deps", kill_on_drop: false }`
[INFO] crate crates.io crate fm-rs 0.3.0 already has a lockfile, it will not be regenerated
[INFO] running `Command { std: CARGO_HOME="/workspace/cargo-home" RUSTUP_HOME="/workspace/rustup-home" "/workspace/cargo-home/bin/cargo" "+1.100.0-beta.1" "fetch" "--manifest-path" "Cargo.toml", kill_on_drop: false }`
[INFO] running `Command { std: "docker" "create" "-v" "/var/lib/crater-agent-workspace/builds/worker-0-tc2/source:/opt/rustwide/workdir:ro,Z" "-v" "/var/lib/crater-agent-workspace/builds/worker-0-tc2/target:/opt/rustwide/target:rw,Z" "-v" "/var/lib/crater-agent-workspace/cargo-home:/opt/rustwide/cargo-home:ro,Z" "-v" "/var/lib/crater-agent-workspace/rustup-home:/opt/rustwide/rustup-home:ro,Z" "-m" "1610612736" "--network" "none" "ghcr.io/rust-lang/crates-build-env/linux@sha256:77db811e55d90add9212f6832c23229e3de5f1c1f9905e8cb07319ea15df73ac" "sleep" "infinity", kill_on_drop: false }`
[INFO] [stdout] 8f949232aebe9d91f28c56b6e9fe10f739a791f82e6216ee027af7f5746abbfc
[INFO] running `Command { std: "docker" "start" "8f949232aebe9d91f28c56b6e9fe10f739a791f82e6216ee027af7f5746abbfc", kill_on_drop: false }`
[INFO] running `Command { std: "docker" "inspect" "8f949232aebe9d91f28c56b6e9fe10f739a791f82e6216ee027af7f5746abbfc", kill_on_drop: false }`
[INFO] running `Command { std: "docker" "exec" "-e" "SOURCE_DIR=/opt/rustwide/workdir" "-e" "CARGO_HOME=/opt/rustwide/cargo-home" "-e" "RUSTUP_HOME=/opt/rustwide/rustup-home" "-e" "CARGO_TARGET_DIR=/opt/rustwide/target" "-w" "/opt/rustwide/workdir" "--user" "0:0" "8f949232aebe9d91f28c56b6e9fe10f739a791f82e6216ee027af7f5746abbfc" "/opt/rustwide/cargo-home/bin/cargo" "+1.100.0-beta.1" "metadata" "--no-deps" "--format-version=1", kill_on_drop: false }`
[INFO] running `Command { std: "docker" "inspect" "8f949232aebe9d91f28c56b6e9fe10f739a791f82e6216ee027af7f5746abbfc", kill_on_drop: false }`
[INFO] running `Command { std: "docker" "exec" "-e" "SOURCE_DIR=/opt/rustwide/workdir" "-e" "CARGO_HOME=/opt/rustwide/cargo-home" "-e" "RUSTUP_HOME=/opt/rustwide/rustup-home" "-e" "CARGO_TARGET_DIR=/opt/rustwide/target" "-e" "CARGO_INCREMENTAL=0" "-e" "RUST_BACKTRACE=full" "-e" "RUSTFLAGS=--cap-lints=warn" "-e" "RUSTDOCFLAGS=--cap-lints=warn" "-w" "/opt/rustwide/workdir" "--user" "0:0" "8f949232aebe9d91f28c56b6e9fe10f739a791f82e6216ee027af7f5746abbfc" "/opt/rustwide/cargo-home/bin/cargo" "+1.100.0-beta.1" "build" "--frozen" "--message-format=json" "--release", kill_on_drop: false }`
[INFO] [stderr]    Compiling proc-macro2 v1.0.105
[INFO] [stderr]    Compiling quote v1.0.43
[INFO] [stderr]    Compiling zmij v1.0.14
[INFO] [stderr]    Compiling fm-rs v0.3.0 (/opt/rustwide/workdir)
[INFO] [stderr] warning: fm-rs@0.3.0: fm-rs only supports Apple Intelligence platforms (macOS, iOS/iPadOS). Skipping build.
[INFO] [stderr]    Compiling serde_json v1.0.149
[INFO] [stderr]    Compiling syn v2.0.114
[INFO] [stderr]    Compiling serde_derive v1.0.228
[INFO] [stderr]    Compiling serde v1.0.228
[INFO] [stderr]     Finished `release` profile [optimized] target(s) in 10.50s
[INFO] running `Command { std: "docker" "inspect" "8f949232aebe9d91f28c56b6e9fe10f739a791f82e6216ee027af7f5746abbfc", kill_on_drop: false }`
[INFO] running `Command { std: "docker" "exec" "-e" "SOURCE_DIR=/opt/rustwide/workdir" "-e" "CARGO_HOME=/opt/rustwide/cargo-home" "-e" "RUSTUP_HOME=/opt/rustwide/rustup-home" "-e" "CARGO_TARGET_DIR=/opt/rustwide/target" "-e" "CARGO_INCREMENTAL=0" "-e" "RUST_BACKTRACE=full" "-e" "RUSTFLAGS=--cap-lints=warn" "-e" "RUSTDOCFLAGS=--cap-lints=warn" "-w" "/opt/rustwide/workdir" "--user" "0:0" "8f949232aebe9d91f28c56b6e9fe10f739a791f82e6216ee027af7f5746abbfc" "/opt/rustwide/cargo-home/bin/cargo" "+1.100.0-beta.1" "test" "--frozen" "--no-run" "--message-format=json" "--release", kill_on_drop: false }`
[INFO] [stderr]    Compiling proc-macro2 v1.0.105
[INFO] [stderr]    Compiling quote v1.0.43
[INFO] [stderr]    Compiling libc v0.2.180
[INFO] [stderr]    Compiling fs_extra v1.3.0
[INFO] [stderr]    Compiling dunce v1.0.5
[INFO] [stderr]    Compiling aws-lc-rs v1.17.3
[INFO] [stderr]    Compiling http v1.4.0
[INFO] [stderr]    Compiling jobserver v0.1.35
[INFO] [stderr]    Compiling tracing-core v0.1.36
[INFO] [stderr]    Compiling rustls v0.23.36
[INFO] [stderr]    Compiling indexmap v2.13.0
[INFO] [stderr]    Compiling rustls-native-certs v0.8.4
[INFO] [stderr]    Compiling serde_json v1.0.149
[INFO] [stderr]    Compiling bitflags v2.10.0
[INFO] [stderr]    Compiling iri-string v0.7.10
[INFO] [stderr]    Compiling encoding_rs v0.8.35
[INFO] [stderr] warning: fm-rs@0.3.0: fm-rs only supports Apple Intelligence platforms (macOS, iOS/iPadOS). Skipping build.
[INFO] [stderr]    Compiling cc v1.2.53
[INFO] [stderr]    Compiling tracing v0.1.44
[INFO] [stderr]    Compiling socket2 v0.6.1
[INFO] [stderr]    Compiling mio v1.1.1
[INFO] [stderr]    Compiling syn v2.0.114
[INFO] [stderr]    Compiling tokio v1.49.0
[INFO] [stderr]    Compiling http-body v1.0.1
[INFO] [stderr]    Compiling cmake v0.1.58
[INFO] [stderr]    Compiling http-body-util v0.1.3
[INFO] [stderr]    Compiling aws-lc-sys v0.43.0
[INFO] [stderr]    Compiling synstructure v0.13.2
[INFO] [stderr]    Compiling zerovec-derive v0.11.2
[INFO] [stderr]    Compiling displaydoc v0.2.5
[INFO] [stderr]    Compiling serde_derive v1.0.228
[INFO] [stderr]    Compiling zerofrom-derive v0.1.6
[INFO] [stderr]    Compiling yoke-derive v0.8.1
[INFO] [stderr]    Compiling zerofrom v0.1.6
[INFO] [stderr]    Compiling yoke v0.8.1
[INFO] [stderr]    Compiling zerovec v0.11.5
[INFO] [stderr]    Compiling zerotrie v0.2.3
[INFO] [stderr]    Compiling tinystr v0.8.2
[INFO] [stderr]    Compiling icu_locale_core v2.1.1
[INFO] [stderr]    Compiling potential_utf v0.1.4
[INFO] [stderr]    Compiling icu_collections v2.1.1
[INFO] [stderr]    Compiling tokio-util v0.7.18
[INFO] [stderr]    Compiling tower v0.5.3
[INFO] [stderr]    Compiling icu_provider v2.1.1
[INFO] [stderr]    Compiling serde v1.0.228
[INFO] [stderr]    Compiling icu_properties v2.1.2
[INFO] [stderr]    Compiling icu_normalizer v2.1.1
[INFO] [stderr]    Compiling tower-http v0.6.8
[INFO] [stderr]    Compiling h2 v0.4.13
[INFO] [stderr]    Compiling serde_urlencoded v0.7.1
[INFO] [stderr]    Compiling fm-rs v0.3.0 (/opt/rustwide/workdir)
[INFO] [stderr]    Compiling idna_adapter v1.2.1
[INFO] [stderr]    Compiling idna v1.1.0
[INFO] [stderr]    Compiling url v2.5.8
[INFO] [stderr]    Compiling hyper v1.8.1
[INFO] [stderr]    Compiling hyper-util v0.1.19
[INFO] [stderr]    Compiling rustls-webpki v0.103.9
[INFO] [stderr]    Compiling tokio-rustls v0.26.4
[INFO] [stderr]    Compiling rustls-platform-verifier v0.7.0
[INFO] [stderr]    Compiling hyper-rustls v0.27.7
[INFO] [stderr]    Compiling reqwest v0.13.4
[INFO] [stdout] error: linking with `cc` failed: exit status: 1
[INFO] [stdout]   |
[INFO] [stdout]   = note:  "cc" "-m64" "/opt/rustwide/target/release/build/fm-rs/c64b015fbdc3742c/out/rustcyNxWol/symbols.o" "<3 object files omitted>" "-Wl,--as-needed" "-Wl,-Bstatic" "/opt/rustwide/target/release/build/fm-rs/adbe5857f2e0ba78/out/libfm_rs-adbe5857f2e0ba78.rlib" "/opt/rustwide/target/release/build/serde/bf1a188806ee0e90/out/libserde-bf1a188806ee0e90.rlib" "/opt/rustwide/target/release/build/serde_json/df9d53961e629346/out/libserde_json-df9d53961e629346.rlib" "/opt/rustwide/target/release/build/memchr/f5475d219327462e/out/libmemchr-f5475d219327462e.rlib" "/opt/rustwide/target/release/build/itoa/e7338abb6ca85e31/out/libitoa-e7338abb6ca85e31.rlib" "/opt/rustwide/target/release/build/zmij/1fb5f5ad387d82e9/out/libzmij-1fb5f5ad387d82e9.rlib" "/opt/rustwide/target/release/build/serde_core/fc2e9ba380840c21/out/libserde_core-fc2e9ba380840c21.rlib" "<sysroot>/lib/rustlib/x86_64-unknown-linux-gnu/lib/{libstd-*,libpanic_unwind-*,libobject-*,libmemchr-*,libaddr2line-*,libgimli-*,libcfg_if-*,librustc_demangle-*,libstd_detect-*,libhashbrown-*,librustc_std_workspace_alloc-*,libminiz_oxide-*,libadler2-*,libunwind-*,liblibc-*,librustc_std_workspace_core-*,liballoc-*,libcore-*,libcompiler_builtins-*}.rlib" "-Wl,-Bdynamic" "-lgcc_s" "-lutil" "-lrt" "-lpthread" "-lm" "-ldl" "-lc" "-L" "/opt/rustwide/target/release/build/fm-rs/c64b015fbdc3742c/out/rustcyNxWol/raw-dylibs" "-B<sysroot>/lib/rustlib/x86_64-unknown-linux-gnu/bin/gcc-ld" "-fuse-ld=lld" "-Wl,--eh-frame-hdr" "-Wl,-z,noexecstack" "-L" "/opt/rustwide/target/release/build/aws-lc-sys/61055d4890ad1f70/out" "-L" "<sysroot>/lib/rustlib/x86_64-unknown-linux-gnu/lib" "-o" "/opt/rustwide/target/release/build/fm-rs/c64b015fbdc3742c/out/streaming" "-Wl,--gc-sections" "-pie" "-Wl,-z,relro,-z,now" "-Wl,-O1" "-Wl,--strip-debug" "-nodefaultlibs"
[INFO] [stdout]   = note: some arguments are omitted. use `--verbose` to show all linker arguments
[INFO] [stdout]   = note: rust-lld: error: undefined symbol: fm_session_create
[INFO] [stdout]           >>> referenced by streaming.3ac14ba0d8354d3d-cgu.1
[INFO] [stdout]           >>>               /opt/rustwide/target/release/build/fm-rs/c64b015fbdc3742c/out/streaming.streaming.3ac14ba0d8354d3d-cgu.1.rcgu.o:(<fm_rs::session::Session>::create_internal::<fm_rs::model::SystemLanguageModel>)
[INFO] [stdout]           
[INFO] [stdout]           rust-lld: error: undefined symbol: fm_session_stream
[INFO] [stdout]           >>> referenced by streaming.3ac14ba0d8354d3d-cgu.1
[INFO] [stdout]           >>>               /opt/rustwide/target/release/build/fm-rs/c64b015fbdc3742c/out/streaming.streaming.3ac14ba0d8354d3d-cgu.1.rcgu.o:(<fm_rs::session::Session>::stream_response::<streaming::main::{closure#0}>)
[INFO] [stdout]           
[INFO] [stdout]           rust-lld: error: undefined symbol: fm_session_cancel
[INFO] [stdout]           >>> referenced by fm_rs.21344b67fd870f17-cgu.00
[INFO] [stdout]           >>>               fm_rs-adbe5857f2e0ba78.fm_rs.21344b67fd870f17-cgu.00.rcgu.o:(fm_rs::session::stream_chunk_callback) in archive /opt/rustwide/target/release/build/fm-rs/adbe5857f2e0ba78/out/libfm_rs-adbe5857f2e0ba78.rlib
[INFO] [stdout]           
[INFO] [stdout]           rust-lld: error: undefined symbol: fm_session_free
[INFO] [stdout]           >>> referenced by fm_rs.21344b67fd870f17-cgu.00
[INFO] [stdout]           >>>               fm_rs-adbe5857f2e0ba78.fm_rs.21344b67fd870f17-cgu.00.rcgu.o:(<fm_rs::session::Session as core::ops::drop::Drop>::drop) in archive /opt/rustwide/target/release/build/fm-rs/adbe5857f2e0ba78/out/libfm_rs-adbe5857f2e0ba78.rlib
[INFO] [stdout]           
[INFO] [stdout]           rust-lld: error: undefined symbol: fm_model_is_available
[INFO] [stdout]           >>> referenced by fm_rs.21344b67fd870f17-cgu.02
[INFO] [stdout]           >>>               fm_rs-adbe5857f2e0ba78.fm_rs.21344b67fd870f17-cgu.02.rcgu.o:(<fm_rs::model::SystemLanguageModel>::is_available) in archive /opt/rustwide/target/release/build/fm-rs/adbe5857f2e0ba78/out/libfm_rs-adbe5857f2e0ba78.rlib
[INFO] [stdout]           
[INFO] [stdout]           rust-lld: error: undefined symbol: fm_model_default
[INFO] [stdout]           >>> referenced by fm_rs.21344b67fd870f17-cgu.02
[INFO] [stdout]           >>>               fm_rs-adbe5857f2e0ba78.fm_rs.21344b67fd870f17-cgu.02.rcgu.o:(<fm_rs::model::SystemLanguageModel>::new) in archive /opt/rustwide/target/release/build/fm-rs/adbe5857f2e0ba78/out/libfm_rs-adbe5857f2e0ba78.rlib
[INFO] [stdout]           
[INFO] [stdout]           rust-lld: error: undefined symbol: fm_error_code
[INFO] [stdout]           >>> referenced by fm_rs.21344b67fd870f17-cgu.02
[INFO] [stdout]           >>>               fm_rs-adbe5857f2e0ba78.fm_rs.21344b67fd870f17-cgu.02.rcgu.o:(fm_rs::model::error_from_swift) in archive /opt/rustwide/target/release/build/fm-rs/adbe5857f2e0ba78/out/libfm_rs-adbe5857f2e0ba78.rlib
[INFO] [stdout]           
[INFO] [stdout]           rust-lld: error: undefined symbol: fm_error_message
[INFO] [stdout]           >>> referenced by fm_rs.21344b67fd870f17-cgu.02
[INFO] [stdout]           >>>               fm_rs-adbe5857f2e0ba78.fm_rs.21344b67fd870f17-cgu.02.rcgu.o:(fm_rs::model::error_from_swift) in archive /opt/rustwide/target/release/build/fm-rs/adbe5857f2e0ba78/out/libfm_rs-adbe5857f2e0ba78.rlib
[INFO] [stdout]           
[INFO] [stdout]           rust-lld: error: undefined symbol: fm_error_tool_name
[INFO] [stdout]           >>> referenced by fm_rs.21344b67fd870f17-cgu.02
[INFO] [stdout]           >>>               fm_rs-adbe5857f2e0ba78.fm_rs.21344b67fd870f17-cgu.02.rcgu.o:(fm_rs::model::error_from_swift) in archive /opt/rustwide/target/release/build/fm-rs/adbe5857f2e0ba78/out/libfm_rs-adbe5857f2e0ba78.rlib
[INFO] [stdout]           
[INFO] [stdout]           rust-lld: error: undefined symbol: fm_error_tool_arguments
[INFO] [stdout]           >>> referenced by fm_rs.21344b67fd870f17-cgu.02
[INFO] [stdout]           >>>               fm_rs-adbe5857f2e0ba78.fm_rs.21344b67fd870f17-cgu.02.rcgu.o:(fm_rs::model::error_from_swift) in archive /opt/rustwide/target/release/build/fm-rs/adbe5857f2e0ba78/out/libfm_rs-adbe5857f2e0ba78.rlib
[INFO] [stdout]           
[INFO] [stdout]           rust-lld: error: undefined symbol: fm_error_free
[INFO] [stdout]           >>> referenced by fm_rs.21344b67fd870f17-cgu.02
[INFO] [stdout]           >>>               fm_rs-adbe5857f2e0ba78.fm_rs.21344b67fd870f17-cgu.02.rcgu.o:(fm_rs::model::error_from_swift) in archive /opt/rustwide/target/release/build/fm-rs/adbe5857f2e0ba78/out/libfm_rs-adbe5857f2e0ba78.rlib
[INFO] [stdout]           
[INFO] [stdout]           rust-lld: error: undefined symbol: fm_string_free
[INFO] [stdout]           >>> referenced by fm_rs.21344b67fd870f17-cgu.02
[INFO] [stdout]           >>>               fm_rs-adbe5857f2e0ba78.fm_rs.21344b67fd870f17-cgu.02.rcgu.o:(fm_rs::model::take_error_string) in archive /opt/rustwide/target/release/build/fm-rs/adbe5857f2e0ba78/out/libfm_rs-adbe5857f2e0ba78.rlib
[INFO] [stdout]           
[INFO] [stdout]           rust-lld: error: undefined symbol: fm_model_free
[INFO] [stdout]           >>> referenced by fm_rs.21344b67fd870f17-cgu.02
[INFO] [stdout]           >>>               fm_rs-adbe5857f2e0ba78.fm_rs.21344b67fd870f17-cgu.02.rcgu.o:(<fm_rs::model::ModelHandle as core::ops::drop::Drop>::drop) in archive /opt/rustwide/target/release/build/fm-rs/adbe5857f2e0ba78/out/libfm_rs-adbe5857f2e0ba78.rlib
[INFO] [stdout]           collect2: error: ld returned 1 exit status
[INFO] [stdout]           
[INFO] [stdout] 
[INFO] [stdout] 
[INFO] [stderr] warning: fm-rs@0.3.0: fm-rs only supports Apple Intelligence platforms (macOS, iOS/iPadOS). Skipping build.
[INFO] [stderr] error: could not compile `fm-rs` (example "streaming") due to 1 previous error
[INFO] [stderr] warning: build failed, waiting for other jobs to finish...
[INFO] [stdout] error: linking with `cc` failed: exit status: 1
[INFO] [stdout]   |
[INFO] [stdout]   = note:  "cc" "-m64" "/opt/rustwide/target/release/build/fm-rs/957a0cff452589b3/out/rustcEWNQSR/symbols.o" "<3 object files omitted>" "-Wl,--as-needed" "-Wl,-Bstatic" "/opt/rustwide/target/release/build/fm-rs/adbe5857f2e0ba78/out/libfm_rs-adbe5857f2e0ba78.rlib" "/opt/rustwide/target/release/build/serde/bf1a188806ee0e90/out/libserde-bf1a188806ee0e90.rlib" "/opt/rustwide/target/release/build/serde_json/df9d53961e629346/out/libserde_json-df9d53961e629346.rlib" "/opt/rustwide/target/release/build/memchr/f5475d219327462e/out/libmemchr-f5475d219327462e.rlib" "/opt/rustwide/target/release/build/itoa/e7338abb6ca85e31/out/libitoa-e7338abb6ca85e31.rlib" "/opt/rustwide/target/release/build/zmij/1fb5f5ad387d82e9/out/libzmij-1fb5f5ad387d82e9.rlib" "/opt/rustwide/target/release/build/serde_core/fc2e9ba380840c21/out/libserde_core-fc2e9ba380840c21.rlib" "<sysroot>/lib/rustlib/x86_64-unknown-linux-gnu/lib/{libstd-*,libpanic_unwind-*,libobject-*,libmemchr-*,libaddr2line-*,libgimli-*,libcfg_if-*,librustc_demangle-*,libstd_detect-*,libhashbrown-*,librustc_std_workspace_alloc-*,libminiz_oxide-*,libadler2-*,libunwind-*,liblibc-*,librustc_std_workspace_core-*,liballoc-*,libcore-*,libcompiler_builtins-*}.rlib" "-Wl,-Bdynamic" "-lgcc_s" "-lutil" "-lrt" "-lpthread" "-lm" "-ldl" "-lc" "-L" "/opt/rustwide/target/release/build/fm-rs/957a0cff452589b3/out/rustcEWNQSR/raw-dylibs" "-B<sysroot>/lib/rustlib/x86_64-unknown-linux-gnu/bin/gcc-ld" "-fuse-ld=lld" "-Wl,--eh-frame-hdr" "-Wl,-z,noexecstack" "-L" "/opt/rustwide/target/release/build/aws-lc-sys/61055d4890ad1f70/out" "-L" "<sysroot>/lib/rustlib/x86_64-unknown-linux-gnu/lib" "-o" "/opt/rustwide/target/release/build/fm-rs/957a0cff452589b3/out/context_compaction" "-Wl,--gc-sections" "-pie" "-Wl,-z,relro,-z,now" "-Wl,-O1" "-Wl,--strip-debug" "-nodefaultlibs"
[INFO] [stdout]   = note: some arguments are omitted. use `--verbose` to show all linker arguments
[INFO] [stdout]   = note: rust-lld: error: undefined symbol: fm_session_create
[INFO] [stdout]           >>> referenced by context_compaction.c1e31d970b030650-cgu.1
[INFO] [stdout]           >>>               /opt/rustwide/target/release/build/fm-rs/957a0cff452589b3/out/context_compaction.context_compaction.c1e31d970b030650-cgu.1.rcgu.o:(<fm_rs::session::Session>::create_internal::<fm_rs::model::SystemLanguageModel>)
[INFO] [stdout]           >>> referenced by fm_rs.21344b67fd870f17-cgu.00
[INFO] [stdout]           >>>               fm_rs-adbe5857f2e0ba78.fm_rs.21344b67fd870f17-cgu.00.rcgu.o:(<fm_rs::session::Session>::create_internal::<fm_rs::model::SystemLanguageModel>) in archive /opt/rustwide/target/release/build/fm-rs/adbe5857f2e0ba78/out/libfm_rs-adbe5857f2e0ba78.rlib
[INFO] [stdout]           
[INFO] [stdout]           rust-lld: error: undefined symbol: fm_session_get_transcript
[INFO] [stdout]           >>> referenced by fm_rs.21344b67fd870f17-cgu.00
[INFO] [stdout]           >>>               fm_rs-adbe5857f2e0ba78.fm_rs.21344b67fd870f17-cgu.00.rcgu.o:(<fm_rs::session::Session>::transcript_json) in archive /opt/rustwide/target/release/build/fm-rs/adbe5857f2e0ba78/out/libfm_rs-adbe5857f2e0ba78.rlib
[INFO] [stdout]           
[INFO] [stdout]           rust-lld: error: undefined symbol: fm_string_free
[INFO] [stdout]           >>> referenced by fm_rs.21344b67fd870f17-cgu.00
[INFO] [stdout]           >>>               fm_rs-adbe5857f2e0ba78.fm_rs.21344b67fd870f17-cgu.00.rcgu.o:(<fm_rs::session::Session>::transcript_json) in archive /opt/rustwide/target/release/build/fm-rs/adbe5857f2e0ba78/out/libfm_rs-adbe5857f2e0ba78.rlib
[INFO] [stdout]           >>> referenced by fm_rs.21344b67fd870f17-cgu.00
[INFO] [stdout]           >>>               fm_rs-adbe5857f2e0ba78.fm_rs.21344b67fd870f17-cgu.00.rcgu.o:(<fm_rs::session::Session>::transcript_json) in archive /opt/rustwide/target/release/build/fm-rs/adbe5857f2e0ba78/out/libfm_rs-adbe5857f2e0ba78.rlib
[INFO] [stdout]           >>> referenced by fm_rs.21344b67fd870f17-cgu.00
[INFO] [stdout]           >>>               fm_rs-adbe5857f2e0ba78.fm_rs.21344b67fd870f17-cgu.00.rcgu.o:(<fm_rs::session::Session>::fetch_last_response_usage) in archive /opt/rustwide/target/release/build/fm-rs/adbe5857f2e0ba78/out/libfm_rs-adbe5857f2e0ba78.rlib
[INFO] [stdout]           >>> referenced 3 more times
[INFO] [stdout]           
[INFO] [stdout]           rust-lld: error: undefined symbol: fm_session_last_response_usage
[INFO] [stdout]           >>> referenced by fm_rs.21344b67fd870f17-cgu.00
[INFO] [stdout]           >>>               fm_rs-adbe5857f2e0ba78.fm_rs.21344b67fd870f17-cgu.00.rcgu.o:(<fm_rs::session::Session>::fetch_last_response_usage) in archive /opt/rustwide/target/release/build/fm-rs/adbe5857f2e0ba78/out/libfm_rs-adbe5857f2e0ba78.rlib
[INFO] [stdout]           
[INFO] [stdout]           rust-lld: error: undefined symbol: fm_session_respond
[INFO] [stdout]           >>> referenced by fm_rs.21344b67fd870f17-cgu.00
[INFO] [stdout]           >>>               fm_rs-adbe5857f2e0ba78.fm_rs.21344b67fd870f17-cgu.00.rcgu.o:(<fm_rs::session::Session>::respond) in archive /opt/rustwide/target/release/build/fm-rs/adbe5857f2e0ba78/out/libfm_rs-adbe5857f2e0ba78.rlib
[INFO] [stdout]           
[INFO] [stdout]           rust-lld: error: undefined symbol: fm_model_availability
[INFO] [stdout]           >>> referenced by fm_rs.21344b67fd870f17-cgu.02
[INFO] [stdout]           >>>               fm_rs-adbe5857f2e0ba78.fm_rs.21344b67fd870f17-cgu.02.rcgu.o:(<fm_rs::model::SystemLanguageModel>::ensure_available) in archive /opt/rustwide/target/release/build/fm-rs/adbe5857f2e0ba78/out/libfm_rs-adbe5857f2e0ba78.rlib
[INFO] [stdout]           
[INFO] [stdout]           rust-lld: error: undefined symbol: fm_model_default
[INFO] [stdout]           >>> referenced by fm_rs.21344b67fd870f17-cgu.02
[INFO] [stdout]           >>>               fm_rs-adbe5857f2e0ba78.fm_rs.21344b67fd870f17-cgu.02.rcgu.o:(<fm_rs::model::SystemLanguageModel>::new) in archive /opt/rustwide/target/release/build/fm-rs/adbe5857f2e0ba78/out/libfm_rs-adbe5857f2e0ba78.rlib
[INFO] [stdout]           
[INFO] [stdout]           rust-lld: error: undefined symbol: fm_error_code
[INFO] [stdout]           >>> referenced by fm_rs.21344b67fd870f17-cgu.02
[INFO] [stdout]           >>>               fm_rs-adbe5857f2e0ba78.fm_rs.21344b67fd870f17-cgu.02.rcgu.o:(fm_rs::model::error_from_swift) in archive /opt/rustwide/target/release/build/fm-rs/adbe5857f2e0ba78/out/libfm_rs-adbe5857f2e0ba78.rlib
[INFO] [stdout]           
[INFO] [stdout]           rust-lld: error: undefined symbol: fm_error_message
[INFO] [stdout]           >>> referenced by fm_rs.21344b67fd870f17-cgu.02
[INFO] [stdout]           >>>               fm_rs-adbe5857f2e0ba78.fm_rs.21344b67fd870f17-cgu.02.rcgu.o:(fm_rs::model::error_from_swift) in archive /opt/rustwide/target/release/build/fm-rs/adbe5857f2e0ba78/out/libfm_rs-adbe5857f2e0ba78.rlib
[INFO] [stdout]           
[INFO] [stdout]           rust-lld: error: undefined symbol: fm_error_tool_name
[INFO] [stdout]           >>> referenced by fm_rs.21344b67fd870f17-cgu.02
[INFO] [stdout]           >>>               fm_rs-adbe5857f2e0ba78.fm_rs.21344b67fd870f17-cgu.02.rcgu.o:(fm_rs::model::error_from_swift) in archive /opt/rustwide/target/release/build/fm-rs/adbe5857f2e0ba78/out/libfm_rs-adbe5857f2e0ba78.rlib
[INFO] [stdout]           
[INFO] [stdout]           rust-lld: error: undefined symbol: fm_error_tool_arguments
[INFO] [stdout]           >>> referenced by fm_rs.21344b67fd870f17-cgu.02
[INFO] [stdout]           >>>               fm_rs-adbe5857f2e0ba78.fm_rs.21344b67fd870f17-cgu.02.rcgu.o:(fm_rs::model::error_from_swift) in archive /opt/rustwide/target/release/build/fm-rs/adbe5857f2e0ba78/out/libfm_rs-adbe5857f2e0ba78.rlib
[INFO] [stdout]           
[INFO] [stdout]           rust-lld: error: undefined symbol: fm_error_free
[INFO] [stdout]           >>> referenced by fm_rs.21344b67fd870f17-cgu.02
[INFO] [stdout]           >>>               fm_rs-adbe5857f2e0ba78.fm_rs.21344b67fd870f17-cgu.02.rcgu.o:(fm_rs::model::error_from_swift) in archive /opt/rustwide/target/release/build/fm-rs/adbe5857f2e0ba78/out/libfm_rs-adbe5857f2e0ba78.rlib
[INFO] [stdout]           
[INFO] [stdout]           rust-lld: error: undefined symbol: fm_session_free
[INFO] [stdout]           >>> referenced by fm_rs.21344b67fd870f17-cgu.00
[INFO] [stdout]           >>>               fm_rs-adbe5857f2e0ba78.fm_rs.21344b67fd870f17-cgu.00.rcgu.o:(<fm_rs::session::Session as core::ops::drop::Drop>::drop) in archive /opt/rustwide/target/release/build/fm-rs/adbe5857f2e0ba78/out/libfm_rs-adbe5857f2e0ba78.rlib
[INFO] [stdout]           >>> referenced by fm_rs.21344b67fd870f17-cgu.03
[INFO] [stdout]           >>>               fm_rs-adbe5857f2e0ba78.fm_rs.21344b67fd870f17-cgu.03.rcgu.o:(fm_rs::context::compact_transcript) in archive /opt/rustwide/target/release/build/fm-rs/adbe5857f2e0ba78/out/libfm_rs-adbe5857f2e0ba78.rlib
[INFO] [stdout]           >>> referenced by fm_rs.21344b67fd870f17-cgu.03
[INFO] [stdout]           >>>               fm_rs-adbe5857f2e0ba78.fm_rs.21344b67fd870f17-cgu.03.rcgu.o:(fm_rs::context::compact_transcript) in archive /opt/rustwide/target/release/build/fm-rs/adbe5857f2e0ba78/out/libfm_rs-adbe5857f2e0ba78.rlib
[INFO] [stdout]           >>> referenced 3 more times
[INFO] [stdout]           
[INFO] [stdout]           rust-lld: error: undefined symbol: fm_model_free
[INFO] [stdout]           >>> referenced by fm_rs.21344b67fd870f17-cgu.02
[INFO] [stdout]           >>>               fm_rs-adbe5857f2e0ba78.fm_rs.21344b67fd870f17-cgu.02.rcgu.o:(<fm_rs::model::ModelHandle as core::ops::drop::Drop>::drop) in archive /opt/rustwide/target/release/build/fm-rs/adbe5857f2e0ba78/out/libfm_rs-adbe5857f2e0ba78.rlib
[INFO] [stdout]           collect2: error: ld returned 1 exit status
[INFO] [stdout]           
[INFO] [stdout] 
[INFO] [stdout] 
[INFO] [stdout] error: linking with `cc` failed: exit status: 1
[INFO] [stdout]   |
[INFO] [stdout]   = note:  "cc" "-m64" "/opt/rustwide/target/release/build/fm-rs/c0c3d87f12848f4f/out/rustcZxCW4I/symbols.o" "<3 object files omitted>" "-Wl,--as-needed" "-Wl,-Bstatic" "/opt/rustwide/target/release/build/fm-rs/adbe5857f2e0ba78/out/libfm_rs-adbe5857f2e0ba78.rlib" "/opt/rustwide/target/release/build/serde/bf1a188806ee0e90/out/libserde-bf1a188806ee0e90.rlib" "/opt/rustwide/target/release/build/serde_json/df9d53961e629346/out/libserde_json-df9d53961e629346.rlib" "/opt/rustwide/target/release/build/memchr/f5475d219327462e/out/libmemchr-f5475d219327462e.rlib" "/opt/rustwide/target/release/build/itoa/e7338abb6ca85e31/out/libitoa-e7338abb6ca85e31.rlib" "/opt/rustwide/target/release/build/zmij/1fb5f5ad387d82e9/out/libzmij-1fb5f5ad387d82e9.rlib" "/opt/rustwide/target/release/build/serde_core/fc2e9ba380840c21/out/libserde_core-fc2e9ba380840c21.rlib" "<sysroot>/lib/rustlib/x86_64-unknown-linux-gnu/lib/{libstd-*,libpanic_unwind-*,libobject-*,libmemchr-*,libaddr2line-*,libgimli-*,libcfg_if-*,librustc_demangle-*,libstd_detect-*,libhashbrown-*,librustc_std_workspace_alloc-*,libminiz_oxide-*,libadler2-*,libunwind-*,liblibc-*,librustc_std_workspace_core-*,liballoc-*,libcore-*,libcompiler_builtins-*}.rlib" "-Wl,-Bdynamic" "-lgcc_s" "-lutil" "-lrt" "-lpthread" "-lm" "-ldl" "-lc" "-L" "/opt/rustwide/target/release/build/fm-rs/c0c3d87f12848f4f/out/rustcZxCW4I/raw-dylibs" "-B<sysroot>/lib/rustlib/x86_64-unknown-linux-gnu/bin/gcc-ld" "-fuse-ld=lld" "-Wl,--eh-frame-hdr" "-Wl,-z,noexecstack" "-L" "/opt/rustwide/target/release/build/aws-lc-sys/61055d4890ad1f70/out" "-L" "<sysroot>/lib/rustlib/x86_64-unknown-linux-gnu/lib" "-o" "/opt/rustwide/target/release/build/fm-rs/c0c3d87f12848f4f/out/basic" "-Wl,--gc-sections" "-pie" "-Wl,-z,relro,-z,now" "-Wl,-O1" "-Wl,--strip-debug" "-nodefaultlibs"
[INFO] [stdout]   = note: some arguments are omitted. use `--verbose` to show all linker arguments
[INFO] [stdout]   = note: rust-lld: error: undefined symbol: fm_session_create
[INFO] [stdout]           >>> referenced by basic.5fd2e73880438d96-cgu.1
[INFO] [stdout]           >>>               /opt/rustwide/target/release/build/fm-rs/c0c3d87f12848f4f/out/basic.basic.5fd2e73880438d96-cgu.1.rcgu.o:(<fm_rs::session::Session>::create_internal::<fm_rs::model::SystemLanguageModel>)
[INFO] [stdout]           
[INFO] [stdout]           rust-lld: error: undefined symbol: fm_session_last_response_usage
[INFO] [stdout]           >>> referenced by fm_rs.21344b67fd870f17-cgu.00
[INFO] [stdout]           >>>               fm_rs-adbe5857f2e0ba78.fm_rs.21344b67fd870f17-cgu.00.rcgu.o:(<fm_rs::session::Session>::fetch_last_response_usage) in archive /opt/rustwide/target/release/build/fm-rs/adbe5857f2e0ba78/out/libfm_rs-adbe5857f2e0ba78.rlib
[INFO] [stdout]           
[INFO] [stdout]           rust-lld: error: undefined symbol: fm_string_free
[INFO] [stdout]           >>> referenced by fm_rs.21344b67fd870f17-cgu.00
[INFO] [stdout]           >>>               fm_rs-adbe5857f2e0ba78.fm_rs.21344b67fd870f17-cgu.00.rcgu.o:(<fm_rs::session::Session>::fetch_last_response_usage) in archive /opt/rustwide/target/release/build/fm-rs/adbe5857f2e0ba78/out/libfm_rs-adbe5857f2e0ba78.rlib
[INFO] [stdout]           >>> referenced by fm_rs.21344b67fd870f17-cgu.00
[INFO] [stdout]           >>>               fm_rs-adbe5857f2e0ba78.fm_rs.21344b67fd870f17-cgu.00.rcgu.o:(<fm_rs::session::Session>::respond) in archive /opt/rustwide/target/release/build/fm-rs/adbe5857f2e0ba78/out/libfm_rs-adbe5857f2e0ba78.rlib
[INFO] [stdout]           >>> referenced by fm_rs.21344b67fd870f17-cgu.00
[INFO] [stdout]           >>>               fm_rs-adbe5857f2e0ba78.fm_rs.21344b67fd870f17-cgu.00.rcgu.o:(<fm_rs::session::Session>::respond) in archive /opt/rustwide/target/release/build/fm-rs/adbe5857f2e0ba78/out/libfm_rs-adbe5857f2e0ba78.rlib
[INFO] [stdout]           >>> referenced 1 more times
[INFO] [stdout]           
[INFO] [stdout]           rust-lld: error: undefined symbol: fm_session_respond
[INFO] [stdout]           >>> referenced by fm_rs.21344b67fd870f17-cgu.00
[INFO] [stdout]           >>>               fm_rs-adbe5857f2e0ba78.fm_rs.21344b67fd870f17-cgu.00.rcgu.o:(<fm_rs::session::Session>::respond) in archive /opt/rustwide/target/release/build/fm-rs/adbe5857f2e0ba78/out/libfm_rs-adbe5857f2e0ba78.rlib
[INFO] [stdout]           
[INFO] [stdout]           rust-lld: error: undefined symbol: fm_session_free
[INFO] [stdout]           >>> referenced by fm_rs.21344b67fd870f17-cgu.00
[INFO] [stdout]           >>>               fm_rs-adbe5857f2e0ba78.fm_rs.21344b67fd870f17-cgu.00.rcgu.o:(<fm_rs::session::Session as core::ops::drop::Drop>::drop) in archive /opt/rustwide/target/release/build/fm-rs/adbe5857f2e0ba78/out/libfm_rs-adbe5857f2e0ba78.rlib
[INFO] [stdout]           
[INFO] [stdout]           rust-lld: error: undefined symbol: fm_model_availability
[INFO] [stdout]           >>> referenced by fm_rs.21344b67fd870f17-cgu.02
[INFO] [stdout]           >>>               fm_rs-adbe5857f2e0ba78.fm_rs.21344b67fd870f17-cgu.02.rcgu.o:(<fm_rs::model::SystemLanguageModel>::availability) in archive /opt/rustwide/target/release/build/fm-rs/adbe5857f2e0ba78/out/libfm_rs-adbe5857f2e0ba78.rlib
[INFO] [stdout]           
[INFO] [stdout]           rust-lld: error: undefined symbol: fm_model_is_available
[INFO] [stdout]           >>> referenced by fm_rs.21344b67fd870f17-cgu.02
[INFO] [stdout]           >>>               fm_rs-adbe5857f2e0ba78.fm_rs.21344b67fd870f17-cgu.02.rcgu.o:(<fm_rs::model::SystemLanguageModel>::is_available) in archive /opt/rustwide/target/release/build/fm-rs/adbe5857f2e0ba78/out/libfm_rs-adbe5857f2e0ba78.rlib
[INFO] [stdout]           
[INFO] [stdout]           rust-lld: error: undefined symbol: fm_model_default
[INFO] [stdout]           >>> referenced by fm_rs.21344b67fd870f17-cgu.02
[INFO] [stdout]           >>>               fm_rs-adbe5857f2e0ba78.fm_rs.21344b67fd870f17-cgu.02.rcgu.o:(<fm_rs::model::SystemLanguageModel>::new) in archive /opt/rustwide/target/release/build/fm-rs/adbe5857f2e0ba78/out/libfm_rs-adbe5857f2e0ba78.rlib
[INFO] [stdout]           
[INFO] [stdout]           rust-lld: error: undefined symbol: fm_error_code
[INFO] [stdout]           >>> referenced by fm_rs.21344b67fd870f17-cgu.02
[INFO] [stdout]           >>>               fm_rs-adbe5857f2e0ba78.fm_rs.21344b67fd870f17-cgu.02.rcgu.o:(fm_rs::model::error_from_swift) in archive /opt/rustwide/target/release/build/fm-rs/adbe5857f2e0ba78/out/libfm_rs-adbe5857f2e0ba78.rlib
[INFO] [stdout]           
[INFO] [stdout]           rust-lld: error: undefined symbol: fm_error_message
[INFO] [stdout]           >>> referenced by fm_rs.21344b67fd870f17-cgu.02
[INFO] [stdout]           >>>               fm_rs-adbe5857f2e0ba78.fm_rs.21344b67fd870f17-cgu.02.rcgu.o:(fm_rs::model::error_from_swift) in archive /opt/rustwide/target/release/build/fm-rs/adbe5857f2e0ba78/out/libfm_rs-adbe5857f2e0ba78.rlib
[INFO] [stdout]           
[INFO] [stdout]           rust-lld: error: undefined symbol: fm_error_tool_name
[INFO] [stdout]           >>> referenced by fm_rs.21344b67fd870f17-cgu.02
[INFO] [stdout]           >>>               fm_rs-adbe5857f2e0ba78.fm_rs.21344b67fd870f17-cgu.02.rcgu.o:(fm_rs::model::error_from_swift) in archive /opt/rustwide/target/release/build/fm-rs/adbe5857f2e0ba78/out/libfm_rs-adbe5857f2e0ba78.rlib
[INFO] [stdout]           
[INFO] [stdout]           rust-lld: error: undefined symbol: fm_error_tool_arguments
[INFO] [stdout]           >>> referenced by fm_rs.21344b67fd870f17-cgu.02
[INFO] [stdout]           >>>               fm_rs-adbe5857f2e0ba78.fm_rs.21344b67fd870f17-cgu.02.rcgu.o:(fm_rs::model::error_from_swift) in archive /opt/rustwide/target/release/build/fm-rs/adbe5857f2e0ba78/out/libfm_rs-adbe5857f2e0ba78.rlib
[INFO] [stdout]           
[INFO] [stdout]           rust-lld: error: undefined symbol: fm_error_free
[INFO] [stdout]           >>> referenced by fm_rs.21344b67fd870f17-cgu.02
[INFO] [stdout]           >>>               fm_rs-adbe5857f2e0ba78.fm_rs.21344b67fd870f17-cgu.02.rcgu.o:(fm_rs::model::error_from_swift) in archive /opt/rustwide/target/release/build/fm-rs/adbe5857f2e0ba78/out/libfm_rs-adbe5857f2e0ba78.rlib
[INFO] [stdout]           
[INFO] [stdout]           rust-lld: error: undefined symbol: fm_model_free
[INFO] [stdout]           >>> referenced by fm_rs.21344b67fd870f17-cgu.02
[INFO] [stdout]           >>>               fm_rs-adbe5857f2e0ba78.fm_rs.21344b67fd870f17-cgu.02.rcgu.o:(<fm_rs::model::ModelHandle as core::ops::drop::Drop>::drop) in archive /opt/rustwide/target/release/build/fm-rs/adbe5857f2e0ba78/out/libfm_rs-adbe5857f2e0ba78.rlib
[INFO] [stdout]           collect2: error: ld returned 1 exit status
[INFO] [stdout]           
[INFO] [stdout] 
[INFO] [stdout] 
[INFO] [stderr] warning: fm-rs@0.3.0: fm-rs only supports Apple Intelligence platforms (macOS, iOS/iPadOS). Skipping build.
[INFO] [stderr] error: could not compile `fm-rs` (example "context_compaction") due to 1 previous error
[INFO] [stderr] warning: fm-rs@0.3.0: fm-rs only supports Apple Intelligence platforms (macOS, iOS/iPadOS). Skipping build.
[INFO] [stderr] error: could not compile `fm-rs` (example "basic") due to 1 previous error
[INFO] [stdout] error: linking with `cc` failed: exit status: 1
[INFO] [stdout]   |
[INFO] [stdout]   = note:  "cc" "-m64" "/opt/rustwide/target/release/build/fm-rs/422bb6f55d3428d9/out/rustczofL9w/symbols.o" "<4 object files omitted>" "-Wl,--as-needed" "-Wl,-Bstatic" "/opt/rustwide/target/release/build/fm-rs/adbe5857f2e0ba78/out/libfm_rs-adbe5857f2e0ba78.rlib" "/opt/rustwide/target/release/build/serde/bf1a188806ee0e90/out/libserde-bf1a188806ee0e90.rlib" "/opt/rustwide/target/release/build/serde_json/df9d53961e629346/out/libserde_json-df9d53961e629346.rlib" "/opt/rustwide/target/release/build/memchr/f5475d219327462e/out/libmemchr-f5475d219327462e.rlib" "/opt/rustwide/target/release/build/itoa/e7338abb6ca85e31/out/libitoa-e7338abb6ca85e31.rlib" "/opt/rustwide/target/release/build/zmij/1fb5f5ad387d82e9/out/libzmij-1fb5f5ad387d82e9.rlib" "/opt/rustwide/target/release/build/serde_core/fc2e9ba380840c21/out/libserde_core-fc2e9ba380840c21.rlib" "<sysroot>/lib/rustlib/x86_64-unknown-linux-gnu/lib/{libstd-*,libpanic_unwind-*,libobject-*,libmemchr-*,libaddr2line-*,libgimli-*,libcfg_if-*,librustc_demangle-*,libstd_detect-*,libhashbrown-*,librustc_std_workspace_alloc-*,libminiz_oxide-*,libadler2-*,libunwind-*,liblibc-*,librustc_std_workspace_core-*,liballoc-*,libcore-*,libcompiler_builtins-*}.rlib" "-Wl,-Bdynamic" "-lgcc_s" "-lutil" "-lrt" "-lpthread" "-lm" "-ldl" "-lc" "-L" "/opt/rustwide/target/release/build/fm-rs/422bb6f55d3428d9/out/rustczofL9w/raw-dylibs" "-B<sysroot>/lib/rustlib/x86_64-unknown-linux-gnu/bin/gcc-ld" "-fuse-ld=lld" "-Wl,--eh-frame-hdr" "-Wl,-z,noexecstack" "-L" "/opt/rustwide/target/release/build/aws-lc-sys/61055d4890ad1f70/out" "-L" "<sysroot>/lib/rustlib/x86_64-unknown-linux-gnu/lib" "-o" "/opt/rustwide/target/release/build/fm-rs/422bb6f55d3428d9/out/leak_repro" "-Wl,--gc-sections" "-pie" "-Wl,-z,relro,-z,now" "-Wl,-O1" "-Wl,--strip-debug" "-nodefaultlibs"
[INFO] [stdout]   = note: some arguments are omitted. use `--verbose` to show all linker arguments
[INFO] [stdout]   = note: rust-lld: error: undefined symbol: fm_session_create
[INFO] [stdout]           >>> referenced by leak_repro.991ad56ff2c97848-cgu.1
[INFO] [stdout]           >>>               /opt/rustwide/target/release/build/fm-rs/422bb6f55d3428d9/out/leak_repro.leak_repro.991ad56ff2c97848-cgu.1.rcgu.o:(<fm_rs::session::SessionBuilder<fm_rs::model::SystemLanguageModel>>::build)
[INFO] [stdout]           
[INFO] [stdout]           rust-lld: error: undefined symbol: fm_model_is_available
[INFO] [stdout]           >>> referenced by fm_rs.21344b67fd870f17-cgu.02
[INFO] [stdout]           >>>               fm_rs-adbe5857f2e0ba78.fm_rs.21344b67fd870f17-cgu.02.rcgu.o:(<fm_rs::model::SystemLanguageModel>::is_available) in archive /opt/rustwide/target/release/build/fm-rs/adbe5857f2e0ba78/out/libfm_rs-adbe5857f2e0ba78.rlib
[INFO] [stdout]           
[INFO] [stdout]           rust-lld: error: undefined symbol: fm_model_default
[INFO] [stdout]           >>> referenced by fm_rs.21344b67fd870f17-cgu.02
[INFO] [stdout]           >>>               fm_rs-adbe5857f2e0ba78.fm_rs.21344b67fd870f17-cgu.02.rcgu.o:(<fm_rs::model::SystemLanguageModel>::new) in archive /opt/rustwide/target/release/build/fm-rs/adbe5857f2e0ba78/out/libfm_rs-adbe5857f2e0ba78.rlib
[INFO] [stdout]           
[INFO] [stdout]           rust-lld: error: undefined symbol: fm_error_code
[INFO] [stdout]           >>> referenced by fm_rs.21344b67fd870f17-cgu.02
[INFO] [stdout]           >>>               fm_rs-adbe5857f2e0ba78.fm_rs.21344b67fd870f17-cgu.02.rcgu.o:(fm_rs::model::error_from_swift) in archive /opt/rustwide/target/release/build/fm-rs/adbe5857f2e0ba78/out/libfm_rs-adbe5857f2e0ba78.rlib
[INFO] [stdout]           
[INFO] [stdout]           rust-lld: error: undefined symbol: fm_error_message
[INFO] [stdout]           >>> referenced by fm_rs.21344b67fd870f17-cgu.02
[INFO] [stdout]           >>>               fm_rs-adbe5857f2e0ba78.fm_rs.21344b67fd870f17-cgu.02.rcgu.o:(fm_rs::model::error_from_swift) in archive /opt/rustwide/target/release/build/fm-rs/adbe5857f2e0ba78/out/libfm_rs-adbe5857f2e0ba78.rlib
[INFO] [stdout]           
[INFO] [stdout]           rust-lld: error: undefined symbol: fm_error_tool_name
[INFO] [stdout]           >>> referenced by fm_rs.21344b67fd870f17-cgu.02
[INFO] [stdout]           >>>               fm_rs-adbe5857f2e0ba78.fm_rs.21344b67fd870f17-cgu.02.rcgu.o:(fm_rs::model::error_from_swift) in archive /opt/rustwide/target/release/build/fm-rs/adbe5857f2e0ba78/out/libfm_rs-adbe5857f2e0ba78.rlib
[INFO] [stdout]           
[INFO] [stdout]           rust-lld: error: undefined symbol: fm_error_tool_arguments
[INFO] [stdout]           >>> referenced by fm_rs.21344b67fd870f17-cgu.02
[INFO] [stdout]           >>>               fm_rs-adbe5857f2e0ba78.fm_rs.21344b67fd870f17-cgu.02.rcgu.o:(fm_rs::model::error_from_swift) in archive /opt/rustwide/target/release/build/fm-rs/adbe5857f2e0ba78/out/libfm_rs-adbe5857f2e0ba78.rlib
[INFO] [stdout]           
[INFO] [stdout]           rust-lld: error: undefined symbol: fm_session_free
[INFO] [stdout]           >>> referenced by fm_rs.21344b67fd870f17-cgu.00
[INFO] [stdout]           >>>               fm_rs-adbe5857f2e0ba78.fm_rs.21344b67fd870f17-cgu.00.rcgu.o:(<fm_rs::session::Session as core::ops::drop::Drop>::drop) in archive /opt/rustwide/target/release/build/fm-rs/adbe5857f2e0ba78/out/libfm_rs-adbe5857f2e0ba78.rlib
[INFO] [stdout]           
[INFO] [stdout]           rust-lld: error: undefined symbol: fm_error_free
[INFO] [stdout]           >>> referenced by fm_rs.21344b67fd870f17-cgu.02
[INFO] [stdout]           >>>               fm_rs-adbe5857f2e0ba78.fm_rs.21344b67fd870f17-cgu.02.rcgu.o:(fm_rs::model::error_from_swift) in archive /opt/rustwide/target/release/build/fm-rs/adbe5857f2e0ba78/out/libfm_rs-adbe5857f2e0ba78.rlib
[INFO] [stdout]           
[INFO] [stdout]           rust-lld: error: undefined symbol: fm_string_free
[INFO] [stdout]           >>> referenced by fm_rs.21344b67fd870f17-cgu.02
[INFO] [stdout]           >>>               fm_rs-adbe5857f2e0ba78.fm_rs.21344b67fd870f17-cgu.02.rcgu.o:(fm_rs::model::take_error_string) in archive /opt/rustwide/target/release/build/fm-rs/adbe5857f2e0ba78/out/libfm_rs-adbe5857f2e0ba78.rlib
[INFO] [stdout]           
[INFO] [stdout]           rust-lld: error: undefined symbol: fm_model_free
[INFO] [stdout]           >>> referenced by fm_rs.21344b67fd870f17-cgu.02
[INFO] [stdout]           >>>               fm_rs-adbe5857f2e0ba78.fm_rs.21344b67fd870f17-cgu.02.rcgu.o:(<fm_rs::model::ModelHandle as core::ops::drop::Drop>::drop) in archive /opt/rustwide/target/release/build/fm-rs/adbe5857f2e0ba78/out/libfm_rs-adbe5857f2e0ba78.rlib
[INFO] [stdout]           collect2: error: ld returned 1 exit status
[INFO] [stdout]           
[INFO] [stdout] 
[INFO] [stdout] 
[INFO] [stderr] warning: fm-rs@0.3.0: fm-rs only supports Apple Intelligence platforms (macOS, iOS/iPadOS). Skipping build.
[INFO] [stderr] error: could not compile `fm-rs` (example "leak_repro") due to 1 previous error
[INFO] [stdout] error: linking with `cc` failed: exit status: 1
[INFO] [stdout]   |
[INFO] [stdout]   = note:  "cc" "-m64" "/opt/rustwide/target/release/build/fm-rs/d02e10aaa7d239b2/out/rustc3ilqCG/symbols.o" "<6 object files omitted>" "-Wl,--as-needed" "-Wl,-Bstatic" "/opt/rustwide/target/release/build/fm-rs/adbe5857f2e0ba78/out/libfm_rs-adbe5857f2e0ba78.rlib" "/opt/rustwide/target/release/build/serde/bf1a188806ee0e90/out/libserde-bf1a188806ee0e90.rlib" "/opt/rustwide/target/release/build/serde_json/df9d53961e629346/out/libserde_json-df9d53961e629346.rlib" "/opt/rustwide/target/release/build/memchr/f5475d219327462e/out/libmemchr-f5475d219327462e.rlib" "/opt/rustwide/target/release/build/itoa/e7338abb6ca85e31/out/libitoa-e7338abb6ca85e31.rlib" "/opt/rustwide/target/release/build/zmij/1fb5f5ad387d82e9/out/libzmij-1fb5f5ad387d82e9.rlib" "/opt/rustwide/target/release/build/serde_core/fc2e9ba380840c21/out/libserde_core-fc2e9ba380840c21.rlib" "<sysroot>/lib/rustlib/x86_64-unknown-linux-gnu/lib/{libstd-*,libpanic_unwind-*,libobject-*,libmemchr-*,libaddr2line-*,libgimli-*,libcfg_if-*,librustc_demangle-*,libstd_detect-*,libhashbrown-*,librustc_std_workspace_alloc-*,libminiz_oxide-*,libadler2-*,libunwind-*,liblibc-*,librustc_std_workspace_core-*,liballoc-*,libcore-*,libcompiler_builtins-*}.rlib" "-Wl,-Bdynamic" "-lgcc_s" "-lutil" "-lrt" "-lpthread" "-lm" "-ldl" "-lc" "-L" "/opt/rustwide/target/release/build/fm-rs/d02e10aaa7d239b2/out/rustc3ilqCG/raw-dylibs" "-B<sysroot>/lib/rustlib/x86_64-unknown-linux-gnu/bin/gcc-ld" "-fuse-ld=lld" "-Wl,--eh-frame-hdr" "-Wl,-z,noexecstack" "-L" "/opt/rustwide/target/release/build/aws-lc-sys/61055d4890ad1f70/out" "-L" "<sysroot>/lib/rustlib/x86_64-unknown-linux-gnu/lib" "-o" "/opt/rustwide/target/release/build/fm-rs/d02e10aaa7d239b2/out/structured" "-Wl,--gc-sections" "-pie" "-Wl,-z,relro,-z,now" "-Wl,-O1" "-Wl,--strip-debug" "-nodefaultlibs"
[INFO] [stdout]   = note: some arguments are omitted. use `--verbose` to show all linker arguments
[INFO] [stdout]   = note: rust-lld: error: undefined symbol: fm_session_create
[INFO] [stdout]           >>> referenced by structured.b090cfa6f6f74ed-cgu.3
[INFO] [stdout]           >>>               /opt/rustwide/target/release/build/fm-rs/d02e10aaa7d239b2/out/structured.structured.b090cfa6f6f74ed-cgu.3.rcgu.o:(<fm_rs::session::Session>::create_internal::<fm_rs::model::SystemLanguageModel>)
[INFO] [stdout]           
[INFO] [stdout]           rust-lld: error: undefined symbol: fm_string_free
[INFO] [stdout]           >>> referenced by fm_rs.21344b67fd870f17-cgu.00
[INFO] [stdout]           >>>               fm_rs-adbe5857f2e0ba78.fm_rs.21344b67fd870f17-cgu.00.rcgu.o:(fm_rs::session::take_swift_string::<<fm_rs::session::Session>::respond_json::{closure#0}>) in archive /opt/rustwide/target/release/build/fm-rs/adbe5857f2e0ba78/out/libfm_rs-adbe5857f2e0ba78.rlib
[INFO] [stdout]           >>> referenced by fm_rs.21344b67fd870f17-cgu.00
[INFO] [stdout]           >>>               fm_rs-adbe5857f2e0ba78.fm_rs.21344b67fd870f17-cgu.00.rcgu.o:(fm_rs::session::take_swift_string::<<fm_rs::session::Session>::respond_json::{closure#0}>) in archive /opt/rustwide/target/release/build/fm-rs/adbe5857f2e0ba78/out/libfm_rs-adbe5857f2e0ba78.rlib
[INFO] [stdout]           >>> referenced by fm_rs.21344b67fd870f17-cgu.02
[INFO] [stdout]           >>>               fm_rs-adbe5857f2e0ba78.fm_rs.21344b67fd870f17-cgu.02.rcgu.o:(fm_rs::model::take_error_string) in archive /opt/rustwide/target/release/build/fm-rs/adbe5857f2e0ba78/out/libfm_rs-adbe5857f2e0ba78.rlib
[INFO] [stdout]           
[INFO] [stdout]           rust-lld: error: undefined symbol: fm_session_respond_json
[INFO] [stdout]           >>> referenced by fm_rs.21344b67fd870f17-cgu.00
[INFO] [stdout]           >>>               fm_rs-adbe5857f2e0ba78.fm_rs.21344b67fd870f17-cgu.00.rcgu.o:(<fm_rs::session::Session>::respond_json) in archive /opt/rustwide/target/release/build/fm-rs/adbe5857f2e0ba78/out/libfm_rs-adbe5857f2e0ba78.rlib
[INFO] [stdout]           
[INFO] [stdout]           rust-lld: error: undefined symbol: fm_model_is_available
[INFO] [stdout]           >>> referenced by fm_rs.21344b67fd870f17-cgu.02
[INFO] [stdout]           >>>               fm_rs-adbe5857f2e0ba78.fm_rs.21344b67fd870f17-cgu.02.rcgu.o:(<fm_rs::model::SystemLanguageModel>::is_available) in archive /opt/rustwide/target/release/build/fm-rs/adbe5857f2e0ba78/out/libfm_rs-adbe5857f2e0ba78.rlib
[INFO] [stdout]           
[INFO] [stdout]           rust-lld: error: undefined symbol: fm_model_default
[INFO] [stdout]           >>> referenced by fm_rs.21344b67fd870f17-cgu.02
[INFO] [stdout]           >>>               fm_rs-adbe5857f2e0ba78.fm_rs.21344b67fd870f17-cgu.02.rcgu.o:(<fm_rs::model::SystemLanguageModel>::new) in archive /opt/rustwide/target/release/build/fm-rs/adbe5857f2e0ba78/out/libfm_rs-adbe5857f2e0ba78.rlib
[INFO] [stdout]           
[INFO] [stdout]           rust-lld: error: undefined symbol: fm_error_code
[INFO] [stdout]           >>> referenced by fm_rs.21344b67fd870f17-cgu.02
[INFO] [stdout]           >>>               fm_rs-adbe5857f2e0ba78.fm_rs.21344b67fd870f17-cgu.02.rcgu.o:(fm_rs::model::error_from_swift) in archive /opt/rustwide/target/release/build/fm-rs/adbe5857f2e0ba78/out/libfm_rs-adbe5857f2e0ba78.rlib
[INFO] [stdout]           
[INFO] [stdout]           rust-lld: error: undefined symbol: fm_error_message
[INFO] [stdout]           >>> referenced by fm_rs.21344b67fd870f17-cgu.02
[INFO] [stdout]           >>>               fm_rs-adbe5857f2e0ba78.fm_rs.21344b67fd870f17-cgu.02.rcgu.o:(fm_rs::model::error_from_swift) in archive /opt/rustwide/target/release/build/fm-rs/adbe5857f2e0ba78/out/libfm_rs-adbe5857f2e0ba78.rlib
[INFO] [stdout]           
[INFO] [stdout]           rust-lld: error: undefined symbol: fm_error_tool_name
[INFO] [stdout]           >>> referenced by fm_rs.21344b67fd870f17-cgu.02
[INFO] [stdout]           >>>               fm_rs-adbe5857f2e0ba78.fm_rs.21344b67fd870f17-cgu.02.rcgu.o:(fm_rs::model::error_from_swift) in archive /opt/rustwide/target/release/build/fm-rs/adbe5857f2e0ba78/out/libfm_rs-adbe5857f2e0ba78.rlib
[INFO] [stdout]           
[INFO] [stdout]           rust-lld: error: undefined symbol: fm_error_tool_arguments
[INFO] [stdout]           >>> referenced by fm_rs.21344b67fd870f17-cgu.02
[INFO] [stdout]           >>>               fm_rs-adbe5857f2e0ba78.fm_rs.21344b67fd870f17-cgu.02.rcgu.o:(fm_rs::model::error_from_swift) in archive /opt/rustwide/target/release/build/fm-rs/adbe5857f2e0ba78/out/libfm_rs-adbe5857f2e0ba78.rlib
[INFO] [stdout]           
[INFO] [stdout]           rust-lld: error: undefined symbol: fm_error_free
[INFO] [stdout]           >>> referenced by fm_rs.21344b67fd870f17-cgu.02
[INFO] [stdout]           >>>               fm_rs-adbe5857f2e0ba78.fm_rs.21344b67fd870f17-cgu.02.rcgu.o:(fm_rs::model::error_from_swift) in archive /opt/rustwide/target/release/build/fm-rs/adbe5857f2e0ba78/out/libfm_rs-adbe5857f2e0ba78.rlib
[INFO] [stdout]           
[INFO] [stdout]           rust-lld: error: undefined symbol: fm_model_free
[INFO] [stdout]           >>> referenced by fm_rs.21344b67fd870f17-cgu.02
[INFO] [stdout]           >>>               fm_rs-adbe5857f2e0ba78.fm_rs.21344b67fd870f17-cgu.02.rcgu.o:(<fm_rs::model::ModelHandle as core::ops::drop::Drop>::drop) in archive /opt/rustwide/target/release/build/fm-rs/adbe5857f2e0ba78/out/libfm_rs-adbe5857f2e0ba78.rlib
[INFO] [stdout]           
[INFO] [stdout]           rust-lld: error: undefined symbol: fm_session_free
[INFO] [stdout]           >>> referenced by fm_rs.21344b67fd870f17-cgu.00
[INFO] [stdout]           >>>               fm_rs-adbe5857f2e0ba78.fm_rs.21344b67fd870f17-cgu.00.rcgu.o:(<fm_rs::session::Session as core::ops::drop::Drop>::drop) in archive /opt/rustwide/target/release/build/fm-rs/adbe5857f2e0ba78/out/libfm_rs-adbe5857f2e0ba78.rlib
[INFO] [stdout]           collect2: error: ld returned 1 exit status
[INFO] [stdout]           
[INFO] [stdout] 
[INFO] [stdout] 
[INFO] [stderr] warning: fm-rs@0.3.0: fm-rs only supports Apple Intelligence platforms (macOS, iOS/iPadOS). Skipping build.
[INFO] [stderr] error: could not compile `fm-rs` (example "structured") due to 1 previous error
[INFO] [stdout] error: linking with `cc` failed: exit status: 1
[INFO] [stdout]   |
[INFO] [stdout]   = note:  "cc" "-m64" "/opt/rustwide/target/release/build/fm-rs/7ec58af4dd445e3b/out/rustceBrJ3N/symbols.o" "<10 object files omitted>" "-Wl,--as-needed" "-Wl,-Bstatic" "/opt/rustwide/target/release/build/reqwest/d59d8e5c45a359cc/out/libreqwest-d59d8e5c45a359cc.rlib" "/opt/rustwide/target/release/build/serde_urlencoded/0f3a79a27b0b4b06/out/libserde_urlencoded-0f3a79a27b0b4b06.rlib" "/opt/rustwide/target/release/build/ryu/cc0a3553ff73174e/out/libryu-cc0a3553ff73174e.rlib" "/opt/rustwide/target/release/build/rustls-platform-verifier/2ae772bb59e8b065/out/librustls_platform_verifier-2ae772bb59e8b065.rlib" "/opt/rustwide/target/release/build/rustls-native-certs/0c90b1af7a9520c9/out/librustls_native_certs-0c90b1af7a9520c9.rlib" "/opt/rustwide/target/release/build/openssl-probe/9a558ebf8c836060/out/libopenssl_probe-9a558ebf8c836060.rlib" "/opt/rustwide/target/release/build/hyper-rustls/2a8c340621512dbb/out/libhyper_rustls-2a8c340621512dbb.rlib" "/opt/rustwide/target/release/build/tokio-rustls/e951d211d20ac91e/out/libtokio_rustls-e951d211d20ac91e.rlib" "/opt/rustwide/target/release/build/rustls/85bbfce144d9c643/out/librustls-85bbfce144d9c643.rlib" "/opt/rustwide/target/release/build/subtle/55d0ad28af99a64a/out/libsubtle-55d0ad28af99a64a.rlib" "/opt/rustwide/target/release/build/rustls-webpki/ce75afa97e3a3b2f/out/libwebpki-ce75afa97e3a3b2f.rlib" "/opt/rustwide/target/release/build/untrusted/5ab0aa40ecba79ee/out/libuntrusted-5ab0aa40ecba79ee.rlib" "/opt/rustwide/target/release/build/aws-lc-rs/e364f9062e39c95e/out/libaws_lc_rs-e364f9062e39c95e.rlib" "/opt/rustwide/target/release/build/aws-lc-sys/4906655bc32a7765/out/libaws_lc_sys-4906655bc32a7765.rlib" "/opt/rustwide/target/release/build/rustls-pki-types/ba74552c5a3dd367/out/librustls_pki_types-ba74552c5a3dd367.rlib" "/opt/rustwide/target/release/build/zeroize/cd4d2c68f996dced/out/libzeroize-cd4d2c68f996dced.rlib" "/opt/rustwide/target/release/build/mime/6d6703af1a0641fa/out/libmime-6d6703af1a0641fa.rlib" "/opt/rustwide/target/release/build/encoding_rs/67555cf9c7c10d62/out/libencoding_rs-67555cf9c7c10d62.rlib" "/opt/rustwide/target/release/build/cfg-if/6d8dca19095bb388/out/libcfg_if-6d8dca19095bb388.rlib" "/opt/rustwide/target/release/build/tower-http/39b4a9eb7881e2db/out/libtower_http-39b4a9eb7881e2db.rlib" "/opt/rustwide/target/release/build/bitflags/8de73b99f8fb1681/out/libbitflags-8de73b99f8fb1681.rlib" "/opt/rustwide/target/release/build/iri-string/584bf376c49d59f1/out/libiri_string-584bf376c49d59f1.rlib" "/opt/rustwide/target/release/build/tower/5fb2da08015ba052/out/libtower-5fb2da08015ba052.rlib" "/opt/rustwide/target/release/build/tower-layer/ef066f11b7c6abbf/out/libtower_layer-ef066f11b7c6abbf.rlib" "/opt/rustwide/target/release/build/hyper-util/bb02b9253ca2957b/out/libhyper_util-bb02b9253ca2957b.rlib" "/opt/rustwide/target/release/build/base64/5ba8d8f2fe9c6ccd/out/libbase64-5ba8d8f2fe9c6ccd.rlib" "/opt/rustwide/target/release/build/ipnet/591de455763001fe/out/libipnet-591de455763001fe.rlib" "/opt/rustwide/target/release/build/tower-service/1eef8393de4ac64f/out/libtower_service-1eef8393de4ac64f.rlib" "/opt/rustwide/target/release/build/hyper/f9030873c5d28206/out/libhyper-f9030873c5d28206.rlib" "/opt/rustwide/target/release/build/want/6ec9107ca7562ffd/out/libwant-6ec9107ca7562ffd.rlib" "/opt/rustwide/target/release/build/try-lock/f6d0b473a0eeeda4/out/libtry_lock-f6d0b473a0eeeda4.rlib" "/opt/rustwide/target/release/build/httparse/5ae8896e125f1bfe/out/libhttparse-5ae8896e125f1bfe.rlib" "/opt/rustwide/target/release/build/h2/2cfa6207f9fab1cd/out/libh2-2cfa6207f9fab1cd.rlib" "/opt/rustwide/target/release/build/tracing/6e09ffae84867813/out/libtracing-6e09ffae84867813.rlib" "/opt/rustwide/target/release/build/tracing-core/67407de60535aac7/out/libtracing_core-67407de60535aac7.rlib" "/opt/rustwide/target/release/build/once_cell/35d4cc1b6bbf4e72/out/libonce_cell-35d4cc1b6bbf4e72.rlib" "/opt/rustwide/target/release/build/indexmap/973b36019fb6f6d9/out/libindexmap-973b36019fb6f6d9.rlib" "/opt/rustwide/target/release/build/equivalent/26a0d6a3c1145f1b/out/libequivalent-26a0d6a3c1145f1b.rlib" "/opt/rustwide/target/release/build/hashbrown/510a83e6dee1f340/out/libhashbrown-510a83e6dee1f340.rlib" "/opt/rustwide/target/release/build/fnv/98df728fc8020158/out/libfnv-98df728fc8020158.rlib" "/opt/rustwide/target/release/build/tokio-util/b3280d25cbba92cc/out/libtokio_util-b3280d25cbba92cc.rlib" "/opt/rustwide/target/release/build/atomic-waker/3c8bacd3de7778a7/out/libatomic_waker-3c8bacd3de7778a7.rlib" "/opt/rustwide/target/release/build/futures-channel/97e02d2f4e59d5fe/out/libfutures_channel-97e02d2f4e59d5fe.rlib" "/opt/rustwide/target/release/build/tokio/b275440c6adee993/out/libtokio-b275440c6adee993.rlib" "/opt/rustwide/target/release/build/socket2/903dcef3a069fcb1/out/libsocket2-903dcef3a069fcb1.rlib" "/opt/rustwide/target/release/build/mio/4ac8ae01c4bcdecc/out/libmio-4ac8ae01c4bcdecc.rlib" "/opt/rustwide/target/release/build/libc/6e32314a1a8360bf/out/liblibc-6e32314a1a8360bf.rlib" "/opt/rustwide/target/release/build/http-body-util/a93b5321c76c6911/out/libhttp_body_util-a93b5321c76c6911.rlib" "/opt/rustwide/target/release/build/http-body/64f67b600f59bfe6/out/libhttp_body-64f67b600f59bfe6.rlib" "/opt/rustwide/target/release/build/log/e86fe1484206d3e6/out/liblog-e86fe1484206d3e6.rlib" "/opt/rustwide/target/release/build/futures-util/f4f2ff8665f84549/out/libfutures_util-f4f2ff8665f84549.rlib" "/opt/rustwide/target/release/build/futures-io/c3a463472a7d129d/out/libfutures_io-c3a463472a7d129d.rlib" "/opt/rustwide/target/release/build/slab/95d41f46a3a02d8a/out/libslab-95d41f46a3a02d8a.rlib" "/opt/rustwide/target/release/build/pin-project-lite/a042d89c9815bfb5/out/libpin_project_lite-a042d89c9815bfb5.rlib" "/opt/rustwide/target/release/build/futures-sink/260a0ab3d14dcdc8/out/libfutures_sink-260a0ab3d14dcdc8.rlib" "/opt/rustwide/target/release/build/futures-task/4b529e0327c731b5/out/libfutures_task-4b529e0327c731b5.rlib" "/opt/rustwide/target/release/build/pin-utils/bd5b26767cd4a338/out/libpin_utils-bd5b26767cd4a338.rlib" "/opt/rustwide/target/release/build/url/d68c85fce7f408ea/out/liburl-d68c85fce7f408ea.rlib" "/opt/rustwide/target/release/build/idna/f4a1a3b7e8d8dac3/out/libidna-f4a1a3b7e8d8dac3.rlib" "/opt/rustwide/target/release/build/utf8_iter/050834cd1b25caa4/out/libutf8_iter-050834cd1b25caa4.rlib" "/opt/rustwide/target/release/build/idna_adapter/aa522771c19fa17d/out/libidna_adapter-aa522771c19fa17d.rlib" "/opt/rustwide/target/release/build/icu_properties/6824b2af54a30708/out/libicu_properties-6824b2af54a30708.rlib" "/opt/rustwide/target/release/build/icu_properties_data/f70733ada46899c6/out/libicu_properties_data-f70733ada46899c6.rlib" "/opt/rustwide/target/release/build/icu_normalizer/263720ee2a9c1441/out/libicu_normalizer-263720ee2a9c1441.rlib" "/opt/rustwide/target/release/build/smallvec/b3db98ac3a44e96a/out/libsmallvec-b3db98ac3a44e96a.rlib" "/opt/rustwide/target/release/build/icu_normalizer_data/c2e93120ad654ffd/out/libicu_normalizer_data-c2e93120ad654ffd.rlib" "/opt/rustwide/target/release/build/icu_collections/24b1757ae30e2c03/out/libicu_collections-24b1757ae30e2c03.rlib" "/opt/rustwide/target/release/build/potential_utf/29273a12172f2174/out/libpotential_utf-29273a12172f2174.rlib" "/opt/rustwide/target/release/build/icu_provider/69738736e45e0a5b/out/libicu_provider-69738736e45e0a5b.rlib" "/opt/rustwide/target/release/build/icu_locale_core/b0b247140589fe1b/out/libicu_locale_core-b0b247140589fe1b.rlib" "/opt/rustwide/target/release/build/tinystr/520451ee988c3704/out/libtinystr-520451ee988c3704.rlib" "/opt/rustwide/target/release/build/litemap/04068225f61d60c6/out/liblitemap-04068225f61d60c6.rlib" "/opt/rustwide/target/release/build/writeable/82ffe1f15312b9f8/out/libwriteable-82ffe1f15312b9f8.rlib" "/opt/rustwide/target/release/build/zerovec/cab38f56f5441d67/out/libzerovec-cab38f56f5441d67.rlib" "/opt/rustwide/target/release/build/zerotrie/2ea43da033ad2279/out/libzerotrie-2ea43da033ad2279.rlib" "/opt/rustwide/target/release/build/yoke/0aa17c7c36c7cb32/out/libyoke-0aa17c7c36c7cb32.rlib" "/opt/rustwide/target/release/build/stable_deref_trait/1fabeba25560deaf/out/libstable_deref_trait-1fabeba25560deaf.rlib" "/opt/rustwide/target/release/build/zerofrom/4baff348846b4818/out/libzerofrom-4baff348846b4818.rlib" "/opt/rustwide/target/release/build/form_urlencoded/70d7eb87b0d10ea7/out/libform_urlencoded-70d7eb87b0d10ea7.rlib" "/opt/rustwide/target/release/build/percent-encoding/6ee9e8dd7e10ccaa/out/libpercent_encoding-6ee9e8dd7e10ccaa.rlib" "/opt/rustwide/target/release/build/http/79bc52bbaa577aa3/out/libhttp-79bc52bbaa577aa3.rlib" "/opt/rustwide/target/release/build/bytes/ee531cff3ae71f39/out/libbytes-ee531cff3ae71f39.rlib" "/opt/rustwide/target/release/build/sync_wrapper/4292c278a44821a8/out/libsync_wrapper-4292c278a44821a8.rlib" "/opt/rustwide/target/release/build/futures-core/66c9efc205c292af/out/libfutures_core-66c9efc205c292af.rlib" "/opt/rustwide/target/release/build/fm-rs/adbe5857f2e0ba78/out/libfm_rs-adbe5857f2e0ba78.rlib" "/opt/rustwide/target/release/build/serde/bf1a188806ee0e90/out/libserde-bf1a188806ee0e90.rlib" "/opt/rustwide/target/release/build/serde_json/df9d53961e629346/out/libserde_json-df9d53961e629346.rlib" "/opt/rustwide/target/release/build/memchr/f5475d219327462e/out/libmemchr-f5475d219327462e.rlib" "/opt/rustwide/target/release/build/itoa/e7338abb6ca85e31/out/libitoa-e7338abb6ca85e31.rlib" "/opt/rustwide/target/release/build/zmij/1fb5f5ad387d82e9/out/libzmij-1fb5f5ad387d82e9.rlib" "/opt/rustwide/target/release/build/serde_core/fc2e9ba380840c21/out/libserde_core-fc2e9ba380840c21.rlib" "<sysroot>/lib/rustlib/x86_64-unknown-linux-gnu/lib/{libstd-*,libpanic_unwind-*,libobject-*,libmemchr-*,libaddr2line-*,libgimli-*,libcfg_if-*,librustc_demangle-*,libstd_detect-*,libhashbrown-*,librustc_std_workspace_alloc-*,libminiz_oxide-*,libadler2-*,libunwind-*,liblibc-*,librustc_std_workspace_core-*,liballoc-*,libcore-*,libcompiler_builtins-*}.rlib" "-Wl,-Bdynamic" "-lgcc_s" "-lutil" "-lrt" "-lpthread" "-lm" "-ldl" "-lc" "-L" "/opt/rustwide/target/release/build/fm-rs/7ec58af4dd445e3b/out/rustceBrJ3N/raw-dylibs" "-B<sysroot>/lib/rustlib/x86_64-unknown-linux-gnu/bin/gcc-ld" "-fuse-ld=lld" "-Wl,--eh-frame-hdr" "-Wl,-z,noexecstack" "-L" "/opt/rustwide/target/release/build/aws-lc-sys/61055d4890ad1f70/out" "-L" "<sysroot>/lib/rustlib/x86_64-unknown-linux-gnu/lib" "-o" "/opt/rustwide/target/release/build/fm-rs/7ec58af4dd445e3b/out/tools" "-Wl,--gc-sections" "-pie" "-Wl,-z,relro,-z,now" "-Wl,-O1" "-Wl,--strip-debug" "-nodefaultlibs"
[INFO] [stdout]   = note: some arguments are omitted. use `--verbose` to show all linker arguments
[INFO] [stdout]   = note: rust-lld: error: undefined symbol: fm_session_create
[INFO] [stdout]           >>> referenced by tools.1c223087f30fef07-cgu.8
[INFO] [stdout]           >>>               /opt/rustwide/target/release/build/fm-rs/7ec58af4dd445e3b/out/tools.tools.1c223087f30fef07-cgu.8.rcgu.o:(<fm_rs::session::Session>::create_internal::<fm_rs::model::SystemLanguageModel>)
[INFO] [stdout]           
[INFO] [stdout]           rust-lld: error: undefined symbol: fm_session_last_response_usage
[INFO] [stdout]           >>> referenced by fm_rs.21344b67fd870f17-cgu.00
[INFO] [stdout]           >>>               fm_rs-adbe5857f2e0ba78.fm_rs.21344b67fd870f17-cgu.00.rcgu.o:(<fm_rs::session::Session>::fetch_last_response_usage) in archive /opt/rustwide/target/release/build/fm-rs/adbe5857f2e0ba78/out/libfm_rs-adbe5857f2e0ba78.rlib
[INFO] [stdout]           
[INFO] [stdout]           rust-lld: error: undefined symbol: fm_string_free
[INFO] [stdout]           >>> referenced by fm_rs.21344b67fd870f17-cgu.00
[INFO] [stdout]           >>>               fm_rs-adbe5857f2e0ba78.fm_rs.21344b67fd870f17-cgu.00.rcgu.o:(<fm_rs::session::Session>::fetch_last_response_usage) in archive /opt/rustwide/target/release/build/fm-rs/adbe5857f2e0ba78/out/libfm_rs-adbe5857f2e0ba78.rlib
[INFO] [stdout]           >>> referenced by fm_rs.21344b67fd870f17-cgu.00
[INFO] [stdout]           >>>               fm_rs-adbe5857f2e0ba78.fm_rs.21344b67fd870f17-cgu.00.rcgu.o:(<fm_rs::session::Session>::respond) in archive /opt/rustwide/target/release/build/fm-rs/adbe5857f2e0ba78/out/libfm_rs-adbe5857f2e0ba78.rlib
[INFO] [stdout]           >>> referenced by fm_rs.21344b67fd870f17-cgu.00
[INFO] [stdout]           >>>               fm_rs-adbe5857f2e0ba78.fm_rs.21344b67fd870f17-cgu.00.rcgu.o:(<fm_rs::session::Session>::respond) in archive /opt/rustwide/target/release/build/fm-rs/adbe5857f2e0ba78/out/libfm_rs-adbe5857f2e0ba78.rlib
[INFO] [stdout]           >>> referenced 1 more times
[INFO] [stdout]           
[INFO] [stdout]           rust-lld: error: undefined symbol: fm_session_respond
[INFO] [stdout]           >>> referenced by fm_rs.21344b67fd870f17-cgu.00
[INFO] [stdout]           >>>               fm_rs-adbe5857f2e0ba78.fm_rs.21344b67fd870f17-cgu.00.rcgu.o:(<fm_rs::session::Session>::respond) in archive /opt/rustwide/target/release/build/fm-rs/adbe5857f2e0ba78/out/libfm_rs-adbe5857f2e0ba78.rlib
[INFO] [stdout]           
[INFO] [stdout]           rust-lld: error: undefined symbol: fm_session_free
[INFO] [stdout]           >>> referenced by fm_rs.21344b67fd870f17-cgu.00
[INFO] [stdout]           >>>               fm_rs-adbe5857f2e0ba78.fm_rs.21344b67fd870f17-cgu.00.rcgu.o:(<fm_rs::session::Session as core::ops::drop::Drop>::drop) in archive /opt/rustwide/target/release/build/fm-rs/adbe5857f2e0ba78/out/libfm_rs-adbe5857f2e0ba78.rlib
[INFO] [stdout]           
[INFO] [stdout]           rust-lld: error: undefined symbol: fm_model_is_available
[INFO] [stdout]           >>> referenced by fm_rs.21344b67fd870f17-cgu.02
[INFO] [stdout]           >>>               fm_rs-adbe5857f2e0ba78.fm_rs.21344b67fd870f17-cgu.02.rcgu.o:(<fm_rs::model::SystemLanguageModel>::is_available) in archive /opt/rustwide/target/release/build/fm-rs/adbe5857f2e0ba78/out/libfm_rs-adbe5857f2e0ba78.rlib
[INFO] [stdout]           
[INFO] [stdout]           rust-lld: error: undefined symbol: fm_model_default
[INFO] [stdout]           >>> referenced by fm_rs.21344b67fd870f17-cgu.02
[INFO] [stdout]           >>>               fm_rs-adbe5857f2e0ba78.fm_rs.21344b67fd870f17-cgu.02.rcgu.o:(<fm_rs::model::SystemLanguageModel>::new) in archive /opt/rustwide/target/release/build/fm-rs/adbe5857f2e0ba78/out/libfm_rs-adbe5857f2e0ba78.rlib
[INFO] [stdout]           
[INFO] [stdout]           rust-lld: error: undefined symbol: fm_error_code
[INFO] [stdout]           >>> referenced by fm_rs.21344b67fd870f17-cgu.02
[INFO] [stdout]           >>>               fm_rs-adbe5857f2e0ba78.fm_rs.21344b67fd870f17-cgu.02.rcgu.o:(fm_rs::model::error_from_swift) in archive /opt/rustwide/target/release/build/fm-rs/adbe5857f2e0ba78/out/libfm_rs-adbe5857f2e0ba78.rlib
[INFO] [stdout]           
[INFO] [stdout]           rust-lld: error: undefined symbol: fm_error_message
[INFO] [stdout]           >>> referenced by fm_rs.21344b67fd870f17-cgu.02
[INFO] [stdout]           >>>               fm_rs-adbe5857f2e0ba78.fm_rs.21344b67fd870f17-cgu.02.rcgu.o:(fm_rs::model::error_from_swift) in archive /opt/rustwide/target/release/build/fm-rs/adbe5857f2e0ba78/out/libfm_rs-adbe5857f2e0ba78.rlib
[INFO] [stdout]           
[INFO] [stdout]           rust-lld: error: undefined symbol: fm_error_tool_name
[INFO] [stdout]           >>> referenced by fm_rs.21344b67fd870f17-cgu.02
[INFO] [stdout]           >>>               fm_rs-adbe5857f2e0ba78.fm_rs.21344b67fd870f17-cgu.02.rcgu.o:(fm_rs::model::error_from_swift) in archive /opt/rustwide/target/release/build/fm-rs/adbe5857f2e0ba78/out/libfm_rs-adbe5857f2e0ba78.rlib
[INFO] [stdout]           
[INFO] [stdout]           rust-lld: error: undefined symbol: fm_error_tool_arguments
[INFO] [stdout]           >>> referenced by fm_rs.21344b67fd870f17-cgu.02
[INFO] [stdout]           >>>               fm_rs-adbe5857f2e0ba78.fm_rs.21344b67fd870f17-cgu.02.rcgu.o:(fm_rs::model::error_from_swift) in archive /opt/rustwide/target/release/build/fm-rs/adbe5857f2e0ba78/out/libfm_rs-adbe5857f2e0ba78.rlib
[INFO] [stdout]           
[INFO] [stdout]           rust-lld: error: undefined symbol: fm_error_free
[INFO] [stdout]           >>> referenced by fm_rs.21344b67fd870f17-cgu.02
[INFO] [stdout]           >>>               fm_rs-adbe5857f2e0ba78.fm_rs.21344b67fd870f17-cgu.02.rcgu.o:(fm_rs::model::error_from_swift) in archive /opt/rustwide/target/release/build/fm-rs/adbe5857f2e0ba78/out/libfm_rs-adbe5857f2e0ba78.rlib
[INFO] [stdout]           
[INFO] [stdout]           rust-lld: error: undefined symbol: fm_model_free
[INFO] [stdout]           >>> referenced by fm_rs.21344b67fd870f17-cgu.02
[INFO] [stdout]           >>>               fm_rs-adbe5857f2e0ba78.fm_rs.21344b67fd870f17-cgu.02.rcgu.o:(<fm_rs::model::ModelHandle as core::ops::drop::Drop>::drop) in archive /opt/rustwide/target/release/build/fm-rs/adbe5857f2e0ba78/out/libfm_rs-adbe5857f2e0ba78.rlib
[INFO] [stdout]           collect2: error: ld returned 1 exit status
[INFO] [stdout]           
[INFO] [stdout] 
[INFO] [stdout] 
[INFO] [stderr] warning: fm-rs@0.3.0: fm-rs only supports Apple Intelligence platforms (macOS, iOS/iPadOS). Skipping build.
[INFO] [stderr] error: could not compile `fm-rs` (example "tools") due to 1 previous error
[INFO] [stdout] error: linking with `cc` failed: exit status: 1
[INFO] [stdout]   |
[INFO] [stdout]   = note:  "cc" "-m64" "/opt/rustwide/target/release/build/fm-rs/3e5b4787f7bac385/out/rustcMX0b85/symbols.o" "<12 object files omitted>" "-Wl,--as-needed" "-Wl,-Bstatic" "<sysroot>/lib/rustlib/x86_64-unknown-linux-gnu/lib/{libtest-*,libgetopts-*,librustc_std_workspace_std-*}.rlib" "/opt/rustwide/target/release/build/fm-rs/adbe5857f2e0ba78/out/libfm_rs-adbe5857f2e0ba78.rlib" "/opt/rustwide/target/release/build/serde/bf1a188806ee0e90/out/libserde-bf1a188806ee0e90.rlib" "/opt/rustwide/target/release/build/serde_json/df9d53961e629346/out/libserde_json-df9d53961e629346.rlib" "/opt/rustwide/target/release/build/memchr/f5475d219327462e/out/libmemchr-f5475d219327462e.rlib" "/opt/rustwide/target/release/build/itoa/e7338abb6ca85e31/out/libitoa-e7338abb6ca85e31.rlib" "/opt/rustwide/target/release/build/zmij/1fb5f5ad387d82e9/out/libzmij-1fb5f5ad387d82e9.rlib" "/opt/rustwide/target/release/build/serde_core/fc2e9ba380840c21/out/libserde_core-fc2e9ba380840c21.rlib" "<sysroot>/lib/rustlib/x86_64-unknown-linux-gnu/lib/{libstd-*,libpanic_unwind-*,libobject-*,libmemchr-*,libaddr2line-*,libgimli-*,libcfg_if-*,librustc_demangle-*,libstd_detect-*,libhashbrown-*,librustc_std_workspace_alloc-*,libminiz_oxide-*,libadler2-*,libunwind-*,liblibc-*,librustc_std_workspace_core-*,liballoc-*,libcore-*,libcompiler_builtins-*}.rlib" "-Wl,-Bdynamic" "-lgcc_s" "-lutil" "-lrt" "-lpthread" "-lm" "-ldl" "-lc" "-L" "/opt/rustwide/target/release/build/fm-rs/3e5b4787f7bac385/out/rustcMX0b85/raw-dylibs" "-B<sysroot>/lib/rustlib/x86_64-unknown-linux-gnu/bin/gcc-ld" "-fuse-ld=lld" "-Wl,--eh-frame-hdr" "-Wl,-z,noexecstack" "-L" "/opt/rustwide/target/release/build/aws-lc-sys/61055d4890ad1f70/out" "-L" "<sysroot>/lib/rustlib/x86_64-unknown-linux-gnu/lib" "-o" "/opt/rustwide/target/release/build/fm-rs/3e5b4787f7bac385/out/integration_tests-3e5b4787f7bac385" "-Wl,--gc-sections" "-pie" "-Wl,-z,relro,-z,now" "-Wl,-O1" "-Wl,--strip-debug" "-nodefaultlibs"
[INFO] [stdout]   = note: some arguments are omitted. use `--verbose` to show all linker arguments
[INFO] [stdout]   = note: rust-lld: error: undefined symbol: fm_session_stream_json
[INFO] [stdout]           >>> referenced by integration_tests.8b5e19e98e97f0f8-cgu.04
[INFO] [stdout]           >>>               /opt/rustwide/target/release/build/fm-rs/3e5b4787f7bac385/out/integration_tests-3e5b4787f7bac385.integration_tests.8b5e19e98e97f0f8-cgu.04.rcgu.o:(<fm_rs::session::Session>::stream_json::<integration_tests::test_stream_json::{closure#0}>)
[INFO] [stdout]           
[INFO] [stdout]           rust-lld: error: undefined symbol: fm_session_create
[INFO] [stdout]           >>> referenced by integration_tests.8b5e19e98e97f0f8-cgu.04
[INFO] [stdout]           >>>               /opt/rustwide/target/release/build/fm-rs/3e5b4787f7bac385/out/integration_tests-3e5b4787f7bac385.integration_tests.8b5e19e98e97f0f8-cgu.04.rcgu.o:(<fm_rs::session::Session>::create_internal::<fm_rs::model::SystemLanguageModel>)
[INFO] [stdout]           
[INFO] [stdout]           rust-lld: error: undefined symbol: fm_session_stream
[INFO] [stdout]           >>> referenced by integration_tests.8b5e19e98e97f0f8-cgu.04
[INFO] [stdout]           >>>               /opt/rustwide/target/release/build/fm-rs/3e5b4787f7bac385/out/integration_tests-3e5b4787f7bac385.integration_tests.8b5e19e98e97f0f8-cgu.04.rcgu.o:(<fm_rs::session::Session>::stream_response::<integration_tests::test_stream_start_cancellation_returns_cancelled::{closure#0}::{closure#0}>)
[INFO] [stdout]           >>> referenced by integration_tests.8b5e19e98e97f0f8-cgu.04
[INFO] [stdout]           >>>               /opt/rustwide/target/release/build/fm-rs/3e5b4787f7bac385/out/integration_tests-3e5b4787f7bac385.integration_tests.8b5e19e98e97f0f8-cgu.04.rcgu.o:(<fm_rs::session::Session>::stream_response::<integration_tests::test_streaming::{closure#0}>)
[INFO] [stdout]           >>> referenced by integration_tests.8b5e19e98e97f0f8-cgu.04
[INFO] [stdout]           >>>               /opt/rustwide/target/release/build/fm-rs/3e5b4787f7bac385/out/integration_tests-3e5b4787f7bac385.integration_tests.8b5e19e98e97f0f8-cgu.04.rcgu.o:(<fm_rs::session::Session>::stream_response::<integration_tests::test_context_overflow_streaming_builtin_system_tools::{closure#0}>)
[INFO] [stdout]           
[INFO] [stdout]           rust-lld: error: undefined symbol: fm_string_free
[INFO] [stdout]           >>> referenced by fm_rs.21344b67fd870f17-cgu.00
[INFO] [stdout]           >>>               fm_rs-adbe5857f2e0ba78.fm_rs.21344b67fd870f17-cgu.00.rcgu.o:(fm_rs::session::take_swift_string::<<fm_rs::session::Session>::respond_json::{closure#0}>) in archive /opt/rustwide/target/release/build/fm-rs/adbe5857f2e0ba78/out/libfm_rs-adbe5857f2e0ba78.rlib
[INFO] [stdout]           >>> referenced by fm_rs.21344b67fd870f17-cgu.00
[INFO] [stdout]           >>>               fm_rs-adbe5857f2e0ba78.fm_rs.21344b67fd870f17-cgu.00.rcgu.o:(fm_rs::session::take_swift_string::<<fm_rs::session::Session>::respond_json::{closure#0}>) in archive /opt/rustwide/target/release/build/fm-rs/adbe5857f2e0ba78/out/libfm_rs-adbe5857f2e0ba78.rlib
[INFO] [stdout]           >>> referenced by fm_rs.21344b67fd870f17-cgu.00
[INFO] [stdout]           >>>               fm_rs-adbe5857f2e0ba78.fm_rs.21344b67fd870f17-cgu.00.rcgu.o:(<fm_rs::session::Session>::fetch_last_response_usage) in archive /opt/rustwide/target/release/build/fm-rs/adbe5857f2e0ba78/out/libfm_rs-adbe5857f2e0ba78.rlib
[INFO] [stdout]           >>> referenced 3 more times
[INFO] [stdout]           
[INFO] [stdout]           rust-lld: error: undefined symbol: fm_session_respond_json
[INFO] [stdout]           >>> referenced by fm_rs.21344b67fd870f17-cgu.00
[INFO] [stdout]           >>>               fm_rs-adbe5857f2e0ba78.fm_rs.21344b67fd870f17-cgu.00.rcgu.o:(<fm_rs::session::Session>::respond_json) in archive /opt/rustwide/target/release/build/fm-rs/adbe5857f2e0ba78/out/libfm_rs-adbe5857f2e0ba78.rlib
[INFO] [stdout]           
[INFO] [stdout]           rust-lld: error: undefined symbol: fm_session_is_responding
[INFO] [stdout]           >>> referenced by fm_rs.21344b67fd870f17-cgu.00
[INFO] [stdout]           >>>               fm_rs-adbe5857f2e0ba78.fm_rs.21344b67fd870f17-cgu.00.rcgu.o:(<fm_rs::session::Session>::is_responding) in archive /opt/rustwide/target/release/build/fm-rs/adbe5857f2e0ba78/out/libfm_rs-adbe5857f2e0ba78.rlib
[INFO] [stdout]           
[INFO] [stdout]           rust-lld: error: undefined symbol: fm_session_retain
[INFO] [stdout]           >>> referenced by fm_rs.21344b67fd870f17-cgu.00
[INFO] [stdout]           >>>               fm_rs-adbe5857f2e0ba78.fm_rs.21344b67fd870f17-cgu.00.rcgu.o:(<fm_rs::session::Session>::cancellation_handle) in archive /opt/rustwide/target/release/build/fm-rs/adbe5857f2e0ba78/out/libfm_rs-adbe5857f2e0ba78.rlib
[INFO] [stdout]           
[INFO] [stdout]           rust-lld: error: undefined symbol: fm_session_last_response_usage
[INFO] [stdout]           >>> referenced by fm_rs.21344b67fd870f17-cgu.00
[INFO] [stdout]           >>>               fm_rs-adbe5857f2e0ba78.fm_rs.21344b67fd870f17-cgu.00.rcgu.o:(<fm_rs::session::Session>::fetch_last_response_usage) in archive /opt/rustwide/target/release/build/fm-rs/adbe5857f2e0ba78/out/libfm_rs-adbe5857f2e0ba78.rlib
[INFO] [stdout]           
[INFO] [stdout]           rust-lld: error: undefined symbol: fm_session_respond_json_with_timeout
[INFO] [stdout]           >>> referenced by fm_rs.21344b67fd870f17-cgu.00
[INFO] [stdout]           >>>               fm_rs-adbe5857f2e0ba78.fm_rs.21344b67fd870f17-cgu.00.rcgu.o:(<fm_rs::session::Session>::respond_json_with_timeout) in archive /opt/rustwide/target/release/build/fm-rs/adbe5857f2e0ba78/out/libfm_rs-adbe5857f2e0ba78.rlib
[INFO] [stdout]           
[INFO] [stdout]           rust-lld: error: undefined symbol: fm_session_cancel
[INFO] [stdout]           >>> referenced by fm_rs.21344b67fd870f17-cgu.00
[INFO] [stdout]           >>>               fm_rs-adbe5857f2e0ba78.fm_rs.21344b67fd870f17-cgu.00.rcgu.o:(<fm_rs::session::Session>::cancel) in archive /opt/rustwide/target/release/build/fm-rs/adbe5857f2e0ba78/out/libfm_rs-adbe5857f2e0ba78.rlib
[INFO] [stdout]           >>> referenced by fm_rs.21344b67fd870f17-cgu.00
[INFO] [stdout]           >>>               fm_rs-adbe5857f2e0ba78.fm_rs.21344b67fd870f17-cgu.00.rcgu.o:(fm_rs::session::stream_chunk_callback) in archive /opt/rustwide/target/release/build/fm-rs/adbe5857f2e0ba78/out/libfm_rs-adbe5857f2e0ba78.rlib
[INFO] [stdout]           
[INFO] [stdout]           rust-lld: error: undefined symbol: fm_session_respond
[INFO] [stdout]           >>> referenced by fm_rs.21344b67fd870f17-cgu.00
[INFO] [stdout]           >>>               fm_rs-adbe5857f2e0ba78.fm_rs.21344b67fd870f17-cgu.00.rcgu.o:(<fm_rs::session::Session>::respond) in archive /opt/rustwide/target/release/build/fm-rs/adbe5857f2e0ba78/out/libfm_rs-adbe5857f2e0ba78.rlib
[INFO] [stdout]           
[INFO] [stdout]           rust-lld: error: undefined symbol: fm_session_free
[INFO] [stdout]           >>> referenced by fm_rs.21344b67fd870f17-cgu.00
[INFO] [stdout]           >>>               fm_rs-adbe5857f2e0ba78.fm_rs.21344b67fd870f17-cgu.00.rcgu.o:(<fm_rs::session::Session as core::ops::drop::Drop>::drop) in archive /opt/rustwide/target/release/build/fm-rs/adbe5857f2e0ba78/out/libfm_rs-adbe5857f2e0ba78.rlib
[INFO] [stdout]           
[INFO] [stdout]           rust-lld: error: undefined symbol: fm_session_release
[INFO] [stdout]           >>> referenced by fm_rs.21344b67fd870f17-cgu.00
[INFO] [stdout]           >>>               fm_rs-adbe5857f2e0ba78.fm_rs.21344b67fd870f17-cgu.00.rcgu.o:(<fm_rs::session::CancellationHandle as core::ops::drop::Drop>::drop) in archive /opt/rustwide/target/release/build/fm-rs/adbe5857f2e0ba78/out/libfm_rs-adbe5857f2e0ba78.rlib
[INFO] [stdout]           
[INFO] [stdout]           rust-lld: error: undefined symbol: fm_model_is_available
[INFO] [stdout]           >>> referenced by fm_rs.21344b67fd870f17-cgu.02
[INFO] [stdout]           >>>               fm_rs-adbe5857f2e0ba78.fm_rs.21344b67fd870f17-cgu.02.rcgu.o:(<fm_rs::model::SystemLanguageModel>::is_available) in archive /opt/rustwide/target/release/build/fm-rs/adbe5857f2e0ba78/out/libfm_rs-adbe5857f2e0ba78.rlib
[INFO] [stdout]           
[INFO] [stdout]           rust-lld: error: undefined symbol: fm_model_default
[INFO] [stdout]           >>> referenced by fm_rs.21344b67fd870f17-cgu.02
[INFO] [stdout]           >>>               fm_rs-adbe5857f2e0ba78.fm_rs.21344b67fd870f17-cgu.02.rcgu.o:(<fm_rs::model::SystemLanguageModel>::new) in archive /opt/rustwide/target/release/build/fm-rs/adbe5857f2e0ba78/out/libfm_rs-adbe5857f2e0ba78.rlib
[INFO] [stdout]           
[INFO] [stdout]           rust-lld: error: undefined symbol: fm_error_code
[INFO] [stdout]           >>> referenced by fm_rs.21344b67fd870f17-cgu.02
[INFO] [stdout]           >>>               fm_rs-adbe5857f2e0ba78.fm_rs.21344b67fd870f17-cgu.02.rcgu.o:(fm_rs::model::error_from_swift) in archive /opt/rustwide/target/release/build/fm-rs/adbe5857f2e0ba78/out/libfm_rs-adbe5857f2e0ba78.rlib
[INFO] [stdout]           
[INFO] [stdout]           rust-lld: error: undefined symbol: fm_error_message
[INFO] [stdout]           >>> referenced by fm_rs.21344b67fd870f17-cgu.02
[INFO] [stdout]           >>>               fm_rs-adbe5857f2e0ba78.fm_rs.21344b67fd870f17-cgu.02.rcgu.o:(fm_rs::model::error_from_swift) in archive /opt/rustwide/target/release/build/fm-rs/adbe5857f2e0ba78/out/libfm_rs-adbe5857f2e0ba78.rlib
[INFO] [stdout]           
[INFO] [stdout]           rust-lld: error: undefined symbol: fm_error_tool_name
[INFO] [stdout]           >>> referenced by fm_rs.21344b67fd870f17-cgu.02
[INFO] [stdout]           >>>               fm_rs-adbe5857f2e0ba78.fm_rs.21344b67fd870f17-cgu.02.rcgu.o:(fm_rs::model::error_from_swift) in archive /opt/rustwide/target/release/build/fm-rs/adbe5857f2e0ba78/out/libfm_rs-adbe5857f2e0ba78.rlib
[INFO] [stdout]           
[INFO] [stdout]           rust-lld: error: undefined symbol: fm_error_tool_arguments
[INFO] [stdout]           >>> referenced by fm_rs.21344b67fd870f17-cgu.02
[INFO] [stdout]           >>>               fm_rs-adbe5857f2e0ba78.fm_rs.21344b67fd870f17-cgu.02.rcgu.o:(fm_rs::model::error_from_swift) in archive /opt/rustwide/target/release/build/fm-rs/adbe5857f2e0ba78/out/libfm_rs-adbe5857f2e0ba78.rlib
[INFO] [stdout]           
[INFO] [stdout]           rust-lld: error: undefined symbol: fm_error_free
[INFO] [stdout]           >>> referenced by fm_rs.21344b67fd870f17-cgu.02
[INFO] [stdout]           >>>               fm_rs-adbe5857f2e0ba78.fm_rs.21344b67fd870f17-cgu.02.rcgu.o:(fm_rs::model::error_from_swift) in archive /opt/rustwide/target/release/build/fm-rs/adbe5857f2e0ba78/out/libfm_rs-adbe5857f2e0ba78.rlib
[INFO] [stdout]           
[INFO] [stdout]           rust-lld: error: too many errors emitted, stopping now (use --error-limit=0 to see all errors)
[INFO] [stdout]           collect2: error: ld returned 1 exit status
[INFO] [stdout]           
[INFO] [stdout] 
[INFO] [stdout] 
[INFO] [stderr] warning: fm-rs@0.3.0: fm-rs only supports Apple Intelligence platforms (macOS, iOS/iPadOS). Skipping build.
[INFO] [stderr] error: could not compile `fm-rs` (test "integration_tests") due to 1 previous error
[INFO] running `Command { std: "docker" "inspect" "8f949232aebe9d91f28c56b6e9fe10f739a791f82e6216ee027af7f5746abbfc", kill_on_drop: false }`
[INFO] running `Command { std: "docker" "rm" "-f" "8f949232aebe9d91f28c56b6e9fe10f739a791f82e6216ee027af7f5746abbfc", kill_on_drop: false }`
[INFO] [stdout] 8f949232aebe9d91f28c56b6e9fe10f739a791f82e6216ee027af7f5746abbfc
