[INFO] fetching crate fluke 0.1.1...
[INFO] testing fluke-0.1.1 against 1.100.0-beta.1+cargoflags=--release for beta-release-1.100-2
[INFO] extracting crate fluke 0.1.1 into /workspace/builds/worker-4-tc2/source
[INFO] started tweaking crates.io crate fluke 0.1.1
[INFO] finished tweaking crates.io crate fluke 0.1.1
[INFO] tweaked toml for crates.io crate fluke 0.1.1 written to /workspace/builds/worker-4-tc2/source/Cargo.toml
[INFO] validating manifest of crates.io crate fluke 0.1.1 on toolchain 1.100.0-beta.1
[INFO] running `Command { std: CARGO_HOME="/workspace/cargo-home" RUSTUP_HOME="/workspace/rustup-home" "/workspace/cargo-home/bin/cargo" "+1.100.0-beta.1" "metadata" "--manifest-path" "Cargo.toml" "--no-deps", kill_on_drop: false }`
[INFO] running `Command { std: CARGO_HOME="/workspace/cargo-home" RUSTUP_HOME="/workspace/rustup-home" "/workspace/cargo-home/bin/cargo" "+1.100.0-beta.1" "generate-lockfile" "--manifest-path" "Cargo.toml", kill_on_drop: false }`
[INFO] [stderr]     Updating crates.io index
[INFO] [stderr]      Locking 90 packages to highest compatible versions
[INFO] [stderr]       Adding nom v7.1.3 (available: v8.0.0)
[INFO] [stderr]       Adding thiserror v1.0.69 (available: v2.0.21)
[INFO] running `Command { std: CARGO_HOME="/workspace/cargo-home" RUSTUP_HOME="/workspace/rustup-home" "/workspace/cargo-home/bin/cargo" "+1.100.0-beta.1" "fetch" "--manifest-path" "Cargo.toml", kill_on_drop: false }`
[INFO] running `Command { std: "docker" "create" "-v" "/var/lib/crater-agent-workspace/builds/worker-4-tc2/source:/opt/rustwide/workdir:ro,Z" "-v" "/var/lib/crater-agent-workspace/builds/worker-4-tc2/target:/opt/rustwide/target:rw,Z" "-v" "/var/lib/crater-agent-workspace/cargo-home:/opt/rustwide/cargo-home:ro,Z" "-v" "/var/lib/crater-agent-workspace/rustup-home:/opt/rustwide/rustup-home:ro,Z" "-m" "1610612736" "--network" "none" "ghcr.io/rust-lang/crates-build-env/linux@sha256:77db811e55d90add9212f6832c23229e3de5f1c1f9905e8cb07319ea15df73ac" "sleep" "infinity", kill_on_drop: false }`
[INFO] [stdout] e9d45015350db6045c2ee8de0d7d01875896d251416d240b232654ae7068f43f
[INFO] running `Command { std: "docker" "start" "e9d45015350db6045c2ee8de0d7d01875896d251416d240b232654ae7068f43f", kill_on_drop: false }`
[INFO] running `Command { std: "docker" "inspect" "e9d45015350db6045c2ee8de0d7d01875896d251416d240b232654ae7068f43f", kill_on_drop: false }`
[INFO] running `Command { std: "docker" "exec" "-e" "SOURCE_DIR=/opt/rustwide/workdir" "-e" "CARGO_HOME=/opt/rustwide/cargo-home" "-e" "RUSTUP_HOME=/opt/rustwide/rustup-home" "-e" "CARGO_TARGET_DIR=/opt/rustwide/target" "-w" "/opt/rustwide/workdir" "--user" "0:0" "e9d45015350db6045c2ee8de0d7d01875896d251416d240b232654ae7068f43f" "/opt/rustwide/cargo-home/bin/cargo" "+1.100.0-beta.1" "metadata" "--no-deps" "--format-version=1", kill_on_drop: false }`
[INFO] running `Command { std: "docker" "inspect" "e9d45015350db6045c2ee8de0d7d01875896d251416d240b232654ae7068f43f", kill_on_drop: false }`
[INFO] running `Command { std: "docker" "exec" "-e" "SOURCE_DIR=/opt/rustwide/workdir" "-e" "CARGO_HOME=/opt/rustwide/cargo-home" "-e" "RUSTUP_HOME=/opt/rustwide/rustup-home" "-e" "CARGO_TARGET_DIR=/opt/rustwide/target" "-e" "CARGO_INCREMENTAL=0" "-e" "RUST_BACKTRACE=full" "-e" "RUSTFLAGS=--cap-lints=warn" "-e" "RUSTDOCFLAGS=--cap-lints=warn" "-w" "/opt/rustwide/workdir" "--user" "0:0" "e9d45015350db6045c2ee8de0d7d01875896d251416d240b232654ae7068f43f" "/opt/rustwide/cargo-home/bin/cargo" "+1.100.0-beta.1" "build" "--frozen" "--message-format=json" "--release", kill_on_drop: false }`
[INFO] [stderr]    Compiling libc v0.2.191
[INFO] [stderr]    Compiling cfg_aliases v0.1.1
[INFO] [stderr]    Compiling io-uring v0.6.4
[INFO] [stderr]    Compiling minimal-lexical v0.2.1
[INFO] [stderr]    Compiling eyre v0.6.14
[INFO] [stderr]    Compiling pretty-hex v0.4.2
[INFO] [stderr]    Compiling send_wrapper v0.6.0
[INFO] [stderr]    Compiling bytemuck v1.25.2
[INFO] [stderr]    Compiling smallvec v1.16.3
[INFO] [stderr]    Compiling syn v2.0.119
[INFO] [stderr]    Compiling futures-macro v0.3.34
[INFO] [stderr]    Compiling enum-repr v0.2.6
[INFO] [stderr]    Compiling nix v0.28.0
[INFO] [stderr]    Compiling nom v7.1.3
[INFO] [stderr]    Compiling futures-util v0.3.34
[INFO] [stderr]    Compiling mio v1.2.4
[INFO] [stderr]    Compiling socket2 v0.6.5
[INFO] [stderr]    Compiling socket2 v0.5.10
[INFO] [stderr]    Compiling memmap2 v0.9.11
[INFO] [stderr]    Compiling tokio v1.53.3
[INFO] [stderr]    Compiling tracing-attributes v0.1.31
[INFO] [stderr]    Compiling thiserror-impl v1.0.69
[INFO] [stderr]    Compiling enumflags2_derive v0.7.12
[INFO] [stderr]    Compiling enumflags2 v0.7.12
[INFO] [stderr]    Compiling thiserror v1.0.69
[INFO] [stderr]    Compiling tracing v0.1.44
[INFO] [stderr]    Compiling fluke-hpack v0.3.1
[INFO] [stderr]    Compiling fluke-io-uring-async v0.1.0
[INFO] [stderr]    Compiling fluke-buffet v0.2.0
[INFO] [stderr]    Compiling fluke-h2-parse v0.1.1
[INFO] [stderr]    Compiling fluke v0.1.1 (/opt/rustwide/workdir)
[INFO] [stderr]     Finished `release` profile [optimized] target(s) in 23.54s
[INFO] [stderr] warning: the following packages contain code that will be rejected by a future version of Rust: nix v0.28.0
[INFO] [stderr] note: to see what the problems were, use the option `--future-incompat-report`, or run `cargo report future-incompatibilities --id 3`
[INFO] running `Command { std: "docker" "inspect" "e9d45015350db6045c2ee8de0d7d01875896d251416d240b232654ae7068f43f", kill_on_drop: false }`
[INFO] running `Command { std: "docker" "exec" "-e" "SOURCE_DIR=/opt/rustwide/workdir" "-e" "CARGO_HOME=/opt/rustwide/cargo-home" "-e" "RUSTUP_HOME=/opt/rustwide/rustup-home" "-e" "CARGO_TARGET_DIR=/opt/rustwide/target" "-e" "CARGO_INCREMENTAL=0" "-e" "RUST_BACKTRACE=full" "-e" "RUSTFLAGS=--cap-lints=warn" "-e" "RUSTDOCFLAGS=--cap-lints=warn" "-w" "/opt/rustwide/workdir" "--user" "0:0" "e9d45015350db6045c2ee8de0d7d01875896d251416d240b232654ae7068f43f" "/opt/rustwide/cargo-home/bin/cargo" "+1.100.0-beta.1" "test" "--frozen" "--no-run" "--message-format=json" "--release", kill_on_drop: false }`
[INFO] [stderr]    Compiling thread_local v1.1.10
[INFO] [stderr]    Compiling nu-ansi-term v0.50.3
[INFO] [stderr]    Compiling object v0.37.3
[INFO] [stderr]    Compiling sharded-slab v0.1.7
[INFO] [stderr]    Compiling errno v0.3.14
[INFO] [stderr]    Compiling tracing v0.1.44
[INFO] [stderr]    Compiling gimli v0.32.3
[INFO] [stderr]    Compiling owo-colors v4.4.0
[INFO] [stderr]    Compiling httparse v1.10.1
[INFO] [stderr]    Compiling rustc-demangle v0.1.28
[INFO] [stderr]    Compiling cargo-husky v1.5.0
[INFO] [stderr]    Compiling yansi v1.0.1
[INFO] [stderr]    Compiling diff v0.1.13
[INFO] [stderr]    Compiling futures-util v0.3.34
[INFO] [stderr]    Compiling fluke-hpack v0.3.1
[INFO] [stderr]    Compiling signal-hook-registry v1.4.8
[INFO] [stderr]    Compiling pretty_assertions v1.4.1
[INFO] [stderr]    Compiling tokio v1.53.3
[INFO] [stderr]    Compiling tracing-subscriber v0.3.23
[INFO] [stderr]    Compiling tracing-error v0.2.1
[INFO] [stderr]    Compiling color-spantrace v0.3.0
[INFO] [stderr]    Compiling addr2line v0.25.1
[INFO] [stderr]    Compiling fluke-io-uring-async v0.1.0
[INFO] [stderr]    Compiling tokio-stream v0.1.19
[INFO] [stderr]    Compiling fluke-buffet v0.2.0
[INFO] [stderr]    Compiling backtrace v0.3.76
[INFO] [stderr]    Compiling fluke-h2-parse v0.1.1
[INFO] [stderr]    Compiling fluke v0.1.1 (/opt/rustwide/workdir)
[INFO] [stderr]    Compiling color-eyre v0.6.5
[INFO] [stdout] error[E0433]: cannot find module or crate `httpwg_macros` in this scope
[INFO] [stdout]    --> tests/httpwg.rs:108:1
[INFO] [stdout]     |
[INFO] [stdout] 108 | httpwg_macros::tests! {{
[INFO] [stdout]     | ^^^^^^^^^^^^^ use of unresolved module or unlinked crate `httpwg_macros`
[INFO] [stdout] 
[INFO] [stdout] 
[INFO] [stdout] error[E0433]: cannot find module or crate `httpwg` in this scope
[INFO] [stdout]    --> tests/httpwg.rs:103:26
[INFO] [stdout]     |
[INFO] [stdout] 103 |     let config = Rc::new(httpwg::Config::default());
[INFO] [stdout]     |                          ^^^^^^ use of unresolved module or unlinked crate `httpwg`
[INFO] [stdout]     |
[INFO] [stdout] help: there is a crate or module with a similar name
[INFO] [stdout]     |
[INFO] [stdout] 103 -     let config = Rc::new(httpwg::Config::default());
[INFO] [stdout] 103 +     let config = Rc::new(http::Config::default());
[INFO] [stdout]     |
[INFO] [stdout] 
[INFO] [stdout] 
[INFO] [stdout] error[E0433]: cannot find module or crate `httpwg` in this scope
[INFO] [stdout]    --> tests/httpwg.rs:104:5
[INFO] [stdout]     |
[INFO] [stdout] 104 |     httpwg::Conn::new(config, TwoHalves(client_write, client_read))
[INFO] [stdout]     |     ^^^^^^ use of unresolved module or unlinked crate `httpwg`
[INFO] [stdout]     |
[INFO] [stdout] help: there is a crate or module with a similar name
[INFO] [stdout]     |
[INFO] [stdout] 104 -     httpwg::Conn::new(config, TwoHalves(client_write, client_read))
[INFO] [stdout] 104 +     http::Conn::new(config, TwoHalves(client_write, client_read))
[INFO] [stdout]     |
[INFO] [stdout] 
[INFO] [stdout] 
[INFO] [stdout] error[E0433]: cannot find module or crate `httpwg` in this scope
[INFO] [stdout]   --> tests/httpwg.rs:82:26
[INFO] [stdout]    |
[INFO] [stdout] 82 | pub fn start_server() -> httpwg::Conn<TwoHalves<PipeWrite, PipeRead>> {
[INFO] [stdout]    |                          ^^^^^^ use of unresolved module or unlinked crate `httpwg`
[INFO] [stdout]    |
[INFO] [stdout] help: there is a crate or module with a similar name
[INFO] [stdout]    |
[INFO] [stdout] 82 - pub fn start_server() -> httpwg::Conn<TwoHalves<PipeWrite, PipeRead>> {
[INFO] [stdout] 82 + pub fn start_server() -> http::Conn<TwoHalves<PipeWrite, PipeRead>> {
[INFO] [stdout]    |
[INFO] [stdout] 
[INFO] [stdout] 
[INFO] [stdout] For more information about this error, try `rustc --explain E0433`.
[INFO] [stdout] 
[INFO] [stderr] error: could not compile `fluke` (test "httpwg") due to 4 previous errors
[INFO] [stderr] warning: build failed, waiting for other jobs to finish...
[INFO] running `Command { std: "docker" "inspect" "e9d45015350db6045c2ee8de0d7d01875896d251416d240b232654ae7068f43f", kill_on_drop: false }`
[INFO] running `Command { std: "docker" "rm" "-f" "e9d45015350db6045c2ee8de0d7d01875896d251416d240b232654ae7068f43f", kill_on_drop: false }`
[INFO] [stdout] e9d45015350db6045c2ee8de0d7d01875896d251416d240b232654ae7068f43f
