[INFO] fetching crate fluence-fork-multistream-select 0.10.3...
[INFO] testing fluence-fork-multistream-select-0.10.3 against 1.99.0-beta.8+cargoflags=--release for beta-release-1.100-2
[INFO] extracting crate fluence-fork-multistream-select 0.10.3 into /workspace/builds/worker-1-tc1/source
[INFO] started tweaking crates.io crate fluence-fork-multistream-select 0.10.3
[INFO] finished tweaking crates.io crate fluence-fork-multistream-select 0.10.3
[INFO] tweaked toml for crates.io crate fluence-fork-multistream-select 0.10.3 written to /workspace/builds/worker-1-tc1/source/Cargo.toml
[INFO] validating manifest of crates.io crate fluence-fork-multistream-select 0.10.3 on toolchain 1.99.0-beta.8
[INFO] running `Command { std: CARGO_HOME="/workspace/cargo-home" RUSTUP_HOME="/workspace/rustup-home" "/workspace/cargo-home/bin/cargo" "+1.99.0-beta.8" "metadata" "--manifest-path" "Cargo.toml" "--no-deps", kill_on_drop: false }`
[INFO] running `Command { std: CARGO_HOME="/workspace/cargo-home" RUSTUP_HOME="/workspace/rustup-home" "/workspace/cargo-home/bin/cargo" "+1.99.0-beta.8" "generate-lockfile" "--manifest-path" "Cargo.toml", kill_on_drop: false }`
[INFO] [stderr]     Updating crates.io index
[INFO] [stderr]      Locking 96 packages to highest compatible versions
[INFO] [stderr]       Adding env_logger v0.8.4 (available: v0.11.11)
[INFO] [stderr]       Adding quickcheck v0.9.2 (available: v1.1.0)
[INFO] [stderr]       Adding rand v0.7.3 (available: v0.10.3)
[INFO] [stderr]       Adding rw-stream-sink v0.2.1 (available: v0.5.0)
[INFO] [stderr]       Adding unsigned-varint v0.7.2 (available: v0.8.0)
[INFO] running `Command { std: CARGO_HOME="/workspace/cargo-home" RUSTUP_HOME="/workspace/rustup-home" "/workspace/cargo-home/bin/cargo" "+1.99.0-beta.8" "fetch" "--manifest-path" "Cargo.toml", kill_on_drop: false }`
[INFO] [stderr]  Downloading crates ...
[INFO] [stderr]   Downloaded pin-project-internal v0.4.30
[INFO] [stderr]   Downloaded quickcheck v0.9.2
[INFO] [stderr]   Downloaded rw-stream-sink v0.2.1
[INFO] [stderr]   Downloaded unsigned-varint v0.7.2
[INFO] [stderr]   Downloaded pin-project v0.4.30
[INFO] [stderr]   Downloaded env_logger v0.7.1
[INFO] running `Command { std: "docker" "create" "-v" "/var/lib/crater-agent-workspace/builds/worker-1-tc1/source:/opt/rustwide/workdir:ro,Z" "-v" "/var/lib/crater-agent-workspace/builds/worker-1-tc1/target:/opt/rustwide/target:rw,Z" "-v" "/var/lib/crater-agent-workspace/cargo-home:/opt/rustwide/cargo-home:ro,Z" "-v" "/var/lib/crater-agent-workspace/rustup-home:/opt/rustwide/rustup-home:ro,Z" "-m" "1610612736" "--network" "none" "ghcr.io/rust-lang/crates-build-env/linux@sha256:77db811e55d90add9212f6832c23229e3de5f1c1f9905e8cb07319ea15df73ac" "sleep" "infinity", kill_on_drop: false }`
[INFO] [stdout] 4ba1aa302518a5add3ded39c8b9507f56297aee1406714b7e5fa2ed1b7580418
[INFO] running `Command { std: "docker" "start" "4ba1aa302518a5add3ded39c8b9507f56297aee1406714b7e5fa2ed1b7580418", kill_on_drop: false }`
[INFO] running `Command { std: "docker" "inspect" "4ba1aa302518a5add3ded39c8b9507f56297aee1406714b7e5fa2ed1b7580418", kill_on_drop: false }`
[INFO] running `Command { std: "docker" "exec" "-e" "SOURCE_DIR=/opt/rustwide/workdir" "-e" "CARGO_HOME=/opt/rustwide/cargo-home" "-e" "RUSTUP_HOME=/opt/rustwide/rustup-home" "-e" "CARGO_TARGET_DIR=/opt/rustwide/target" "-w" "/opt/rustwide/workdir" "--user" "0:0" "4ba1aa302518a5add3ded39c8b9507f56297aee1406714b7e5fa2ed1b7580418" "/opt/rustwide/cargo-home/bin/cargo" "+1.99.0-beta.8" "metadata" "--no-deps" "--format-version=1", kill_on_drop: false }`
[INFO] running `Command { std: "docker" "inspect" "4ba1aa302518a5add3ded39c8b9507f56297aee1406714b7e5fa2ed1b7580418", kill_on_drop: false }`
[INFO] running `Command { std: "docker" "exec" "-e" "SOURCE_DIR=/opt/rustwide/workdir" "-e" "CARGO_HOME=/opt/rustwide/cargo-home" "-e" "RUSTUP_HOME=/opt/rustwide/rustup-home" "-e" "CARGO_TARGET_DIR=/opt/rustwide/target" "-e" "CARGO_INCREMENTAL=0" "-e" "RUST_BACKTRACE=full" "-e" "RUSTFLAGS=--cap-lints=warn" "-e" "RUSTDOCFLAGS=--cap-lints=warn" "-w" "/opt/rustwide/workdir" "--user" "0:0" "4ba1aa302518a5add3ded39c8b9507f56297aee1406714b7e5fa2ed1b7580418" "/opt/rustwide/cargo-home/bin/cargo" "+1.99.0-beta.8" "build" "--frozen" "--message-format=json" "--release", kill_on_drop: false }`
[INFO] [stderr]    Compiling proc-macro2 v1.0.107
[INFO] [stderr]    Compiling futures-sink v0.3.34
[INFO] [stderr]    Compiling futures-core v0.3.34
[INFO] [stderr]    Compiling futures-task v0.3.34
[INFO] [stderr]    Compiling futures-io v0.3.34
[INFO] [stderr]    Compiling value-bag v1.14.1
[INFO] [stderr]    Compiling unsigned-varint v0.7.2
[INFO] [stderr]    Compiling smallvec v1.16.3
[INFO] [stderr]    Compiling futures-channel v0.3.34
[INFO] [stderr]    Compiling log v0.4.34
[INFO] [stderr]    Compiling quote v1.0.47
[INFO] [stderr]    Compiling syn v3.0.9
[INFO] [stderr]    Compiling syn v2.0.119
[INFO] [stderr]    Compiling pin-project-internal v1.1.13
[INFO] [stderr]    Compiling pin-project v1.1.13
[INFO] [stderr]    Compiling futures-macro v0.3.34
[INFO] [stderr]    Compiling futures-util v0.3.34
[INFO] [stderr]    Compiling futures-executor v0.3.34
[INFO] [stderr]    Compiling futures v0.3.34
[INFO] [stderr]    Compiling fluence-fork-multistream-select v0.10.3 (/opt/rustwide/workdir)
[INFO] [stdout] warning: use of deprecated module `std::u16`: all constants in this module replaced by associated constants on the type
[INFO] [stdout]   --> src/length_delimited.rs:23:71
[INFO] [stdout]    |
[INFO] [stdout] 23 | use std::{convert::TryFrom as _, io, pin::Pin, task::{Poll, Context}, u16};
[INFO] [stdout]    |                                                                       ^^^
[INFO] [stdout]    |
[INFO] [stdout]    = note: `#[warn(deprecated)]` on by default
[INFO] [stdout] 
[INFO] [stdout] 
[INFO] [stderr]     Finished `release` profile [optimized] target(s) in 17.91s
[INFO] running `Command { std: "docker" "inspect" "4ba1aa302518a5add3ded39c8b9507f56297aee1406714b7e5fa2ed1b7580418", kill_on_drop: false }`
[INFO] running `Command { std: "docker" "exec" "-e" "SOURCE_DIR=/opt/rustwide/workdir" "-e" "CARGO_HOME=/opt/rustwide/cargo-home" "-e" "RUSTUP_HOME=/opt/rustwide/rustup-home" "-e" "CARGO_TARGET_DIR=/opt/rustwide/target" "-e" "CARGO_INCREMENTAL=0" "-e" "RUST_BACKTRACE=full" "-e" "RUSTFLAGS=--cap-lints=warn" "-e" "RUSTDOCFLAGS=--cap-lints=warn" "-w" "/opt/rustwide/workdir" "--user" "0:0" "4ba1aa302518a5add3ded39c8b9507f56297aee1406714b7e5fa2ed1b7580418" "/opt/rustwide/cargo-home/bin/cargo" "+1.99.0-beta.8" "test" "--frozen" "--no-run" "--message-format=json" "--release", kill_on_drop: false }`
[INFO] [stderr]    Compiling crossbeam-utils v0.8.23
[INFO] [stderr]    Compiling cfg-if v1.0.5
[INFO] [stderr]    Compiling libc v0.2.191
[INFO] [stderr]    Compiling event-listener v5.4.2
[INFO] [stderr]    Compiling getrandom v0.1.16
[INFO] [stderr]    Compiling rustix v1.1.5
[INFO] [stderr]    Compiling zerocopy v0.8.63
[INFO] [stderr]    Compiling futures-lite v2.6.1
[INFO] [stderr]    Compiling aho-corasick v1.1.5
[INFO] [stderr]    Compiling regex-syntax v0.8.11
[INFO] [stderr]    Compiling event-listener-strategy v0.5.4
[INFO] [stderr]    Compiling linux-raw-sys v0.12.1
[INFO] [stderr]    Compiling bitflags v2.13.2
[INFO] [stderr]    Compiling syn v1.0.109
[INFO] [stderr]    Compiling async-io v2.6.0
[INFO] [stderr]    Compiling concurrent-queue v2.5.0
[INFO] [stderr]    Compiling pin-project-internal v0.4.30
[INFO] [stderr]    Compiling async-channel v2.5.0
[INFO] [stderr]    Compiling piper v0.2.5
[INFO] [stderr]    Compiling blocking v1.7.0
[INFO] [stderr]    Compiling async-executor v1.14.0
[INFO] [stderr]    Compiling async-lock v3.4.2
[INFO] [stderr]    Compiling event-listener v2.5.3
[INFO] [stderr]    Compiling rand_core v0.5.1
[INFO] [stderr]    Compiling async-channel v1.9.0
[INFO] [stderr]    Compiling regex-automata v0.4.18
[INFO] [stderr]    Compiling atty v0.2.14
[INFO] [stderr]    Compiling kv-log-macro v1.0.7
[INFO] [stderr]    Compiling humantime v2.4.0
[INFO] [stderr]    Compiling pin-utils v0.1.1
[INFO] [stdout] warning: use of deprecated module `std::u16`: all constants in this module replaced by associated constants on the type
[INFO] [stdout]   --> src/length_delimited.rs:23:71
[INFO] [stdout]    |
[INFO] [stdout] 23 | use std::{convert::TryFrom as _, io, pin::Pin, task::{Poll, Context}, u16};
[INFO] [stdout]    |                                                                       ^^^
[INFO] [stdout]    |
[INFO] [stdout]    = note: `#[warn(deprecated)]` on by default
[INFO] [stdout] 
[INFO] [stdout] 
[INFO] [stderr]    Compiling ppv-lite86 v0.2.21
[INFO] [stderr]    Compiling regex v1.13.1
[INFO] [stderr]    Compiling rand_chacha v0.2.2
[INFO] [stderr]    Compiling pin-project v0.4.30
[INFO] [stderr]    Compiling rand v0.7.3
[INFO] [stderr]    Compiling env_logger v0.7.1
[INFO] [stderr]    Compiling rw-stream-sink v0.2.1
[INFO] [stderr]    Compiling env_logger v0.8.4
[INFO] [stderr]    Compiling polling v3.11.0
[INFO] [stderr]    Compiling quickcheck v0.9.2
[INFO] [stderr]    Compiling async-global-executor v2.4.1
[INFO] [stderr]    Compiling async-std v1.13.2
[INFO] [stderr]    Compiling fluence-fork-multistream-select v0.10.3 (/opt/rustwide/workdir)
[INFO] [stdout] error[E0433]: cannot find module or crate `libp2p_core` in this scope
[INFO] [stdout]   --> tests/transport.rs:21:5
[INFO] [stdout]    |
[INFO] [stdout] 21 | use libp2p_core::{
[INFO] [stdout]    |     ^^^^^^^^^^^ use of unresolved module or unlinked crate `libp2p_core`
[INFO] [stdout]    |
[INFO] [stdout]    = help: if you wanted to use a crate named `libp2p_core`, use `cargo add libp2p_core` to add it to your `Cargo.toml`
[INFO] [stdout] 
[INFO] [stdout] 
[INFO] [stdout] error[E0432]: unresolved import `libp2p_core`
[INFO] [stdout]   --> tests/transport.rs:21:5
[INFO] [stdout]    |
[INFO] [stdout] 21 | use libp2p_core::{
[INFO] [stdout]    |     ^^^^^^^^^^^ use of unresolved module or unlinked crate `libp2p_core`
[INFO] [stdout]    |
[INFO] [stdout]    = help: if you wanted to use a crate named `libp2p_core`, use `cargo add libp2p_core` to add it to your `Cargo.toml`
[INFO] [stdout] 
[INFO] [stdout] 
[INFO] [stdout] error[E0432]: unresolved import `libp2p_mplex`
[INFO] [stdout]   --> tests/transport.rs:34:5
[INFO] [stdout]    |
[INFO] [stdout] 34 | use libp2p_mplex::MplexConfig;
[INFO] [stdout]    |     ^^^^^^^^^^^^ use of unresolved module or unlinked crate `libp2p_mplex`
[INFO] [stdout]    |
[INFO] [stdout]    = help: if you wanted to use a crate named `libp2p_mplex`, use `cargo add libp2p_mplex` to add it to your `Cargo.toml`
[INFO] [stdout] 
[INFO] [stdout] 
[INFO] [stdout] error[E0432]: unresolved import `libp2p_plaintext`
[INFO] [stdout]   --> tests/transport.rs:35:5
[INFO] [stdout]    |
[INFO] [stdout] 35 | use libp2p_plaintext::PlainText2Config;
[INFO] [stdout]    |     ^^^^^^^^^^^^^^^^ use of unresolved module or unlinked crate `libp2p_plaintext`
[INFO] [stdout]    |
[INFO] [stdout]    = help: if you wanted to use a crate named `libp2p_plaintext`, use `cargo add libp2p_plaintext` to add it to your `Cargo.toml`
[INFO] [stdout] 
[INFO] [stdout] 
[INFO] [stdout] Some errors have detailed explanations: E0432, E0433.
[INFO] [stdout] 
[INFO] [stdout] For more information about an error, try `rustc --explain E0432`.
[INFO] [stdout] 
[INFO] [stderr] error: could not compile `fluence-fork-multistream-select` (test "transport") due to 4 previous errors
[INFO] [stderr] warning: build failed, waiting for other jobs to finish...
[INFO] [stdout] warning: use of deprecated module `std::u16`: all constants in this module replaced by associated constants on the type
[INFO] [stdout]   --> src/length_delimited.rs:23:71
[INFO] [stdout]    |
[INFO] [stdout] 23 | use std::{convert::TryFrom as _, io, pin::Pin, task::{Poll, Context}, u16};
[INFO] [stdout]    |                                                                       ^^^
[INFO] [stdout]    |
[INFO] [stdout]    = note: `#[warn(deprecated)]` on by default
[INFO] [stdout] 
[INFO] [stdout] 
[INFO] running `Command { std: "docker" "inspect" "4ba1aa302518a5add3ded39c8b9507f56297aee1406714b7e5fa2ed1b7580418", kill_on_drop: false }`
[INFO] running `Command { std: "docker" "rm" "-f" "4ba1aa302518a5add3ded39c8b9507f56297aee1406714b7e5fa2ed1b7580418", kill_on_drop: false }`
[INFO] [stdout] 4ba1aa302518a5add3ded39c8b9507f56297aee1406714b7e5fa2ed1b7580418
