[INFO] fetching crate flowjs-rs 0.0.0-alpha.3...
[INFO] testing flowjs-rs-0.0.0-alpha.3 against 1.99.0-beta.8+cargoflags=--release for beta-release-1.100-2
[INFO] extracting crate flowjs-rs 0.0.0-alpha.3 into /workspace/builds/worker-3-tc1/source
[INFO] started tweaking crates.io crate flowjs-rs 0.0.0-alpha.3
[INFO] removed 0 missing tests
[INFO] finished tweaking crates.io crate flowjs-rs 0.0.0-alpha.3
[INFO] tweaked toml for crates.io crate flowjs-rs 0.0.0-alpha.3 written to /workspace/builds/worker-3-tc1/source/Cargo.toml
[INFO] validating manifest of crates.io crate flowjs-rs 0.0.0-alpha.3 on toolchain 1.99.0-beta.8
[INFO] running `Command { std: CARGO_HOME="/workspace/cargo-home" RUSTUP_HOME="/workspace/rustup-home" "/workspace/cargo-home/bin/cargo" "+1.99.0-beta.8" "metadata" "--manifest-path" "Cargo.toml" "--no-deps", kill_on_drop: false }`
[INFO] crate crates.io crate flowjs-rs 0.0.0-alpha.3 already has a lockfile, it will not be regenerated
[INFO] running `Command { std: CARGO_HOME="/workspace/cargo-home" RUSTUP_HOME="/workspace/rustup-home" "/workspace/cargo-home/bin/cargo" "+1.99.0-beta.8" "fetch" "--manifest-path" "Cargo.toml", kill_on_drop: false }`
[INFO] [stderr]     Updating crates.io index
[INFO] [stderr]  Downloading crates ...
[INFO] [stderr]   Downloaded type-export v0.0.0-alpha.3
[INFO] [stderr]   Downloaded flowjs-rs-macros v0.0.0-alpha.3
[INFO] [stderr]   Downloaded derive-project-config v0.0.0-alpha.3
[INFO] [stderr]   Downloaded serde-attr v0.0.0-alpha.3
[INFO] [stderr]   Downloaded derive-inflection v0.0.0-alpha.3
[INFO] running `Command { std: "docker" "create" "-v" "/var/lib/crater-agent-workspace/builds/worker-3-tc1/source:/opt/rustwide/workdir:ro,Z" "-v" "/var/lib/crater-agent-workspace/builds/worker-3-tc1/target:/opt/rustwide/target:rw,Z" "-v" "/var/lib/crater-agent-workspace/cargo-home:/opt/rustwide/cargo-home:ro,Z" "-v" "/var/lib/crater-agent-workspace/rustup-home:/opt/rustwide/rustup-home:ro,Z" "-m" "1610612736" "--network" "none" "ghcr.io/rust-lang/crates-build-env/linux@sha256:77db811e55d90add9212f6832c23229e3de5f1c1f9905e8cb07319ea15df73ac" "sleep" "infinity", kill_on_drop: false }`
[INFO] [stdout] e6b12b9141c81fff1fcff9e526e3e96746fc96befab7c7eab13a1c5d65aec830
[INFO] running `Command { std: "docker" "start" "e6b12b9141c81fff1fcff9e526e3e96746fc96befab7c7eab13a1c5d65aec830", kill_on_drop: false }`
[INFO] running `Command { std: "docker" "inspect" "e6b12b9141c81fff1fcff9e526e3e96746fc96befab7c7eab13a1c5d65aec830", kill_on_drop: false }`
[INFO] running `Command { std: "docker" "exec" "-e" "SOURCE_DIR=/opt/rustwide/workdir" "-e" "CARGO_HOME=/opt/rustwide/cargo-home" "-e" "RUSTUP_HOME=/opt/rustwide/rustup-home" "-e" "CARGO_TARGET_DIR=/opt/rustwide/target" "-w" "/opt/rustwide/workdir" "--user" "0:0" "e6b12b9141c81fff1fcff9e526e3e96746fc96befab7c7eab13a1c5d65aec830" "/opt/rustwide/cargo-home/bin/cargo" "+1.99.0-beta.8" "metadata" "--no-deps" "--format-version=1", kill_on_drop: false }`
[INFO] running `Command { std: "docker" "inspect" "e6b12b9141c81fff1fcff9e526e3e96746fc96befab7c7eab13a1c5d65aec830", kill_on_drop: false }`
[INFO] running `Command { std: "docker" "exec" "-e" "SOURCE_DIR=/opt/rustwide/workdir" "-e" "CARGO_HOME=/opt/rustwide/cargo-home" "-e" "RUSTUP_HOME=/opt/rustwide/rustup-home" "-e" "CARGO_TARGET_DIR=/opt/rustwide/target" "-e" "CARGO_INCREMENTAL=0" "-e" "RUST_BACKTRACE=full" "-e" "RUSTFLAGS=--cap-lints=warn" "-e" "RUSTDOCFLAGS=--cap-lints=warn" "-w" "/opt/rustwide/workdir" "--user" "0:0" "e6b12b9141c81fff1fcff9e526e3e96746fc96befab7c7eab13a1c5d65aec830" "/opt/rustwide/cargo-home/bin/cargo" "+1.99.0-beta.8" "build" "--frozen" "--message-format=json" "--release", kill_on_drop: false }`
[INFO] [stderr]    Compiling hashbrown v0.16.1
[INFO] [stderr]    Compiling winnow v0.7.15
[INFO] [stderr]    Compiling toml_write v0.1.2
[INFO] [stderr]    Compiling derive-inflection v0.0.0-alpha.3
[INFO] [stderr]    Compiling serde_core v1.0.228
[INFO] [stderr]    Compiling serde v1.0.228
[INFO] [stderr]    Compiling syn v2.0.117
[INFO] [stderr]    Compiling indexmap v2.13.0
[INFO] [stderr]    Compiling serde-attr v0.0.0-alpha.3
[INFO] [stderr]    Compiling toml_datetime v0.6.11
[INFO] [stderr]    Compiling serde_spanned v0.6.9
[INFO] [stderr]    Compiling thiserror-impl v2.0.18
[INFO] [stderr]    Compiling toml_edit v0.22.27
[INFO] [stderr]    Compiling thiserror v2.0.18
[INFO] [stderr]    Compiling type-export v0.0.0-alpha.3
[INFO] [stderr]    Compiling toml v0.8.23
[INFO] [stderr]    Compiling derive-project-config v0.0.0-alpha.3
[INFO] [stderr]    Compiling flowjs-rs-macros v0.0.0-alpha.3
[INFO] [stderr]    Compiling flowjs-rs v0.0.0-alpha.3 (/opt/rustwide/workdir)
[INFO] [stderr]     Finished `release` profile [optimized] target(s) in 11.10s
[INFO] running `Command { std: "docker" "inspect" "e6b12b9141c81fff1fcff9e526e3e96746fc96befab7c7eab13a1c5d65aec830", kill_on_drop: false }`
[INFO] running `Command { std: "docker" "exec" "-e" "SOURCE_DIR=/opt/rustwide/workdir" "-e" "CARGO_HOME=/opt/rustwide/cargo-home" "-e" "RUSTUP_HOME=/opt/rustwide/rustup-home" "-e" "CARGO_TARGET_DIR=/opt/rustwide/target" "-e" "CARGO_INCREMENTAL=0" "-e" "RUST_BACKTRACE=full" "-e" "RUSTFLAGS=--cap-lints=warn" "-e" "RUSTDOCFLAGS=--cap-lints=warn" "-w" "/opt/rustwide/workdir" "--user" "0:0" "e6b12b9141c81fff1fcff9e526e3e96746fc96befab7c7eab13a1c5d65aec830" "/opt/rustwide/cargo-home/bin/cargo" "+1.99.0-beta.8" "test" "--frozen" "--no-run" "--message-format=json" "--release", kill_on_drop: false }`
[INFO] [stderr]    Compiling memchr v2.8.0
[INFO] [stderr]    Compiling itoa v1.0.17
[INFO] [stderr]    Compiling serde_derive v1.0.228
[INFO] [stderr]    Compiling serde_json v1.0.149
[INFO] [stderr]    Compiling serde v1.0.228
[INFO] [stderr]    Compiling flowjs-rs v0.0.0-alpha.3 (/opt/rustwide/workdir)
[INFO] [stdout] error[E0432]: unresolved import `flowjs_parser`
[INFO] [stdout]  --> tests/flow_parser_validation.rs:8:5
[INFO] [stdout]   |
[INFO] [stdout] 8 | use flowjs_parser::{
[INFO] [stdout]   |     ^^^^^^^^^^^^^ use of unresolved module or unlinked crate `flowjs_parser`
[INFO] [stdout]   |
[INFO] [stdout] help: there is a crate or module with a similar name
[INFO] [stdout]   |
[INFO] [stdout] 8 - use flowjs_parser::{
[INFO] [stdout] 8 + use flowjs_rs::{
[INFO] [stdout]   |
[INFO] [stdout] 
[INFO] [stdout] 
[INFO] [stdout] error[E0432]: unresolved import `flowjs_parser`
[INFO] [stdout]   --> tests/exhaustive_type_coverage.rs:11:5
[INFO] [stdout]    |
[INFO] [stdout] 11 | use flowjs_parser::{
[INFO] [stdout]    |     ^^^^^^^^^^^^^ use of unresolved module or unlinked crate `flowjs_parser`
[INFO] [stdout]    |
[INFO] [stdout] help: there is a crate or module with a similar name
[INFO] [stdout]    |
[INFO] [stdout] 11 - use flowjs_parser::{
[INFO] [stdout] 11 + use flowjs_rs::{
[INFO] [stdout]    |
[INFO] [stdout] 
[INFO] [stdout] 
[INFO] [stdout] error[E0433]: cannot find module or crate `flowjs_parser` in this scope
[INFO] [stdout]    --> tests/coverage_boost.rs:557:18
[INFO] [stdout]     |
[INFO] [stdout] 557 |     let parser = flowjs_parser::FlowParser::new().unwrap();
[INFO] [stdout]     |                  ^^^^^^^^^^^^^ use of unresolved module or unlinked crate `flowjs_parser`
[INFO] [stdout]     |
[INFO] [stdout] help: there is a crate or module with a similar name
[INFO] [stdout]     |
[INFO] [stdout] 557 -     let parser = flowjs_parser::FlowParser::new().unwrap();
[INFO] [stdout] 557 +     let parser = flowjs_rs::FlowParser::new().unwrap();
[INFO] [stdout]     |
[INFO] [stdout] 
[INFO] [stdout] 
[INFO] [stdout] error[E0433]: cannot find module or crate `flowjs_parser` in this scope
[INFO] [stdout]    --> tests/coverage_boost.rs:586:18
[INFO] [stdout]     |
[INFO] [stdout] 586 |     let parser = flowjs_parser::FlowParser::new().unwrap();
[INFO] [stdout]     |                  ^^^^^^^^^^^^^ use of unresolved module or unlinked crate `flowjs_parser`
[INFO] [stdout]     |
[INFO] [stdout] help: there is a crate or module with a similar name
[INFO] [stdout]     |
[INFO] [stdout] 586 -     let parser = flowjs_parser::FlowParser::new().unwrap();
[INFO] [stdout] 586 +     let parser = flowjs_rs::FlowParser::new().unwrap();
[INFO] [stdout]     |
[INFO] [stdout] 
[INFO] [stdout] 
[INFO] [stdout] error[E0433]: cannot find module or crate `flowjs_parser` in this scope
[INFO] [stdout]    --> tests/coverage_boost.rs:599:18
[INFO] [stdout]     |
[INFO] [stdout] 599 |     let parser = flowjs_parser::FlowParser::new().unwrap();
[INFO] [stdout]     |                  ^^^^^^^^^^^^^ use of unresolved module or unlinked crate `flowjs_parser`
[INFO] [stdout]     |
[INFO] [stdout] help: there is a crate or module with a similar name
[INFO] [stdout]     |
[INFO] [stdout] 599 -     let parser = flowjs_parser::FlowParser::new().unwrap();
[INFO] [stdout] 599 +     let parser = flowjs_rs::FlowParser::new().unwrap();
[INFO] [stdout]     |
[INFO] [stdout] 
[INFO] [stdout] 
[INFO] [stdout] For more information about this error, try `rustc --explain E0432`.
[INFO] [stdout] 
[INFO] [stderr] error: could not compile `flowjs-rs` (test "flow_parser_validation") due to 1 previous error
[INFO] [stderr] warning: build failed, waiting for other jobs to finish...
[INFO] [stdout] For more information about this error, try `rustc --explain E0433`.
[INFO] [stdout] 
[INFO] [stderr] error: could not compile `flowjs-rs` (test "coverage_boost") due to 3 previous errors
[INFO] [stdout] For more information about this error, try `rustc --explain E0432`.
[INFO] [stdout] 
[INFO] [stderr] error: could not compile `flowjs-rs` (test "exhaustive_type_coverage") due to 1 previous error
[INFO] running `Command { std: "docker" "inspect" "e6b12b9141c81fff1fcff9e526e3e96746fc96befab7c7eab13a1c5d65aec830", kill_on_drop: false }`
[INFO] running `Command { std: "docker" "rm" "-f" "e6b12b9141c81fff1fcff9e526e3e96746fc96befab7c7eab13a1c5d65aec830", kill_on_drop: false }`
[INFO] [stdout] e6b12b9141c81fff1fcff9e526e3e96746fc96befab7c7eab13a1c5d65aec830
