[INFO] fetching crate flnet-wasm 0.6.0...
[INFO] testing flnet-wasm-0.6.0 against 1.99.0-beta.8+cargoflags=--release for beta-release-1.100-2
[INFO] extracting crate flnet-wasm 0.6.0 into /workspace/builds/worker-1-tc1/source
[INFO] started tweaking crates.io crate flnet-wasm 0.6.0
[INFO] finished tweaking crates.io crate flnet-wasm 0.6.0
[INFO] tweaked toml for crates.io crate flnet-wasm 0.6.0 written to /workspace/builds/worker-1-tc1/source/Cargo.toml
[INFO] validating manifest of crates.io crate flnet-wasm 0.6.0 on toolchain 1.99.0-beta.8
[INFO] running `Command { std: CARGO_HOME="/workspace/cargo-home" RUSTUP_HOME="/workspace/rustup-home" "/workspace/cargo-home/bin/cargo" "+1.99.0-beta.8" "metadata" "--manifest-path" "Cargo.toml" "--no-deps", kill_on_drop: false }`
[INFO] running `Command { std: CARGO_HOME="/workspace/cargo-home" RUSTUP_HOME="/workspace/rustup-home" "/workspace/cargo-home/bin/cargo" "+1.99.0-beta.8" "generate-lockfile" "--manifest-path" "Cargo.toml", kill_on_drop: false }`
[INFO] [stderr]     Updating crates.io index
[INFO] [stderr]      Locking 157 packages to highest compatible versions
[INFO] [stderr]       Adding flarch v0.6.0 (available: v0.10.1)
[INFO] [stderr]       Adding flmodules v0.6.0 (available: v0.10.0)
[INFO] [stderr]       Adding flnet v0.6.0 (available: v0.7.2)
[INFO] [stderr]       Adding generic-array v0.14.7 (available: v0.14.9)
[INFO] [stderr]       Adding getrandom v0.2.17 (available: v0.4.3)
[INFO] [stderr]       Adding minicov v0.3.8 (available: v0.3.9)
[INFO] [stderr]       Adding parking_lot v0.11.2 (available: v0.12.5)
[INFO] [stderr]       Adding thiserror v1.0.69 (available: v2.0.21)
[INFO] running `Command { std: CARGO_HOME="/workspace/cargo-home" RUSTUP_HOME="/workspace/rustup-home" "/workspace/cargo-home/bin/cargo" "+1.99.0-beta.8" "fetch" "--manifest-path" "Cargo.toml", kill_on_drop: false }`
[INFO] [stderr]  Downloading crates ...
[INFO] [stderr]   Downloaded serde_yaml v0.8.26
[INFO] [stderr]   Downloaded wasm-bindgen-test-shared v0.2.129
[INFO] [stderr]   Downloaded wasm-bindgen-test-macro v0.3.79
[INFO] [stderr]   Downloaded flnet v0.6.0
[INFO] [stderr]   Downloaded wasm-bindgen-test v0.3.79
[INFO] [stderr]   Downloaded clap_derive v3.2.25
[INFO] [stderr]   Downloaded ed25519-compact v1.0.16
[INFO] [stderr]   Downloaded flarch v0.6.0
[INFO] [stderr]   Downloaded ct-codecs v1.1.8
[INFO] [stderr]   Downloaded names v0.13.0
[INFO] [stderr]   Downloaded flmodules v0.6.0
[INFO] running `Command { std: "docker" "create" "-v" "/var/lib/crater-agent-workspace/builds/worker-1-tc1/source:/opt/rustwide/workdir:ro,Z" "-v" "/var/lib/crater-agent-workspace/builds/worker-1-tc1/target:/opt/rustwide/target:rw,Z" "-v" "/var/lib/crater-agent-workspace/cargo-home:/opt/rustwide/cargo-home:ro,Z" "-v" "/var/lib/crater-agent-workspace/rustup-home:/opt/rustwide/rustup-home:ro,Z" "-m" "1610612736" "--network" "none" "ghcr.io/rust-lang/crates-build-env/linux@sha256:77db811e55d90add9212f6832c23229e3de5f1c1f9905e8cb07319ea15df73ac" "sleep" "infinity", kill_on_drop: false }`
[INFO] [stdout] 916bc04c9204229217b11b7f7de6497a21e46459c1060d342cf9feb754b7bb2b
[INFO] running `Command { std: "docker" "start" "916bc04c9204229217b11b7f7de6497a21e46459c1060d342cf9feb754b7bb2b", kill_on_drop: false }`
[INFO] running `Command { std: "docker" "inspect" "916bc04c9204229217b11b7f7de6497a21e46459c1060d342cf9feb754b7bb2b", kill_on_drop: false }`
[INFO] running `Command { std: "docker" "exec" "-e" "SOURCE_DIR=/opt/rustwide/workdir" "-e" "CARGO_HOME=/opt/rustwide/cargo-home" "-e" "RUSTUP_HOME=/opt/rustwide/rustup-home" "-e" "CARGO_TARGET_DIR=/opt/rustwide/target" "-w" "/opt/rustwide/workdir" "--user" "0:0" "916bc04c9204229217b11b7f7de6497a21e46459c1060d342cf9feb754b7bb2b" "/opt/rustwide/cargo-home/bin/cargo" "+1.99.0-beta.8" "metadata" "--no-deps" "--format-version=1", kill_on_drop: false }`
[INFO] running `Command { std: "docker" "inspect" "916bc04c9204229217b11b7f7de6497a21e46459c1060d342cf9feb754b7bb2b", kill_on_drop: false }`
[INFO] running `Command { std: "docker" "exec" "-e" "SOURCE_DIR=/opt/rustwide/workdir" "-e" "CARGO_HOME=/opt/rustwide/cargo-home" "-e" "RUSTUP_HOME=/opt/rustwide/rustup-home" "-e" "CARGO_TARGET_DIR=/opt/rustwide/target" "-e" "CARGO_INCREMENTAL=0" "-e" "RUST_BACKTRACE=full" "-e" "RUSTFLAGS=--cap-lints=warn" "-e" "RUSTDOCFLAGS=--cap-lints=warn" "-w" "/opt/rustwide/workdir" "--user" "0:0" "916bc04c9204229217b11b7f7de6497a21e46459c1060d342cf9feb754b7bb2b" "/opt/rustwide/cargo-home/bin/cargo" "+1.99.0-beta.8" "build" "--frozen" "--message-format=json" "--release", kill_on_drop: false }`
[INFO] [stderr]    Compiling syn v3.0.9
[INFO] [stderr]    Compiling wasm-bindgen-shared v0.2.129
[INFO] [stderr]    Compiling futures-core v0.3.34
[INFO] [stderr]    Compiling futures-sink v0.3.34
[INFO] [stderr]    Compiling bumpalo v3.20.3
[INFO] [stderr]    Compiling unicode-ident v1.0.27
[INFO] [stderr]    Compiling indexmap v1.9.3
[INFO] [stderr]    Compiling wasm-bindgen v0.2.129
[INFO] [stderr]    Compiling serde_json v1.0.154
[INFO] [stderr]    Compiling getrandom v0.2.17
[INFO] [stderr]    Compiling parking_lot_core v0.8.6
[INFO] [stderr]    Compiling strsim v0.10.0
[INFO] [stderr]    Compiling atty v0.2.14
[INFO] [stderr]    Compiling instant v0.1.13
[INFO] [stderr]    Compiling regex-syntax v0.8.11
[INFO] [stderr]    Compiling ppv-lite86 v0.2.21
[INFO] [stderr]    Compiling syn v2.0.119
[INFO] [stderr]    Compiling proc-macro-error v1.0.4
[INFO] [stderr]    Compiling pin-utils v0.1.1
[INFO] [stderr]    Compiling os_str_bytes v6.6.1
[INFO] [stderr]    Compiling humantime v2.4.0
[INFO] [stderr]    Compiling futures-channel v0.3.34
[INFO] [stderr]    Compiling darling_core v0.13.4
[INFO] [stderr]    Compiling rand_core v0.6.4
[INFO] [stderr]    Compiling clap_derive v3.2.25
[INFO] [stderr]    Compiling clap_lex v0.2.4
[INFO] [stderr]    Compiling either v1.19.0
[INFO] [stderr]    Compiling textwrap v0.16.4
[INFO] [stderr]    Compiling names v0.13.0
[INFO] [stderr]    Compiling parking_lot v0.11.2
[INFO] [stderr]    Compiling ct-codecs v1.1.8
[INFO] [stderr]    Compiling bimap v0.6.3
[INFO] [stderr]    Compiling ed25519-compact v1.0.16
[INFO] [stderr]    Compiling itertools v0.10.5
[INFO] [stderr]    Compiling rand_chacha v0.3.1
[INFO] [stderr]    Compiling rand v0.8.8
[INFO] [stderr]    Compiling clap v3.2.25
[INFO] [stderr]    Compiling regex-automata v0.4.18
[INFO] [stderr]    Compiling thiserror-impl v1.0.69
[INFO] [stderr]    Compiling darling_macro v0.13.4
[INFO] [stderr]    Compiling darling v0.13.4
[INFO] [stderr]    Compiling serde_with_macros v1.5.2
[INFO] [stderr]    Compiling thiserror v1.0.69
[INFO] [stderr]    Compiling regex v1.13.1
[INFO] [stderr]    Compiling wasm-bindgen-macro-support v0.2.129
[INFO] [stderr]    Compiling env_logger v0.9.3
[INFO] [stderr]    Compiling serde_derive v1.0.229
[INFO] [stderr]    Compiling futures-macro v0.3.34
[INFO] [stderr]    Compiling tokio-macros v2.7.2
[INFO] [stderr]    Compiling async-trait v0.1.92
[INFO] [stderr]    Compiling futures-util v0.3.34
[INFO] [stderr]    Compiling tokio v1.53.3
[INFO] [stderr]    Compiling serde v1.0.229
[INFO] [stderr]    Compiling wasm-bindgen-macro v0.2.129
[INFO] [stderr]    Compiling serde_yaml v0.8.26
[INFO] [stderr]    Compiling serde_with v1.14.0
[INFO] [stderr]    Compiling toml v0.5.11
[INFO] [stderr]    Compiling futures-executor v0.3.34
[INFO] [stderr]    Compiling futures v0.3.34
[INFO] [stderr]    Compiling wasm-timer v0.2.5
[INFO] [stderr]    Compiling js-sys v0.3.106
[INFO] [stderr]    Compiling wasm-bindgen-futures v0.4.79
[INFO] [stderr]    Compiling web-sys v0.3.106
[INFO] [stderr]    Compiling flarch v0.6.0
[INFO] [stderr]    Compiling flmodules v0.6.0
[INFO] [stderr]    Compiling flnet v0.6.0
[INFO] [stderr]    Compiling flnet-wasm v0.6.0 (/opt/rustwide/workdir)
[INFO] [stdout] warning: use of deprecated method `web_sys::RtcSessionDescriptionInit::sdp`: Use `set_sdp()` instead.
[INFO] [stdout]    --> src/web_rtc_setup.rs:173:19
[INFO] [stdout]     |
[INFO] [stdout] 173 |         offer_obj.sdp(&offer_sdp);
[INFO] [stdout]     |                   ^^^
[INFO] [stdout]     |
[INFO] [stdout]     = note: `#[warn(deprecated)]` on by default
[INFO] [stdout] 
[INFO] [stdout] 
[INFO] [stdout] warning: use of deprecated method `web_sys::RtcSessionDescriptionInit::sdp`: Use `set_sdp()` instead.
[INFO] [stdout]    --> src/web_rtc_setup.rs:192:19
[INFO] [stdout]     |
[INFO] [stdout] 192 |         offer_obj.sdp(&offer);
[INFO] [stdout]     |                   ^^^
[INFO] [stdout] 
[INFO] [stdout] 
[INFO] [stdout] warning: use of deprecated method `web_sys::RtcSessionDescriptionInit::sdp`: Use `set_sdp()` instead.
[INFO] [stdout]    --> src/web_rtc_setup.rs:211:20
[INFO] [stdout]     |
[INFO] [stdout] 211 |         answer_obj.sdp(&answer_sdp);
[INFO] [stdout]     |                    ^^^
[INFO] [stdout] 
[INFO] [stdout] 
[INFO] [stdout] warning: use of deprecated method `web_sys::RtcSessionDescriptionInit::sdp`: Use `set_sdp()` instead.
[INFO] [stdout]    --> src/web_rtc_setup.rs:233:20
[INFO] [stdout]     |
[INFO] [stdout] 233 |         answer_obj.sdp(&answer);
[INFO] [stdout]     |                    ^^^
[INFO] [stdout] 
[INFO] [stdout] 
[INFO] [stdout] warning: use of deprecated method `web_sys::RtcIceCandidateInit::sdp_mid`: Use `set_sdp_mid()` instead.
[INFO] [stdout]    --> src/web_rtc_setup.rs:244:18
[INFO] [stdout]     |
[INFO] [stdout] 244 |         ric_init.sdp_mid(Some("0"));
[INFO] [stdout]     |                  ^^^^^^^
[INFO] [stdout] 
[INFO] [stdout] 
[INFO] [stdout] warning: use of deprecated method `web_sys::RtcIceCandidateInit::sdp_m_line_index`: Use `set_sdp_m_line_index()` instead.
[INFO] [stdout]    --> src/web_rtc_setup.rs:245:18
[INFO] [stdout]     |
[INFO] [stdout] 245 |         ric_init.sdp_m_line_index(Some(0u16));
[INFO] [stdout]     |                  ^^^^^^^^^^^^^^^^
[INFO] [stdout] 
[INFO] [stdout] 
[INFO] [stdout] error[E0599]: no variant, associated function, or constant named `__Nonexhaustive` found for enum `RtcIceGatheringState` in the current scope
[INFO] [stdout]    --> src/web_rtc_setup.rs:389:35
[INFO] [stdout]     |
[INFO] [stdout] 389 |             RtcIceGatheringState::__Nonexhaustive => IceGatheringState::New,
[INFO] [stdout]     |                                   ^^^^^^^^^^^^^^^ variant, associated function, or constant not found in `RtcIceGatheringState`
[INFO] [stdout] 
[INFO] [stdout] 
[INFO] [stdout] error[E0599]: no variant, associated function, or constant named `__Nonexhaustive` found for enum `RtcIceConnectionState` in the current scope
[INFO] [stdout]    --> src/web_rtc_setup.rs:400:36
[INFO] [stdout]     |
[INFO] [stdout] 400 |             RtcIceConnectionState::__Nonexhaustive => IceConnectionState::New,
[INFO] [stdout]     |                                    ^^^^^^^^^^^^^^^ variant, associated function, or constant not found in `RtcIceConnectionState`
[INFO] [stdout] 
[INFO] [stdout] 
[INFO] [stdout] error[E0599]: no variant, associated function, or constant named `__Nonexhaustive` found for enum `RtcDataChannelState` in the current scope
[INFO] [stdout]    --> src/web_rtc_setup.rs:411:42
[INFO] [stdout]     |
[INFO] [stdout] 411 |                     RtcDataChannelState::__Nonexhaustive => DataChannelState::Closed,
[INFO] [stdout]     |                                          ^^^^^^^^^^^^^^^ variant, associated function, or constant not found in `RtcDataChannelState`
[INFO] [stdout] 
[INFO] [stdout] 
[INFO] [stdout] warning: use of deprecated associated function `wasm_bindgen::JsValue::from_serde`: causes dependency cycles, use `serde-wasm-bindgen` or `gloo_utils::format::JsValueSerdeExt` instead
[INFO] [stdout]   --> src/web_rtc_setup.rs:72:22
[INFO] [stdout]    |
[INFO] [stdout] 72 |             JsValue::from_serde(&servers_obj).map_err(|e| SetupError::SetupFail(e.to_string()))?;
[INFO] [stdout]    |                      ^^^^^^^^^^
[INFO] [stdout] 
[INFO] [stdout] 
[INFO] [stdout] warning: use of deprecated method `web_sys::RtcConfiguration::ice_servers`: Use `set_ice_servers()` instead.
[INFO] [stdout]   --> src/web_rtc_setup.rs:73:16
[INFO] [stdout]    |
[INFO] [stdout] 73 |         config.ice_servers(&servers);
[INFO] [stdout]    |                ^^^^^^^^^^^
[INFO] [stdout] 
[INFO] [stdout] 
[INFO] [stdout] For more information about this error, try `rustc --explain E0599`.
[INFO] [stdout] 
[INFO] [stderr] error: could not compile `flnet-wasm` (lib) due to 3 previous errors; 8 warnings emitted
[INFO] [stderr] warning: build failed, waiting for other jobs to finish...
[INFO] running `Command { std: "docker" "inspect" "916bc04c9204229217b11b7f7de6497a21e46459c1060d342cf9feb754b7bb2b", kill_on_drop: false }`
[INFO] running `Command { std: "docker" "rm" "-f" "916bc04c9204229217b11b7f7de6497a21e46459c1060d342cf9feb754b7bb2b", kill_on_drop: false }`
[INFO] [stdout] 916bc04c9204229217b11b7f7de6497a21e46459c1060d342cf9feb754b7bb2b
