[INFO] fetching crate flinch 0.1.67...
[INFO] testing flinch-0.1.67 against 1.99.0-beta.8+cargoflags=--release for beta-release-1.100-2
[INFO] extracting crate flinch 0.1.67 into /workspace/builds/worker-6-tc1/source
[INFO] started tweaking crates.io crate flinch 0.1.67
[INFO] finished tweaking crates.io crate flinch 0.1.67
[INFO] tweaked toml for crates.io crate flinch 0.1.67 written to /workspace/builds/worker-6-tc1/source/Cargo.toml
[INFO] validating manifest of crates.io crate flinch 0.1.67 on toolchain 1.99.0-beta.8
[INFO] running `Command { std: CARGO_HOME="/workspace/cargo-home" RUSTUP_HOME="/workspace/rustup-home" "/workspace/cargo-home/bin/cargo" "+1.99.0-beta.8" "metadata" "--manifest-path" "Cargo.toml" "--no-deps", kill_on_drop: false }`
[INFO] running `Command { std: CARGO_HOME="/workspace/cargo-home" RUSTUP_HOME="/workspace/rustup-home" "/workspace/cargo-home/bin/cargo" "+1.99.0-beta.8" "generate-lockfile" "--manifest-path" "Cargo.toml", kill_on_drop: false }`
[INFO] [stderr]     Updating crates.io index
[INFO] [stderr]      Locking 162 packages to highest compatible versions
[INFO] [stderr]       Adding bincode v2.0.1 (available: v3.0.0)
[INFO] [stderr]       Adding dashmap v5.5.3 (available: v6.2.1)
[INFO] [stderr]       Adding generic-array v0.14.7 (available: v0.14.9)
[INFO] [stderr]       Adding psm v0.1.24 (available: v0.1.32)
[INFO] [stderr]       Adding size v0.4.1 (available: v0.6.0)
[INFO] [stderr]       Adding thiserror v1.0.69 (available: v2.0.21)
[INFO] [stderr]       Adding toml v0.7.8 (available: v1.1.8+spec-1.1.0)
[INFO] running `Command { std: CARGO_HOME="/workspace/cargo-home" RUSTUP_HOME="/workspace/rustup-home" "/workspace/cargo-home/bin/cargo" "+1.99.0-beta.8" "fetch" "--manifest-path" "Cargo.toml", kill_on_drop: false }`
[INFO] [stderr]  Downloading crates ...
[INFO] [stderr]   Downloaded paris v1.5.15
[INFO] [stderr]   Downloaded size v0.4.1
[INFO] [stderr]   Downloaded anydate v0.3.0
[INFO] [stderr]   Downloaded flql v0.2.6
[INFO] [stderr]   Downloaded sled v0.34.7
[INFO] running `Command { std: "docker" "create" "-v" "/var/lib/crater-agent-workspace/builds/worker-6-tc1/source:/opt/rustwide/workdir:ro,Z" "-v" "/var/lib/crater-agent-workspace/builds/worker-6-tc1/target:/opt/rustwide/target:rw,Z" "-v" "/var/lib/crater-agent-workspace/cargo-home:/opt/rustwide/cargo-home:ro,Z" "-v" "/var/lib/crater-agent-workspace/rustup-home:/opt/rustwide/rustup-home:ro,Z" "-m" "1610612736" "--network" "none" "ghcr.io/rust-lang/crates-build-env/linux@sha256:77db811e55d90add9212f6832c23229e3de5f1c1f9905e8cb07319ea15df73ac" "sleep" "infinity", kill_on_drop: false }`
[INFO] [stdout] 592af6fa69bf42226aaf2434b94fb75f10a05ca11fdf2157bf9dfeee61fe307b
[INFO] running `Command { std: "docker" "start" "592af6fa69bf42226aaf2434b94fb75f10a05ca11fdf2157bf9dfeee61fe307b", kill_on_drop: false }`
[INFO] running `Command { std: "docker" "inspect" "592af6fa69bf42226aaf2434b94fb75f10a05ca11fdf2157bf9dfeee61fe307b", kill_on_drop: false }`
[INFO] running `Command { std: "docker" "exec" "-e" "SOURCE_DIR=/opt/rustwide/workdir" "-e" "CARGO_HOME=/opt/rustwide/cargo-home" "-e" "RUSTUP_HOME=/opt/rustwide/rustup-home" "-e" "CARGO_TARGET_DIR=/opt/rustwide/target" "-w" "/opt/rustwide/workdir" "--user" "0:0" "592af6fa69bf42226aaf2434b94fb75f10a05ca11fdf2157bf9dfeee61fe307b" "/opt/rustwide/cargo-home/bin/cargo" "+1.99.0-beta.8" "metadata" "--no-deps" "--format-version=1", kill_on_drop: false }`
[INFO] running `Command { std: "docker" "inspect" "592af6fa69bf42226aaf2434b94fb75f10a05ca11fdf2157bf9dfeee61fe307b", kill_on_drop: false }`
[INFO] running `Command { std: "docker" "exec" "-e" "SOURCE_DIR=/opt/rustwide/workdir" "-e" "CARGO_HOME=/opt/rustwide/cargo-home" "-e" "RUSTUP_HOME=/opt/rustwide/rustup-home" "-e" "CARGO_TARGET_DIR=/opt/rustwide/target" "-e" "CARGO_INCREMENTAL=0" "-e" "RUST_BACKTRACE=full" "-e" "RUSTFLAGS=--cap-lints=warn" "-e" "RUSTDOCFLAGS=--cap-lints=warn" "-w" "/opt/rustwide/workdir" "--user" "0:0" "592af6fa69bf42226aaf2434b94fb75f10a05ca11fdf2157bf9dfeee61fe307b" "/opt/rustwide/cargo-home/bin/cargo" "+1.99.0-beta.8" "build" "--frozen" "--message-format=json" "--release", kill_on_drop: false }`
[INFO] [stderr]    Compiling smallvec v1.16.3
[INFO] [stderr]    Compiling crossbeam-epoch v0.9.21
[INFO] [stderr]    Compiling psm v0.1.24
[INFO] [stderr]    Compiling memchr v2.8.3
[INFO] [stderr]    Compiling parking_lot_core v0.8.6
[INFO] [stderr]    Compiling syn v3.0.9
[INFO] [stderr]    Compiling syn v2.0.119
[INFO] [stderr]    Compiling futures-core v0.3.34
[INFO] [stderr]    Compiling futures-sink v0.3.34
[INFO] [stderr]    Compiling crypto-common v0.1.7
[INFO] [stderr]    Compiling errno v0.3.14
[INFO] [stderr]    Compiling instant v0.1.13
[INFO] [stderr]    Compiling time-macros v0.2.32
[INFO] [stderr]    Compiling socket2 v0.6.5
[INFO] [stderr]    Compiling mio v1.2.4
[INFO] [stderr]    Compiling powerfmt v0.2.1
[INFO] [stderr]    Compiling digest v0.10.7
[INFO] [stderr]    Compiling futures-channel v0.3.34
[INFO] [stderr]    Compiling signal-hook-registry v1.4.8
[INFO] [stderr]    Compiling num_threads v0.1.8
[INFO] [stderr]    Compiling either v1.19.0
[INFO] [stderr]    Compiling deranged v0.5.9
[INFO] [stderr]    Compiling sha2 v0.10.9
[INFO] [stderr]    Compiling serde_json v1.0.154
[INFO] [stderr]    Compiling stacker v0.1.25
[INFO] [stderr]    Compiling fxhash v0.2.1
[INFO] [stderr]    Compiling parking_lot_core v0.9.12
[INFO] [stderr]    Compiling rand v0.10.3
[INFO] [stderr]    Compiling pest v2.9.4
[INFO] [stderr]    Compiling crossbeam-deque v0.8.8
[INFO] [stderr]    Compiling parking_lot v0.12.5
[INFO] [stderr]    Compiling parking_lot v0.11.2
[INFO] [stderr]    Compiling fs2 v0.4.3
[INFO] [stderr]    Compiling paris v1.5.15
[INFO] [stderr]    Compiling hashbrown v0.14.5
[INFO] [stderr]    Compiling regex v1.13.1
[INFO] [stderr]    Compiling rayon-core v1.13.0
[INFO] [stderr]    Compiling uuid v1.28.0
[INFO] [stderr]    Compiling rayon v1.12.0
[INFO] [stderr]    Compiling sled v0.34.7
[INFO] [stderr]    Compiling crossbeam-queue v0.3.14
[INFO] [stderr]    Compiling size v0.4.1
[INFO] [stderr]    Compiling time v0.3.55
[INFO] [stderr]    Compiling pest_meta v2.9.4
[INFO] [stderr]    Compiling thiserror-impl v1.0.69
[INFO] [stderr]    Compiling thiserror v1.0.69
[INFO] [stderr]    Compiling pest_generator v2.9.4
[INFO] [stderr]    Compiling serde_derive v1.0.229
[INFO] [stderr]    Compiling futures-macro v0.3.34
[INFO] [stderr]    Compiling clap_derive v4.6.7
[INFO] [stderr]    Compiling tokio-macros v2.7.2
[INFO] [stderr]    Compiling async-trait v0.1.92
[INFO] [stderr]    Compiling futures-util v0.3.34
[INFO] [stderr]    Compiling pest_derive v2.9.4
[INFO] [stderr]    Compiling tokio v1.53.3
[INFO] [stderr]    Compiling simplelog v0.12.2
[INFO] [stderr]    Compiling clap v4.6.7
[INFO] [stderr]    Compiling serde v1.0.229
[INFO] [stderr]    Compiling chrono v0.4.45
[INFO] [stderr]    Compiling toml_datetime v0.6.11
[INFO] [stderr]    Compiling serde_spanned v0.6.9
[INFO] [stderr]    Compiling dashmap v5.5.3
[INFO] [stderr]    Compiling toml_edit v0.19.15
[INFO] [stderr]    Compiling futures-executor v0.3.34
[INFO] [stderr]    Compiling futures v0.3.34
[INFO] [stderr]    Compiling anydate v0.3.0
[INFO] [stderr]    Compiling flql v0.2.6
[INFO] [stderr]    Compiling toml v0.7.8
[INFO] [stderr]    Compiling sha256 v1.6.0
[INFO] [stderr]    Compiling flinch v0.1.67 (/opt/rustwide/workdir)
[INFO] [stdout] warning: the `#![feature]` attribute can only be used at the crate root
[INFO] [stdout]  --> src/schemas.rs:1:1
[INFO] [stdout]   |
[INFO] [stdout] 1 | #![feature(integer_atomics, const_fn_trait_bound)]
[INFO] [stdout]   | ^^^^^^^^^^^^^^^^^^^^^^^^^^^^^^^^^^^^^^^^^^^^^^^^^^
[INFO] [stdout]   |
[INFO] [stdout]   = help: the crate root is at `src/lib.rs`
[INFO] [stdout]   = note: `#[warn(unused_attributes)]` (part of `#[warn(unused)]`) on by default
[INFO] [stdout] 
[INFO] [stdout] 
[INFO] [stdout] error[E0107]: missing generics for trait `Decode`
[INFO] [stdout]    --> src/events.rs:29:57
[INFO] [stdout]     |
[INFO] [stdout]  29 |                 for<'de> T: Deserialize<'de> + bincode::Decode,
[INFO] [stdout]     |                                                         ^^^^^^ expected 1 generic argument
[INFO] [stdout]     |
[INFO] [stdout] note: trait defined here, with 1 generic parameter: `Context`
[INFO] [stdout]    --> /opt/rustwide/cargo-home/registry/src/index.crates.io-1949cf8c6b5b557f/bincode-2.0.1/src/de/mod.rs:103:11
[INFO] [stdout]     |
[INFO] [stdout] 103 | pub trait Decode<Context>: Sized {
[INFO] [stdout]     |           ^^^^^^ -------
[INFO] [stdout] help: add missing generic argument
[INFO] [stdout]     |
[INFO] [stdout]  29 |                 for<'de> T: Deserialize<'de> + bincode::Decode<Context>,
[INFO] [stdout]     |                                                               +++++++++
[INFO] [stdout] 
[INFO] [stdout] 
[INFO] [stdout] error[E0107]: missing generics for trait `Decode`
[INFO] [stdout]    --> src/events.rs:90:57
[INFO] [stdout]     |
[INFO] [stdout]  90 |                 for<'de> T: Deserialize<'de> + bincode::Decode,
[INFO] [stdout]     |                                                         ^^^^^^ expected 1 generic argument
[INFO] [stdout]     |
[INFO] [stdout] note: trait defined here, with 1 generic parameter: `Context`
[INFO] [stdout]    --> /opt/rustwide/cargo-home/registry/src/index.crates.io-1949cf8c6b5b557f/bincode-2.0.1/src/de/mod.rs:103:11
[INFO] [stdout]     |
[INFO] [stdout] 103 | pub trait Decode<Context>: Sized {
[INFO] [stdout]     |           ^^^^^^ -------
[INFO] [stdout] help: add missing generic argument
[INFO] [stdout]     |
[INFO] [stdout]  90 |                 for<'de> T: Deserialize<'de> + bincode::Decode<Context>,
[INFO] [stdout]     |                                                               +++++++++
[INFO] [stdout] 
[INFO] [stdout] 
[INFO] [stdout] error[E0107]: missing generics for trait `Decode`
[INFO] [stdout]    --> src/events.rs:116:57
[INFO] [stdout]     |
[INFO] [stdout] 116 |                 for<'de> T: Deserialize<'de> + bincode::Decode,
[INFO] [stdout]     |                                                         ^^^^^^ expected 1 generic argument
[INFO] [stdout]     |
[INFO] [stdout] note: trait defined here, with 1 generic parameter: `Context`
[INFO] [stdout]    --> /opt/rustwide/cargo-home/registry/src/index.crates.io-1949cf8c6b5b557f/bincode-2.0.1/src/de/mod.rs:103:11
[INFO] [stdout]     |
[INFO] [stdout] 103 | pub trait Decode<Context>: Sized {
[INFO] [stdout]     |           ^^^^^^ -------
[INFO] [stdout] help: add missing generic argument
[INFO] [stdout]     |
[INFO] [stdout] 116 |                 for<'de> T: Deserialize<'de> + bincode::Decode<Context>,
[INFO] [stdout]     |                                                               +++++++++
[INFO] [stdout] 
[INFO] [stdout] 
[INFO] [stdout] For more information about this error, try `rustc --explain E0107`.
[INFO] [stdout] 
[INFO] [stderr] error: could not compile `flinch` (lib) due to 3 previous errors; 1 warning emitted
[INFO] [stderr] warning: build failed, waiting for other jobs to finish...
[INFO] running `Command { std: "docker" "inspect" "592af6fa69bf42226aaf2434b94fb75f10a05ca11fdf2157bf9dfeee61fe307b", kill_on_drop: false }`
[INFO] running `Command { std: "docker" "rm" "-f" "592af6fa69bf42226aaf2434b94fb75f10a05ca11fdf2157bf9dfeee61fe307b", kill_on_drop: false }`
[INFO] [stdout] 592af6fa69bf42226aaf2434b94fb75f10a05ca11fdf2157bf9dfeee61fe307b
