[INFO] fetching crate flatland-protocol 0.2.143...
[INFO] testing flatland-protocol-0.2.143 against 1.100.0-beta.1+cargoflags=--release for beta-release-1.100-2
[INFO] extracting crate flatland-protocol 0.2.143 into /workspace/builds/worker-6-tc2/source
[INFO] started tweaking crates.io crate flatland-protocol 0.2.143
[INFO] removed 0 missing tests
[INFO] finished tweaking crates.io crate flatland-protocol 0.2.143
[INFO] tweaked toml for crates.io crate flatland-protocol 0.2.143 written to /workspace/builds/worker-6-tc2/source/Cargo.toml
[INFO] validating manifest of crates.io crate flatland-protocol 0.2.143 on toolchain 1.100.0-beta.1
[INFO] running `Command { std: CARGO_HOME="/workspace/cargo-home" RUSTUP_HOME="/workspace/rustup-home" "/workspace/cargo-home/bin/cargo" "+1.100.0-beta.1" "metadata" "--manifest-path" "Cargo.toml" "--no-deps", kill_on_drop: false }`
[INFO] crate crates.io crate flatland-protocol 0.2.143 already has a lockfile, it will not be regenerated
[INFO] running `Command { std: CARGO_HOME="/workspace/cargo-home" RUSTUP_HOME="/workspace/rustup-home" "/workspace/cargo-home/bin/cargo" "+1.100.0-beta.1" "fetch" "--manifest-path" "Cargo.toml", kill_on_drop: false }`
[INFO] running `Command { std: "docker" "create" "-v" "/var/lib/crater-agent-workspace/builds/worker-6-tc2/source:/opt/rustwide/workdir:ro,Z" "-v" "/var/lib/crater-agent-workspace/builds/worker-6-tc2/target:/opt/rustwide/target:rw,Z" "-v" "/var/lib/crater-agent-workspace/cargo-home:/opt/rustwide/cargo-home:ro,Z" "-v" "/var/lib/crater-agent-workspace/rustup-home:/opt/rustwide/rustup-home:ro,Z" "-m" "1610612736" "--network" "none" "ghcr.io/rust-lang/crates-build-env/linux@sha256:77db811e55d90add9212f6832c23229e3de5f1c1f9905e8cb07319ea15df73ac" "sleep" "infinity", kill_on_drop: false }`
[INFO] [stdout] 10492e3bd77992609a4963d506920ccb8c36b6e4cf4270003619f6bd6af5c30c
[INFO] running `Command { std: "docker" "start" "10492e3bd77992609a4963d506920ccb8c36b6e4cf4270003619f6bd6af5c30c", kill_on_drop: false }`
[INFO] running `Command { std: "docker" "inspect" "10492e3bd77992609a4963d506920ccb8c36b6e4cf4270003619f6bd6af5c30c", kill_on_drop: false }`
[INFO] running `Command { std: "docker" "exec" "-e" "SOURCE_DIR=/opt/rustwide/workdir" "-e" "CARGO_HOME=/opt/rustwide/cargo-home" "-e" "RUSTUP_HOME=/opt/rustwide/rustup-home" "-e" "CARGO_TARGET_DIR=/opt/rustwide/target" "-w" "/opt/rustwide/workdir" "--user" "0:0" "10492e3bd77992609a4963d506920ccb8c36b6e4cf4270003619f6bd6af5c30c" "/opt/rustwide/cargo-home/bin/cargo" "+1.100.0-beta.1" "metadata" "--no-deps" "--format-version=1", kill_on_drop: false }`
[INFO] running `Command { std: "docker" "inspect" "10492e3bd77992609a4963d506920ccb8c36b6e4cf4270003619f6bd6af5c30c", kill_on_drop: false }`
[INFO] running `Command { std: "docker" "exec" "-e" "SOURCE_DIR=/opt/rustwide/workdir" "-e" "CARGO_HOME=/opt/rustwide/cargo-home" "-e" "RUSTUP_HOME=/opt/rustwide/rustup-home" "-e" "CARGO_TARGET_DIR=/opt/rustwide/target" "-e" "CARGO_INCREMENTAL=0" "-e" "RUST_BACKTRACE=full" "-e" "RUSTFLAGS=--cap-lints=warn" "-e" "RUSTDOCFLAGS=--cap-lints=warn" "-w" "/opt/rustwide/workdir" "--user" "0:0" "10492e3bd77992609a4963d506920ccb8c36b6e4cf4270003619f6bd6af5c30c" "/opt/rustwide/cargo-home/bin/cargo" "+1.100.0-beta.1" "build" "--frozen" "--message-format=json" "--release", kill_on_drop: false }`
[INFO] [stderr]    Compiling serde v1.0.228
[INFO] [stderr]    Compiling semver v1.0.28
[INFO] [stderr]    Compiling byteorder v1.5.0
[INFO] [stderr]    Compiling syn v2.0.118
[INFO] [stderr]    Compiling spin v0.9.8
[INFO] [stderr]    Compiling uuid v1.23.4
[INFO] [stderr]    Compiling hash32 v0.2.1
[INFO] [stderr]    Compiling rustc_version v0.4.1
[INFO] [stderr]    Compiling heapless v0.7.17
[INFO] [stderr]    Compiling serde_derive v1.0.228
[INFO] [stderr]    Compiling thiserror-impl v2.0.18
[INFO] [stderr]    Compiling tokio-macros v2.7.0
[INFO] [stderr]    Compiling tokio v1.52.3
[INFO] [stderr]    Compiling thiserror v2.0.18
[INFO] [stderr]    Compiling cobs v0.3.0
[INFO] [stderr]    Compiling bincode v1.3.3
[INFO] [stderr]    Compiling postcard v1.1.3
[INFO] [stderr]    Compiling flatland-protocol v0.2.143 (/opt/rustwide/workdir)
[INFO] [stderr]     Finished `release` profile [optimized] target(s) in 36.43s
[INFO] running `Command { std: "docker" "inspect" "10492e3bd77992609a4963d506920ccb8c36b6e4cf4270003619f6bd6af5c30c", kill_on_drop: false }`
[INFO] running `Command { std: "docker" "exec" "-e" "SOURCE_DIR=/opt/rustwide/workdir" "-e" "CARGO_HOME=/opt/rustwide/cargo-home" "-e" "RUSTUP_HOME=/opt/rustwide/rustup-home" "-e" "CARGO_TARGET_DIR=/opt/rustwide/target" "-e" "CARGO_INCREMENTAL=0" "-e" "RUST_BACKTRACE=full" "-e" "RUSTFLAGS=--cap-lints=warn" "-e" "RUSTDOCFLAGS=--cap-lints=warn" "-w" "/opt/rustwide/workdir" "--user" "0:0" "10492e3bd77992609a4963d506920ccb8c36b6e4cf4270003619f6bd6af5c30c" "/opt/rustwide/cargo-home/bin/cargo" "+1.100.0-beta.1" "test" "--frozen" "--no-run" "--message-format=json" "--release", kill_on_drop: false }`
[INFO] [stderr]    Compiling crossbeam-utils v0.8.22
[INFO] [stderr]    Compiling crossbeam-epoch v0.9.20
[INFO] [stderr]    Compiling zerocopy v0.8.53
[INFO] [stderr]    Compiling crossbeam-deque v0.8.7
[INFO] [stderr]    Compiling zerocopy-derive v0.8.53
[INFO] [stderr]    Compiling num-traits v0.2.19
[INFO] [stderr]    Compiling rayon-core v1.13.0
[INFO] [stderr]    Compiling either v1.16.0
[INFO] [stderr]    Compiling memchr v2.8.2
[INFO] [stderr]    Compiling plotters-backend v0.3.7
[INFO] [stderr]    Compiling clap_builder v4.6.0
[INFO] [stderr]    Compiling itertools v0.10.5
[INFO] [stderr]    Compiling regex-automata v0.4.14
[INFO] [stderr]    Compiling plotters-svg v0.3.7
[INFO] [stderr]    Compiling serde_json v1.0.150
[INFO] [stderr]    Compiling plotters v0.3.7
[INFO] [stderr]    Compiling is-terminal v0.4.17
[INFO] [stderr]    Compiling rayon v1.12.0
[INFO] [stderr]    Compiling criterion-plot v0.5.0
[INFO] [stderr]    Compiling regex v1.12.4
[INFO] [stderr]    Compiling clap v4.6.1
[INFO] [stderr]    Compiling tinytemplate v1.2.1
[INFO] [stderr]    Compiling half v2.7.1
[INFO] [stderr]    Compiling ciborium-ll v0.2.2
[INFO] [stderr]    Compiling ciborium v0.2.2
[INFO] [stderr]    Compiling criterion v0.5.1
[INFO] [stderr]    Compiling flatland-protocol v0.2.143 (/opt/rustwide/workdir)
[INFO] [stdout] error[E0433]: cannot find module or crate `flatland_sim` in this scope
[INFO] [stdout]  --> tests/frame_sizes.rs:7:5
[INFO] [stdout]   |
[INFO] [stdout] 7 | use flatland_sim::{craft::BlueprintBook, RegionSim, WorldSegment};
[INFO] [stdout]   |     ^^^^^^^^^^^^ use of unresolved module or unlinked crate `flatland_sim`
[INFO] [stdout]   |
[INFO] [stdout]   = help: if you wanted to use a crate named `flatland_sim`, use `cargo add flatland_sim` to add it to your `Cargo.toml`
[INFO] [stdout] 
[INFO] [stdout] 
[INFO] [stdout] error[E0432]: unresolved import `flatland_sim`
[INFO] [stdout]  --> tests/frame_sizes.rs:7:5
[INFO] [stdout]   |
[INFO] [stdout] 7 | use flatland_sim::{craft::BlueprintBook, RegionSim, WorldSegment};
[INFO] [stdout]   |     ^^^^^^^^^^^^ use of unresolved module or unlinked crate `flatland_sim`
[INFO] [stdout]   |
[INFO] [stdout]   = help: if you wanted to use a crate named `flatland_sim`, use `cargo add flatland_sim` to add it to your `Cargo.toml`
[INFO] [stdout] 
[INFO] [stdout] 
[INFO] [stdout] error[E0433]: cannot find module or crate `flatland_sim` in this scope
[INFO] [stdout]   --> tests/frame_sizes.rs:14:25
[INFO] [stdout]    |
[INFO] [stdout] 14 |     let blueprint_dir = flatland_sim::craft::default_blueprints_path();
[INFO] [stdout]    |                         ^^^^^^^^^^^^ use of unresolved module or unlinked crate `flatland_sim`
[INFO] [stdout]    |
[INFO] [stdout]    = help: if you wanted to use a crate named `flatland_sim`, use `cargo add flatland_sim` to add it to your `Cargo.toml`
[INFO] [stdout] 
[INFO] [stdout] 
[INFO] [stdout] error[E0433]: cannot find module or crate `flatland_sim` in this scope
[INFO] [stdout]   --> tests/frame_sizes.rs:12:24
[INFO] [stdout]    |
[INFO] [stdout] 12 |     let segment_path = flatland_sim::default_seed_segment_path();
[INFO] [stdout]    |                        ^^^^^^^^^^^^ use of unresolved module or unlinked crate `flatland_sim`
[INFO] [stdout]    |
[INFO] [stdout]    = help: if you wanted to use a crate named `flatland_sim`, use `cargo add flatland_sim` to add it to your `Cargo.toml`
[INFO] [stdout] 
[INFO] [stdout] 
[INFO] [stdout] Some errors have detailed explanations: E0432, E0433.
[INFO] [stdout] 
[INFO] [stdout] For more information about an error, try `rustc --explain E0432`.
[INFO] [stdout] 
[INFO] [stderr] error: could not compile `flatland-protocol` (test "frame_sizes") due to 4 previous errors
[INFO] [stderr] warning: build failed, waiting for other jobs to finish...
[INFO] running `Command { std: "docker" "inspect" "10492e3bd77992609a4963d506920ccb8c36b6e4cf4270003619f6bd6af5c30c", kill_on_drop: false }`
[INFO] running `Command { std: "docker" "rm" "-f" "10492e3bd77992609a4963d506920ccb8c36b6e4cf4270003619f6bd6af5c30c", kill_on_drop: false }`
[INFO] [stdout] 10492e3bd77992609a4963d506920ccb8c36b6e4cf4270003619f6bd6af5c30c
