[INFO] fetching crate fizzy 0.8.0...
[INFO] testing fizzy-0.8.0 against 1.99.0-beta.8+cargoflags=--release for beta-release-1.100-2
[INFO] extracting crate fizzy 0.8.0 into /workspace/builds/worker-0-tc1/source
[INFO] started tweaking crates.io crate fizzy 0.8.0
[INFO] finished tweaking crates.io crate fizzy 0.8.0
[INFO] tweaked toml for crates.io crate fizzy 0.8.0 written to /workspace/builds/worker-0-tc1/source/Cargo.toml
[INFO] validating manifest of crates.io crate fizzy 0.8.0 on toolchain 1.99.0-beta.8
[INFO] running `Command { std: CARGO_HOME="/workspace/cargo-home" RUSTUP_HOME="/workspace/rustup-home" "/workspace/cargo-home/bin/cargo" "+1.99.0-beta.8" "metadata" "--manifest-path" "Cargo.toml" "--no-deps", kill_on_drop: false }`
[INFO] running `Command { std: CARGO_HOME="/workspace/cargo-home" RUSTUP_HOME="/workspace/rustup-home" "/workspace/cargo-home/bin/cargo" "+1.99.0-beta.8" "generate-lockfile" "--manifest-path" "Cargo.toml", kill_on_drop: false }`
[INFO] [stderr]     Updating crates.io index
[INFO] [stderr]      Locking 48 packages to highest compatible versions
[INFO] [stderr]       Adding bindgen v0.54.0 (available: v0.73.2)
[INFO] running `Command { std: CARGO_HOME="/workspace/cargo-home" RUSTUP_HOME="/workspace/rustup-home" "/workspace/cargo-home/bin/cargo" "+1.99.0-beta.8" "fetch" "--manifest-path" "Cargo.toml", kill_on_drop: false }`
[INFO] running `Command { std: "docker" "create" "-v" "/var/lib/crater-agent-workspace/builds/worker-0-tc1/source:/opt/rustwide/workdir:ro,Z" "-v" "/var/lib/crater-agent-workspace/builds/worker-0-tc1/target:/opt/rustwide/target:rw,Z" "-v" "/var/lib/crater-agent-workspace/cargo-home:/opt/rustwide/cargo-home:ro,Z" "-v" "/var/lib/crater-agent-workspace/rustup-home:/opt/rustwide/rustup-home:ro,Z" "-m" "1610612736" "--network" "none" "ghcr.io/rust-lang/crates-build-env/linux@sha256:77db811e55d90add9212f6832c23229e3de5f1c1f9905e8cb07319ea15df73ac" "sleep" "infinity", kill_on_drop: false }`
[INFO] [stdout] f51370b717e20c3bc805d71686bde46e4ebe703c6cee842e88b71f6f53a2f3b6
[INFO] running `Command { std: "docker" "start" "f51370b717e20c3bc805d71686bde46e4ebe703c6cee842e88b71f6f53a2f3b6", kill_on_drop: false }`
[INFO] running `Command { std: "docker" "inspect" "f51370b717e20c3bc805d71686bde46e4ebe703c6cee842e88b71f6f53a2f3b6", kill_on_drop: false }`
[INFO] running `Command { std: "docker" "exec" "-e" "SOURCE_DIR=/opt/rustwide/workdir" "-e" "CARGO_HOME=/opt/rustwide/cargo-home" "-e" "RUSTUP_HOME=/opt/rustwide/rustup-home" "-e" "CARGO_TARGET_DIR=/opt/rustwide/target" "-w" "/opt/rustwide/workdir" "--user" "0:0" "f51370b717e20c3bc805d71686bde46e4ebe703c6cee842e88b71f6f53a2f3b6" "/opt/rustwide/cargo-home/bin/cargo" "+1.99.0-beta.8" "metadata" "--no-deps" "--format-version=1", kill_on_drop: false }`
[INFO] running `Command { std: "docker" "inspect" "f51370b717e20c3bc805d71686bde46e4ebe703c6cee842e88b71f6f53a2f3b6", kill_on_drop: false }`
[INFO] running `Command { std: "docker" "exec" "-e" "SOURCE_DIR=/opt/rustwide/workdir" "-e" "CARGO_HOME=/opt/rustwide/cargo-home" "-e" "RUSTUP_HOME=/opt/rustwide/rustup-home" "-e" "CARGO_TARGET_DIR=/opt/rustwide/target" "-e" "CARGO_INCREMENTAL=0" "-e" "RUST_BACKTRACE=full" "-e" "RUSTFLAGS=--cap-lints=warn" "-e" "RUSTDOCFLAGS=--cap-lints=warn" "-w" "/opt/rustwide/workdir" "--user" "0:0" "f51370b717e20c3bc805d71686bde46e4ebe703c6cee842e88b71f6f53a2f3b6" "/opt/rustwide/cargo-home/bin/cargo" "+1.99.0-beta.8" "build" "--frozen" "--message-format=json" "--release", kill_on_drop: false }`
[INFO] [stderr]    Compiling libc v0.2.191
[INFO] [stderr]    Compiling memchr v2.8.3
[INFO] [stderr]    Compiling glob v0.3.4
[INFO] [stderr]    Compiling proc-macro2 v1.0.107
[INFO] [stderr]    Compiling regex-syntax v0.8.11
[INFO] [stderr]    Compiling nom v5.1.3
[INFO] [stderr]    Compiling libloading v0.5.2
[INFO] [stderr]    Compiling quote v1.0.47
[INFO] [stderr]    Compiling unicode-width v0.1.14
[INFO] [stderr]    Compiling quick-error v1.2.3
[INFO] [stderr]    Compiling humantime v1.3.0
[INFO] [stderr]    Compiling textwrap v0.11.0
[INFO] [stderr]    Compiling clang-sys v0.29.3
[INFO] [stderr]    Compiling log v0.4.34
[INFO] [stderr]    Compiling termcolor v1.4.1
[INFO] [stderr]    Compiling vec_map v0.8.2
[INFO] [stderr]    Compiling strsim v0.8.0
[INFO] [stderr]    Compiling aho-corasick v1.1.5
[INFO] [stderr]    Compiling bindgen v0.54.0
[INFO] [stderr]    Compiling ansi_term v0.12.1
[INFO] [stderr]    Compiling shlex v0.1.1
[INFO] [stderr]    Compiling peeking_take_while v0.1.2
[INFO] [stderr]    Compiling rustc-hash v1.1.0
[INFO] [stderr]    Compiling cfg-if v0.1.10
[INFO] [stderr]    Compiling lazycell v1.3.0
[INFO] [stderr]    Compiling cmake v0.1.58
[INFO] [stderr]    Compiling atty v0.2.14
[INFO] [stderr]    Compiling which v3.1.1
[INFO] [stderr]    Compiling clap v2.34.0
[INFO] [stderr]    Compiling regex-automata v0.4.18
[INFO] [stderr]    Compiling cexpr v0.4.0
[INFO] [stderr]    Compiling regex v1.13.1
[INFO] [stderr]    Compiling env_logger v0.7.1
[INFO] [stderr]    Compiling fizzy v0.8.0 (/opt/rustwide/workdir)
[INFO] [stderr] error: failed to run custom build command for `fizzy v0.8.0 (/opt/rustwide/workdir)`
[INFO] [stderr] note: To improve backtraces for build dependencies, set the CARGO_PROFILE_RELEASE_BUILD_OVERRIDE_DEBUG=true environment variable to enable debug information generation.
[INFO] [stderr] 
[INFO] [stderr] Caused by:
[INFO] [stderr]   process didn't exit successfully: `/opt/rustwide/target/release/build/fizzy-2b002efddd36ab68/build-script-build` (exit status: 101)
[INFO] [stderr]   --- stdout
[INFO] [stderr]   CMAKE_TOOLCHAIN_FILE_x86_64-unknown-linux-gnu = None
[INFO] [stderr]   CMAKE_TOOLCHAIN_FILE_x86_64_unknown_linux_gnu = None
[INFO] [stderr]   HOST_CMAKE_TOOLCHAIN_FILE = None
[INFO] [stderr]   CMAKE_TOOLCHAIN_FILE = None
[INFO] [stderr]   CMAKE_GENERATOR_x86_64-unknown-linux-gnu = None
[INFO] [stderr]   CMAKE_GENERATOR_x86_64_unknown_linux_gnu = None
[INFO] [stderr]   HOST_CMAKE_GENERATOR = None
[INFO] [stderr]   CMAKE_GENERATOR = None
[INFO] [stderr]   CMAKE_PREFIX_PATH_x86_64-unknown-linux-gnu = None
[INFO] [stderr]   CMAKE_PREFIX_PATH_x86_64_unknown_linux_gnu = None
[INFO] [stderr]   HOST_CMAKE_PREFIX_PATH = None
[INFO] [stderr]   CMAKE_PREFIX_PATH = None
[INFO] [stderr]   CMAKE_x86_64-unknown-linux-gnu = None
[INFO] [stderr]   CMAKE_x86_64_unknown_linux_gnu = None
[INFO] [stderr]   HOST_CMAKE = None
[INFO] [stderr]   CMAKE = None
[INFO] [stderr]   -- Build type: Release
[INFO] [stderr]   -- The CXX compiler identification is GNU 15.2.0
[INFO] [stderr]   -- The C compiler identification is GNU 15.2.0
[INFO] [stderr]   -- Detecting CXX compiler ABI info
[INFO] [stderr]   -- Detecting CXX compiler ABI info - done
[INFO] [stderr]   -- Check for working CXX compiler: /usr/bin/c++ - skipped
[INFO] [stderr]   -- Detecting CXX compile features
[INFO] [stderr]   -- Detecting CXX compile features - done
[INFO] [stderr]   -- Detecting C compiler ABI info
[INFO] [stderr]   -- Detecting C compiler ABI info - done
[INFO] [stderr]   -- Check for working C compiler: /usr/bin/cc - skipped
[INFO] [stderr]   -- Detecting C compile features
[INFO] [stderr]   -- Detecting C compile features - done
[INFO] [stderr]   -- Performing Test fstack-protector
[INFO] [stderr]   -- Performing Test fstack-protector - Success
[INFO] [stderr]   -- Performing Test fstack-protector-strong
[INFO] [stderr]   -- Performing Test fstack-protector-strong - Success
[INFO] [stderr]   -- Performing Test Wimplicit-fallthrough
[INFO] [stderr]   -- Performing Test Wimplicit-fallthrough - Success
[INFO] [stderr]   -- Performing Test C_Wextra_semi
[INFO] [stderr]   -- Performing Test C_Wextra_semi - Failed
[INFO] [stderr]   -- Performing Test CXX_Wextra_semi
[INFO] [stderr]   -- Performing Test CXX_Wextra_semi - Success
[INFO] [stderr]   -- Performing Test C_Wold_style_cast
[INFO] [stderr]   -- Performing Test C_Wold_style_cast - Failed
[INFO] [stderr]   -- Performing Test CXX_Wold_style_cast
[INFO] [stderr]   -- Performing Test CXX_Wold_style_cast - Success
[INFO] [stderr]   -- Performing Test C_Wfinal_dtor_non_final_class
[INFO] [stderr]   -- Performing Test C_Wfinal_dtor_non_final_class - Failed
[INFO] [stderr]   -- Performing Test CXX_Wfinal_dtor_non_final_class
[INFO] [stderr]   -- Performing Test CXX_Wfinal_dtor_non_final_class - Failed
[INFO] [stderr]   -- Performing Test C_Wnewline_eof
[INFO] [stderr]   -- Performing Test C_Wnewline_eof - Failed
[INFO] [stderr]   -- Performing Test CXX_Wnewline_eof
[INFO] [stderr]   -- Performing Test CXX_Wnewline_eof - Failed
[INFO] [stderr]   -- Performing Test C_Wsuggest_destructor_override
[INFO] [stderr]   -- Performing Test C_Wsuggest_destructor_override - Failed
[INFO] [stderr]   -- Performing Test CXX_Wsuggest_destructor_override
[INFO] [stderr]   -- Performing Test CXX_Wsuggest_destructor_override - Failed
[INFO] [stderr]   -- Performing Test C_Wunreachable_code_break
[INFO] [stderr]   -- Performing Test C_Wunreachable_code_break - Failed
[INFO] [stderr]   -- Performing Test CXX_Wunreachable_code_break
[INFO] [stderr]   -- Performing Test CXX_Wunreachable_code_break - Failed
[INFO] [stderr]   -- Performing Test C_Wduplicated_cond
[INFO] [stderr]   -- Performing Test C_Wduplicated_cond - Success
[INFO] [stderr]   -- Performing Test CXX_Wduplicated_cond
[INFO] [stderr]   -- Performing Test CXX_Wduplicated_cond - Success
[INFO] [stderr]   -- Performing Test C_Wduplicate_enum
[INFO] [stderr]   -- Performing Test C_Wduplicate_enum - Failed
[INFO] [stderr]   -- Performing Test CXX_Wduplicate_enum
[INFO] [stderr]   -- Performing Test CXX_Wduplicate_enum - Failed
[INFO] [stderr]   -- Performing Test C_Wlogical_op
[INFO] [stderr]   -- Performing Test C_Wlogical_op - Success
[INFO] [stderr]   -- Performing Test CXX_Wlogical_op
[INFO] [stderr]   -- Performing Test CXX_Wlogical_op - Success
[INFO] [stderr]   -- Performing Test C_Wno_unknown_attributes
[INFO] [stderr]   -- Performing Test C_Wno_unknown_attributes - Success
[INFO] [stderr]   -- Performing Test CXX_Wno_unknown_attributes
[INFO] [stderr]   -- Performing Test CXX_Wno_unknown_attributes - Success
[INFO] [stderr]   -- Configuring done (6.2s)
[INFO] [stderr]   -- Generating done (0.0s)
[INFO] [stderr]   -- Build files have been written to: /opt/rustwide/target/release/build/fizzy-19ba36a96666942e/out/build
[INFO] [stderr]   [ 10%] Building CXX object lib/fizzy/CMakeFiles/fizzy.dir/capi.cpp.o
[INFO] [stderr]   [ 20%] Building CXX object lib/fizzy/CMakeFiles/fizzy.dir/instantiate.cpp.o
[INFO] [stderr]   [ 30%] Building CXX object lib/fizzy/CMakeFiles/fizzy.dir/exceptions.cpp.o
[INFO] [stderr]   [ 40%] Building CXX object lib/fizzy/CMakeFiles/fizzy.dir/asserts.cpp.o
[INFO] [stderr]   [ 50%] Building CXX object lib/fizzy/CMakeFiles/fizzy.dir/execute.cpp.o
[INFO] [stderr]   [ 60%] Building CXX object lib/fizzy/CMakeFiles/fizzy.dir/instructions.cpp.o
[INFO] [stderr]   [ 70%] Building CXX object lib/fizzy/CMakeFiles/fizzy.dir/parser_expr.cpp.o
[INFO] [stderr]   [ 80%] Building CXX object lib/fizzy/CMakeFiles/fizzy.dir/parser.cpp.o
[INFO] [stderr]   [ 90%] Building CXX object lib/fizzy/CMakeFiles/fizzy.dir/utf8.cpp.o
[INFO] [stderr] 
[INFO] [stderr]   --- stderr
[INFO] [stderr]   running: cd "/opt/rustwide/target/release/build/fizzy-19ba36a96666942e/out/build" && CMAKE_PREFIX_PATH="" LC_ALL="C" "cmake" "/opt/rustwide/workdir/fizzy" "-B" "/opt/rustwide/target/release/build/fizzy-19ba36a96666942e/out/build" "-DFIZZY_TESTING=OFF" "-DCMAKE_INSTALL_PREFIX=/opt/rustwide/target/release/build/fizzy-19ba36a96666942e/out" "-DCMAKE_C_FLAGS= -ffunction-sections -fdata-sections -fPIC -m64 -w" "-DCMAKE_C_COMPILER=/usr/bin/cc" "-DCMAKE_CXX_FLAGS= -ffunction-sections -fdata-sections -fPIC -m64 -w" "-DCMAKE_CXX_COMPILER=/usr/bin/c++" "-DCMAKE_ASM_FLAGS= -ffunction-sections -fdata-sections -fPIC -m64 -w" "-DCMAKE_ASM_COMPILER=/usr/bin/cc" "-DCMAKE_BUILD_TYPE=Release"
[INFO] [stderr]   CMake Warning:
[INFO] [stderr]     Manually-specified variables were not used by the project:
[INFO] [stderr] 
[INFO] [stderr]       CMAKE_ASM_COMPILER
[INFO] [stderr]       CMAKE_ASM_FLAGS
[INFO] [stderr] 
[INFO] [stderr] 
[INFO] [stderr]   running: cd "/opt/rustwide/target/release/build/fizzy-19ba36a96666942e/out/build" && LC_ALL="C" MAKEFLAGS="-j --jobserver-fds=4,5 --jobserver-auth=4,5" "cmake" "--build" "/opt/rustwide/target/release/build/fizzy-19ba36a96666942e/out/build" "--target" "install" "--config" "Release"
[INFO] [stderr]   /opt/rustwide/workdir/fizzy/lib/fizzy/capi.cpp: In function 'std::vector<fizzy::ExternalFunction> {anonymous}::unwrap(const FizzyExternalFunction*, size_t)':
[INFO] [stderr]   /opt/rustwide/workdir/fizzy/lib/fizzy/capi.cpp:258:10: error: 'transform' is not a member of 'std'
[INFO] [stderr]     258 |     std::transform(c_external_functions, c_external_functions + external_functions_size,
[INFO] [stderr]         |          ^~~~~~~~~
[INFO] [stderr]   /opt/rustwide/workdir/fizzy/lib/fizzy/capi.cpp: In function 'fizzy::ImportedFunction {anonymous}::unwrap(const FizzyImportedFunction&)':
[INFO] [stderr]   /opt/rustwide/workdir/fizzy/lib/fizzy/capi.cpp:269:10: error: 'transform' is not a member of 'std'
[INFO] [stderr]     269 |     std::transform(
[INFO] [stderr]         |          ^~~~~~~~~
[INFO] [stderr]   /opt/rustwide/workdir/fizzy/lib/fizzy/capi.cpp: In function 'std::vector<fizzy::ImportedFunction> {anonymous}::unwrap(const FizzyImportedFunction*, size_t)':
[INFO] [stderr]   /opt/rustwide/workdir/fizzy/lib/fizzy/capi.cpp:290:10: error: 'transform' is not a member of 'std'
[INFO] [stderr]     290 |     std::transform(c_imported_functions, c_imported_functions + imported_functions_size,
[INFO] [stderr]         |          ^~~~~~~~~
[INFO] [stderr]   /opt/rustwide/workdir/fizzy/lib/fizzy/capi.cpp: In function 'std::vector<fizzy::ImportedGlobal> {anonymous}::unwrap(const FizzyImportedGlobal*, size_t)':
[INFO] [stderr]   /opt/rustwide/workdir/fizzy/lib/fizzy/capi.cpp:309:10: error: 'transform' is not a member of 'std'
[INFO] [stderr]     309 |     std::transform(c_imported_globals, c_imported_globals + imported_globals_size,
[INFO] [stderr]         |          ^~~~~~~~~
[INFO] [stderr]   /opt/rustwide/workdir/fizzy/lib/fizzy/capi.cpp: In function 'std::vector<fizzy::ExternalGlobal> {anonymous}::unwrap(const FizzyExternalGlobal*, size_t)':
[INFO] [stderr]   /opt/rustwide/workdir/fizzy/lib/fizzy/capi.cpp:401:10: error: 'transform' is not a member of 'std'
[INFO] [stderr]     401 |     std::transform(c_external_globals, c_external_globals + external_globals_size,
[INFO] [stderr]         |          ^~~~~~~~~
[INFO] [stderr]   At global scope:
[INFO] [stderr]   cc1plus: note: unrecognized command-line option '-Wno-unknown-attributes' may have been intended to silence earlier diagnostics
[INFO] [stderr]   gmake[2]: *** [lib/fizzy/CMakeFiles/fizzy.dir/build.make:93: lib/fizzy/CMakeFiles/fizzy.dir/capi.cpp.o] Error 1
[INFO] [stderr]   gmake[2]: *** Waiting for unfinished jobs....
[INFO] [stderr]   gmake[1]: *** [CMakeFiles/Makefile2:125: lib/fizzy/CMakeFiles/fizzy.dir/all] Error 2
[INFO] [stderr]   gmake: *** [Makefile:136: all] Error 2
[INFO] [stderr] 
[INFO] [stderr]   thread 'main' (541) panicked at /opt/rustwide/cargo-home/registry/src/index.crates.io-1949cf8c6b5b557f/cmake-0.1.58/src/lib.rs:1132:5:
[INFO] [stderr] 
[INFO] [stderr]   command did not execute successfully, got: exit status: 2
[INFO] [stderr] 
[INFO] [stderr]   build script failed, must exit now
[INFO] [stderr]   stack backtrace:
[INFO] [stderr]      0:     0x63101904fe41 - <<std[70759c8f55707aa4]::sys::backtrace::BacktraceLock>::print::DisplayBacktrace as core[df12db4294e9bfd3]::fmt::Display>::fmt
[INFO] [stderr]      1:     0x631019067ffa - core[df12db4294e9bfd3]::fmt::write
[INFO] [stderr]      2:     0x63101905640c - <std[70759c8f55707aa4]::sys::stdio::unix::Stderr as core[df12db4294e9bfd3]::io::write::Write>::write_fmt
[INFO] [stderr]      3:     0x631019029d76 - std[70759c8f55707aa4]::panicking::default_hook::{closure#0}
[INFO] [stderr]      4:     0x631019047d61 - std[70759c8f55707aa4]::panicking::default_hook
[INFO] [stderr]      5:     0x631019047f1b - std[70759c8f55707aa4]::panicking::panic_with_hook
[INFO] [stderr]      6:     0x631019029e22 - std[70759c8f55707aa4]::panicking::panic_handler::{closure#0}
[INFO] [stderr]      7:     0x6310190229b9 - std[70759c8f55707aa4]::sys::backtrace::__rust_end_short_backtrace::<std[70759c8f55707aa4]::panicking::panic_handler::{closure#0}, !>
[INFO] [stderr]      8:     0x63101902aa0d - __rustc[8fa7c3cbc660c2b3]::rust_begin_unwind
[INFO] [stderr]      9:     0x63101906881c - core[df12db4294e9bfd3]::panicking::panic_fmt
[INFO] [stderr]     10:     0x631018bcc847 - cmake[7e771a39bb3c34a8]::fail
[INFO] [stderr]     11:     0x631018bcc4d3 - cmake[7e771a39bb3c34a8]::run
[INFO] [stderr]     12:     0x631018bd24a5 - <cmake[7e771a39bb3c34a8]::Config>::build
[INFO] [stderr]     13:     0x631018bc37b9 - build_script_build[2280bf4405919134]::main
[INFO] [stderr]     14:     0x631018bc4a43 - <fn() as core[df12db4294e9bfd3]::ops::function::FnOnce<()>>::call_once
[INFO] [stderr]     15:     0x631018bc33e6 - std[70759c8f55707aa4]::sys::backtrace::__rust_begin_short_backtrace::<fn(), ()>
[INFO] [stderr]     16:     0x631018bc33f9 - std[70759c8f55707aa4]::rt::lang_start::<()>::{closure#0}
[INFO] [stderr]     17:     0x631019046c89 - std[70759c8f55707aa4]::rt::lang_start_internal
[INFO] [stderr]     18:     0x631018bc2f11 - std[70759c8f55707aa4]::rt::lang_start::<()>
[INFO] [stderr]     19:     0x631018bc4bd5 - main
[INFO] [stderr]     20:     0x7d592d6e3601 - <unknown>
[INFO] [stderr]     21:     0x7d592d6e3718 - __libc_start_main
[INFO] [stderr]     22:     0x631018bc1bf5 - _start
[INFO] [stderr]     23:                0x0 - <unknown>
[INFO] running `Command { std: "docker" "inspect" "f51370b717e20c3bc805d71686bde46e4ebe703c6cee842e88b71f6f53a2f3b6", kill_on_drop: false }`
[INFO] running `Command { std: "docker" "rm" "-f" "f51370b717e20c3bc805d71686bde46e4ebe703c6cee842e88b71f6f53a2f3b6", kill_on_drop: false }`
[INFO] [stdout] f51370b717e20c3bc805d71686bde46e4ebe703c6cee842e88b71f6f53a2f3b6
