[INFO] fetching crate file_logger 0.1.0...
[INFO] testing file_logger-0.1.0 against 1.100.0-beta.1+cargoflags=--release for beta-release-1.100-2
[INFO] extracting crate file_logger 0.1.0 into /workspace/builds/worker-5-tc2/source
[INFO] started tweaking crates.io crate file_logger 0.1.0
[INFO] finished tweaking crates.io crate file_logger 0.1.0
[INFO] tweaked toml for crates.io crate file_logger 0.1.0 written to /workspace/builds/worker-5-tc2/source/Cargo.toml
[INFO] validating manifest of crates.io crate file_logger 0.1.0 on toolchain 1.100.0-beta.1
[INFO] running `Command { std: CARGO_HOME="/workspace/cargo-home" RUSTUP_HOME="/workspace/rustup-home" "/workspace/cargo-home/bin/cargo" "+1.100.0-beta.1" "metadata" "--manifest-path" "Cargo.toml" "--no-deps", kill_on_drop: false }`
[INFO] running `Command { std: CARGO_HOME="/workspace/cargo-home" RUSTUP_HOME="/workspace/rustup-home" "/workspace/cargo-home/bin/cargo" "+1.100.0-beta.1" "generate-lockfile" "--manifest-path" "Cargo.toml", kill_on_drop: false }`
[INFO] [stderr]     Updating crates.io index
[INFO] [stderr]      Locking 27 packages to highest compatible versions
[INFO] [stderr]       Adding log v0.3.9 (available: v0.4.34)
[INFO] [stderr]       Adding nom v1.2.4 (available: v8.0.0)
[INFO] [stderr]       Adding regex v0.1.80 (available: v1.13.1)
[INFO] [stderr]       Adding toml v0.1.30 (available: v1.1.8+spec-1.1.0)
[INFO] running `Command { std: CARGO_HOME="/workspace/cargo-home" RUSTUP_HOME="/workspace/rustup-home" "/workspace/cargo-home/bin/cargo" "+1.100.0-beta.1" "fetch" "--manifest-path" "Cargo.toml", kill_on_drop: false }`
[INFO] [stderr] warning: Cargo.toml: `package.edition` is unspecified, defaulting to `2015` while the latest is `2024`
[INFO] [stderr] warning: `file_logger` (manifest) generated 1 warning
[INFO] running `Command { std: "docker" "create" "-v" "/var/lib/crater-agent-workspace/builds/worker-5-tc2/source:/opt/rustwide/workdir:ro,Z" "-v" "/var/lib/crater-agent-workspace/builds/worker-5-tc2/target:/opt/rustwide/target:rw,Z" "-v" "/var/lib/crater-agent-workspace/cargo-home:/opt/rustwide/cargo-home:ro,Z" "-v" "/var/lib/crater-agent-workspace/rustup-home:/opt/rustwide/rustup-home:ro,Z" "-m" "1610612736" "--network" "none" "ghcr.io/rust-lang/crates-build-env/linux@sha256:77db811e55d90add9212f6832c23229e3de5f1c1f9905e8cb07319ea15df73ac" "sleep" "infinity", kill_on_drop: false }`
[INFO] [stdout] 3d2b06d2eef56611516e402dbb82fa76f56bc5a9088d5505e06190b34dedf5fe
[INFO] running `Command { std: "docker" "start" "3d2b06d2eef56611516e402dbb82fa76f56bc5a9088d5505e06190b34dedf5fe", kill_on_drop: false }`
[INFO] running `Command { std: "docker" "inspect" "3d2b06d2eef56611516e402dbb82fa76f56bc5a9088d5505e06190b34dedf5fe", kill_on_drop: false }`
[INFO] running `Command { std: "docker" "exec" "-e" "SOURCE_DIR=/opt/rustwide/workdir" "-e" "CARGO_HOME=/opt/rustwide/cargo-home" "-e" "RUSTUP_HOME=/opt/rustwide/rustup-home" "-e" "CARGO_TARGET_DIR=/opt/rustwide/target" "-w" "/opt/rustwide/workdir" "--user" "0:0" "3d2b06d2eef56611516e402dbb82fa76f56bc5a9088d5505e06190b34dedf5fe" "/opt/rustwide/cargo-home/bin/cargo" "+1.100.0-beta.1" "metadata" "--no-deps" "--format-version=1", kill_on_drop: false }`
[INFO] running `Command { std: "docker" "inspect" "3d2b06d2eef56611516e402dbb82fa76f56bc5a9088d5505e06190b34dedf5fe", kill_on_drop: false }`
[INFO] running `Command { std: "docker" "exec" "-e" "SOURCE_DIR=/opt/rustwide/workdir" "-e" "CARGO_HOME=/opt/rustwide/cargo-home" "-e" "RUSTUP_HOME=/opt/rustwide/rustup-home" "-e" "CARGO_TARGET_DIR=/opt/rustwide/target" "-e" "CARGO_INCREMENTAL=0" "-e" "RUST_BACKTRACE=full" "-e" "RUSTFLAGS=--cap-lints=warn" "-e" "RUSTDOCFLAGS=--cap-lints=warn" "-w" "/opt/rustwide/workdir" "--user" "0:0" "3d2b06d2eef56611516e402dbb82fa76f56bc5a9088d5505e06190b34dedf5fe" "/opt/rustwide/cargo-home/bin/cargo" "+1.100.0-beta.1" "build" "--frozen" "--message-format=json" "--release", kill_on_drop: false }`
[INFO] [stderr] warning: Cargo.toml: `package.edition` is unspecified, defaulting to `2015` while the latest is `2024`
[INFO] [stderr] warning: `file_logger` (manifest) generated 1 warning
[INFO] [stderr]    Compiling winapi-build v0.1.1
[INFO] [stderr]    Compiling winapi v0.2.8
[INFO] [stderr]    Compiling log v0.4.34
[INFO] [stderr]    Compiling regex-syntax v0.3.9
[INFO] [stderr]    Compiling rustc-serialize v0.3.25
[INFO] [stderr]    Compiling utf8-ranges v0.1.3
[INFO] [stderr]    Compiling nom v1.2.4
[INFO] [stderr]    Compiling memchr v0.1.11
[INFO] [stderr]    Compiling time v0.3.55
[INFO] [stderr]    Compiling kernel32-sys v0.2.2
[INFO] [stderr]    Compiling aho-corasick v0.5.3
[INFO] [stderr]    Compiling thread-id v2.0.0
[INFO] [stderr]    Compiling log v0.3.9
[INFO] [stderr]    Compiling thread_local v0.2.7
[INFO] [stderr]    Compiling regex v0.1.80
[INFO] [stderr]    Compiling toml v0.1.30
[INFO] [stderr]    Compiling file_logger v0.1.0 (/opt/rustwide/workdir)
[INFO] [stdout] error[E0432]: unresolved import `self::time::Tm`
[INFO] [stdout]  --> src/format.rs:4:5
[INFO] [stdout]   |
[INFO] [stdout] 4 | use self::time::Tm;
[INFO] [stdout]   |     ^^^^^^^^^^^^--
[INFO] [stdout]   |                 |
[INFO] [stdout]   |                 no `Tm` in the root
[INFO] [stdout] 
[INFO] [stdout] 
[INFO] [stdout] error[E0425]: cannot find function `now` in crate `time`
[INFO] [stdout]   --> src/logger.rs:62:25
[INFO] [stdout]    |
[INFO] [stdout] 62 |         let now = time::now();
[INFO] [stdout]    |                         ^^^ not found in `time`
[INFO] [stdout] 
[INFO] [stdout] 
[INFO] [stdout] error[E0425]: cannot find function `strftime` in crate `time`
[INFO] [stdout]   --> src/format.rs:32:83
[INFO] [stdout]    |
[INFO] [stdout] 32 |             &FormatSpecifier::Timestamp(ref s) => try!(write!(f, "{}", try!(time::strftime(s, datetime)))),
[INFO] [stdout]    |                                                                                   ^^^^^^^^ not found in `time`
[INFO] [stdout] 
[INFO] [stdout] 
[INFO] [stdout] error[E0425]: cannot find type `ParseError` in crate `time`
[INFO] [stdout]   --> src/error.rs:32:17
[INFO] [stdout]    |
[INFO] [stdout] 32 |     Parse(time::ParseError),
[INFO] [stdout]    |                 ^^^^^^^^^^ not found in `time`
[INFO] [stdout]    |
[INFO] [stdout] help: consider importing this type alias
[INFO] [stdout]    |
[INFO] [stdout]  2 + use std::string::ParseError;
[INFO] [stdout]    |
[INFO] [stdout] help: if you import `ParseError`, refer to it directly
[INFO] [stdout]    |
[INFO] [stdout] 32 -     Parse(time::ParseError),
[INFO] [stdout] 32 +     Parse(ParseError),
[INFO] [stdout]    |
[INFO] [stdout] 
[INFO] [stdout] 
[INFO] [stdout] error[E0425]: cannot find type `ParseError` in crate `time`
[INFO] [stdout]   --> src/error.rs:75:17
[INFO] [stdout]    |
[INFO] [stdout] 75 | impl From<time::ParseError> for Error {
[INFO] [stdout]    |                 ^^^^^^^^^^ not found in `time`
[INFO] [stdout]    |
[INFO] [stdout] help: consider importing this type alias
[INFO] [stdout]    |
[INFO] [stdout]  2 + use std::string::ParseError;
[INFO] [stdout]    |
[INFO] [stdout] help: if you import `ParseError`, refer to it directly
[INFO] [stdout]    |
[INFO] [stdout] 75 - impl From<time::ParseError> for Error {
[INFO] [stdout] 75 + impl From<ParseError> for Error {
[INFO] [stdout]    |
[INFO] [stdout] 
[INFO] [stdout] 
[INFO] [stdout] error[E0425]: cannot find type `ParseError` in crate `time`
[INFO] [stdout]   --> src/error.rs:76:22
[INFO] [stdout]    |
[INFO] [stdout] 76 |     fn from(e: time::ParseError) -> Self {
[INFO] [stdout]    |                      ^^^^^^^^^^ not found in `time`
[INFO] [stdout]    |
[INFO] [stdout] help: consider importing this type alias
[INFO] [stdout]    |
[INFO] [stdout]  2 + use std::string::ParseError;
[INFO] [stdout]    |
[INFO] [stdout] help: if you import `ParseError`, refer to it directly
[INFO] [stdout]    |
[INFO] [stdout] 76 -     fn from(e: time::ParseError) -> Self {
[INFO] [stdout] 76 +     fn from(e: ParseError) -> Self {
[INFO] [stdout]    |
[INFO] [stdout] 
[INFO] [stdout] 
[INFO] [stdout] warning: use of deprecated macro `try`: use the `?` operator instead
[INFO] [stdout]    --> src/logger.rs:130:20
[INFO] [stdout]     |
[INFO] [stdout] 130 |         let file = try!(File::create(p));
[INFO] [stdout]     |                    ^^^
[INFO] [stdout]     |
[INFO] [stdout]     = note: `#[warn(deprecated)]` on by default
[INFO] [stdout] 
[INFO] [stdout] 
[INFO] [stdout] warning: use of deprecated macro `try`: use the `?` operator instead
[INFO] [stdout]    --> src/logger.rs:136:20
[INFO] [stdout]     |
[INFO] [stdout] 136 |         let file = try!(file);
[INFO] [stdout]     |                    ^^^
[INFO] [stdout] 
[INFO] [stdout] 
[INFO] [stdout] warning: use of deprecated macro `try`: use the `?` operator instead
[INFO] [stdout]    --> src/logger.rs:147:31
[INFO] [stdout]     |
[INFO] [stdout] 147 |                 Some(true) => try!(Self::append_file(s)),
[INFO] [stdout]     |                               ^^^
[INFO] [stdout] 
[INFO] [stdout] 
[INFO] [stdout] warning: use of deprecated macro `try`: use the `?` operator instead
[INFO] [stdout]    --> src/logger.rs:149:25
[INFO] [stdout]     |
[INFO] [stdout] 149 |                 None => try!(Self::new_file(s))
[INFO] [stdout]     |                         ^^^
[INFO] [stdout] 
[INFO] [stdout] 
[INFO] [stdout] warning: use of deprecated macro `try`: use the `?` operator instead
[INFO] [stdout]    --> src/logger.rs:155:25
[INFO] [stdout]     |
[INFO] [stdout] 155 |                 let r = try!(Regex::new(s).map_err(|_| Error::Config));
[INFO] [stdout]     |                         ^^^
[INFO] [stdout] 
[INFO] [stdout] 
[INFO] [stdout] warning: use of deprecated macro `try`: use the `?` operator instead
[INFO] [stdout]    --> src/logger.rs:176:33
[INFO] [stdout]     |
[INFO] [stdout] 176 |             Some(s) => f.format(try!(s.parse())),
[INFO] [stdout]     |                                 ^^^
[INFO] [stdout] 
[INFO] [stdout] 
[INFO] [stdout] warning: use of deprecated macro `try`: use the `?` operator instead
[INFO] [stdout]   --> src/format.rs:29:45
[INFO] [stdout]    |
[INFO] [stdout] 29 |             &FormatSpecifier::Str(ref s) => try!(write!(f, "{}", s)),
[INFO] [stdout]    |                                             ^^^
[INFO] [stdout] 
[INFO] [stdout] 
[INFO] [stdout] warning: use of deprecated macro `try`: use the `?` operator instead
[INFO] [stdout]   --> src/format.rs:30:40
[INFO] [stdout]    |
[INFO] [stdout] 30 |             &FormatSpecifier::Level => try!(write!(f, "{}", record.level())),
[INFO] [stdout]    |                                        ^^^
[INFO] [stdout] 
[INFO] [stdout] 
[INFO] [stdout] warning: use of deprecated macro `try`: use the `?` operator instead
[INFO] [stdout]   --> src/format.rs:32:72
[INFO] [stdout]    |
[INFO] [stdout] 32 |             &FormatSpecifier::Timestamp(ref s) => try!(write!(f, "{}", try!(time::strftime(s, datetime)))),
[INFO] [stdout]    |                                                                        ^^^
[INFO] [stdout] 
[INFO] [stdout] 
[INFO] [stdout] warning: use of deprecated macro `try`: use the `?` operator instead
[INFO] [stdout]   --> src/format.rs:32:51
[INFO] [stdout]    |
[INFO] [stdout] 32 |             &FormatSpecifier::Timestamp(ref s) => try!(write!(f, "{}", try!(time::strftime(s, datetime)))),
[INFO] [stdout]    |                                                   ^^^
[INFO] [stdout] 
[INFO] [stdout] 
[INFO] [stdout] warning: use of deprecated macro `try`: use the `?` operator instead
[INFO] [stdout]   --> src/format.rs:33:45
[INFO] [stdout]    |
[INFO] [stdout] 33 |             &FormatSpecifier::ModulePath => try!(write!(f, "{}", location.module_path())),
[INFO] [stdout]    |                                             ^^^
[INFO] [stdout] 
[INFO] [stdout] 
[INFO] [stdout] warning: use of deprecated macro `try`: use the `?` operator instead
[INFO] [stdout]   --> src/format.rs:34:39
[INFO] [stdout]    |
[INFO] [stdout] 34 |             &FormatSpecifier::File => try!(write!(f, "{}", location.file())),
[INFO] [stdout]    |                                       ^^^
[INFO] [stdout] 
[INFO] [stdout] 
[INFO] [stdout] warning: use of deprecated macro `try`: use the `?` operator instead
[INFO] [stdout]   --> src/format.rs:35:39
[INFO] [stdout]    |
[INFO] [stdout] 35 |             &FormatSpecifier::Line => try!(write!(f, "{}", location.line())),
[INFO] [stdout]    |                                       ^^^
[INFO] [stdout] 
[INFO] [stdout] 
[INFO] [stdout] warning: use of deprecated macro `try`: use the `?` operator instead
[INFO] [stdout]   --> src/format.rs:36:42
[INFO] [stdout]    |
[INFO] [stdout] 36 |             &FormatSpecifier::Message => try!(write!(f, "{}", record.args()))
[INFO] [stdout]    |                                          ^^^
[INFO] [stdout] 
[INFO] [stdout] 
[INFO] [stdout] warning: use of deprecated macro `try`: use the `?` operator instead
[INFO] [stdout]   --> src/format.rs:75:9
[INFO] [stdout]    |
[INFO] [stdout] 75 |         try!(write!(w, "\n"));
[INFO] [stdout]    |         ^^^
[INFO] [stdout] 
[INFO] [stdout] 
[INFO] [stdout] warning: use of deprecated macro `try`: use the `?` operator instead
[INFO] [stdout]   --> src/format.rs:73:13
[INFO] [stdout]    |
[INFO] [stdout] 73 |             try!(f.format(w, record, datetime));
[INFO] [stdout]    |             ^^^
[INFO] [stdout] 
[INFO] [stdout] 
[INFO] [stdout] warning: trailing semicolon in macro used in expression position
[INFO] [stdout]   --> src/format.rs:81:1
[INFO] [stdout]    |
[INFO] [stdout] 81 | named!(parse_str < Vec<FormatSpecifier> >, many0!(alt!(_str|_tag)));
[INFO] [stdout]    | ^^^^^^^^^^^^^^^^^^^^^^^^^^^^^^^^^^^^^^^^^^^^^^^^^^^^^^^^^^^^^^^^^^^
[INFO] [stdout]    |
[INFO] [stdout]    = note: macro invocations at the end of a block are treated as expressions
[INFO] [stdout]    = note: to ignore the value produced by the macro, add a semicolon after the invocation of `alt_parser`
[INFO] [stdout]    = warning: this was previously accepted by the compiler but is being phased out; it will become a hard error in a future release!
[INFO] [stdout]    = note: for more information, see issue #79813 <https://github.com/rust-lang/rust/issues/79813>
[INFO] [stdout]    = note: `#[warn(semicolon_in_expressions_from_non_local_macros)]` (part of `#[warn(future_incompatible)]`) on by default
[INFO] [stdout]    = note: this warning originates in the macro `alt_parser` which comes from the expansion of the macro `named` (in Nightly builds, run with -Z macro-backtrace for more info)
[INFO] [stdout] 
[INFO] [stdout] 
[INFO] [stdout] warning: trailing semicolon in macro used in expression position
[INFO] [stdout]   --> src/format.rs:81:1
[INFO] [stdout]    |
[INFO] [stdout] 81 | named!(parse_str < Vec<FormatSpecifier> >, many0!(alt!(_str|_tag)));
[INFO] [stdout]    | ^^^^^^^^^^^^^^^^^^^^^^^^^^^^^^^^^^^^^^^^^^^^^^^^^^^^^^^^^^^^^^^^^^^
[INFO] [stdout]    |
[INFO] [stdout]    = note: macro invocations at the end of a block are treated as expressions
[INFO] [stdout]    = note: to ignore the value produced by the macro, add a semicolon after the invocation of `alt_parser`
[INFO] [stdout]    = warning: this was previously accepted by the compiler but is being phased out; it will become a hard error in a future release!
[INFO] [stdout]    = note: for more information, see issue #79813 <https://github.com/rust-lang/rust/issues/79813>
[INFO] [stdout]    = note: this warning originates in the macro `alt_parser` which comes from the expansion of the macro `named` (in Nightly builds, run with -Z macro-backtrace for more info)
[INFO] [stdout] 
[INFO] [stdout] 
[INFO] [stdout] warning: trailing semicolon in macro used in expression position
[INFO] [stdout]   --> src/format.rs:82:1
[INFO] [stdout]    |
[INFO] [stdout] 82 | / named!(_str <FormatSpecifier>, map_res!(many1!(is_not!("{")), |vs| {
[INFO] [stdout] 83 | |     let mut vec = Vec::new();
[INFO] [stdout] 84 | |     for v in vs {
[INFO] [stdout] 85 | |         vec.extend(v);
[INFO] [stdout] 86 | |     }
[INFO] [stdout] 87 | |     from_utf8(&vec).map(|s| FormatSpecifier::Str(s.to_string()))   
[INFO] [stdout] 88 | | }));
[INFO] [stdout]    | |___^
[INFO] [stdout]    |
[INFO] [stdout]    = note: macro invocations at the end of a block are treated as expressions
[INFO] [stdout]    = note: to ignore the value produced by the macro, add a semicolon after the invocation of `map_res`
[INFO] [stdout]    = warning: this was previously accepted by the compiler but is being phased out; it will become a hard error in a future release!
[INFO] [stdout]    = note: for more information, see issue #79813 <https://github.com/rust-lang/rust/issues/79813>
[INFO] [stdout]    = note: this warning originates in the macro `map_res` which comes from the expansion of the macro `named` (in Nightly builds, run with -Z macro-backtrace for more info)
[INFO] [stdout] 
[INFO] [stdout] 
[INFO] [stdout] warning: trait objects without an explicit `dyn` are deprecated
[INFO] [stdout]   --> src/error.rs:24:32
[INFO] [stdout]    |
[INFO] [stdout] 24 |     fn cause(&self) -> Option<&error::Error> {
[INFO] [stdout]    |                                ^^^^^^^^^^^^
[INFO] [stdout]    |
[INFO] [stdout]    = warning: this is accepted in the current edition (Rust 2015) but is a hard error in Rust 2021!
[INFO] [stdout]    = note: for more information, see <https://doc.rust-lang.org/edition-guide/rust-2021/warnings-promoted-to-error.html>
[INFO] [stdout]    = note: `#[warn(bare_trait_objects)]` (part of `#[warn(rust_2021_compatibility)]`) on by default
[INFO] [stdout] help: if this is a dyn-compatible trait, use `dyn`
[INFO] [stdout]    |
[INFO] [stdout] 24 |     fn cause(&self) -> Option<&dyn error::Error> {
[INFO] [stdout]    |                                +++
[INFO] [stdout] 
[INFO] [stdout] 
[INFO] [stdout] warning: trait objects without an explicit `dyn` are deprecated
[INFO] [stdout]   --> src/error.rs:58:32
[INFO] [stdout]    |
[INFO] [stdout] 58 |     fn cause(&self) -> Option<&error::Error> {
[INFO] [stdout]    |                                ^^^^^^^^^^^^
[INFO] [stdout]    |
[INFO] [stdout]    = warning: this is accepted in the current edition (Rust 2015) but is a hard error in Rust 2021!
[INFO] [stdout]    = note: for more information, see <https://doc.rust-lang.org/edition-guide/rust-2021/warnings-promoted-to-error.html>
[INFO] [stdout] help: if this is a dyn-compatible trait, use `dyn`
[INFO] [stdout]    |
[INFO] [stdout] 58 |     fn cause(&self) -> Option<&dyn error::Error> {
[INFO] [stdout]    |                                +++
[INFO] [stdout] 
[INFO] [stdout] 
[INFO] [stdout] warning: use of deprecated method `std::error::Error::description`: use the Display impl or to_string()
[INFO] [stdout]   --> src/error.rs:51:35
[INFO] [stdout]    |
[INFO] [stdout] 51 |             Error::Io(ref e) => e.description(),
[INFO] [stdout]    |                                   ^^^^^^^^^^^
[INFO] [stdout] 
[INFO] [stdout] 
[INFO] [stdout] warning: use of deprecated method `std::error::Error::description`: use the Display impl or to_string()
[INFO] [stdout]   --> src/error.rs:53:39
[INFO] [stdout]    |
[INFO] [stdout] 53 |             Error::Format(ref e) => e.description(),
[INFO] [stdout]    |                                       ^^^^^^^^^^^
[INFO] [stdout] 
[INFO] [stdout] 
[INFO] [stdout] Some errors have detailed explanations: E0425, E0432.
[INFO] [stdout] 
[INFO] [stdout] For more information about an error, try `rustc --explain E0425`.
[INFO] [stdout] 
[INFO] [stderr] error: could not compile `file_logger` (lib) due to 6 previous errors; 26 warnings emitted
[INFO] [stderr] warning: build failed, waiting for other jobs to finish...
[INFO] running `Command { std: "docker" "inspect" "3d2b06d2eef56611516e402dbb82fa76f56bc5a9088d5505e06190b34dedf5fe", kill_on_drop: false }`
[INFO] running `Command { std: "docker" "rm" "-f" "3d2b06d2eef56611516e402dbb82fa76f56bc5a9088d5505e06190b34dedf5fe", kill_on_drop: false }`
[INFO] [stdout] 3d2b06d2eef56611516e402dbb82fa76f56bc5a9088d5505e06190b34dedf5fe
