[INFO] fetching crate fil_builtin_actors_bundle 7.5.1...
[INFO] testing fil_builtin_actors_bundle-7.5.1 against 1.100.0-beta.1+cargoflags=--release for beta-release-1.100-2
[INFO] extracting crate fil_builtin_actors_bundle 7.5.1 into /workspace/builds/worker-0-tc2/source
[INFO] removed /workspace/builds/worker-0-tc2/source/rust-toolchain
[INFO] started tweaking crates.io crate fil_builtin_actors_bundle 7.5.1
[INFO] finished tweaking crates.io crate fil_builtin_actors_bundle 7.5.1
[INFO] tweaked toml for crates.io crate fil_builtin_actors_bundle 7.5.1 written to /workspace/builds/worker-0-tc2/source/Cargo.toml
[INFO] validating manifest of crates.io crate fil_builtin_actors_bundle 7.5.1 on toolchain 1.100.0-beta.1
[INFO] running `Command { std: CARGO_HOME="/workspace/cargo-home" RUSTUP_HOME="/workspace/rustup-home" "/workspace/cargo-home/bin/cargo" "+1.100.0-beta.1" "metadata" "--manifest-path" "Cargo.toml" "--no-deps", kill_on_drop: false }`
[INFO] crate crates.io crate fil_builtin_actors_bundle 7.5.1 already has a lockfile, it will not be regenerated
[INFO] running `Command { std: CARGO_HOME="/workspace/cargo-home" RUSTUP_HOME="/workspace/rustup-home" "/workspace/cargo-home/bin/cargo" "+1.100.0-beta.1" "fetch" "--manifest-path" "Cargo.toml", kill_on_drop: false }`
[INFO] running `Command { std: "docker" "create" "-v" "/var/lib/crater-agent-workspace/builds/worker-0-tc2/source:/opt/rustwide/workdir:ro,Z" "-v" "/var/lib/crater-agent-workspace/builds/worker-0-tc2/target:/opt/rustwide/target:rw,Z" "-v" "/var/lib/crater-agent-workspace/cargo-home:/opt/rustwide/cargo-home:ro,Z" "-v" "/var/lib/crater-agent-workspace/rustup-home:/opt/rustwide/rustup-home:ro,Z" "-m" "1610612736" "--network" "none" "ghcr.io/rust-lang/crates-build-env/linux@sha256:77db811e55d90add9212f6832c23229e3de5f1c1f9905e8cb07319ea15df73ac" "sleep" "infinity", kill_on_drop: false }`
[INFO] [stdout] 085307cf348eb752d95c3fad99c03a53b63e2dece05a1de53bb4c8eace51c3f1
[INFO] running `Command { std: "docker" "start" "085307cf348eb752d95c3fad99c03a53b63e2dece05a1de53bb4c8eace51c3f1", kill_on_drop: false }`
[INFO] running `Command { std: "docker" "inspect" "085307cf348eb752d95c3fad99c03a53b63e2dece05a1de53bb4c8eace51c3f1", kill_on_drop: false }`
[INFO] running `Command { std: "docker" "exec" "-e" "SOURCE_DIR=/opt/rustwide/workdir" "-e" "CARGO_HOME=/opt/rustwide/cargo-home" "-e" "RUSTUP_HOME=/opt/rustwide/rustup-home" "-e" "CARGO_TARGET_DIR=/opt/rustwide/target" "-w" "/opt/rustwide/workdir" "--user" "0:0" "085307cf348eb752d95c3fad99c03a53b63e2dece05a1de53bb4c8eace51c3f1" "/opt/rustwide/cargo-home/bin/cargo" "+1.100.0-beta.1" "metadata" "--no-deps" "--format-version=1", kill_on_drop: false }`
[INFO] running `Command { std: "docker" "inspect" "085307cf348eb752d95c3fad99c03a53b63e2dece05a1de53bb4c8eace51c3f1", kill_on_drop: false }`
[INFO] running `Command { std: "docker" "exec" "-e" "SOURCE_DIR=/opt/rustwide/workdir" "-e" "CARGO_HOME=/opt/rustwide/cargo-home" "-e" "RUSTUP_HOME=/opt/rustwide/rustup-home" "-e" "CARGO_TARGET_DIR=/opt/rustwide/target" "-e" "CARGO_INCREMENTAL=0" "-e" "RUST_BACKTRACE=full" "-e" "RUSTFLAGS=--cap-lints=warn" "-e" "RUSTDOCFLAGS=--cap-lints=warn" "-w" "/opt/rustwide/workdir" "--user" "0:0" "085307cf348eb752d95c3fad99c03a53b63e2dece05a1de53bb4c8eace51c3f1" "/opt/rustwide/cargo-home/bin/cargo" "+1.100.0-beta.1" "build" "--frozen" "--message-format=json" "--release", kill_on_drop: false }`
[INFO] [stderr]    Compiling proc-macro2 v1.0.39
[INFO] [stderr]    Compiling unicode-ident v1.0.0
[INFO] [stderr]    Compiling syn v1.0.95
[INFO] [stderr]    Compiling version_check v0.9.4
[INFO] [stderr]    Compiling serde_derive v1.0.137
[INFO] [stderr]    Compiling serde v1.0.137
[INFO] [stderr]    Compiling futures-core v0.3.21
[INFO] [stderr]    Compiling typenum v1.15.0
[INFO] [stderr]    Compiling futures-io v0.3.21
[INFO] [stderr]    Compiling pin-project-lite v0.2.9
[INFO] [stderr]    Compiling constant_time_eq v0.1.5
[INFO] [stderr]    Compiling cc v1.0.73
[INFO] [stderr]    Compiling arrayvec v0.7.2
[INFO] [stderr]    Compiling arrayref v0.3.6
[INFO] [stderr]    Compiling libc v0.2.126
[INFO] [stderr]    Compiling data-encoding v2.3.2
[INFO] [stderr]    Compiling slab v0.4.6
[INFO] [stderr]    Compiling unicode-xid v0.2.3
[INFO] [stderr]    Compiling cpufeatures v0.2.2
[INFO] [stderr]    Compiling keccak v0.1.2
[INFO] [stderr]    Compiling log v0.4.17
[INFO] [stderr]    Compiling core2 v0.4.0
[INFO] [stderr]    Compiling base-x v0.2.10
[INFO] [stderr]    Compiling futures-task v0.3.21
[INFO] [stderr]    Compiling unsigned-varint v0.7.1
[INFO] [stderr]    Compiling blake2s_simd v1.0.0
[INFO] [stderr]    Compiling blake2b_simd v1.0.0
[INFO] [stderr]    Compiling cache-padded v1.2.0
[INFO] [stderr]    Compiling futures-channel v0.3.21
[INFO] [stderr]    Compiling indexmap v1.8.1
[INFO] [stderr]    Compiling futures-util v0.3.21
[INFO] [stderr]    Compiling fastrand v1.7.0
[INFO] [stderr]    Compiling concurrent-queue v1.2.2
[INFO] [stderr]    Compiling futures-sink v0.3.21
[INFO] [stderr]    Compiling event-listener v2.5.2
[INFO] [stderr]    Compiling waker-fn v1.1.0
[INFO] [stderr]    Compiling parking v2.0.0
[INFO] [stderr]    Compiling anyhow v1.0.57
[INFO] [stderr]    Compiling num-traits v0.2.15
[INFO] [stderr]    Compiling once_cell v1.12.0
[INFO] [stderr]    Compiling futures-lite v1.12.0
[INFO] [stderr]    Compiling num-integer v0.1.45
[INFO] [stderr]    Compiling scopeguard v1.1.0
[INFO] [stderr]    Compiling async-trait v0.1.53
[INFO] [stderr]    Compiling generic-array v0.14.5
[INFO] [stderr]    Compiling proc-macro-error-attr v1.0.4
[INFO] [stderr]    Compiling proc-macro-error v1.0.4
[INFO] [stderr]    Compiling value-bag v1.0.0-alpha.9
[INFO] [stderr]    Compiling async-task v4.2.0
[INFO] [stderr]    Compiling socket2 v0.4.4
[INFO] [stderr]    Compiling async-channel v1.6.1
[INFO] [stderr]    Compiling num-bigint v0.4.3
[INFO] [stderr]    Compiling crossbeam-utils v0.8.8
[INFO] [stderr]    Compiling atomic-waker v1.0.0
[INFO] [stderr]    Compiling heck v0.4.0
[INFO] [stderr]    Compiling quote v1.0.18
[INFO] [stderr]    Compiling num_cpus v1.13.1
[INFO] [stderr]    Compiling async-mutex v1.4.0
[INFO] [stderr]    Compiling os_str_bytes v6.1.0
[INFO] [stderr]    Compiling serde_json v1.0.81
[INFO] [stderr]    Compiling hashbrown v0.11.2
[INFO] [stderr]    Compiling clap_lex v0.2.0
[INFO] [stderr]    Compiling atty v0.2.14
[INFO] [stderr]    Compiling async-lock v2.5.0
[INFO] [stderr]    Compiling byteorder v1.4.3
[INFO] [stderr]    Compiling bitflags v1.3.2
[INFO] [stderr]    Compiling textwrap v0.15.0
[INFO] [stderr]    Compiling termcolor v1.1.3
[INFO] [stderr]    Compiling itoa v1.0.2
[INFO] [stderr]    Compiling strsim v0.10.0
[INFO] [stderr]    Compiling ryu v1.0.10
[INFO] [stderr]    Compiling blake3 v1.3.1
[INFO] [stderr]    Compiling crypto-common v0.1.3
[INFO] [stderr]    Compiling block-buffer v0.10.2
[INFO] [stderr]    Compiling digest v0.10.3
[INFO] [stderr]    Compiling async-executor v1.4.1
[INFO] [stderr]    Compiling blocking v1.2.0
[INFO] [stderr]    Compiling sha3 v0.10.1
[INFO] [stderr]    Compiling sha2 v0.10.2
[INFO] [stderr]    Compiling synstructure v0.12.6
[INFO] [stderr]    Compiling thiserror-impl v1.0.31
[INFO] [stderr]    Compiling ctor v0.1.22
[INFO] [stderr]    Compiling data-encoding-macro-internal v0.1.10
[INFO] [stderr]    Compiling futures-macro v0.3.21
[INFO] [stderr]    Compiling serde_tuple_macros v0.5.0
[INFO] [stderr]    Compiling serde_repr v0.1.8
[INFO] [stderr]    Compiling clap_derive v3.1.18
[INFO] [stderr]    Compiling num-derive v0.3.3
[INFO] [stderr]    Compiling data-encoding-macro v0.1.12
[INFO] [stderr]    Compiling multibase v0.9.1
[INFO] [stderr]    Compiling polling v2.2.0
[INFO] [stderr]    Compiling kv-log-macro v1.0.7
[INFO] [stderr]    Compiling async-io v1.7.0
[INFO] [stderr]    Compiling thiserror v1.0.31
[INFO] [stderr]    Compiling async-global-executor v2.0.4
[INFO] [stderr]    Compiling async-std v1.11.0
[INFO] [stderr]    Compiling clap v3.1.18
[INFO] [stderr]    Compiling futures-executor v0.3.21
[INFO] [stderr]    Compiling integer-encoding v3.0.3
[INFO] [stderr]    Compiling futures v0.3.21
[INFO] [stderr]    Compiling toml v0.5.9
[INFO] [stderr]    Compiling serde-big-array v0.3.3
[INFO] [stderr]    Compiling serde_bytes v0.11.6
[INFO] [stderr]    Compiling cbor4ii v0.2.13
[INFO] [stderr]    Compiling serde_tuple v0.5.0
[INFO] [stderr]    Compiling cs_serde_bytes v0.12.0
[INFO] [stderr]    Compiling bimap v0.6.2
[INFO] [stderr]    Compiling proc-macro-crate v1.1.3
[INFO] [stderr]    Compiling multihash-derive v0.8.0
[INFO] [stderr]    Compiling multihash v0.16.2
[INFO] [stderr]    Compiling cid v0.8.5
[INFO] [stderr]    Compiling serde_ipld_dagcbor v0.2.2
[INFO] [stderr]    Compiling fvm_ipld_blockstore v0.1.1
[INFO] [stderr]    Compiling fvm_ipld_encoding v0.2.1
[INFO] [stderr]    Compiling fvm_shared v0.7.1
[INFO] [stderr]    Compiling fvm_ipld_car v0.4.1
[INFO] [stderr]    Compiling fil_actor_bundler v3.0.3
[INFO] [stderr]    Compiling fil_builtin_actors_bundle v7.5.1 (/opt/rustwide/workdir)
[INFO] [stderr] warning: fil_builtin_actors_bundle@7.5.1: cargo: "/opt/rustwide/rustup-home/toolchains/1.100.0-beta.1-x86_64-unknown-linux-gnu/bin/cargo"
[INFO] [stderr] warning: fil_builtin_actors_bundle@7.5.1: out_dir: "/opt/rustwide/target/release/build/fil_builtin_actors_bundle/b9eb6f6d7f32a634/out/bundle"
[INFO] [stderr] warning: fil_builtin_actors_bundle@7.5.1: manifest_path="/opt/rustwide/workdir/Cargo.toml"
[INFO] [stderr] warning: fil_builtin_actors_bundle@7.5.1: network name: mainnet
[INFO] [stderr] warning: fil_builtin_actors_bundle@7.5.1: cmd=env -u CARGO_ENCODED_RUSTFLAGS BUILD_FIL_NETWORK="mainnet" CARGO_TARGET_DIR="/opt/rustwide/target/release/build/fil_builtin_actors_bundle/b9eb6f6d7f32a634/out/bundle" RUSTFLAGS="-Ctarget-feature=+bulk-memory -Ctarget-feature=+crt-static -Clink-arg=--export-table" "/opt/rustwide/rustup-home/toolchains/1.100.0-beta.1-x86_64-unknown-linux-gnu/bin/cargo" "build" "-p=fil_actor_system" "-p=fil_actor_init" "-p=fil_actor_cron" "-p=fil_actor_account" "-p=fil_actor_multisig" "-p=fil_actor_power" "-p=fil_actor_miner" "-p=fil_actor_market" "-p=fil_actor_paych" "-p=fil_actor_reward" "-p=fil_actor_verifreg" "--target=wasm32-unknown-unknown" "--profile=wasm" "--locked" "--manifest-path=/opt/rustwide/workdir/Cargo.toml"
[INFO] [stderr] warning: fil_builtin_actors_bundle@7.5.1: "   Compiling proc-macro2 v1.0.39"
[INFO] [stderr] warning: fil_builtin_actors_bundle@7.5.1: "   Compiling unicode-ident v1.0.0"
[INFO] [stderr] warning: fil_builtin_actors_bundle@7.5.1: "   Compiling syn v1.0.95"
[INFO] [stderr] warning: fil_builtin_actors_bundle@7.5.1: "   Compiling version_check v0.9.4"
[INFO] [stderr] warning: fil_builtin_actors_bundle@7.5.1: "   Compiling serde_derive v1.0.137"
[INFO] [stderr] warning: fil_builtin_actors_bundle@7.5.1: "   Compiling serde v1.0.137"
[INFO] [stderr] warning: fil_builtin_actors_bundle@7.5.1: "   Compiling autocfg v1.1.0"
[INFO] [stderr] warning: fil_builtin_actors_bundle@7.5.1: "   Compiling memchr v2.5.0"
[INFO] [stderr] warning: fil_builtin_actors_bundle@7.5.1: "   Compiling unicode-xid v0.2.3"
[INFO] [stderr] warning: fil_builtin_actors_bundle@7.5.1: "   Compiling data-encoding v2.3.2"
[INFO] [stderr] warning: fil_builtin_actors_bundle@7.5.1: "   Compiling constant_time_eq v0.1.5"
[INFO] [stderr] warning: fil_builtin_actors_bundle@7.5.1: "   Compiling arrayvec v0.7.2"
[INFO] [stderr] warning: fil_builtin_actors_bundle@7.5.1: "   Compiling arrayref v0.3.6"
[INFO] [stderr] warning: fil_builtin_actors_bundle@7.5.1: "   Compiling unsigned-varint v0.7.1"
[INFO] [stderr] warning: fil_builtin_actors_bundle@7.5.1: "   Compiling base-x v0.2.10"
[INFO] [stderr] warning: fil_builtin_actors_bundle@7.5.1: "error[E0463]: can't find crate for `core`"
[INFO] [stderr] warning: fil_builtin_actors_bundle@7.5.1: "  |"
[INFO] [stderr] warning: fil_builtin_actors_bundle@7.5.1: "  = note: the `wasm32-unknown-unknown` target may not be installed"
[INFO] [stderr] warning: fil_builtin_actors_bundle@7.5.1: "  = help: consider downloading the target with `rustup target add wasm32-unknown-unknown`"
[INFO] [stderr] warning: fil_builtin_actors_bundle@7.5.1: ""
[INFO] [stderr] warning: fil_builtin_actors_bundle@7.5.1: "For more information about this error, try `rustc --explain E0463`."
[INFO] [stderr] warning: fil_builtin_actors_bundle@7.5.1: "error: could not compile `arrayvec` (lib) due to 1 previous error"
[INFO] [stderr] warning: fil_builtin_actors_bundle@7.5.1: "warning: build failed, waiting for other jobs to finish..."
[INFO] [stderr] warning: fil_builtin_actors_bundle@7.5.1: "error: could not compile `arrayref` (lib) due to 1 previous error"
[INFO] [stderr] warning: fil_builtin_actors_bundle@7.5.1: "error: could not compile `data-encoding` (lib) due to 1 previous error"
[INFO] [stderr] warning: fil_builtin_actors_bundle@7.5.1: "error[E0463]: can't find crate for `std`"
[INFO] [stderr] warning: fil_builtin_actors_bundle@7.5.1: "  |"
[INFO] [stderr] warning: fil_builtin_actors_bundle@7.5.1: "  = note: the `wasm32-unknown-unknown` target may not be installed"
[INFO] [stderr] warning: fil_builtin_actors_bundle@7.5.1: "  = help: consider downloading the target with `rustup target add wasm32-unknown-unknown`"
[INFO] [stderr] warning: fil_builtin_actors_bundle@7.5.1: ""
[INFO] [stderr] warning: fil_builtin_actors_bundle@7.5.1: "error: could not compile `unsigned-varint` (lib) due to 1 previous error"
[INFO] [stderr] warning: fil_builtin_actors_bundle@7.5.1: "error: could not compile `constant_time_eq` (lib) due to 1 previous error"
[INFO] [stderr] warning: fil_builtin_actors_bundle@7.5.1: "error: could not compile `base-x` (lib) due to 1 previous error"
[INFO] [stderr] error: failed to run custom build command for `fil_builtin_actors_bundle v7.5.1 (/opt/rustwide/workdir)`
[INFO] [stderr] note: To improve backtraces for build dependencies, set the CARGO_PROFILE_RELEASE_BUILD_OVERRIDE_DEBUG=true environment variable to enable debug information generation.
[INFO] [stderr] 
[INFO] [stderr] Caused by:
[INFO] [stderr]   process didn't exit successfully: `/opt/rustwide/target/release/build/fil_builtin_actors_bundle/5d32765dcdf6fe61/out/build_script_build` (exit status: 101)
[INFO] [stderr]   --- stdout
[INFO] [stderr]   cargo:warning=cargo: "/opt/rustwide/rustup-home/toolchains/1.100.0-beta.1-x86_64-unknown-linux-gnu/bin/cargo"
[INFO] [stderr]   cargo:warning=out_dir: "/opt/rustwide/target/release/build/fil_builtin_actors_bundle/b9eb6f6d7f32a634/out/bundle"
[INFO] [stderr]   cargo:warning=manifest_path="/opt/rustwide/workdir/Cargo.toml"
[INFO] [stderr]   cargo:warning=network name: mainnet
[INFO] [stderr]   cargo:rerun-if-env-changed=BUILD_FIL_NETWORK
[INFO] [stderr]   cargo:rerun-if-changed=actors
[INFO] [stderr]   cargo:rerun-if-changed=Cargo.toml
[INFO] [stderr]   cargo:rerun-if-changed=Cargo.lock
[INFO] [stderr]   cargo:rerun-if-changed=src
[INFO] [stderr]   cargo:rerun-if-changed=build.rs
[INFO] [stderr]   cargo:warning=cmd=env -u CARGO_ENCODED_RUSTFLAGS BUILD_FIL_NETWORK="mainnet" CARGO_TARGET_DIR="/opt/rustwide/target/release/build/fil_builtin_actors_bundle/b9eb6f6d7f32a634/out/bundle" RUSTFLAGS="-Ctarget-feature=+bulk-memory -Ctarget-feature=+crt-static -Clink-arg=--export-table" "/opt/rustwide/rustup-home/toolchains/1.100.0-beta.1-x86_64-unknown-linux-gnu/bin/cargo" "build" "-p=fil_actor_system" "-p=fil_actor_init" "-p=fil_actor_cron" "-p=fil_actor_account" "-p=fil_actor_multisig" "-p=fil_actor_power" "-p=fil_actor_miner" "-p=fil_actor_market" "-p=fil_actor_paych" "-p=fil_actor_reward" "-p=fil_actor_verifreg" "--target=wasm32-unknown-unknown" "--profile=wasm" "--locked" "--manifest-path=/opt/rustwide/workdir/Cargo.toml"
[INFO] [stderr]   cargo:warning="   Compiling proc-macro2 v1.0.39"
[INFO] [stderr]   cargo:warning="   Compiling unicode-ident v1.0.0"
[INFO] [stderr]   cargo:warning="   Compiling syn v1.0.95"
[INFO] [stderr]   cargo:warning="   Compiling version_check v0.9.4"
[INFO] [stderr]   cargo:warning="   Compiling serde_derive v1.0.137"
[INFO] [stderr]   cargo:warning="   Compiling serde v1.0.137"
[INFO] [stderr]   cargo:warning="   Compiling autocfg v1.1.0"
[INFO] [stderr]   cargo:warning="   Compiling memchr v2.5.0"
[INFO] [stderr]   cargo:warning="   Compiling unicode-xid v0.2.3"
[INFO] [stderr]   cargo:warning="   Compiling data-encoding v2.3.2"
[INFO] [stderr]   cargo:warning="   Compiling constant_time_eq v0.1.5"
[INFO] [stderr]   cargo:warning="   Compiling arrayvec v0.7.2"
[INFO] [stderr]   cargo:warning="   Compiling arrayref v0.3.6"
[INFO] [stderr]   cargo:warning="   Compiling unsigned-varint v0.7.1"
[INFO] [stderr]   cargo:warning="   Compiling base-x v0.2.10"
[INFO] [stderr]   cargo:warning="error[E0463]: can't find crate for `core`"
[INFO] [stderr]   cargo:warning="  |"
[INFO] [stderr]   cargo:warning="  = note: the `wasm32-unknown-unknown` target may not be installed"
[INFO] [stderr]   cargo:warning="  = help: consider downloading the target with `rustup target add wasm32-unknown-unknown`"
[INFO] [stderr]   cargo:warning=""
[INFO] [stderr]   cargo:warning="For more information about this error, try `rustc --explain E0463`."
[INFO] [stderr]   cargo:warning="error: could not compile `arrayvec` (lib) due to 1 previous error"
[INFO] [stderr]   cargo:warning="warning: build failed, waiting for other jobs to finish..."
[INFO] [stderr]   cargo:warning="error: could not compile `arrayref` (lib) due to 1 previous error"
[INFO] [stderr]   cargo:warning="error: could not compile `data-encoding` (lib) due to 1 previous error"
[INFO] [stderr]   cargo:warning="error[E0463]: can't find crate for `std`"
[INFO] [stderr]   cargo:warning="  |"
[INFO] [stderr]   cargo:warning="  = note: the `wasm32-unknown-unknown` target may not be installed"
[INFO] [stderr]   cargo:warning="  = help: consider downloading the target with `rustup target add wasm32-unknown-unknown`"
[INFO] [stderr]   cargo:warning=""
[INFO] [stderr]   cargo:warning="error: could not compile `unsigned-varint` (lib) due to 1 previous error"
[INFO] [stderr]   cargo:warning="error: could not compile `constant_time_eq` (lib) due to 1 previous error"
[INFO] [stderr]   cargo:warning="error: could not compile `base-x` (lib) due to 1 previous error"
[INFO] [stderr] 
[INFO] [stderr]   --- stderr
[INFO] [stderr] 
[INFO] [stderr]   thread 'main' (2266) panicked at build.rs:172:17:
[INFO] [stderr]   failed to add file "/opt/rustwide/target/release/build/fil_builtin_actors_bundle/b9eb6f6d7f32a634/out/bundle/wasm32-unknown-unknown/wasm/fil_actor_system.wasm" to bundle for actor system: failed to open bytecode file
[INFO] [stderr]   stack backtrace:
[INFO] [stderr]      0:     0x6078b1f38501 - <<std[617be2ca0a6fd877]::sys::backtrace::BacktraceLock>::print::DisplayBacktrace as core[a373ad73a504971]::fmt::Display>::fmt
[INFO] [stderr]      1:     0x6078b1f4ca7a - core[a373ad73a504971]::fmt::write
[INFO] [stderr]      2:     0x6078b1f3de9c - <std[617be2ca0a6fd877]::sys::stdio::unix::Stderr as core[a373ad73a504971]::io::write::Write>::write_fmt
[INFO] [stderr]      3:     0x6078b1f17a16 - std[617be2ca0a6fd877]::panicking::default_hook::{closure#0}
[INFO] [stderr]      4:     0x6078b1f330d1 - std[617be2ca0a6fd877]::panicking::default_hook
[INFO] [stderr]      5:     0x6078b1f3328b - std[617be2ca0a6fd877]::panicking::panic_with_hook
[INFO] [stderr]      6:     0x6078b1f17ac2 - std[617be2ca0a6fd877]::panicking::panic_handler::{closure#0}
[INFO] [stderr]      7:     0x6078b1f107a9 - std[617be2ca0a6fd877]::sys::backtrace::__rust_end_short_backtrace::<std[617be2ca0a6fd877]::panicking::panic_handler::{closure#0}, !>
[INFO] [stderr]      8:     0x6078b1f182fd - __rustc[ea4f61d10b84890b]::rust_begin_unwind
[INFO] [stderr]      9:     0x6078b1f4d21c - core[a373ad73a504971]::panicking::panic_fmt
[INFO] [stderr]     10:     0x6078b1dd1f3d - build_script_build[90d82b935c41081a]::main::{closure#6}
[INFO] [stderr]     11:     0x6078b1dd02fe - <core[a373ad73a504971]::result::Result<cid[404fd767f8ebe497]::cid::Cid<64usize>, anyhow[4123afac481bc0c5]::Error>>::unwrap_or_else::<build_script_build[90d82b935c41081a]::main::{closure#6}>
[INFO] [stderr]     12:     0x6078b1dd3b3e - build_script_build[90d82b935c41081a]::main
[INFO] [stderr]     13:     0x6078b1dcfd83 - <fn() -> core[a373ad73a504971]::result::Result<(), alloc[2e1b2a31b91974c5]::boxed::Box<dyn core[a373ad73a504971]::error::Error>> as core[a373ad73a504971]::ops::function::FnOnce<()>>::call_once
[INFO] [stderr]     14:     0x6078b1dcba8e - std[617be2ca0a6fd877]::sys::backtrace::__rust_begin_short_backtrace::<fn() -> core[a373ad73a504971]::result::Result<(), alloc[2e1b2a31b91974c5]::boxed::Box<dyn core[a373ad73a504971]::error::Error>>, core[a373ad73a504971]::result::Result<(), alloc[2e1b2a31b91974c5]::boxed::Box<dyn core[a373ad73a504971]::error::Error>>>
[INFO] [stderr]     15:     0x6078b1dcd089 - std[617be2ca0a6fd877]::rt::lang_start::<core[a373ad73a504971]::result::Result<(), alloc[2e1b2a31b91974c5]::boxed::Box<dyn core[a373ad73a504971]::error::Error>>>::{closure#0}
[INFO] [stderr]     16:     0x6078b1f32548 - std[617be2ca0a6fd877]::rt::lang_start_internal
[INFO] [stderr]     17:     0x6078b1dca7d1 - std[617be2ca0a6fd877]::rt::lang_start::<core[a373ad73a504971]::result::Result<(), alloc[2e1b2a31b91974c5]::boxed::Box<dyn core[a373ad73a504971]::error::Error>>>
[INFO] [stderr]     18:     0x6078b1dd5b25 - main
[INFO] [stderr]     19:     0x7910b1453601 - <unknown>
[INFO] [stderr]     20:     0x7910b1453718 - __libc_start_main
[INFO] [stderr]     21:     0x6078b1dca065 - _start
[INFO] [stderr]     22:                0x0 - <unknown>
[INFO] running `Command { std: "docker" "inspect" "085307cf348eb752d95c3fad99c03a53b63e2dece05a1de53bb4c8eace51c3f1", kill_on_drop: false }`
[INFO] running `Command { std: "docker" "rm" "-f" "085307cf348eb752d95c3fad99c03a53b63e2dece05a1de53bb4c8eace51c3f1", kill_on_drop: false }`
[INFO] [stdout] 085307cf348eb752d95c3fad99c03a53b63e2dece05a1de53bb4c8eace51c3f1
