[INFO] fetching crate fheanor 0.11.9...
[INFO] testing fheanor-0.11.9 against 1.99.0-beta.8+cargoflags=--release for beta-release-1.100-2
[INFO] extracting crate fheanor 0.11.9 into /workspace/builds/worker-1-tc1/source
[INFO] removed /workspace/builds/worker-1-tc1/source/rust-toolchain.toml
[INFO] started tweaking crates.io crate fheanor 0.11.9
[INFO] removed 0 missing examples
[INFO] finished tweaking crates.io crate fheanor 0.11.9
[INFO] tweaked toml for crates.io crate fheanor 0.11.9 written to /workspace/builds/worker-1-tc1/source/Cargo.toml
[INFO] validating manifest of crates.io crate fheanor 0.11.9 on toolchain 1.99.0-beta.8
[INFO] running `Command { std: CARGO_HOME="/workspace/cargo-home" RUSTUP_HOME="/workspace/rustup-home" "/workspace/cargo-home/bin/cargo" "+1.99.0-beta.8" "metadata" "--manifest-path" "Cargo.toml" "--no-deps", kill_on_drop: false }`
[INFO] crate crates.io crate fheanor 0.11.9 already has a lockfile, it will not be regenerated
[INFO] running `Command { std: CARGO_HOME="/workspace/cargo-home" RUSTUP_HOME="/workspace/rustup-home" "/workspace/cargo-home/bin/cargo" "+1.99.0-beta.8" "fetch" "--manifest-path" "Cargo.toml", kill_on_drop: false }`
[INFO] [stderr]     Updating crates.io index
[INFO] [stderr]  Downloading crates ...
[INFO] [stderr]   Downloaded tracking-allocator v0.4.0
[INFO] [stderr]   Downloaded tracing-chrome v0.7.2
[INFO] [stderr]   Downloaded fhe-ir v0.1.4
[INFO] [stderr]   Downloaded take_mut v0.2.2
[INFO] [stderr]   Downloaded feanor-serde v0.1.5
[INFO] [stderr]   Downloaded serde_assert v0.8.0
[INFO] [stderr]   Downloaded append-only-vec v0.1.8
[INFO] [stderr]   Downloaded feanor-math-hexl v0.2.6
[INFO] [stderr]   Downloaded cpp_common v0.5.11
[INFO] [stderr]   Downloaded feanor-mempool v2.1.0
[INFO] [stderr]   Downloaded cpp v0.5.11
[INFO] [stderr]   Downloaded cpp_macros v0.5.11
[INFO] [stderr]   Downloaded feanor-tracing v1.0.3
[INFO] [stderr]   Downloaded atomicbox v0.4.0
[INFO] [stderr]   Downloaded cpp_build v0.5.11
[INFO] [stderr]   Downloaded feanor-math v3.5.20
[INFO] running `Command { std: "docker" "create" "-v" "/var/lib/crater-agent-workspace/builds/worker-1-tc1/source:/opt/rustwide/workdir:ro,Z" "-v" "/var/lib/crater-agent-workspace/builds/worker-1-tc1/target:/opt/rustwide/target:rw,Z" "-v" "/var/lib/crater-agent-workspace/cargo-home:/opt/rustwide/cargo-home:ro,Z" "-v" "/var/lib/crater-agent-workspace/rustup-home:/opt/rustwide/rustup-home:ro,Z" "-m" "1610612736" "--network" "none" "ghcr.io/rust-lang/crates-build-env/linux@sha256:77db811e55d90add9212f6832c23229e3de5f1c1f9905e8cb07319ea15df73ac" "sleep" "infinity", kill_on_drop: false }`
[INFO] [stdout] 1ee5a56a6909c8e1ec20d706de8979f7f6cdb8238e77bc4b3dd1138146d592ea
[INFO] running `Command { std: "docker" "start" "1ee5a56a6909c8e1ec20d706de8979f7f6cdb8238e77bc4b3dd1138146d592ea", kill_on_drop: false }`
[INFO] running `Command { std: "docker" "inspect" "1ee5a56a6909c8e1ec20d706de8979f7f6cdb8238e77bc4b3dd1138146d592ea", kill_on_drop: false }`
[INFO] running `Command { std: "docker" "exec" "-e" "SOURCE_DIR=/opt/rustwide/workdir" "-e" "CARGO_HOME=/opt/rustwide/cargo-home" "-e" "RUSTUP_HOME=/opt/rustwide/rustup-home" "-e" "CARGO_TARGET_DIR=/opt/rustwide/target" "-w" "/opt/rustwide/workdir" "--user" "0:0" "1ee5a56a6909c8e1ec20d706de8979f7f6cdb8238e77bc4b3dd1138146d592ea" "/opt/rustwide/cargo-home/bin/cargo" "+1.99.0-beta.8" "metadata" "--no-deps" "--format-version=1", kill_on_drop: false }`
[INFO] running `Command { std: "docker" "inspect" "1ee5a56a6909c8e1ec20d706de8979f7f6cdb8238e77bc4b3dd1138146d592ea", kill_on_drop: false }`
[INFO] running `Command { std: "docker" "exec" "-e" "SOURCE_DIR=/opt/rustwide/workdir" "-e" "CARGO_HOME=/opt/rustwide/cargo-home" "-e" "RUSTUP_HOME=/opt/rustwide/rustup-home" "-e" "CARGO_TARGET_DIR=/opt/rustwide/target" "-e" "CARGO_INCREMENTAL=0" "-e" "RUST_BACKTRACE=full" "-e" "RUSTFLAGS=--cap-lints=warn" "-e" "RUSTDOCFLAGS=--cap-lints=warn" "-w" "/opt/rustwide/workdir" "--user" "0:0" "1ee5a56a6909c8e1ec20d706de8979f7f6cdb8238e77bc4b3dd1138146d592ea" "/opt/rustwide/cargo-home/bin/cargo" "+1.99.0-beta.8" "build" "--frozen" "--message-format=json" "--release", kill_on_drop: false }`
[INFO] [stderr]    Compiling proc-macro2 v1.0.106
[INFO] [stderr]    Compiling quote v1.0.45
[INFO] [stderr]    Compiling unicode-ident v1.0.24
[INFO] [stderr]    Compiling serde_core v1.0.228
[INFO] [stderr]    Compiling cfg-if v1.0.4
[INFO] [stderr]    Compiling libc v0.2.185
[INFO] [stderr]    Compiling serde v1.0.228
[INFO] [stderr]    Compiling getrandom v0.3.4
[INFO] [stderr]    Compiling zerocopy v0.8.48
[INFO] [stderr]    Compiling autocfg v1.5.0
[INFO] [stderr]    Compiling once_cell v1.21.4
[INFO] [stderr]    Compiling thiserror v2.0.18
[INFO] [stderr]    Compiling scopeguard v1.2.0
[INFO] [stderr]    Compiling libm v0.2.16
[INFO] [stderr]    Compiling tracing-core v0.1.36
[INFO] [stderr]    Compiling lock_api v0.4.14
[INFO] [stderr]    Compiling num-traits v0.2.19
[INFO] [stderr]    Compiling heapless v0.7.17
[INFO] [stderr]    Compiling byteorder v1.5.0
[INFO] [stderr]    Compiling zmij v1.0.21
[INFO] [stderr]    Compiling memchr v2.8.0
[INFO] [stderr]    Compiling object v0.37.3
[INFO] [stderr]    Compiling hash32 v0.2.1
[INFO] [stderr]    Compiling spin v0.9.8
[INFO] [stderr]    Compiling syn v2.0.117
[INFO] [stderr]    Compiling thread_local v1.1.9
[INFO] [stderr]    Compiling serde_json v1.0.149
[INFO] [stderr]    Compiling gimli v0.32.3
[INFO] [stderr]    Compiling adler2 v2.0.1
[INFO] [stderr]    Compiling pin-project-lite v0.2.17
[INFO] [stderr]    Compiling stable_deref_trait v1.2.1
[INFO] [stderr]    Compiling miniz_oxide v0.8.9
[INFO] [stderr]    Compiling rand_core v0.9.5
[INFO] [stderr]    Compiling tracing-subscriber v0.3.23
[INFO] [stderr]    Compiling bytemuck v1.25.0
[INFO] [stderr]    Compiling atomicbox v0.4.0
[INFO] [stderr]    Compiling oorandom v11.1.5
[INFO] [stderr]    Compiling itoa v1.0.18
[INFO] [stderr]    Compiling rustc-demangle v0.1.27
[INFO] [stderr]    Compiling append-only-vec v0.1.8
[INFO] [stderr]    Compiling smallvec v1.15.1
[INFO] [stderr]    Compiling bimap v0.6.3
[INFO] [stderr]    Compiling feanor-mempool v2.1.0
[INFO] [stdout] error[E0554]: `#![feature]` may not be used on the beta release channel
[INFO] [stdout]  --> /opt/rustwide/cargo-home/registry/src/index.crates.io-1949cf8c6b5b557f/feanor-mempool-2.1.0/src/lib.rs:1:1
[INFO] [stdout]   |
[INFO] [stdout] 1 | #![feature(allocator_api)]
[INFO] [stdout]   | ^^^^^^^^^^^^^^^^^^^^^^^^^^
[INFO] [stdout] 
[INFO] [stdout] 
[INFO] [stdout] error[E0599]: the method `clone` exists for struct `Rc<A, PtrAlloc>`, but its trait bounds were not satisfied
[INFO] [stdout]   --> /opt/rustwide/cargo-home/registry/src/index.crates.io-1949cf8c6b5b557f/feanor-mempool-2.1.0/src/lib.rs:37:21
[INFO] [stdout]    |
[INFO] [stdout] 37 |         Self(self.0.clone())
[INFO] [stdout]    |                     ^^^^^ method cannot be called on `Rc<A, PtrAlloc>` due to unsatisfied trait bounds
[INFO] [stdout]    |
[INFO] [stdout]    = note: the following trait bounds were not satisfied:
[INFO] [stdout]            `PtrAlloc: AllocatorClone`
[INFO] [stdout]            which is required by `Rc<A, PtrAlloc>: Clone`
[INFO] [stdout]    = help: items from traits can only be used if the trait is implemented and in scope
[INFO] [stdout]    = note: the following trait defines an item `clone`, perhaps you need to implement it:
[INFO] [stdout]            candidate #1: `Clone`
[INFO] [stdout] 
[INFO] [stdout] 
[INFO] [stdout] error[E0599]: the method `clone` exists for struct `Arc<A, PtrAlloc>`, but its trait bounds were not satisfied
[INFO] [stdout]   --> /opt/rustwide/cargo-home/registry/src/index.crates.io-1949cf8c6b5b557f/feanor-mempool-2.1.0/src/lib.rs:72:21
[INFO] [stdout]    |
[INFO] [stdout] 72 |         Self(self.0.clone())
[INFO] [stdout]    |                     ^^^^^ method cannot be called on `Arc<A, PtrAlloc>` due to unsatisfied trait bounds
[INFO] [stdout]    |
[INFO] [stdout]    = note: the following trait bounds were not satisfied:
[INFO] [stdout]            `PtrAlloc: AllocatorClone`
[INFO] [stdout]            which is required by `Arc<A, PtrAlloc>: Clone`
[INFO] [stdout]    = help: items from traits can only be used if the trait is implemented and in scope
[INFO] [stdout]    = note: the following trait defines an item `clone`, perhaps you need to implement it:
[INFO] [stdout]            candidate #1: `Clone`
[INFO] [stdout] 
[INFO] [stdout] 
[INFO] [stdout] Some errors have detailed explanations: E0554, E0599.
[INFO] [stdout] 
[INFO] [stdout] For more information about an error, try `rustc --explain E0554`.
[INFO] [stdout] 
[INFO] [stderr] error: could not compile `feanor-mempool` (lib) due to 3 previous errors
[INFO] [stderr] warning: build failed, waiting for other jobs to finish...
[INFO] running `Command { std: "docker" "inspect" "1ee5a56a6909c8e1ec20d706de8979f7f6cdb8238e77bc4b3dd1138146d592ea", kill_on_drop: false }`
[INFO] running `Command { std: "docker" "rm" "-f" "1ee5a56a6909c8e1ec20d706de8979f7f6cdb8238e77bc4b3dd1138146d592ea", kill_on_drop: false }`
[INFO] [stdout] 1ee5a56a6909c8e1ec20d706de8979f7f6cdb8238e77bc4b3dd1138146d592ea
