[INFO] fetching crate ffrt 0.1.0...
[INFO] testing ffrt-0.1.0 against 1.100.0-beta.1+cargoflags=--release for beta-release-1.100-2
[INFO] extracting crate ffrt 0.1.0 into /workspace/builds/worker-5-tc2/source
[INFO] started tweaking crates.io crate ffrt 0.1.0
[INFO] removed 0 missing examples
[INFO] removed 0 missing tests
[INFO] finished tweaking crates.io crate ffrt 0.1.0
[INFO] tweaked toml for crates.io crate ffrt 0.1.0 written to /workspace/builds/worker-5-tc2/source/Cargo.toml
[INFO] validating manifest of crates.io crate ffrt 0.1.0 on toolchain 1.100.0-beta.1
[INFO] running `Command { std: CARGO_HOME="/workspace/cargo-home" RUSTUP_HOME="/workspace/rustup-home" "/workspace/cargo-home/bin/cargo" "+1.100.0-beta.1" "metadata" "--manifest-path" "Cargo.toml" "--no-deps", kill_on_drop: false }`
[INFO] crate crates.io crate ffrt 0.1.0 already has a lockfile, it will not be regenerated
[INFO] running `Command { std: CARGO_HOME="/workspace/cargo-home" RUSTUP_HOME="/workspace/rustup-home" "/workspace/cargo-home/bin/cargo" "+1.100.0-beta.1" "fetch" "--manifest-path" "Cargo.toml", kill_on_drop: false }`
[INFO] running `Command { std: "docker" "create" "-v" "/var/lib/crater-agent-workspace/builds/worker-5-tc2/source:/opt/rustwide/workdir:ro,Z" "-v" "/var/lib/crater-agent-workspace/builds/worker-5-tc2/target:/opt/rustwide/target:rw,Z" "-v" "/var/lib/crater-agent-workspace/cargo-home:/opt/rustwide/cargo-home:ro,Z" "-v" "/var/lib/crater-agent-workspace/rustup-home:/opt/rustwide/rustup-home:ro,Z" "-m" "1610612736" "--network" "none" "ghcr.io/rust-lang/crates-build-env/linux@sha256:77db811e55d90add9212f6832c23229e3de5f1c1f9905e8cb07319ea15df73ac" "sleep" "infinity", kill_on_drop: false }`
[INFO] [stdout] d89b941ecd5ec5595a6da895b498e68f0fbcb48af9173b60cd45c29581340375
[INFO] running `Command { std: "docker" "start" "d89b941ecd5ec5595a6da895b498e68f0fbcb48af9173b60cd45c29581340375", kill_on_drop: false }`
[INFO] running `Command { std: "docker" "inspect" "d89b941ecd5ec5595a6da895b498e68f0fbcb48af9173b60cd45c29581340375", kill_on_drop: false }`
[INFO] running `Command { std: "docker" "exec" "-e" "SOURCE_DIR=/opt/rustwide/workdir" "-e" "CARGO_HOME=/opt/rustwide/cargo-home" "-e" "RUSTUP_HOME=/opt/rustwide/rustup-home" "-e" "CARGO_TARGET_DIR=/opt/rustwide/target" "-w" "/opt/rustwide/workdir" "--user" "0:0" "d89b941ecd5ec5595a6da895b498e68f0fbcb48af9173b60cd45c29581340375" "/opt/rustwide/cargo-home/bin/cargo" "+1.100.0-beta.1" "metadata" "--no-deps" "--format-version=1", kill_on_drop: false }`
[INFO] running `Command { std: "docker" "inspect" "d89b941ecd5ec5595a6da895b498e68f0fbcb48af9173b60cd45c29581340375", kill_on_drop: false }`
[INFO] running `Command { std: "docker" "exec" "-e" "SOURCE_DIR=/opt/rustwide/workdir" "-e" "CARGO_HOME=/opt/rustwide/cargo-home" "-e" "RUSTUP_HOME=/opt/rustwide/rustup-home" "-e" "CARGO_TARGET_DIR=/opt/rustwide/target" "-e" "CARGO_INCREMENTAL=0" "-e" "RUST_BACKTRACE=full" "-e" "RUSTFLAGS=--cap-lints=warn" "-e" "RUSTDOCFLAGS=--cap-lints=warn" "-w" "/opt/rustwide/workdir" "--user" "0:0" "d89b941ecd5ec5595a6da895b498e68f0fbcb48af9173b60cd45c29581340375" "/opt/rustwide/cargo-home/bin/cargo" "+1.100.0-beta.1" "build" "--frozen" "--message-format=json" "--release", kill_on_drop: false }`
[INFO] [stderr]    Compiling proc-macro2 v1.0.102
[INFO] [stderr]    Compiling unicode-ident v1.0.20
[INFO] [stderr]    Compiling quote v1.0.41
[INFO] [stderr]    Compiling ffrt-sys v0.1.0
[INFO] [stderr]    Compiling syn v2.0.108
[INFO] [stderr]    Compiling ffrt-macros v0.1.0
[INFO] [stderr]    Compiling ffrt v0.1.0 (/opt/rustwide/workdir)
[INFO] [stdout] warning: unused import: `ffrt_error_t_ffrt_success`
[INFO] [stdout]   --> src/timer/sleep.rs:12:20
[INFO] [stdout]    |
[INFO] [stdout] 12 |     use ffrt_sys::{ffrt_error_t_ffrt_success, ffrt_usleep};
[INFO] [stdout]    |                    ^^^^^^^^^^^^^^^^^^^^^^^^^
[INFO] [stdout]    |
[INFO] [stdout]    = note: `#[warn(unused_imports)]` (part of `#[warn(unused)]`) on by default
[INFO] [stdout] 
[INFO] [stdout] 
[INFO] [stdout] warning: use of deprecated method `std::sync::atomic::Atomic::<usize>::fetch_update`: renamed to `try_update` for consistency
[INFO] [stdout]    --> src/reactor.rs:274:10
[INFO] [stdout]     |
[INFO] [stdout] 274 |     NEXT.fetch_update(Ordering::Relaxed, Ordering::Relaxed, |n| n.checked_add(1))
[INFO] [stdout]     |          ^^^^^^^^^^^^
[INFO] [stdout]     |
[INFO] [stdout]     = note: `#[warn(deprecated)]` on by default
[INFO] [stdout] help: replace the use of the deprecated method
[INFO] [stdout]     |
[INFO] [stdout] 274 -     NEXT.fetch_update(Ordering::Relaxed, Ordering::Relaxed, |n| n.checked_add(1))
[INFO] [stdout] 274 +     NEXT.try_update(Ordering::Relaxed, Ordering::Relaxed, |n| n.checked_add(1))
[INFO] [stdout]     |
[INFO] [stdout] 
[INFO] [stdout] 
[INFO] [stdout] warning: unused variable: `ret`
[INFO] [stdout]   --> src/timer/sleep.rs:17:13
[INFO] [stdout]    |
[INFO] [stdout] 17 |         let ret = unsafe { ffrt_usleep(duration.as_micros() as u64) };
[INFO] [stdout]    |             ^^^ help: if this is intentional, prefix it with an underscore: `_ret`
[INFO] [stdout]    |
[INFO] [stdout]    = note: `#[warn(unused_variables)]` (part of `#[warn(unused)]`) on by default
[INFO] [stdout] 
[INFO] [stdout] 
[INFO] [stderr]     Finished `release` profile [optimized] target(s) in 10.47s
[INFO] running `Command { std: "docker" "inspect" "d89b941ecd5ec5595a6da895b498e68f0fbcb48af9173b60cd45c29581340375", kill_on_drop: false }`
[INFO] running `Command { std: "docker" "exec" "-e" "SOURCE_DIR=/opt/rustwide/workdir" "-e" "CARGO_HOME=/opt/rustwide/cargo-home" "-e" "RUSTUP_HOME=/opt/rustwide/rustup-home" "-e" "CARGO_TARGET_DIR=/opt/rustwide/target" "-e" "CARGO_INCREMENTAL=0" "-e" "RUST_BACKTRACE=full" "-e" "RUSTFLAGS=--cap-lints=warn" "-e" "RUSTDOCFLAGS=--cap-lints=warn" "-w" "/opt/rustwide/workdir" "--user" "0:0" "d89b941ecd5ec5595a6da895b498e68f0fbcb48af9173b60cd45c29581340375" "/opt/rustwide/cargo-home/bin/cargo" "+1.100.0-beta.1" "test" "--frozen" "--no-run" "--message-format=json" "--release", kill_on_drop: false }`
[INFO] [stderr]    Compiling ffrt v0.1.0 (/opt/rustwide/workdir)
[INFO] [stdout] warning: unused import: `ffrt_error_t_ffrt_success`
[INFO] [stdout]   --> src/timer/sleep.rs:12:20
[INFO] [stdout]    |
[INFO] [stdout] 12 |     use ffrt_sys::{ffrt_error_t_ffrt_success, ffrt_usleep};
[INFO] [stdout]    |                    ^^^^^^^^^^^^^^^^^^^^^^^^^
[INFO] [stdout]    |
[INFO] [stdout]    = note: `#[warn(unused_imports)]` (part of `#[warn(unused)]`) on by default
[INFO] [stdout] 
[INFO] [stdout] 
[INFO] [stdout] warning: use of deprecated method `std::sync::atomic::Atomic::<usize>::fetch_update`: renamed to `try_update` for consistency
[INFO] [stdout]    --> src/reactor.rs:274:10
[INFO] [stdout]     |
[INFO] [stdout] 274 |     NEXT.fetch_update(Ordering::Relaxed, Ordering::Relaxed, |n| n.checked_add(1))
[INFO] [stdout]     |          ^^^^^^^^^^^^
[INFO] [stdout]     |
[INFO] [stdout]     = note: `#[warn(deprecated)]` on by default
[INFO] [stdout] help: replace the use of the deprecated method
[INFO] [stdout]     |
[INFO] [stdout] 274 -     NEXT.fetch_update(Ordering::Relaxed, Ordering::Relaxed, |n| n.checked_add(1))
[INFO] [stdout] 274 +     NEXT.try_update(Ordering::Relaxed, Ordering::Relaxed, |n| n.checked_add(1))
[INFO] [stdout]     |
[INFO] [stdout] 
[INFO] [stdout] 
[INFO] [stdout] warning: unused variable: `ret`
[INFO] [stdout]   --> src/timer/sleep.rs:17:13
[INFO] [stdout]    |
[INFO] [stdout] 17 |         let ret = unsafe { ffrt_usleep(duration.as_micros() as u64) };
[INFO] [stdout]    |             ^^^ help: if this is intentional, prefix it with an underscore: `_ret`
[INFO] [stdout]    |
[INFO] [stdout]    = note: `#[warn(unused_variables)]` (part of `#[warn(unused)]`) on by default
[INFO] [stdout] 
[INFO] [stdout] 
[INFO] [stdout] warning: unused import: `ffrt_error_t_ffrt_success`
[INFO] [stdout]   --> src/timer/sleep.rs:12:20
[INFO] [stdout]    |
[INFO] [stdout] 12 |     use ffrt_sys::{ffrt_error_t_ffrt_success, ffrt_usleep};
[INFO] [stdout]    |                    ^^^^^^^^^^^^^^^^^^^^^^^^^
[INFO] [stdout]    |
[INFO] [stdout]    = note: `#[warn(unused_imports)]` (part of `#[warn(unused)]`) on by default
[INFO] [stdout] 
[INFO] [stdout] 
[INFO] [stdout] error: linking with `cc` failed: exit status: 1
[INFO] [stdout]   |
[INFO] [stdout]   = note:  "cc" "-m64" "/opt/rustwide/target/release/build/ffrt/ee1afe438a3c6c11/out/rustcBMI4Xw/symbols.o" "<2 object files omitted>" "-Wl,--as-needed" "-Wl,-Bstatic" "/opt/rustwide/target/release/build/ffrt/79d8c49b16fe3870/out/libffrt-79d8c49b16fe3870.rlib" "/opt/rustwide/target/release/build/libc/a0996e9cad7bedd7/out/liblibc-a0996e9cad7bedd7.rlib" "/opt/rustwide/target/release/build/ffrt-sys/8e1659792ff6afae/out/libffrt_sys-8e1659792ff6afae.rlib" "/opt/rustwide/target/release/build/bytes/654f8a7a557a4087/out/libbytes-654f8a7a557a4087.rlib" "<sysroot>/lib/rustlib/x86_64-unknown-linux-gnu/lib/{libstd-*,libpanic_unwind-*,libobject-*,libmemchr-*,libaddr2line-*,libgimli-*,libcfg_if-*,librustc_demangle-*,libstd_detect-*,libhashbrown-*,librustc_std_workspace_alloc-*,libminiz_oxide-*,libadler2-*,libunwind-*,liblibc-*,librustc_std_workspace_core-*,liballoc-*,libcore-*,libcompiler_builtins-*}.rlib" "-Wl,-Bdynamic" "-lffrt.z" "-lgcc_s" "-lutil" "-lrt" "-lpthread" "-lm" "-ldl" "-lc" "-L" "/opt/rustwide/target/release/build/ffrt/ee1afe438a3c6c11/out/rustcBMI4Xw/raw-dylibs" "-B<sysroot>/lib/rustlib/x86_64-unknown-linux-gnu/bin/gcc-ld" "-fuse-ld=lld" "-Wl,--eh-frame-hdr" "-Wl,-z,noexecstack" "-L" "<sysroot>/lib/rustlib/x86_64-unknown-linux-gnu/lib" "-o" "/opt/rustwide/target/release/build/ffrt/ee1afe438a3c6c11/out/macro_check" "-Wl,--gc-sections" "-pie" "-Wl,-z,relro,-z,now" "-Wl,-O1" "-Wl,--strip-debug" "-nodefaultlibs"
[INFO] [stdout]   = note: some arguments are omitted. use `--verbose` to show all linker arguments
[INFO] [stdout]   = note: rust-lld: error: unable to find library -lffrt.z
[INFO] [stdout]           collect2: error: ld returned 1 exit status
[INFO] [stdout]           
[INFO] [stdout] 
[INFO] [stdout] 
[INFO] [stderr] error: could not compile `ffrt` (example "macro_check") due to 1 previous error
[INFO] [stderr] warning: build failed, waiting for other jobs to finish...
[INFO] [stdout] warning: use of deprecated method `std::sync::atomic::Atomic::<usize>::fetch_update`: renamed to `try_update` for consistency
[INFO] [stdout]    --> src/reactor.rs:274:10
[INFO] [stdout]     |
[INFO] [stdout] 274 |     NEXT.fetch_update(Ordering::Relaxed, Ordering::Relaxed, |n| n.checked_add(1))
[INFO] [stdout]     |          ^^^^^^^^^^^^
[INFO] [stdout]     |
[INFO] [stdout]     = note: `#[warn(deprecated)]` on by default
[INFO] [stdout] help: replace the use of the deprecated method
[INFO] [stdout]     |
[INFO] [stdout] 274 -     NEXT.fetch_update(Ordering::Relaxed, Ordering::Relaxed, |n| n.checked_add(1))
[INFO] [stdout] 274 +     NEXT.try_update(Ordering::Relaxed, Ordering::Relaxed, |n| n.checked_add(1))
[INFO] [stdout]     |
[INFO] [stdout] 
[INFO] [stdout] 
[INFO] [stdout] error: linking with `cc` failed: exit status: 1
[INFO] [stdout]   |
[INFO] [stdout]   = note:  "cc" "-m64" "/opt/rustwide/target/release/build/ffrt/787ad8721bb3ac7f/out/rustcGq1PtS/symbols.o" "<11 object files omitted>" "-Wl,--as-needed" "-Wl,-Bstatic" "<sysroot>/lib/rustlib/x86_64-unknown-linux-gnu/lib/{libtest-*,libgetopts-*,librustc_std_workspace_std-*}.rlib" "/opt/rustwide/target/release/build/static_assertions/306fc8cfb43dc741/out/libstatic_assertions-306fc8cfb43dc741.rlib" "/opt/rustwide/target/release/build/ffrt/79d8c49b16fe3870/out/libffrt-79d8c49b16fe3870.rlib" "/opt/rustwide/target/release/build/libc/a0996e9cad7bedd7/out/liblibc-a0996e9cad7bedd7.rlib" "/opt/rustwide/target/release/build/ffrt-sys/8e1659792ff6afae/out/libffrt_sys-8e1659792ff6afae.rlib" "/opt/rustwide/target/release/build/bytes/654f8a7a557a4087/out/libbytes-654f8a7a557a4087.rlib" "<sysroot>/lib/rustlib/x86_64-unknown-linux-gnu/lib/{libstd-*,libpanic_unwind-*,libobject-*,libmemchr-*,libaddr2line-*,libgimli-*,libcfg_if-*,librustc_demangle-*,libstd_detect-*,libhashbrown-*,librustc_std_workspace_alloc-*,libminiz_oxide-*,libadler2-*,libunwind-*,liblibc-*,librustc_std_workspace_core-*,liballoc-*,libcore-*,libcompiler_builtins-*}.rlib" "-Wl,-Bdynamic" "-lffrt.z" "-lgcc_s" "-lutil" "-lrt" "-lpthread" "-lm" "-ldl" "-lc" "-L" "/opt/rustwide/target/release/build/ffrt/787ad8721bb3ac7f/out/rustcGq1PtS/raw-dylibs" "-B<sysroot>/lib/rustlib/x86_64-unknown-linux-gnu/bin/gcc-ld" "-fuse-ld=lld" "-Wl,--eh-frame-hdr" "-Wl,-z,noexecstack" "-L" "<sysroot>/lib/rustlib/x86_64-unknown-linux-gnu/lib" "-o" "/opt/rustwide/target/release/build/ffrt/787ad8721bb3ac7f/out/regressions-787ad8721bb3ac7f" "-Wl,--gc-sections" "-pie" "-Wl,-z,relro,-z,now" "-Wl,-O1" "-Wl,--strip-debug" "-nodefaultlibs"
[INFO] [stdout]   = note: some arguments are omitted. use `--verbose` to show all linker arguments
[INFO] [stdout]   = note: rust-lld: error: unable to find library -lffrt.z
[INFO] [stdout]           collect2: error: ld returned 1 exit status
[INFO] [stdout]           
[INFO] [stdout] 
[INFO] [stdout] 
[INFO] [stderr] error: could not compile `ffrt` (test "regressions") due to 1 previous error
[INFO] [stdout] error: linking with `cc` failed: exit status: 1
[INFO] [stdout]   |
[INFO] [stdout]   = note:  "cc" "-m64" "/opt/rustwide/target/release/build/ffrt/8760f6d4a3040f03/out/rustchMACFE/symbols.o" "<11 object files omitted>" "-Wl,--as-needed" "-Wl,-Bstatic" "/opt/rustwide/target/release/build/ffrt/79d8c49b16fe3870/out/libffrt-79d8c49b16fe3870.rlib" "/opt/rustwide/target/release/build/libc/a0996e9cad7bedd7/out/liblibc-a0996e9cad7bedd7.rlib" "/opt/rustwide/target/release/build/ffrt-sys/8e1659792ff6afae/out/libffrt_sys-8e1659792ff6afae.rlib" "/opt/rustwide/target/release/build/bytes/654f8a7a557a4087/out/libbytes-654f8a7a557a4087.rlib" "<sysroot>/lib/rustlib/x86_64-unknown-linux-gnu/lib/{libstd-*,libpanic_unwind-*,libobject-*,libmemchr-*,libaddr2line-*,libgimli-*,libcfg_if-*,librustc_demangle-*,libstd_detect-*,libhashbrown-*,librustc_std_workspace_alloc-*,libminiz_oxide-*,libadler2-*,libunwind-*,liblibc-*,librustc_std_workspace_core-*,liballoc-*,libcore-*,libcompiler_builtins-*}.rlib" "-Wl,-Bdynamic" "-lffrt.z" "-lgcc_s" "-lutil" "-lrt" "-lpthread" "-lm" "-ldl" "-lc" "-L" "/opt/rustwide/target/release/build/ffrt/8760f6d4a3040f03/out/rustchMACFE/raw-dylibs" "-B<sysroot>/lib/rustlib/x86_64-unknown-linux-gnu/bin/gcc-ld" "-fuse-ld=lld" "-Wl,--eh-frame-hdr" "-Wl,-z,noexecstack" "-L" "<sysroot>/lib/rustlib/x86_64-unknown-linux-gnu/lib" "-o" "/opt/rustwide/target/release/build/ffrt/8760f6d4a3040f03/out/qemu_smoke" "-Wl,--gc-sections" "-pie" "-Wl,-z,relro,-z,now" "-Wl,-O1" "-Wl,--strip-debug" "-nodefaultlibs"
[INFO] [stdout]   = note: some arguments are omitted. use `--verbose` to show all linker arguments
[INFO] [stdout]   = note: rust-lld: error: unable to find library -lffrt.z
[INFO] [stdout]           collect2: error: ld returned 1 exit status
[INFO] [stdout]           
[INFO] [stdout] 
[INFO] [stdout] 
[INFO] [stderr] error: could not compile `ffrt` (example "qemu_smoke") due to 1 previous error
[INFO] [stdout] warning: unused variable: `ret`
[INFO] [stdout]   --> src/timer/sleep.rs:17:13
[INFO] [stdout]    |
[INFO] [stdout] 17 |         let ret = unsafe { ffrt_usleep(duration.as_micros() as u64) };
[INFO] [stdout]    |             ^^^ help: if this is intentional, prefix it with an underscore: `_ret`
[INFO] [stdout]    |
[INFO] [stdout]    = note: `#[warn(unused_variables)]` (part of `#[warn(unused)]`) on by default
[INFO] [stdout] 
[INFO] [stdout] 
[INFO] [stdout] error: linking with `cc` failed: exit status: 1
[INFO] [stdout]   |
[INFO] [stdout]   = note:  "cc" "-m64" "/opt/rustwide/target/release/build/ffrt/38dc2d4a1920094b/out/rustcnA9HLb/symbols.o" "<17 object files omitted>" "-Wl,--as-needed" "-Wl,-Bstatic" "/opt/rustwide/target/release/build/libc/a0996e9cad7bedd7/out/liblibc-a0996e9cad7bedd7.rlib" "<sysroot>/lib/rustlib/x86_64-unknown-linux-gnu/lib/{libtest-*,libgetopts-*,librustc_std_workspace_std-*}.rlib" "/opt/rustwide/target/release/build/ffrt-sys/8e1659792ff6afae/out/libffrt_sys-8e1659792ff6afae.rlib" "/opt/rustwide/target/release/build/bytes/654f8a7a557a4087/out/libbytes-654f8a7a557a4087.rlib" "<sysroot>/lib/rustlib/x86_64-unknown-linux-gnu/lib/{libstd-*,libpanic_unwind-*,libobject-*,libmemchr-*,libaddr2line-*,libgimli-*,libcfg_if-*,librustc_demangle-*,libstd_detect-*,libhashbrown-*,librustc_std_workspace_alloc-*,libminiz_oxide-*,libadler2-*,libunwind-*,liblibc-*,librustc_std_workspace_core-*,liballoc-*,libcore-*,libcompiler_builtins-*}.rlib" "-Wl,-Bdynamic" "-lffrt.z" "-lgcc_s" "-lutil" "-lrt" "-lpthread" "-lm" "-ldl" "-lc" "-L" "/opt/rustwide/target/release/build/ffrt/38dc2d4a1920094b/out/rustcnA9HLb/raw-dylibs" "-B<sysroot>/lib/rustlib/x86_64-unknown-linux-gnu/bin/gcc-ld" "-fuse-ld=lld" "-Wl,--eh-frame-hdr" "-Wl,-z,noexecstack" "-L" "<sysroot>/lib/rustlib/x86_64-unknown-linux-gnu/lib" "-o" "/opt/rustwide/target/release/build/ffrt/38dc2d4a1920094b/out/ffrt-38dc2d4a1920094b" "-Wl,--gc-sections" "-pie" "-Wl,-z,relro,-z,now" "-Wl,-O1" "-Wl,--strip-debug" "-nodefaultlibs"
[INFO] [stdout]   = note: some arguments are omitted. use `--verbose` to show all linker arguments
[INFO] [stdout]   = note: rust-lld: error: unable to find library -lffrt.z
[INFO] [stdout]           collect2: error: ld returned 1 exit status
[INFO] [stdout]           
[INFO] [stdout] 
[INFO] [stdout] 
[INFO] [stderr] error: could not compile `ffrt` (lib test) due to 1 previous error; 3 warnings emitted
[INFO] running `Command { std: "docker" "inspect" "d89b941ecd5ec5595a6da895b498e68f0fbcb48af9173b60cd45c29581340375", kill_on_drop: false }`
[INFO] running `Command { std: "docker" "rm" "-f" "d89b941ecd5ec5595a6da895b498e68f0fbcb48af9173b60cd45c29581340375", kill_on_drop: false }`
[INFO] [stdout] d89b941ecd5ec5595a6da895b498e68f0fbcb48af9173b60cd45c29581340375
