[INFO] fetching crate fetch_hyper 0.9.0...
[INFO] testing fetch_hyper-0.9.0 against 1.99.0-beta.8+cargoflags=--release for beta-release-1.100-2
[INFO] extracting crate fetch_hyper 0.9.0 into /workspace/builds/worker-4-tc1/source
[INFO] started tweaking crates.io crate fetch_hyper 0.9.0
[INFO] removed 0 missing tests
[INFO] finished tweaking crates.io crate fetch_hyper 0.9.0
[INFO] tweaked toml for crates.io crate fetch_hyper 0.9.0 written to /workspace/builds/worker-4-tc1/source/Cargo.toml
[INFO] validating manifest of crates.io crate fetch_hyper 0.9.0 on toolchain 1.99.0-beta.8
[INFO] running `Command { std: CARGO_HOME="/workspace/cargo-home" RUSTUP_HOME="/workspace/rustup-home" "/workspace/cargo-home/bin/cargo" "+1.99.0-beta.8" "metadata" "--manifest-path" "Cargo.toml" "--no-deps", kill_on_drop: false }`
[INFO] crate crates.io crate fetch_hyper 0.9.0 already has a lockfile, it will not be regenerated
[INFO] running `Command { std: CARGO_HOME="/workspace/cargo-home" RUSTUP_HOME="/workspace/rustup-home" "/workspace/cargo-home/bin/cargo" "+1.99.0-beta.8" "fetch" "--manifest-path" "Cargo.toml", kill_on_drop: false }`
[INFO] [stderr]     Updating crates.io index
[INFO] [stderr]  Downloading crates ...
[INFO] [stderr]   Downloaded thread_aware v0.12.0
[INFO] [stderr]   Downloaded thread_aware_macros v0.12.0
[INFO] [stderr]   Downloaded thread_aware_macros_impl v0.12.0
[INFO] [stderr]   Downloaded thread_aware_core v0.1.1
[INFO] [stderr]   Downloaded data_privacy_macros v0.13.0
[INFO] [stderr]   Downloaded tick v0.7.1
[INFO] [stderr]   Downloaded nm v0.1.49
[INFO] [stderr]   Downloaded templated_uri_macros v0.6.0
[INFO] [stderr]   Downloaded data_privacy_core v0.1.2
[INFO] [stderr]   Downloaded recoverable v0.2.0
[INFO] [stderr]   Downloaded data_privacy_macros_impl v0.13.0
[INFO] [stderr]   Downloaded ohno_macros v0.5.2
[INFO] [stderr]   Downloaded fast_time v0.1.31
[INFO] [stderr]   Downloaded linktime-proc-macro v0.2.3
[INFO] [stderr]   Downloaded ohno_macros_impl v0.5.2
[INFO] [stderr]   Downloaded data_privacy v0.13.0
[INFO] [stderr]   Downloaded layered v0.3.7
[INFO] [stderr]   Downloaded fetch_tls v0.4.1
[INFO] [stderr]   Downloaded anyspawn v0.9.1
[INFO] [stderr]   Downloaded fetch_options v0.2.4
[INFO] [stderr]   Downloaded templated_uri_macros_impl v0.6.0
[INFO] [stderr]   Downloaded templated_uri v0.6.0
[INFO] [stderr]   Downloaded nm_impl v0.1.49
[INFO] [stderr]   Downloaded ohno v0.5.2
[INFO] [stderr]   Downloaded performables v0.2.0
[INFO] [stderr]   Downloaded opentelemetry v0.33.0
[INFO] [stderr]   Downloaded http_extensions v0.12.0
[INFO] [stderr]   Downloaded bytesbuf v0.11.0
[INFO] [stderr]   Downloaded opentelemetry-semantic-conventions v0.33.0
[INFO] [stderr]   Downloaded seatbelt v0.10.0
[INFO] [stderr]   Downloaded plurality v0.2.2
[INFO] [stderr]   Downloaded opentelemetry_sdk v0.33.0
[INFO] running `Command { std: "docker" "create" "-v" "/var/lib/crater-agent-workspace/builds/worker-4-tc1/source:/opt/rustwide/workdir:ro,Z" "-v" "/var/lib/crater-agent-workspace/builds/worker-4-tc1/target:/opt/rustwide/target:rw,Z" "-v" "/var/lib/crater-agent-workspace/cargo-home:/opt/rustwide/cargo-home:ro,Z" "-v" "/var/lib/crater-agent-workspace/rustup-home:/opt/rustwide/rustup-home:ro,Z" "-m" "1610612736" "--network" "none" "ghcr.io/rust-lang/crates-build-env/linux@sha256:77db811e55d90add9212f6832c23229e3de5f1c1f9905e8cb07319ea15df73ac" "sleep" "infinity", kill_on_drop: false }`
[INFO] [stdout] df5ee24a2338e80689134da34c0f8a0c75e15044587502c567744af18b4052d2
[INFO] running `Command { std: "docker" "start" "df5ee24a2338e80689134da34c0f8a0c75e15044587502c567744af18b4052d2", kill_on_drop: false }`
[INFO] running `Command { std: "docker" "inspect" "df5ee24a2338e80689134da34c0f8a0c75e15044587502c567744af18b4052d2", kill_on_drop: false }`
[INFO] running `Command { std: "docker" "exec" "-e" "SOURCE_DIR=/opt/rustwide/workdir" "-e" "CARGO_HOME=/opt/rustwide/cargo-home" "-e" "RUSTUP_HOME=/opt/rustwide/rustup-home" "-e" "CARGO_TARGET_DIR=/opt/rustwide/target" "-w" "/opt/rustwide/workdir" "--user" "0:0" "df5ee24a2338e80689134da34c0f8a0c75e15044587502c567744af18b4052d2" "/opt/rustwide/cargo-home/bin/cargo" "+1.99.0-beta.8" "metadata" "--no-deps" "--format-version=1", kill_on_drop: false }`
[INFO] running `Command { std: "docker" "inspect" "df5ee24a2338e80689134da34c0f8a0c75e15044587502c567744af18b4052d2", kill_on_drop: false }`
[INFO] running `Command { std: "docker" "exec" "-e" "SOURCE_DIR=/opt/rustwide/workdir" "-e" "CARGO_HOME=/opt/rustwide/cargo-home" "-e" "RUSTUP_HOME=/opt/rustwide/rustup-home" "-e" "CARGO_TARGET_DIR=/opt/rustwide/target" "-e" "CARGO_INCREMENTAL=0" "-e" "RUST_BACKTRACE=full" "-e" "RUSTFLAGS=--cap-lints=warn" "-e" "RUSTDOCFLAGS=--cap-lints=warn" "-w" "/opt/rustwide/workdir" "--user" "0:0" "df5ee24a2338e80689134da34c0f8a0c75e15044587502c567744af18b4052d2" "/opt/rustwide/cargo-home/bin/cargo" "+1.99.0-beta.8" "build" "--frozen" "--message-format=json" "--release", kill_on_drop: false }`
[INFO] [stderr]    Compiling thread_aware_core v0.1.1
[INFO] [stderr]    Compiling typeid v1.0.3
[INFO] [stderr]    Compiling num-traits v0.2.19
[INFO] [stderr]    Compiling syn v3.0.5
[INFO] [stderr]    Compiling allocator-api2 v0.4.0
[INFO] [stderr]    Compiling chumsky v0.13.0
[INFO] [stderr]    Compiling tokio v1.53.1
[INFO] [stderr]    Compiling fast_time v0.1.31
[INFO] [stderr]    Compiling performables v0.2.0
[INFO] [stderr]    Compiling jiff-core v0.1.0
[INFO] [stderr]    Compiling smallvec v1.16.0
[INFO] [stderr]    Compiling plurality v0.2.2
[INFO] [stderr]    Compiling futures-util v0.3.34
[INFO] [stderr]    Compiling syn v2.0.119
[INFO] [stderr]    Compiling nm_impl v0.1.49
[INFO] [stderr]    Compiling jiff v0.2.35
[INFO] [stderr]    Compiling data_privacy_core v0.1.2
[INFO] [stderr]    Compiling rustc-hash v2.1.3
[INFO] [stderr]    Compiling nm v0.1.49
[INFO] [stderr]    Compiling layered v0.3.7
[INFO] [stderr]    Compiling recoverable v0.2.0
[INFO] [stderr]    Compiling rustls-pki-types v1.15.1
[INFO] [stderr]    Compiling http-body-util v0.1.5
[INFO] [stderr]    Compiling base64 v0.23.1
[INFO] [stderr]    Compiling tower v0.5.3
[INFO] [stderr]    Compiling fetch_options v0.2.4
[INFO] [stderr]    Compiling ohno_macros_impl v0.5.2
[INFO] [stderr]    Compiling thread_aware_macros_impl v0.12.0
[INFO] [stderr]    Compiling darling_core v0.24.1
[INFO] [stderr]    Compiling data_privacy_macros_impl v0.13.0
[INFO] [stderr]    Compiling tokio-util v0.7.19
[INFO] [stderr]    Compiling futures v0.3.34
[INFO] [stderr]    Compiling opentelemetry v0.33.0
[INFO] [stderr]    Compiling opentelemetry-semantic-conventions v0.33.0
[INFO] [stderr]    Compiling pin-project-internal v1.1.13
[INFO] [stderr]    Compiling ohno_macros v0.5.2
[INFO] [stderr]    Compiling thread_aware_macros v0.12.0
[INFO] [stderr]    Compiling thread_aware v0.12.0
[INFO] [stderr]    Compiling ohno v0.5.2
[INFO] [stderr]    Compiling data_privacy_macros v0.13.0
[INFO] [stderr]    Compiling data_privacy v0.13.0
[INFO] [stderr]    Compiling tick v0.7.1
[INFO] [stderr]    Compiling h2 v0.4.19
[INFO] [stderr]    Compiling bytesbuf v0.11.0
[INFO] [stderr]    Compiling pin-project v1.1.13
[INFO] [stderr]    Compiling seatbelt v0.10.0
[INFO] [stderr]    Compiling fetch_tls v0.4.1
[INFO] [stderr]    Compiling anyspawn v0.9.1
[INFO] [stderr]    Compiling darling_macro v0.24.1
[INFO] [stderr]    Compiling darling v0.24.1
[INFO] [stderr]    Compiling templated_uri_macros_impl v0.6.0
[INFO] [stderr]    Compiling templated_uri_macros v0.6.0
[INFO] [stderr]    Compiling templated_uri v0.6.0
[INFO] [stderr]    Compiling http_extensions v0.12.0
[INFO] [stderr]    Compiling hyper v1.11.1
[INFO] [stderr]    Compiling hyper-util v0.1.20
[INFO] [stderr]    Compiling fetch_hyper v0.9.0 (/opt/rustwide/workdir)
[INFO] [stderr]     Finished `release` profile [optimized] target(s) in 1m 20s
[INFO] running `Command { std: "docker" "inspect" "df5ee24a2338e80689134da34c0f8a0c75e15044587502c567744af18b4052d2", kill_on_drop: false }`
[INFO] running `Command { std: "docker" "exec" "-e" "SOURCE_DIR=/opt/rustwide/workdir" "-e" "CARGO_HOME=/opt/rustwide/cargo-home" "-e" "RUSTUP_HOME=/opt/rustwide/rustup-home" "-e" "CARGO_TARGET_DIR=/opt/rustwide/target" "-e" "CARGO_INCREMENTAL=0" "-e" "RUST_BACKTRACE=full" "-e" "RUSTFLAGS=--cap-lints=warn" "-e" "RUSTDOCFLAGS=--cap-lints=warn" "-w" "/opt/rustwide/workdir" "--user" "0:0" "df5ee24a2338e80689134da34c0f8a0c75e15044587502c567744af18b4052d2" "/opt/rustwide/cargo-home/bin/cargo" "+1.99.0-beta.8" "test" "--frozen" "--no-run" "--message-format=json" "--release", kill_on_drop: false }`
[INFO] [stderr]    Compiling find-msvc-tools v0.1.12
[INFO] [stderr]    Compiling libc v0.2.189
[INFO] [stderr]    Compiling tokio-macros v2.7.2
[INFO] [stderr]    Compiling zerovec-derive v0.11.6
[INFO] [stderr]    Compiling displaydoc v0.2.7
[INFO] [stderr]    Compiling futures-macro v0.3.34
[INFO] [stderr]    Compiling aws-lc-rs v1.18.1
[INFO] [stderr]    Compiling zerocopy v0.8.57
[INFO] [stderr]    Compiling thiserror v2.0.20
[INFO] [stderr]    Compiling getrandom v0.3.4
[INFO] [stderr]    Compiling openssl-macros v0.1.1
[INFO] [stderr]    Compiling thiserror-impl v2.0.20
[INFO] [stderr]    Compiling native-tls v0.2.18
[INFO] [stderr]    Compiling tokio v1.53.1
[INFO] [stderr]    Compiling rustls v0.23.45
[INFO] [stderr]    Compiling zerotrie v0.2.5
[INFO] [stderr]    Compiling rustix v1.1.4
[INFO] [stderr]    Compiling rand_core v0.9.5
[INFO] [stderr]    Compiling futures-util v0.3.34
[INFO] [stderr]    Compiling pin-project-internal v1.1.13
[INFO] [stderr]    Compiling zerovec v0.11.8
[INFO] [stderr]    Compiling regex-automata v0.4.18
[INFO] [stderr]    Compiling jobserver v0.1.35
[INFO] [stderr]    Compiling opentelemetry v0.33.0
[INFO] [stderr]    Compiling cc v1.4.5
[INFO] [stderr]    Compiling pin-project v1.1.13
[INFO] [stderr]    Compiling tinystr v0.8.4
[INFO] [stderr]    Compiling icu_locale_core v2.3.0
[INFO] [stderr]    Compiling cmake v0.1.58
[INFO] [stderr]    Compiling aws-lc-sys v0.45.0
[INFO] [stderr]    Compiling openssl-sys v0.9.117
[INFO] [stderr]    Compiling potential_utf v0.1.6
[INFO] [stderr]    Compiling icu_provider v2.3.1
[INFO] [stderr]    Compiling icu_collections v2.3.0
[INFO] [stderr]    Compiling futures-executor v0.3.34
[INFO] [stderr]    Compiling openssl v0.10.81
[INFO] [stderr]    Compiling icu_normalizer v2.3.0
[INFO] [stderr]    Compiling icu_properties v2.3.0
[INFO] [stderr]    Compiling futures v0.3.34
[INFO] [stderr]    Compiling ppv-lite86 v0.2.21
[INFO] [stderr]    Compiling getrandom v0.4.3
[INFO] [stderr]    Compiling tokio-util v0.7.19
[INFO] [stderr]    Compiling rand_chacha v0.9.0
[INFO] [stderr]    Compiling h2 v0.4.19
[INFO] [stderr]    Compiling num_cpus v1.17.0
[INFO] [stderr]    Compiling idna_adapter v1.2.2
[INFO] [stderr]    Compiling idna v1.1.0
[INFO] [stderr]    Compiling deadpool-runtime v0.1.4
[INFO] [stderr]    Compiling fetch_tls v0.4.1
[INFO] [stderr]    Compiling tempfile v3.27.0
[INFO] [stderr]    Compiling deadpool v0.12.3
[INFO] [stderr]    Compiling url v2.5.8
[INFO] [stderr]    Compiling assert-json-diff v2.0.2
[INFO] [stderr]    Compiling rand v0.9.5
[INFO] [stderr]    Compiling http_extensions v0.12.0
[INFO] [stderr]    Compiling hyper v1.11.1
[INFO] [stderr]    Compiling tokio-native-tls v0.3.1
[INFO] [stderr]    Compiling regex v1.13.1
[INFO] [stderr]    Compiling similar v2.7.0
[INFO] [stderr]    Compiling linktime-proc-macro v0.2.3
[INFO] [stderr]    Compiling hyper-util v0.1.20
[INFO] [stderr]    Compiling ctor v1.0.13
[INFO] [stderr]    Compiling insta v1.48.0
[INFO] [stderr]    Compiling opentelemetry_sdk v0.33.0
[INFO] [stderr]    Compiling hyper-tls v0.6.0
[INFO] [stderr]    Compiling wiremock v0.6.5
[INFO] [stderr]    Compiling mutants v0.0.3
[INFO] [stderr]    Compiling fetch_hyper v0.9.0 (/opt/rustwide/workdir)
[INFO] [stderr]    Compiling rustls-webpki v0.103.15
[INFO] [stderr]    Compiling tokio-rustls v0.26.5
[INFO] [stderr]    Compiling hyper-rustls v0.27.9
[INFO] [stdout] error[E0432]: unresolved import `tick::ClockControl`
[INFO] [stdout]    --> src/timer.rs:52:9
[INFO] [stdout]     |
[INFO] [stdout]  52 |     use tick::ClockControl;
[INFO] [stdout]     |         ^^^^^^------------
[INFO] [stdout]     |               |
[INFO] [stdout]     |               no `ClockControl` in the root
[INFO] [stdout]     |
[INFO] [stdout] note: found an item that was configured out
[INFO] [stdout]    --> /opt/rustwide/cargo-home/registry/src/index.crates.io-1949cf8c6b5b557f/tick-0.7.1/src/lib.rs:333:24
[INFO] [stdout]     |
[INFO] [stdout] 332 | #[cfg(any(feature = "test-util", test))]
[INFO] [stdout]     |          ----------------------------- the item is gated here
[INFO] [stdout] 333 | pub use clock_control::ClockControl;
[INFO] [stdout]     |                        ^^^^^^^^^^^^
[INFO] [stdout] 
[INFO] [stdout] 
[INFO] [stdout] error[E0432]: unresolved import `testing_aids`
[INFO] [stdout]    --> src/connection/client_connector.rs:255:9
[INFO] [stdout]     |
[INFO] [stdout] 255 |     use testing_aids::MetricTester;
[INFO] [stdout]     |         ^^^^^^^^^^^^ use of unresolved module or unlinked crate `testing_aids`
[INFO] [stdout]     |
[INFO] [stdout]     = help: if you wanted to use a crate named `testing_aids`, use `cargo add testing_aids` to add it to your `Cargo.toml`
[INFO] [stdout] 
[INFO] [stdout] 
[INFO] [stdout] error[E0432]: unresolved import `testing_aids`
[INFO] [stdout]    --> src/connection/tracked_stream.rs:121:9
[INFO] [stdout]     |
[INFO] [stdout] 121 |     use testing_aids::MetricTester;
[INFO] [stdout]     |         ^^^^^^^^^^^^ use of unresolved module or unlinked crate `testing_aids`
[INFO] [stdout]     |
[INFO] [stdout]     = help: if you wanted to use a crate named `testing_aids`, use `cargo add testing_aids` to add it to your `Cargo.toml`
[INFO] [stdout] 
[INFO] [stdout] 
[INFO] [stdout] error[E0433]: cannot find module or crate `testing_aids` in this scope
[INFO] [stdout]   --> src/lib.rs:51:1
[INFO] [stdout]    |
[INFO] [stdout] 51 | testing_aids::init_tracing!();
[INFO] [stdout]    | ^^^^^^^^^^^^ use of unresolved module or unlinked crate `testing_aids`
[INFO] [stdout] 
[INFO] [stdout] 
[INFO] [stdout] error[E0433]: cannot find `ClockControl` in `tick`
[INFO] [stdout]    --> src/builder.rs:317:60
[INFO] [stdout]     |
[INFO] [stdout] 317 |             FakeConnector::new_success(Bytes::new(), tick::ClockControl::new().auto_advance_timers(true).to_clock()),
[INFO] [stdout]     |                                                            ^^^^^^^^^^^^ could not find `ClockControl` in `tick`
[INFO] [stdout]     |
[INFO] [stdout] note: found an item that was configured out
[INFO] [stdout]    --> /opt/rustwide/cargo-home/registry/src/index.crates.io-1949cf8c6b5b557f/tick-0.7.1/src/lib.rs:333:24
[INFO] [stdout]     |
[INFO] [stdout] 332 | #[cfg(any(feature = "test-util", test))]
[INFO] [stdout]     |          ----------------------------- the item is gated here
[INFO] [stdout] 333 | pub use clock_control::ClockControl;
[INFO] [stdout]     |                        ^^^^^^^^^^^^
[INFO] [stdout] 
[INFO] [stdout] 
[INFO] [stdout] error[E0433]: cannot find `ClockControl` in `tick`
[INFO] [stdout]    --> src/builder.rs:319:19
[INFO] [stdout]     |
[INFO] [stdout] 319 |             tick::ClockControl::new().auto_advance_timers(true).to_clock(),
[INFO] [stdout]     |                   ^^^^^^^^^^^^ could not find `ClockControl` in `tick`
[INFO] [stdout]     |
[INFO] [stdout] note: found an item that was configured out
[INFO] [stdout]    --> /opt/rustwide/cargo-home/registry/src/index.crates.io-1949cf8c6b5b557f/tick-0.7.1/src/lib.rs:333:24
[INFO] [stdout]     |
[INFO] [stdout] 332 | #[cfg(any(feature = "test-util", test))]
[INFO] [stdout]     |          ----------------------------- the item is gated here
[INFO] [stdout] 333 | pub use clock_control::ClockControl;
[INFO] [stdout]     |                        ^^^^^^^^^^^^
[INFO] [stdout] 
[INFO] [stdout] 
[INFO] [stdout] error[E0433]: cannot find `ClockControl` in `tick`
[INFO] [stdout]    --> src/builder.rs:430:27
[INFO] [stdout]     |
[INFO] [stdout] 430 |         let clock = tick::ClockControl::new().auto_advance_timers(true).to_clock();
[INFO] [stdout]     |                           ^^^^^^^^^^^^ could not find `ClockControl` in `tick`
[INFO] [stdout]     |
[INFO] [stdout] note: found an item that was configured out
[INFO] [stdout]    --> /opt/rustwide/cargo-home/registry/src/index.crates.io-1949cf8c6b5b557f/tick-0.7.1/src/lib.rs:333:24
[INFO] [stdout]     |
[INFO] [stdout] 332 | #[cfg(any(feature = "test-util", test))]
[INFO] [stdout]     |          ----------------------------- the item is gated here
[INFO] [stdout] 333 | pub use clock_control::ClockControl;
[INFO] [stdout]     |                        ^^^^^^^^^^^^
[INFO] [stdout] 
[INFO] [stdout] 
[INFO] [stdout] error[E0433]: cannot find `ClockControl` in `tick`
[INFO] [stdout]    --> src/builder.rs:450:27
[INFO] [stdout]     |
[INFO] [stdout] 450 |         let clock = tick::ClockControl::new().auto_advance_timers(true).to_clock();
[INFO] [stdout]     |                           ^^^^^^^^^^^^ could not find `ClockControl` in `tick`
[INFO] [stdout]     |
[INFO] [stdout] note: found an item that was configured out
[INFO] [stdout]    --> /opt/rustwide/cargo-home/registry/src/index.crates.io-1949cf8c6b5b557f/tick-0.7.1/src/lib.rs:333:24
[INFO] [stdout]     |
[INFO] [stdout] 332 | #[cfg(any(feature = "test-util", test))]
[INFO] [stdout]     |          ----------------------------- the item is gated here
[INFO] [stdout] 333 | pub use clock_control::ClockControl;
[INFO] [stdout]     |                        ^^^^^^^^^^^^
[INFO] [stdout] 
[INFO] [stdout] 
[INFO] [stdout] error[E0433]: cannot find `ClockControl` in `tick`
[INFO] [stdout]    --> src/builder.rs:466:27
[INFO] [stdout]     |
[INFO] [stdout] 466 |         let clock = tick::ClockControl::new().auto_advance_timers(true).to_clock();
[INFO] [stdout]     |                           ^^^^^^^^^^^^ could not find `ClockControl` in `tick`
[INFO] [stdout]     |
[INFO] [stdout] note: found an item that was configured out
[INFO] [stdout]    --> /opt/rustwide/cargo-home/registry/src/index.crates.io-1949cf8c6b5b557f/tick-0.7.1/src/lib.rs:333:24
[INFO] [stdout]     |
[INFO] [stdout] 332 | #[cfg(any(feature = "test-util", test))]
[INFO] [stdout]     |          ----------------------------- the item is gated here
[INFO] [stdout] 333 | pub use clock_control::ClockControl;
[INFO] [stdout]     |                        ^^^^^^^^^^^^
[INFO] [stdout] 
[INFO] [stdout] 
[INFO] [stdout] error[E0433]: cannot find `ClockControl` in `tick`
[INFO] [stdout]    --> src/builder.rs:485:27
[INFO] [stdout]     |
[INFO] [stdout] 485 |         let clock = tick::ClockControl::new().auto_advance_timers(true).to_clock();
[INFO] [stdout]     |                           ^^^^^^^^^^^^ could not find `ClockControl` in `tick`
[INFO] [stdout]     |
[INFO] [stdout] note: found an item that was configured out
[INFO] [stdout]    --> /opt/rustwide/cargo-home/registry/src/index.crates.io-1949cf8c6b5b557f/tick-0.7.1/src/lib.rs:333:24
[INFO] [stdout]     |
[INFO] [stdout] 332 | #[cfg(any(feature = "test-util", test))]
[INFO] [stdout]     |          ----------------------------- the item is gated here
[INFO] [stdout] 333 | pub use clock_control::ClockControl;
[INFO] [stdout]     |                        ^^^^^^^^^^^^
[INFO] [stdout] 
[INFO] [stdout] 
[INFO] [stdout] error[E0433]: cannot find `ClockControl` in `tick`
[INFO] [stdout]    --> src/builder.rs:508:27
[INFO] [stdout]     |
[INFO] [stdout] 508 |         let clock = tick::ClockControl::new().auto_advance_timers(true).to_clock();
[INFO] [stdout]     |                           ^^^^^^^^^^^^ could not find `ClockControl` in `tick`
[INFO] [stdout]     |
[INFO] [stdout] note: found an item that was configured out
[INFO] [stdout]    --> /opt/rustwide/cargo-home/registry/src/index.crates.io-1949cf8c6b5b557f/tick-0.7.1/src/lib.rs:333:24
[INFO] [stdout]     |
[INFO] [stdout] 332 | #[cfg(any(feature = "test-util", test))]
[INFO] [stdout]     |          ----------------------------- the item is gated here
[INFO] [stdout] 333 | pub use clock_control::ClockControl;
[INFO] [stdout]     |                        ^^^^^^^^^^^^
[INFO] [stdout] 
[INFO] [stdout] 
[INFO] [stdout] error[E0433]: cannot find `ClockControl` in `tick`
[INFO] [stdout]    --> src/connection/client_connector.rs:337:27
[INFO] [stdout]     |
[INFO] [stdout] 337 |         let clock = tick::ClockControl::new().auto_advance_timers(true).to_clock();
[INFO] [stdout]     |                           ^^^^^^^^^^^^ could not find `ClockControl` in `tick`
[INFO] [stdout]     |
[INFO] [stdout] note: found an item that was configured out
[INFO] [stdout]    --> /opt/rustwide/cargo-home/registry/src/index.crates.io-1949cf8c6b5b557f/tick-0.7.1/src/lib.rs:333:24
[INFO] [stdout]     |
[INFO] [stdout] 332 | #[cfg(any(feature = "test-util", test))]
[INFO] [stdout]     |          ----------------------------- the item is gated here
[INFO] [stdout] 333 | pub use clock_control::ClockControl;
[INFO] [stdout]     |                        ^^^^^^^^^^^^
[INFO] [stdout] 
[INFO] [stdout] 
[INFO] [stdout] error[E0433]: cannot find `ClockControl` in `tick`
[INFO] [stdout]    --> src/connection/client_connector.rs:364:27
[INFO] [stdout]     |
[INFO] [stdout] 364 |         let clock = tick::ClockControl::new().auto_advance_timers(true).to_clock();
[INFO] [stdout]     |                           ^^^^^^^^^^^^ could not find `ClockControl` in `tick`
[INFO] [stdout]     |
[INFO] [stdout] note: found an item that was configured out
[INFO] [stdout]    --> /opt/rustwide/cargo-home/registry/src/index.crates.io-1949cf8c6b5b557f/tick-0.7.1/src/lib.rs:333:24
[INFO] [stdout]     |
[INFO] [stdout] 332 | #[cfg(any(feature = "test-util", test))]
[INFO] [stdout]     |          ----------------------------- the item is gated here
[INFO] [stdout] 333 | pub use clock_control::ClockControl;
[INFO] [stdout]     |                        ^^^^^^^^^^^^
[INFO] [stdout] 
[INFO] [stdout] 
[INFO] [stdout] error[E0433]: cannot find `ClockControl` in `tick`
[INFO] [stdout]    --> src/connection/client_connector.rs:392:29
[INFO] [stdout]     |
[INFO] [stdout] 392 |         let control = tick::ClockControl::new().auto_advance_timers(true);
[INFO] [stdout]     |                             ^^^^^^^^^^^^ could not find `ClockControl` in `tick`
[INFO] [stdout]     |
[INFO] [stdout] note: found an item that was configured out
[INFO] [stdout]    --> /opt/rustwide/cargo-home/registry/src/index.crates.io-1949cf8c6b5b557f/tick-0.7.1/src/lib.rs:333:24
[INFO] [stdout]     |
[INFO] [stdout] 332 | #[cfg(any(feature = "test-util", test))]
[INFO] [stdout]     |          ----------------------------- the item is gated here
[INFO] [stdout] 333 | pub use clock_control::ClockControl;
[INFO] [stdout]     |                        ^^^^^^^^^^^^
[INFO] [stdout] 
[INFO] [stdout] 
[INFO] [stdout] error[E0433]: cannot find `ClockControl` in `tick`
[INFO] [stdout]    --> src/connection/client_connector.rs:414:27
[INFO] [stdout]     |
[INFO] [stdout] 414 |         let clock = tick::ClockControl::new().auto_advance_timers(true).to_clock();
[INFO] [stdout]     |                           ^^^^^^^^^^^^ could not find `ClockControl` in `tick`
[INFO] [stdout]     |
[INFO] [stdout] note: found an item that was configured out
[INFO] [stdout]    --> /opt/rustwide/cargo-home/registry/src/index.crates.io-1949cf8c6b5b557f/tick-0.7.1/src/lib.rs:333:24
[INFO] [stdout]     |
[INFO] [stdout] 332 | #[cfg(any(feature = "test-util", test))]
[INFO] [stdout]     |          ----------------------------- the item is gated here
[INFO] [stdout] 333 | pub use clock_control::ClockControl;
[INFO] [stdout]     |                        ^^^^^^^^^^^^
[INFO] [stdout] 
[INFO] [stdout] 
[INFO] [stdout] error[E0433]: cannot find `ClockControl` in `tick`
[INFO] [stdout]    --> src/connection/client_connector.rs:439:27
[INFO] [stdout]     |
[INFO] [stdout] 439 |         let clock = tick::ClockControl::new().auto_advance_timers(true).to_clock();
[INFO] [stdout]     |                           ^^^^^^^^^^^^ could not find `ClockControl` in `tick`
[INFO] [stdout]     |
[INFO] [stdout] note: found an item that was configured out
[INFO] [stdout]    --> /opt/rustwide/cargo-home/registry/src/index.crates.io-1949cf8c6b5b557f/tick-0.7.1/src/lib.rs:333:24
[INFO] [stdout]     |
[INFO] [stdout] 332 | #[cfg(any(feature = "test-util", test))]
[INFO] [stdout]     |          ----------------------------- the item is gated here
[INFO] [stdout] 333 | pub use clock_control::ClockControl;
[INFO] [stdout]     |                        ^^^^^^^^^^^^
[INFO] [stdout] 
[INFO] [stdout] 
[INFO] [stdout] error[E0433]: cannot find `ClockControl` in `tick`
[INFO] [stdout]    --> src/connection/hyper_connector_adapter.rs:84:19
[INFO] [stdout]     |
[INFO] [stdout]  84 |             tick::ClockControl::new().auto_advance_timers(true).to_clock(),
[INFO] [stdout]     |                   ^^^^^^^^^^^^ could not find `ClockControl` in `tick`
[INFO] [stdout]     |
[INFO] [stdout] note: found an item that was configured out
[INFO] [stdout]    --> /opt/rustwide/cargo-home/registry/src/index.crates.io-1949cf8c6b5b557f/tick-0.7.1/src/lib.rs:333:24
[INFO] [stdout]     |
[INFO] [stdout] 332 | #[cfg(any(feature = "test-util", test))]
[INFO] [stdout]     |          ----------------------------- the item is gated here
[INFO] [stdout] 333 | pub use clock_control::ClockControl;
[INFO] [stdout]     |                        ^^^^^^^^^^^^
[INFO] [stdout] 
[INFO] [stdout] 
[INFO] [stdout] error[E0433]: cannot find `ClockControl` in `tick`
[INFO] [stdout]    --> src/connection/hyper_connector_adapter.rs:94:19
[INFO] [stdout]     |
[INFO] [stdout]  94 |             tick::ClockControl::new().auto_advance_timers(true).to_clock(),
[INFO] [stdout]     |                   ^^^^^^^^^^^^ could not find `ClockControl` in `tick`
[INFO] [stdout]     |
[INFO] [stdout] note: found an item that was configured out
[INFO] [stdout]    --> /opt/rustwide/cargo-home/registry/src/index.crates.io-1949cf8c6b5b557f/tick-0.7.1/src/lib.rs:333:24
[INFO] [stdout]     |
[INFO] [stdout] 332 | #[cfg(any(feature = "test-util", test))]
[INFO] [stdout]     |          ----------------------------- the item is gated here
[INFO] [stdout] 333 | pub use clock_control::ClockControl;
[INFO] [stdout]     |                        ^^^^^^^^^^^^
[INFO] [stdout] 
[INFO] [stdout] 
[INFO] [stdout] error[E0433]: cannot find `ClockControl` in `tick`
[INFO] [stdout]    --> src/connection/hyper_handler.rs:210:27
[INFO] [stdout]     |
[INFO] [stdout] 210 |         let clock = tick::ClockControl::new().auto_advance_timers(true).to_clock();
[INFO] [stdout]     |                           ^^^^^^^^^^^^ could not find `ClockControl` in `tick`
[INFO] [stdout]     |
[INFO] [stdout] note: found an item that was configured out
[INFO] [stdout]    --> /opt/rustwide/cargo-home/registry/src/index.crates.io-1949cf8c6b5b557f/tick-0.7.1/src/lib.rs:333:24
[INFO] [stdout]     |
[INFO] [stdout] 332 | #[cfg(any(feature = "test-util", test))]
[INFO] [stdout]     |          ----------------------------- the item is gated here
[INFO] [stdout] 333 | pub use clock_control::ClockControl;
[INFO] [stdout]     |                        ^^^^^^^^^^^^
[INFO] [stdout] 
[INFO] [stdout] 
[INFO] [stdout] error[E0433]: cannot find `ClockControl` in `tick`
[INFO] [stdout]    --> src/connection/hyper_handler.rs:229:27
[INFO] [stdout]     |
[INFO] [stdout] 229 |         let clock = tick::ClockControl::new().auto_advance_timers(true).to_clock();
[INFO] [stdout]     |                           ^^^^^^^^^^^^ could not find `ClockControl` in `tick`
[INFO] [stdout]     |
[INFO] [stdout] note: found an item that was configured out
[INFO] [stdout]    --> /opt/rustwide/cargo-home/registry/src/index.crates.io-1949cf8c6b5b557f/tick-0.7.1/src/lib.rs:333:24
[INFO] [stdout]     |
[INFO] [stdout] 332 | #[cfg(any(feature = "test-util", test))]
[INFO] [stdout]     |          ----------------------------- the item is gated here
[INFO] [stdout] 333 | pub use clock_control::ClockControl;
[INFO] [stdout]     |                        ^^^^^^^^^^^^
[INFO] [stdout] 
[INFO] [stdout] 
[INFO] [stdout] error[E0433]: cannot find `ClockControl` in `tick`
[INFO] [stdout]    --> src/connection/hyper_handler.rs:249:27
[INFO] [stdout]     |
[INFO] [stdout] 249 |         let clock = tick::ClockControl::new().auto_advance_timers(true).to_clock();
[INFO] [stdout]     |                           ^^^^^^^^^^^^ could not find `ClockControl` in `tick`
[INFO] [stdout]     |
[INFO] [stdout] note: found an item that was configured out
[INFO] [stdout]    --> /opt/rustwide/cargo-home/registry/src/index.crates.io-1949cf8c6b5b557f/tick-0.7.1/src/lib.rs:333:24
[INFO] [stdout]     |
[INFO] [stdout] 332 | #[cfg(any(feature = "test-util", test))]
[INFO] [stdout]     |          ----------------------------- the item is gated here
[INFO] [stdout] 333 | pub use clock_control::ClockControl;
[INFO] [stdout]     |                        ^^^^^^^^^^^^
[INFO] [stdout] 
[INFO] [stdout] 
[INFO] [stdout] error[E0433]: cannot find `ClockControl` in `tick`
[INFO] [stdout]    --> src/connection/hyper_handler.rs:262:27
[INFO] [stdout]     |
[INFO] [stdout] 262 |         let clock = tick::ClockControl::new().auto_advance_timers(true).to_clock();
[INFO] [stdout]     |                           ^^^^^^^^^^^^ could not find `ClockControl` in `tick`
[INFO] [stdout]     |
[INFO] [stdout] note: found an item that was configured out
[INFO] [stdout]    --> /opt/rustwide/cargo-home/registry/src/index.crates.io-1949cf8c6b5b557f/tick-0.7.1/src/lib.rs:333:24
[INFO] [stdout]     |
[INFO] [stdout] 332 | #[cfg(any(feature = "test-util", test))]
[INFO] [stdout]     |          ----------------------------- the item is gated here
[INFO] [stdout] 333 | pub use clock_control::ClockControl;
[INFO] [stdout]     |                        ^^^^^^^^^^^^
[INFO] [stdout] 
[INFO] [stdout] 
[INFO] [stdout] error[E0433]: cannot find `ClockControl` in `tick`
[INFO] [stdout]    --> src/connection/hyper_handler.rs:321:27
[INFO] [stdout]     |
[INFO] [stdout] 321 |         let clock = tick::ClockControl::new().auto_advance_timers(true).to_clock();
[INFO] [stdout]     |                           ^^^^^^^^^^^^ could not find `ClockControl` in `tick`
[INFO] [stdout]     |
[INFO] [stdout] note: found an item that was configured out
[INFO] [stdout]    --> /opt/rustwide/cargo-home/registry/src/index.crates.io-1949cf8c6b5b557f/tick-0.7.1/src/lib.rs:333:24
[INFO] [stdout]     |
[INFO] [stdout] 332 | #[cfg(any(feature = "test-util", test))]
[INFO] [stdout]     |          ----------------------------- the item is gated here
[INFO] [stdout] 333 | pub use clock_control::ClockControl;
[INFO] [stdout]     |                        ^^^^^^^^^^^^
[INFO] [stdout] 
[INFO] [stdout] 
[INFO] [stdout] error[E0433]: cannot find `ClockControl` in `tick`
[INFO] [stdout]    --> src/tls/connector.rs:334:27
[INFO] [stdout]     |
[INFO] [stdout] 334 |         let clock = tick::ClockControl::new().auto_advance_timers(true).to_clock();
[INFO] [stdout]     |                           ^^^^^^^^^^^^ could not find `ClockControl` in `tick`
[INFO] [stdout]     |
[INFO] [stdout] note: found an item that was configured out
[INFO] [stdout]    --> /opt/rustwide/cargo-home/registry/src/index.crates.io-1949cf8c6b5b557f/tick-0.7.1/src/lib.rs:333:24
[INFO] [stdout]     |
[INFO] [stdout] 332 | #[cfg(any(feature = "test-util", test))]
[INFO] [stdout]     |          ----------------------------- the item is gated here
[INFO] [stdout] 333 | pub use clock_control::ClockControl;
[INFO] [stdout]     |                        ^^^^^^^^^^^^
[INFO] [stdout] 
[INFO] [stdout] 
[INFO] [stdout] error[E0433]: cannot find `ClockControl` in `tick`
[INFO] [stdout]    --> src/tls/connector.rs:348:27
[INFO] [stdout]     |
[INFO] [stdout] 348 |         let clock = tick::ClockControl::new().auto_advance_timers(true).to_clock();
[INFO] [stdout]     |                           ^^^^^^^^^^^^ could not find `ClockControl` in `tick`
[INFO] [stdout]     |
[INFO] [stdout] note: found an item that was configured out
[INFO] [stdout]    --> /opt/rustwide/cargo-home/registry/src/index.crates.io-1949cf8c6b5b557f/tick-0.7.1/src/lib.rs:333:24
[INFO] [stdout]     |
[INFO] [stdout] 332 | #[cfg(any(feature = "test-util", test))]
[INFO] [stdout]     |          ----------------------------- the item is gated here
[INFO] [stdout] 333 | pub use clock_control::ClockControl;
[INFO] [stdout]     |                        ^^^^^^^^^^^^
[INFO] [stdout] 
[INFO] [stdout] 
[INFO] [stdout] error[E0433]: cannot find `ClockControl` in `tick`
[INFO] [stdout]    --> src/testing.rs:377:27
[INFO] [stdout]     |
[INFO] [stdout] 377 |         let clock = tick::ClockControl::new().auto_advance_timers(true).to_clock();
[INFO] [stdout]     |                           ^^^^^^^^^^^^ could not find `ClockControl` in `tick`
[INFO] [stdout]     |
[INFO] [stdout] note: found an item that was configured out
[INFO] [stdout]    --> /opt/rustwide/cargo-home/registry/src/index.crates.io-1949cf8c6b5b557f/tick-0.7.1/src/lib.rs:333:24
[INFO] [stdout]     |
[INFO] [stdout] 332 | #[cfg(any(feature = "test-util", test))]
[INFO] [stdout]     |          ----------------------------- the item is gated here
[INFO] [stdout] 333 | pub use clock_control::ClockControl;
[INFO] [stdout]     |                        ^^^^^^^^^^^^
[INFO] [stdout] 
[INFO] [stdout] 
[INFO] [stdout] error[E0433]: cannot find `ClockControl` in `tick`
[INFO] [stdout]    --> src/testing.rs:399:27
[INFO] [stdout]     |
[INFO] [stdout] 399 |         let clock = tick::ClockControl::new().auto_advance_timers(true).to_clock();
[INFO] [stdout]     |                           ^^^^^^^^^^^^ could not find `ClockControl` in `tick`
[INFO] [stdout]     |
[INFO] [stdout] note: found an item that was configured out
[INFO] [stdout]    --> /opt/rustwide/cargo-home/registry/src/index.crates.io-1949cf8c6b5b557f/tick-0.7.1/src/lib.rs:333:24
[INFO] [stdout]     |
[INFO] [stdout] 332 | #[cfg(any(feature = "test-util", test))]
[INFO] [stdout]     |          ----------------------------- the item is gated here
[INFO] [stdout] 333 | pub use clock_control::ClockControl;
[INFO] [stdout]     |                        ^^^^^^^^^^^^
[INFO] [stdout] 
[INFO] [stdout] 
[INFO] [stdout] error[E0433]: cannot find `ClockControl` in `tick`
[INFO] [stdout]    --> src/testing.rs:430:27
[INFO] [stdout]     |
[INFO] [stdout] 430 |         let clock = tick::ClockControl::new().auto_advance_timers(true).to_clock();
[INFO] [stdout]     |                           ^^^^^^^^^^^^ could not find `ClockControl` in `tick`
[INFO] [stdout]     |
[INFO] [stdout] note: found an item that was configured out
[INFO] [stdout]    --> /opt/rustwide/cargo-home/registry/src/index.crates.io-1949cf8c6b5b557f/tick-0.7.1/src/lib.rs:333:24
[INFO] [stdout]     |
[INFO] [stdout] 332 | #[cfg(any(feature = "test-util", test))]
[INFO] [stdout]     |          ----------------------------- the item is gated here
[INFO] [stdout] 333 | pub use clock_control::ClockControl;
[INFO] [stdout]     |                        ^^^^^^^^^^^^
[INFO] [stdout] 
[INFO] [stdout] 
[INFO] [stdout] error[E0277]: the trait bound `fetch_tls::TlsBackend: From<native_tls::TlsConnector>` is not satisfied
[INFO] [stdout]    --> src/builder.rs:312:50
[INFO] [stdout]     |
[INFO] [stdout] 312 |         native_tls::TlsConnector::new().unwrap().into()
[INFO] [stdout]     |                                                  ^^^^ the trait `From<native_tls::TlsConnector>` is not implemented for `fetch_tls::TlsBackend`
[INFO] [stdout]     |
[INFO] [stdout]     = note: required for `native_tls::TlsConnector` to implement `Into<fetch_tls::TlsBackend>`
[INFO] [stdout] 
[INFO] [stdout] 
[INFO] [stdout] error[E0599]: no associated function or constant named `new_tokio` found for struct `anyspawn::Spawner` in the current scope
[INFO] [stdout]    --> src/builder.rs:318:22
[INFO] [stdout]     |
[INFO] [stdout] 318 |             Spawner::new_tokio(),
[INFO] [stdout]     |                      ^^^^^^^^^ associated function or constant not found in `anyspawn::Spawner`
[INFO] [stdout]     |
[INFO] [stdout] note: if you're trying to build a new `anyspawn::Spawner`, consider using `anyspawn::Spawner::new_custom` which returns `anyspawn::Spawner`
[INFO] [stdout]    --> /opt/rustwide/cargo-home/registry/src/index.crates.io-1949cf8c6b5b557f/anyspawn-0.9.1/src/spawner.rs:173:5
[INFO] [stdout]     |
[INFO] [stdout] 173 | /     pub fn new_custom<T>(name: &'static str, custom: T) -> Self
[INFO] [stdout] 174 | |     where
[INFO] [stdout] 175 | |         T: SpawnCustom + Clone,
[INFO] [stdout]     | |_______________________________^
[INFO] [stdout] 
[INFO] [stdout] 
[INFO] [stdout] error[E0599]: no associated function or constant named `new_tokio` found for struct `anyspawn::Spawner` in the current scope
[INFO] [stdout]    --> src/builder.rs:433:22
[INFO] [stdout]     |
[INFO] [stdout] 433 |             Spawner::new_tokio(),
[INFO] [stdout]     |                      ^^^^^^^^^ associated function or constant not found in `anyspawn::Spawner`
[INFO] [stdout]     |
[INFO] [stdout] note: if you're trying to build a new `anyspawn::Spawner`, consider using `anyspawn::Spawner::new_custom` which returns `anyspawn::Spawner`
[INFO] [stdout]    --> /opt/rustwide/cargo-home/registry/src/index.crates.io-1949cf8c6b5b557f/anyspawn-0.9.1/src/spawner.rs:173:5
[INFO] [stdout]     |
[INFO] [stdout] 173 | /     pub fn new_custom<T>(name: &'static str, custom: T) -> Self
[INFO] [stdout] 174 | |     where
[INFO] [stdout] 175 | |         T: SpawnCustom + Clone,
[INFO] [stdout]     | |_______________________________^
[INFO] [stdout] 
[INFO] [stdout] 
[INFO] [stdout] error[E0599]: no associated function or constant named `new_fake` found for struct `http_extensions::HttpBodyBuilder` in the current scope
[INFO] [stdout]    --> src/builder.rs:437:40
[INFO] [stdout]     |
[INFO] [stdout] 437 |         .body_builder(HttpBodyBuilder::new_fake())
[INFO] [stdout]     |                                        ^^^^^^^^ associated function or constant not found in `http_extensions::HttpBodyBuilder`
[INFO] [stdout]     |
[INFO] [stdout] note: if you're trying to build a new `http_extensions::HttpBodyBuilder` consider using one of the following associated functions:
[INFO] [stdout]       http_extensions::HttpBodyBuilder::new
[INFO] [stdout]       http_extensions::HttpBodyBuilder::with_custom_memory
[INFO] [stdout]    --> /opt/rustwide/cargo-home/registry/src/index.crates.io-1949cf8c6b5b557f/http_extensions-0.12.0/src/body/builder.rs:81:5
[INFO] [stdout]     |
[INFO] [stdout]  81 |     pub fn new(memory: GlobalPool, clock: &Clock) -> Self {
[INFO] [stdout]     |     ^^^^^^^^^^^^^^^^^^^^^^^^^^^^^^^^^^^^^^^^^^^^^^^^^^^^^
[INFO] [stdout] ...
[INFO] [stdout]  96 |     pub fn with_custom_memory(memory: impl MemoryShared, clock: &Clock) -> Self {
[INFO] [stdout]     |     ^^^^^^^^^^^^^^^^^^^^^^^^^^^^^^^^^^^^^^^^^^^^^^^^^^^^^^^^^^^^^^^^^^^^^^^^^^^
[INFO] [stdout] 
[INFO] [stdout] 
[INFO] [stdout] error[E0599]: no associated function or constant named `new_tokio` found for struct `anyspawn::Spawner` in the current scope
[INFO] [stdout]    --> src/builder.rs:455:22
[INFO] [stdout]     |
[INFO] [stdout] 455 |             Spawner::new_tokio(),
[INFO] [stdout]     |                      ^^^^^^^^^ associated function or constant not found in `anyspawn::Spawner`
[INFO] [stdout]     |
[INFO] [stdout] note: if you're trying to build a new `anyspawn::Spawner`, consider using `anyspawn::Spawner::new_custom` which returns `anyspawn::Spawner`
[INFO] [stdout]    --> /opt/rustwide/cargo-home/registry/src/index.crates.io-1949cf8c6b5b557f/anyspawn-0.9.1/src/spawner.rs:173:5
[INFO] [stdout]     |
[INFO] [stdout] 173 | /     pub fn new_custom<T>(name: &'static str, custom: T) -> Self
[INFO] [stdout] 174 | |     where
[INFO] [stdout] 175 | |         T: SpawnCustom + Clone,
[INFO] [stdout]     | |_______________________________^
[INFO] [stdout] 
[INFO] [stdout] 
[INFO] [stdout] error[E0599]: no associated function or constant named `new_fake` found for struct `http_extensions::HttpBodyBuilder` in the current scope
[INFO] [stdout]    --> src/builder.rs:459:40
[INFO] [stdout]     |
[INFO] [stdout] 459 |         .body_builder(HttpBodyBuilder::new_fake())
[INFO] [stdout]     |                                        ^^^^^^^^ associated function or constant not found in `http_extensions::HttpBodyBuilder`
[INFO] [stdout]     |
[INFO] [stdout] note: if you're trying to build a new `http_extensions::HttpBodyBuilder` consider using one of the following associated functions:
[INFO] [stdout]       http_extensions::HttpBodyBuilder::new
[INFO] [stdout]       http_extensions::HttpBodyBuilder::with_custom_memory
[INFO] [stdout]    --> /opt/rustwide/cargo-home/registry/src/index.crates.io-1949cf8c6b5b557f/http_extensions-0.12.0/src/body/builder.rs:81:5
[INFO] [stdout]     |
[INFO] [stdout]  81 |     pub fn new(memory: GlobalPool, clock: &Clock) -> Self {
[INFO] [stdout]     |     ^^^^^^^^^^^^^^^^^^^^^^^^^^^^^^^^^^^^^^^^^^^^^^^^^^^^^
[INFO] [stdout] ...
[INFO] [stdout]  96 |     pub fn with_custom_memory(memory: impl MemoryShared, clock: &Clock) -> Self {
[INFO] [stdout]     |     ^^^^^^^^^^^^^^^^^^^^^^^^^^^^^^^^^^^^^^^^^^^^^^^^^^^^^^^^^^^^^^^^^^^^^^^^^^^
[INFO] [stdout] 
[INFO] [stdout] 
[INFO] [stdout] error[E0599]: no associated function or constant named `new_tokio` found for struct `anyspawn::Spawner` in the current scope
[INFO] [stdout]    --> src/builder.rs:470:22
[INFO] [stdout]     |
[INFO] [stdout] 470 |             Spawner::new_tokio(),
[INFO] [stdout]     |                      ^^^^^^^^^ associated function or constant not found in `anyspawn::Spawner`
[INFO] [stdout]     |
[INFO] [stdout] note: if you're trying to build a new `anyspawn::Spawner`, consider using `anyspawn::Spawner::new_custom` which returns `anyspawn::Spawner`
[INFO] [stdout]    --> /opt/rustwide/cargo-home/registry/src/index.crates.io-1949cf8c6b5b557f/anyspawn-0.9.1/src/spawner.rs:173:5
[INFO] [stdout]     |
[INFO] [stdout] 173 | /     pub fn new_custom<T>(name: &'static str, custom: T) -> Self
[INFO] [stdout] 174 | |     where
[INFO] [stdout] 175 | |         T: SpawnCustom + Clone,
[INFO] [stdout]     | |_______________________________^
[INFO] [stdout] 
[INFO] [stdout] 
[INFO] [stdout] error[E0599]: no associated function or constant named `new_fake` found for struct `http_extensions::HttpBodyBuilder` in the current scope
[INFO] [stdout]    --> src/builder.rs:474:40
[INFO] [stdout]     |
[INFO] [stdout] 474 |         .body_builder(HttpBodyBuilder::new_fake())
[INFO] [stdout]     |                                        ^^^^^^^^ associated function or constant not found in `http_extensions::HttpBodyBuilder`
[INFO] [stdout]     |
[INFO] [stdout] note: if you're trying to build a new `http_extensions::HttpBodyBuilder` consider using one of the following associated functions:
[INFO] [stdout]       http_extensions::HttpBodyBuilder::new
[INFO] [stdout]       http_extensions::HttpBodyBuilder::with_custom_memory
[INFO] [stdout]    --> /opt/rustwide/cargo-home/registry/src/index.crates.io-1949cf8c6b5b557f/http_extensions-0.12.0/src/body/builder.rs:81:5
[INFO] [stdout]     |
[INFO] [stdout]  81 |     pub fn new(memory: GlobalPool, clock: &Clock) -> Self {
[INFO] [stdout]     |     ^^^^^^^^^^^^^^^^^^^^^^^^^^^^^^^^^^^^^^^^^^^^^^^^^^^^^
[INFO] [stdout] ...
[INFO] [stdout]  96 |     pub fn with_custom_memory(memory: impl MemoryShared, clock: &Clock) -> Self {
[INFO] [stdout]     |     ^^^^^^^^^^^^^^^^^^^^^^^^^^^^^^^^^^^^^^^^^^^^^^^^^^^^^^^^^^^^^^^^^^^^^^^^^^^
[INFO] [stdout] 
[INFO] [stdout] 
[INFO] [stdout] error[E0599]: no associated function or constant named `new_tokio` found for struct `anyspawn::Spawner` in the current scope
[INFO] [stdout]    --> src/builder.rs:489:22
[INFO] [stdout]     |
[INFO] [stdout] 489 |             Spawner::new_tokio(),
[INFO] [stdout]     |                      ^^^^^^^^^ associated function or constant not found in `anyspawn::Spawner`
[INFO] [stdout]     |
[INFO] [stdout] note: if you're trying to build a new `anyspawn::Spawner`, consider using `anyspawn::Spawner::new_custom` which returns `anyspawn::Spawner`
[INFO] [stdout]    --> /opt/rustwide/cargo-home/registry/src/index.crates.io-1949cf8c6b5b557f/anyspawn-0.9.1/src/spawner.rs:173:5
[INFO] [stdout]     |
[INFO] [stdout] 173 | /     pub fn new_custom<T>(name: &'static str, custom: T) -> Self
[INFO] [stdout] 174 | |     where
[INFO] [stdout] 175 | |         T: SpawnCustom + Clone,
[INFO] [stdout]     | |_______________________________^
[INFO] [stdout] 
[INFO] [stdout] 
[INFO] [stdout] error[E0599]: no associated function or constant named `new_fake` found for struct `http_extensions::HttpBodyBuilder` in the current scope
[INFO] [stdout]    --> src/builder.rs:493:40
[INFO] [stdout]     |
[INFO] [stdout] 493 |         .body_builder(HttpBodyBuilder::new_fake())
[INFO] [stdout]     |                                        ^^^^^^^^ associated function or constant not found in `http_extensions::HttpBodyBuilder`
[INFO] [stdout]     |
[INFO] [stdout] note: if you're trying to build a new `http_extensions::HttpBodyBuilder` consider using one of the following associated functions:
[INFO] [stdout]       http_extensions::HttpBodyBuilder::new
[INFO] [stdout]       http_extensions::HttpBodyBuilder::with_custom_memory
[INFO] [stdout]    --> /opt/rustwide/cargo-home/registry/src/index.crates.io-1949cf8c6b5b557f/http_extensions-0.12.0/src/body/builder.rs:81:5
[INFO] [stdout]     |
[INFO] [stdout]  81 |     pub fn new(memory: GlobalPool, clock: &Clock) -> Self {
[INFO] [stdout]     |     ^^^^^^^^^^^^^^^^^^^^^^^^^^^^^^^^^^^^^^^^^^^^^^^^^^^^^
[INFO] [stdout] ...
[INFO] [stdout]  96 |     pub fn with_custom_memory(memory: impl MemoryShared, clock: &Clock) -> Self {
[INFO] [stdout]     |     ^^^^^^^^^^^^^^^^^^^^^^^^^^^^^^^^^^^^^^^^^^^^^^^^^^^^^^^^^^^^^^^^^^^^^^^^^^^
[INFO] [stdout] 
[INFO] [stdout] 
[INFO] [stdout] error[E0599]: no associated function or constant named `new_tokio` found for struct `anyspawn::Spawner` in the current scope
[INFO] [stdout]    --> src/builder.rs:511:22
[INFO] [stdout]     |
[INFO] [stdout] 511 |             Spawner::new_tokio(),
[INFO] [stdout]     |                      ^^^^^^^^^ associated function or constant not found in `anyspawn::Spawner`
[INFO] [stdout]     |
[INFO] [stdout] note: if you're trying to build a new `anyspawn::Spawner`, consider using `anyspawn::Spawner::new_custom` which returns `anyspawn::Spawner`
[INFO] [stdout]    --> /opt/rustwide/cargo-home/registry/src/index.crates.io-1949cf8c6b5b557f/anyspawn-0.9.1/src/spawner.rs:173:5
[INFO] [stdout]     |
[INFO] [stdout] 173 | /     pub fn new_custom<T>(name: &'static str, custom: T) -> Self
[INFO] [stdout] 174 | |     where
[INFO] [stdout] 175 | |         T: SpawnCustom + Clone,
[INFO] [stdout]     | |_______________________________^
[INFO] [stdout] 
[INFO] [stdout] 
[INFO] [stdout] error[E0599]: no associated function or constant named `new_tokio` found for struct `anyspawn::Spawner` in the current scope
[INFO] [stdout]    --> src/builder.rs:526:49
[INFO] [stdout]     |
[INFO] [stdout] 526 |         let executor = SpawnerExecutor(Spawner::new_tokio());
[INFO] [stdout]     |                                                 ^^^^^^^^^ associated function or constant not found in `anyspawn::Spawner`
[INFO] [stdout]     |
[INFO] [stdout] note: if you're trying to build a new `anyspawn::Spawner`, consider using `anyspawn::Spawner::new_custom` which returns `anyspawn::Spawner`
[INFO] [stdout]    --> /opt/rustwide/cargo-home/registry/src/index.crates.io-1949cf8c6b5b557f/anyspawn-0.9.1/src/spawner.rs:173:5
[INFO] [stdout]     |
[INFO] [stdout] 173 | /     pub fn new_custom<T>(name: &'static str, custom: T) -> Self
[INFO] [stdout] 174 | |     where
[INFO] [stdout] 175 | |         T: SpawnCustom + Clone,
[INFO] [stdout]     | |_______________________________^
[INFO] [stdout] 
[INFO] [stdout] 
[INFO] [stdout] error[E0599]: no associated function or constant named `new_frozen` found for struct `Clock` in the current scope
[INFO] [stdout]   --> src/connection/hyper_connector_adapter.rs:73:102
[INFO] [stdout]    |
[INFO] [stdout] 73 |         let mut adapter = HyperConnectorAdapter::new(FakeConnector::new_success(Bytes::new(), Clock::new_frozen()));
[INFO] [stdout]    |                                                                                                      ^^^^^^^^^^ associated function or constant not found in `Clock`
[INFO] [stdout] 
[INFO] [stdout] 
[INFO] [stdout] error[E0277]: the trait bound `fetch_tls::TlsBackend: From<native_tls::TlsConnector>` is not satisfied
[INFO] [stdout]    --> src/connection/hyper_handler.rs:202:50
[INFO] [stdout]     |
[INFO] [stdout] 202 |         native_tls::TlsConnector::new().unwrap().into()
[INFO] [stdout]     |                                                  ^^^^ the trait `From<native_tls::TlsConnector>` is not implemented for `fetch_tls::TlsBackend`
[INFO] [stdout]     |
[INFO] [stdout]     = note: required for `native_tls::TlsConnector` to implement `Into<fetch_tls::TlsBackend>`
[INFO] [stdout] 
[INFO] [stdout] 
[INFO] [stdout] error[E0599]: no associated function or constant named `new_tokio` found for struct `anyspawn::Spawner` in the current scope
[INFO] [stdout]    --> src/connection/hyper_handler.rs:214:56
[INFO] [stdout]     |
[INFO] [stdout] 214 |         HyperTransportBuilder::new(connector, Spawner::new_tokio(), clock, options)
[INFO] [stdout]     |                                                        ^^^^^^^^^ associated function or constant not found in `anyspawn::Spawner`
[INFO] [stdout]     |
[INFO] [stdout] note: if you're trying to build a new `anyspawn::Spawner`, consider using `anyspawn::Spawner::new_custom` which returns `anyspawn::Spawner`
[INFO] [stdout]    --> /opt/rustwide/cargo-home/registry/src/index.crates.io-1949cf8c6b5b557f/anyspawn-0.9.1/src/spawner.rs:173:5
[INFO] [stdout]     |
[INFO] [stdout] 173 | /     pub fn new_custom<T>(name: &'static str, custom: T) -> Self
[INFO] [stdout] 174 | |     where
[INFO] [stdout] 175 | |         T: SpawnCustom + Clone,
[INFO] [stdout]     | |_______________________________^
[INFO] [stdout] 
[INFO] [stdout] 
[INFO] [stdout] error[E0599]: no associated function or constant named `new_fake` found for struct `http_extensions::HttpBodyBuilder` in the current scope
[INFO] [stdout]    --> src/connection/hyper_handler.rs:215:44
[INFO] [stdout]     |
[INFO] [stdout] 215 |             .body_builder(HttpBodyBuilder::new_fake())
[INFO] [stdout]     |                                            ^^^^^^^^ associated function or constant not found in `http_extensions::HttpBodyBuilder`
[INFO] [stdout]     |
[INFO] [stdout] note: if you're trying to build a new `http_extensions::HttpBodyBuilder` consider using one of the following associated functions:
[INFO] [stdout]       http_extensions::HttpBodyBuilder::new
[INFO] [stdout]       http_extensions::HttpBodyBuilder::with_custom_memory
[INFO] [stdout]    --> /opt/rustwide/cargo-home/registry/src/index.crates.io-1949cf8c6b5b557f/http_extensions-0.12.0/src/body/builder.rs:81:5
[INFO] [stdout]     |
[INFO] [stdout]  81 |     pub fn new(memory: GlobalPool, clock: &Clock) -> Self {
[INFO] [stdout]     |     ^^^^^^^^^^^^^^^^^^^^^^^^^^^^^^^^^^^^^^^^^^^^^^^^^^^^^
[INFO] [stdout] ...
[INFO] [stdout]  96 |     pub fn with_custom_memory(memory: impl MemoryShared, clock: &Clock) -> Self {
[INFO] [stdout]     |     ^^^^^^^^^^^^^^^^^^^^^^^^^^^^^^^^^^^^^^^^^^^^^^^^^^^^^^^^^^^^^^^^^^^^^^^^^^^
[INFO] [stdout] 
[INFO] [stdout] 
[INFO] [stdout] error[E0599]: no associated function or constant named `new_tokio` found for struct `anyspawn::Spawner` in the current scope
[INFO] [stdout]    --> src/connection/hyper_handler.rs:234:60
[INFO] [stdout]     |
[INFO] [stdout] 234 |             HyperTransportBuilder::new(connector, Spawner::new_tokio(), clock, options),
[INFO] [stdout]     |                                                            ^^^^^^^^^ associated function or constant not found in `anyspawn::Spawner`
[INFO] [stdout]     |
[INFO] [stdout] note: if you're trying to build a new `anyspawn::Spawner`, consider using `anyspawn::Spawner::new_custom` which returns `anyspawn::Spawner`
[INFO] [stdout]    --> /opt/rustwide/cargo-home/registry/src/index.crates.io-1949cf8c6b5b557f/anyspawn-0.9.1/src/spawner.rs:173:5
[INFO] [stdout]     |
[INFO] [stdout] 173 | /     pub fn new_custom<T>(name: &'static str, custom: T) -> Self
[INFO] [stdout] 174 | |     where
[INFO] [stdout] 175 | |         T: SpawnCustom + Clone,
[INFO] [stdout]     | |_______________________________^
[INFO] [stdout] 
[INFO] [stdout] 
[INFO] [stdout] error[E0599]: no associated function or constant named `new_fake` found for struct `http_extensions::HttpBodyBuilder` in the current scope
[INFO] [stdout]    --> src/connection/hyper_handler.rs:236:30
[INFO] [stdout]     |
[INFO] [stdout] 236 |             HttpBodyBuilder::new_fake(),
[INFO] [stdout]     |                              ^^^^^^^^ associated function or constant not found in `http_extensions::HttpBodyBuilder`
[INFO] [stdout]     |
[INFO] [stdout] note: if you're trying to build a new `http_extensions::HttpBodyBuilder` consider using one of the following associated functions:
[INFO] [stdout]       http_extensions::HttpBodyBuilder::new
[INFO] [stdout]       http_extensions::HttpBodyBuilder::with_custom_memory
[INFO] [stdout]    --> /opt/rustwide/cargo-home/registry/src/index.crates.io-1949cf8c6b5b557f/http_extensions-0.12.0/src/body/builder.rs:81:5
[INFO] [stdout]     |
[INFO] [stdout]  81 |     pub fn new(memory: GlobalPool, clock: &Clock) -> Self {
[INFO] [stdout]     |     ^^^^^^^^^^^^^^^^^^^^^^^^^^^^^^^^^^^^^^^^^^^^^^^^^^^^^
[INFO] [stdout] ...
[INFO] [stdout]  96 |     pub fn with_custom_memory(memory: impl MemoryShared, clock: &Clock) -> Self {
[INFO] [stdout]     |     ^^^^^^^^^^^^^^^^^^^^^^^^^^^^^^^^^^^^^^^^^^^^^^^^^^^^^^^^^^^^^^^^^^^^^^^^^^^
[INFO] [stdout] 
[INFO] [stdout] 
[INFO] [stdout] error[E0599]: no associated function or constant named `new_tokio` found for struct `anyspawn::Spawner` in the current scope
[INFO] [stdout]    --> src/connection/hyper_handler.rs:267:70
[INFO] [stdout]     |
[INFO] [stdout] 267 |         let handler = HyperTransportBuilder::new(connector, Spawner::new_tokio(), clock, options)
[INFO] [stdout]     |                                                                      ^^^^^^^^^ associated function or constant not found in `anyspawn::Spawner`
[INFO] [stdout]     |
[INFO] [stdout] note: if you're trying to build a new `anyspawn::Spawner`, consider using `anyspawn::Spawner::new_custom` which returns `anyspawn::Spawner`
[INFO] [stdout]    --> /opt/rustwide/cargo-home/registry/src/index.crates.io-1949cf8c6b5b557f/anyspawn-0.9.1/src/spawner.rs:173:5
[INFO] [stdout]     |
[INFO] [stdout] 173 | /     pub fn new_custom<T>(name: &'static str, custom: T) -> Self
[INFO] [stdout] 174 | |     where
[INFO] [stdout] 175 | |         T: SpawnCustom + Clone,
[INFO] [stdout]     | |_______________________________^
[INFO] [stdout] 
[INFO] [stdout] 
[INFO] [stdout] error[E0599]: no associated function or constant named `new_fake` found for struct `http_extensions::HttpBodyBuilder` in the current scope
[INFO] [stdout]    --> src/connection/hyper_handler.rs:268:44
[INFO] [stdout]     |
[INFO] [stdout] 268 |             .body_builder(HttpBodyBuilder::new_fake())
[INFO] [stdout]     |                                            ^^^^^^^^ associated function or constant not found in `http_extensions::HttpBodyBuilder`
[INFO] [stdout]     |
[INFO] [stdout] note: if you're trying to build a new `http_extensions::HttpBodyBuilder` consider using one of the following associated functions:
[INFO] [stdout]       http_extensions::HttpBodyBuilder::new
[INFO] [stdout]       http_extensions::HttpBodyBuilder::with_custom_memory
[INFO] [stdout]    --> /opt/rustwide/cargo-home/registry/src/index.crates.io-1949cf8c6b5b557f/http_extensions-0.12.0/src/body/builder.rs:81:5
[INFO] [stdout]     |
[INFO] [stdout]  81 |     pub fn new(memory: GlobalPool, clock: &Clock) -> Self {
[INFO] [stdout]     |     ^^^^^^^^^^^^^^^^^^^^^^^^^^^^^^^^^^^^^^^^^^^^^^^^^^^^^
[INFO] [stdout] ...
[INFO] [stdout]  96 |     pub fn with_custom_memory(memory: impl MemoryShared, clock: &Clock) -> Self {
[INFO] [stdout]     |     ^^^^^^^^^^^^^^^^^^^^^^^^^^^^^^^^^^^^^^^^^^^^^^^^^^^^^^^^^^^^^^^^^^^^^^^^^^^
[INFO] [stdout] 
[INFO] [stdout] 
[INFO] [stdout] error[E0599]: no variant, associated function, or constant named `Rustls` found for enum `fetch_tls::TlsBackend` in the current scope
[INFO] [stdout]   --> src/tls/connector.rs:70:25
[INFO] [stdout]    |
[INFO] [stdout] 70 |             TlsBackend::Rustls(config) => Self::Rustls(
[INFO] [stdout]    |                         ^^^^^^ variant, associated function, or constant not found in `fetch_tls::TlsBackend`
[INFO] [stdout] 
[INFO] [stdout] 
[INFO] [stdout] error[E0599]: no variant, associated function, or constant named `NativeTls` found for enum `fetch_tls::TlsBackend` in the current scope
[INFO] [stdout]   --> src/tls/connector.rs:75:25
[INFO] [stdout]    |
[INFO] [stdout] 75 | ...   TlsBackend::NativeTls(native) => Self::NativeTls(build_native_tls_connector(native, connector, &request_filter), PhantomData),
[INFO] [stdout]    |                   ^^^^^^^^^ variant, associated function, or constant not found in `fetch_tls::TlsBackend`
[INFO] [stdout] 
[INFO] [stdout] 
[INFO] [stdout] error[E0599]: no variant, associated function, or constant named `NativeTls` found for enum `fetch_tls::TlsBackend` in the current scope
[INFO] [stdout]    --> src/tls/connector.rs:212:21
[INFO] [stdout]     |
[INFO] [stdout] 212 |         TlsBackend::NativeTls(native_tls::TlsConnector::new().unwrap())
[INFO] [stdout]     |                     ^^^^^^^^^ variant, associated function, or constant not found in `fetch_tls::TlsBackend`
[INFO] [stdout] 
[INFO] [stdout] 
[INFO] [stdout] error[E0277]: the trait bound `fetch_tls::TlsBackend: From<ClientConfig>` is not satisfied
[INFO] [stdout]    --> src/tls/connector.rs:225:16
[INFO] [stdout]     |
[INFO] [stdout] 225 |         config.into()
[INFO] [stdout]     |                ^^^^ the trait `From<ClientConfig>` is not implemented for `fetch_tls::TlsBackend`
[INFO] [stdout]     |
[INFO] [stdout]     = note: required for `ClientConfig` to implement `Into<fetch_tls::TlsBackend>`
[INFO] [stdout] 
[INFO] [stdout] 
[INFO] [stdout] error[E0599]: no associated function or constant named `new_frozen` found for struct `Clock` in the current scope
[INFO] [stdout]    --> src/tls/connector.rs:229:57
[INFO] [stdout]     |
[INFO] [stdout] 229 |         FakeConnector::new_success(Bytes::new(), Clock::new_frozen())
[INFO] [stdout]     |                                                         ^^^^^^^^^^ associated function or constant not found in `Clock`
[INFO] [stdout] 
[INFO] [stdout] 
[INFO] [stdout] error[E0599]: no associated function or constant named `new_fake` found for struct `http_extensions::HttpBodyBuilder` in the current scope
[INFO] [stdout]    --> src/testing.rs:285:47
[INFO] [stdout]     |
[INFO] [stdout] 285 |     HttpRequestBuilder::new(&HttpBodyBuilder::new_fake())
[INFO] [stdout]     |                                               ^^^^^^^^ associated function or constant not found in `http_extensions::HttpBodyBuilder`
[INFO] [stdout]     |
[INFO] [stdout] note: if you're trying to build a new `http_extensions::HttpBodyBuilder` consider using one of the following associated functions:
[INFO] [stdout]       http_extensions::HttpBodyBuilder::new
[INFO] [stdout]       http_extensions::HttpBodyBuilder::with_custom_memory
[INFO] [stdout]    --> /opt/rustwide/cargo-home/registry/src/index.crates.io-1949cf8c6b5b557f/http_extensions-0.12.0/src/body/builder.rs:81:5
[INFO] [stdout]     |
[INFO] [stdout]  81 |     pub fn new(memory: GlobalPool, clock: &Clock) -> Self {
[INFO] [stdout]     |     ^^^^^^^^^^^^^^^^^^^^^^^^^^^^^^^^^^^^^^^^^^^^^^^^^^^^^
[INFO] [stdout] ...
[INFO] [stdout]  96 |     pub fn with_custom_memory(memory: impl MemoryShared, clock: &Clock) -> Self {
[INFO] [stdout]     |     ^^^^^^^^^^^^^^^^^^^^^^^^^^^^^^^^^^^^^^^^^^^^^^^^^^^^^^^^^^^^^^^^^^^^^^^^^^^
[INFO] [stdout] 
[INFO] [stdout] 
[INFO] [stdout] error[E0599]: no associated function or constant named `new_fake` found for struct `http_extensions::HttpBodyBuilder` in the current scope
[INFO] [stdout]    --> src/testing.rs:294:22
[INFO] [stdout]     |
[INFO] [stdout] 294 |     HttpBodyBuilder::new_fake()
[INFO] [stdout]     |                      ^^^^^^^^ associated function or constant not found in `http_extensions::HttpBodyBuilder`
[INFO] [stdout]     |
[INFO] [stdout] note: if you're trying to build a new `http_extensions::HttpBodyBuilder` consider using one of the following associated functions:
[INFO] [stdout]       http_extensions::HttpBodyBuilder::new
[INFO] [stdout]       http_extensions::HttpBodyBuilder::with_custom_memory
[INFO] [stdout]    --> /opt/rustwide/cargo-home/registry/src/index.crates.io-1949cf8c6b5b557f/http_extensions-0.12.0/src/body/builder.rs:81:5
[INFO] [stdout]     |
[INFO] [stdout]  81 |     pub fn new(memory: GlobalPool, clock: &Clock) -> Self {
[INFO] [stdout]     |     ^^^^^^^^^^^^^^^^^^^^^^^^^^^^^^^^^^^^^^^^^^^^^^^^^^^^^
[INFO] [stdout] ...
[INFO] [stdout]  96 |     pub fn with_custom_memory(memory: impl MemoryShared, clock: &Clock) -> Self {
[INFO] [stdout]     |     ^^^^^^^^^^^^^^^^^^^^^^^^^^^^^^^^^^^^^^^^^^^^^^^^^^^^^^^^^^^^^^^^^^^^^^^^^^^
[INFO] [stdout] 
[INFO] [stdout] 
[INFO] [stdout] error[E0277]: the trait bound `fetch_tls::TlsBackend: From<native_tls::TlsConnector>` is not satisfied
[INFO] [stdout]    --> src/testing.rs:367:38
[INFO] [stdout]     |
[INFO] [stdout] 367 |         TlsConnector::new().unwrap().into()
[INFO] [stdout]     |                                      ^^^^ the trait `From<native_tls::TlsConnector>` is not implemented for `fetch_tls::TlsBackend`
[INFO] [stdout]     |
[INFO] [stdout]     = note: required for `native_tls::TlsConnector` to implement `Into<fetch_tls::TlsBackend>`
[INFO] [stdout] 
[INFO] [stdout] 
[INFO] [stdout] error[E0599]: no associated function or constant named `new_tokio` found for struct `anyspawn::Spawner` in the current scope
[INFO] [stdout]    --> src/testing.rs:382:22
[INFO] [stdout]     |
[INFO] [stdout] 382 |             Spawner::new_tokio(),
[INFO] [stdout]     |                      ^^^^^^^^^ associated function or constant not found in `anyspawn::Spawner`
[INFO] [stdout]     |
[INFO] [stdout] note: if you're trying to build a new `anyspawn::Spawner`, consider using `anyspawn::Spawner::new_custom` which returns `anyspawn::Spawner`
[INFO] [stdout]    --> /opt/rustwide/cargo-home/registry/src/index.crates.io-1949cf8c6b5b557f/anyspawn-0.9.1/src/spawner.rs:173:5
[INFO] [stdout]     |
[INFO] [stdout] 173 | /     pub fn new_custom<T>(name: &'static str, custom: T) -> Self
[INFO] [stdout] 174 | |     where
[INFO] [stdout] 175 | |         T: SpawnCustom + Clone,
[INFO] [stdout]     | |_______________________________^
[INFO] [stdout] 
[INFO] [stdout] 
[INFO] [stdout] error[E0599]: no associated function or constant named `new_tokio` found for struct `anyspawn::Spawner` in the current scope
[INFO] [stdout]    --> src/testing.rs:408:22
[INFO] [stdout]     |
[INFO] [stdout] 408 |             Spawner::new_tokio(),
[INFO] [stdout]     |                      ^^^^^^^^^ associated function or constant not found in `anyspawn::Spawner`
[INFO] [stdout]     |
[INFO] [stdout] note: if you're trying to build a new `anyspawn::Spawner`, consider using `anyspawn::Spawner::new_custom` which returns `anyspawn::Spawner`
[INFO] [stdout]    --> /opt/rustwide/cargo-home/registry/src/index.crates.io-1949cf8c6b5b557f/anyspawn-0.9.1/src/spawner.rs:173:5
[INFO] [stdout]     |
[INFO] [stdout] 173 | /     pub fn new_custom<T>(name: &'static str, custom: T) -> Self
[INFO] [stdout] 174 | |     where
[INFO] [stdout] 175 | |         T: SpawnCustom + Clone,
[INFO] [stdout]     | |_______________________________^
[INFO] [stdout] 
[INFO] [stdout] 
[INFO] [stdout] error[E0599]: no associated function or constant named `new_tokio` found for struct `anyspawn::Spawner` in the current scope
[INFO] [stdout]    --> src/testing.rs:433:22
[INFO] [stdout]     |
[INFO] [stdout] 433 |             Spawner::new_tokio(),
[INFO] [stdout]     |                      ^^^^^^^^^ associated function or constant not found in `anyspawn::Spawner`
[INFO] [stdout]     |
[INFO] [stdout] note: if you're trying to build a new `anyspawn::Spawner`, consider using `anyspawn::Spawner::new_custom` which returns `anyspawn::Spawner`
[INFO] [stdout]    --> /opt/rustwide/cargo-home/registry/src/index.crates.io-1949cf8c6b5b557f/anyspawn-0.9.1/src/spawner.rs:173:5
[INFO] [stdout]     |
[INFO] [stdout] 173 | /     pub fn new_custom<T>(name: &'static str, custom: T) -> Self
[INFO] [stdout] 174 | |     where
[INFO] [stdout] 175 | |         T: SpawnCustom + Clone,
[INFO] [stdout]     | |_______________________________^
[INFO] [stdout] 
[INFO] [stdout] 
[INFO] [stdout] warning: unreachable expression
[INFO] [stdout]    --> src/tls/connector.rs:236:53
[INFO] [stdout]     |
[INFO] [stdout] 236 |             TlsConnector::new(native_tls_backend(), fake_connector(), RequestFilter::Https, &[Version::HTTP_11]);
[INFO] [stdout]     |                               --------------------  ^^^^^^^^^^^^^^^^ unreachable expression
[INFO] [stdout]     |                               |
[INFO] [stdout]     |                               any code following this expression is unreachable
[INFO] [stdout]     |
[INFO] [stdout] note: this expression has type `fetch_tls::TlsBackend`, which is uninhabited
[INFO] [stdout]    --> src/tls/connector.rs:236:31
[INFO] [stdout]     |
[INFO] [stdout] 236 |             TlsConnector::new(native_tls_backend(), fake_connector(), RequestFilter::Https, &[Version::HTTP_11]);
[INFO] [stdout]     |                               ^^^^^^^^^^^^^^^^^^^^
[INFO] [stdout]     = note: `#[warn(unreachable_code)]` (part of `#[warn(unused)]`) on by default
[INFO] [stdout] 
[INFO] [stdout] 
[INFO] [stdout] warning: unreachable expression
[INFO] [stdout]    --> src/tls/connector.rs:245:13
[INFO] [stdout]     |
[INFO] [stdout] 244 |             native_tls_backend(),
[INFO] [stdout]     |             -------------------- any code following this expression is unreachable
[INFO] [stdout] 245 |             fake_connector(),
[INFO] [stdout]     |             ^^^^^^^^^^^^^^^^ unreachable expression
[INFO] [stdout]     |
[INFO] [stdout] note: this expression has type `fetch_tls::TlsBackend`, which is uninhabited
[INFO] [stdout]    --> src/tls/connector.rs:244:13
[INFO] [stdout]     |
[INFO] [stdout] 244 |             native_tls_backend(),
[INFO] [stdout]     |             ^^^^^^^^^^^^^^^^^^^^
[INFO] [stdout] 
[INFO] [stdout] 
[INFO] [stdout] warning: unreachable expression
[INFO] [stdout]    --> src/tls/connector.rs:257:13
[INFO] [stdout]     |
[INFO] [stdout] 256 |             rustls_backend(),
[INFO] [stdout]     |             ---------------- any code following this expression is unreachable
[INFO] [stdout] 257 |             fake_connector(),
[INFO] [stdout]     |             ^^^^^^^^^^^^^^^^ unreachable expression
[INFO] [stdout]     |
[INFO] [stdout] note: this expression has type `fetch_tls::TlsBackend`, which is uninhabited
[INFO] [stdout]    --> src/tls/connector.rs:256:13
[INFO] [stdout]     |
[INFO] [stdout] 256 |             rustls_backend(),
[INFO] [stdout]     |             ^^^^^^^^^^^^^^^^
[INFO] [stdout] 
[INFO] [stdout] 
[INFO] [stdout] warning: unreachable expression
[INFO] [stdout]    --> src/tls/connector.rs:268:49
[INFO] [stdout]     |
[INFO] [stdout] 268 |             TlsConnector::new(rustls_backend(), fake_connector(), RequestFilter::HttpAndHttps, &[Version::HTTP_2]);
[INFO] [stdout]     |                               ----------------  ^^^^^^^^^^^^^^^^ unreachable expression
[INFO] [stdout]     |                               |
[INFO] [stdout]     |                               any code following this expression is unreachable
[INFO] [stdout]     |
[INFO] [stdout] note: this expression has type `fetch_tls::TlsBackend`, which is uninhabited
[INFO] [stdout]    --> src/tls/connector.rs:268:31
[INFO] [stdout]     |
[INFO] [stdout] 268 |             TlsConnector::new(rustls_backend(), fake_connector(), RequestFilter::HttpAndHttps, &[Version::HTTP_2]);
[INFO] [stdout]     |                               ^^^^^^^^^^^^^^^^
[INFO] [stdout] 
[INFO] [stdout] 
[INFO] [stdout] warning: unreachable expression
[INFO] [stdout]    --> src/tls/connector.rs:276:49
[INFO] [stdout]     |
[INFO] [stdout] 276 |             TlsConnector::new(rustls_backend(), fake_connector(), RequestFilter::Https, &[Version::HTTP_10]);
[INFO] [stdout]     |                               ----------------  ^^^^^^^^^^^^^^^^ unreachable expression
[INFO] [stdout]     |                               |
[INFO] [stdout]     |                               any code following this expression is unreachable
[INFO] [stdout]     |
[INFO] [stdout] note: this expression has type `fetch_tls::TlsBackend`, which is uninhabited
[INFO] [stdout]    --> src/tls/connector.rs:276:31
[INFO] [stdout]     |
[INFO] [stdout] 276 |             TlsConnector::new(rustls_backend(), fake_connector(), RequestFilter::Https, &[Version::HTTP_10]);
[INFO] [stdout]     |                               ^^^^^^^^^^^^^^^^
[INFO] [stdout] 
[INFO] [stdout] 
[INFO] [stdout] warning: unreachable expression
[INFO] [stdout]    --> src/tls/connector.rs:285:13
[INFO] [stdout]     |
[INFO] [stdout] 284 |             rustls_backend(),
[INFO] [stdout]     |             ---------------- any code following this expression is unreachable
[INFO] [stdout] 285 |             fake_connector(),
[INFO] [stdout]     |             ^^^^^^^^^^^^^^^^ unreachable expression
[INFO] [stdout]     |
[INFO] [stdout] note: this expression has type `fetch_tls::TlsBackend`, which is uninhabited
[INFO] [stdout]    --> src/tls/connector.rs:284:13
[INFO] [stdout]     |
[INFO] [stdout] 284 |             rustls_backend(),
[INFO] [stdout]     |             ^^^^^^^^^^^^^^^^
[INFO] [stdout] 
[INFO] [stdout] 
[INFO] [stdout] warning: unreachable expression
[INFO] [stdout]    --> src/tls/connector.rs:298:53
[INFO] [stdout]     |
[INFO] [stdout] 298 |             TlsConnector::new(native_tls_backend(), fake_connector(), RequestFilter::Https, &[Version::HTTP_11]);
[INFO] [stdout]     |                               --------------------  ^^^^^^^^^^^^^^^^ unreachable expression
[INFO] [stdout]     |                               |
[INFO] [stdout]     |                               any code following this expression is unreachable
[INFO] [stdout]     |
[INFO] [stdout] note: this expression has type `fetch_tls::TlsBackend`, which is uninhabited
[INFO] [stdout]    --> src/tls/connector.rs:298:31
[INFO] [stdout]     |
[INFO] [stdout] 298 |             TlsConnector::new(native_tls_backend(), fake_connector(), RequestFilter::Https, &[Version::HTTP_11]);
[INFO] [stdout]     |                               ^^^^^^^^^^^^^^^^^^^^
[INFO] [stdout] 
[INFO] [stdout] 
[INFO] [stdout] Some errors have detailed explanations: E0277, E0432, E0433, E0599.
[INFO] [stdout] 
[INFO] [stdout] For more information about an error, try `rustc --explain E0277`.
[INFO] [stdout] 
[INFO] [stderr] error: could not compile `fetch_hyper` (lib test) due to 59 previous errors; 7 warnings emitted
[INFO] running `Command { std: "docker" "inspect" "df5ee24a2338e80689134da34c0f8a0c75e15044587502c567744af18b4052d2", kill_on_drop: false }`
[INFO] running `Command { std: "docker" "rm" "-f" "df5ee24a2338e80689134da34c0f8a0c75e15044587502c567744af18b4052d2", kill_on_drop: false }`
[INFO] [stdout] df5ee24a2338e80689134da34c0f8a0c75e15044587502c567744af18b4052d2
