[INFO] fetching crate ferrocad_part 0.1.2...
[INFO] testing ferrocad_part-0.1.2 against 1.99.0-beta.8+cargoflags=--release for beta-release-1.100-2
[INFO] extracting crate ferrocad_part 0.1.2 into /workspace/builds/worker-1-tc1/source
[INFO] started tweaking crates.io crate ferrocad_part 0.1.2
[INFO] finished tweaking crates.io crate ferrocad_part 0.1.2
[INFO] tweaked toml for crates.io crate ferrocad_part 0.1.2 written to /workspace/builds/worker-1-tc1/source/Cargo.toml
[INFO] validating manifest of crates.io crate ferrocad_part 0.1.2 on toolchain 1.99.0-beta.8
[INFO] running `Command { std: CARGO_HOME="/workspace/cargo-home" RUSTUP_HOME="/workspace/rustup-home" "/workspace/cargo-home/bin/cargo" "+1.99.0-beta.8" "metadata" "--manifest-path" "Cargo.toml" "--no-deps", kill_on_drop: false }`
[INFO] crate crates.io crate ferrocad_part 0.1.2 already has a lockfile, it will not be regenerated
[INFO] running `Command { std: CARGO_HOME="/workspace/cargo-home" RUSTUP_HOME="/workspace/rustup-home" "/workspace/cargo-home/bin/cargo" "+1.99.0-beta.8" "fetch" "--manifest-path" "Cargo.toml", kill_on_drop: false }`
[INFO] [stderr]     Updating crates.io index
[INFO] [stderr]  Downloading crates ...
[INFO] [stderr]   Downloaded ferrocad_types v0.1.2
[INFO] [stderr]   Downloaded opencascade-sys v0.3.0
[INFO] [stderr]   Downloaded ferrocad_occt v0.1.2
[INFO] [stderr]   Downloaded ferrocad_geom v0.1.2
[INFO] [stderr]   Downloaded cxxbridge-flags v1.0.202
[INFO] [stderr]   Downloaded ferrocad_core v0.1.2
[INFO] [stderr]   Downloaded cxxbridge-macro v1.0.202
[INFO] [stderr]   Downloaded cxx-build v1.0.202
[INFO] [stderr]   Downloaded cxxbridge-cmd v1.0.202
[INFO] [stderr]   Downloaded cxx v1.0.202
[INFO] running `Command { std: "docker" "create" "-v" "/var/lib/crater-agent-workspace/builds/worker-1-tc1/source:/opt/rustwide/workdir:ro,Z" "-v" "/var/lib/crater-agent-workspace/builds/worker-1-tc1/target:/opt/rustwide/target:rw,Z" "-v" "/var/lib/crater-agent-workspace/cargo-home:/opt/rustwide/cargo-home:ro,Z" "-v" "/var/lib/crater-agent-workspace/rustup-home:/opt/rustwide/rustup-home:ro,Z" "-m" "1610612736" "--network" "none" "ghcr.io/rust-lang/crates-build-env/linux@sha256:77db811e55d90add9212f6832c23229e3de5f1c1f9905e8cb07319ea15df73ac" "sleep" "infinity", kill_on_drop: false }`
[INFO] [stdout] c27692e28385df329b23a40f246f65a8e8e785b25f6ca17bd4d49c3ec21d7b32
[INFO] running `Command { std: "docker" "start" "c27692e28385df329b23a40f246f65a8e8e785b25f6ca17bd4d49c3ec21d7b32", kill_on_drop: false }`
[INFO] running `Command { std: "docker" "inspect" "c27692e28385df329b23a40f246f65a8e8e785b25f6ca17bd4d49c3ec21d7b32", kill_on_drop: false }`
[INFO] running `Command { std: "docker" "exec" "-e" "SOURCE_DIR=/opt/rustwide/workdir" "-e" "CARGO_HOME=/opt/rustwide/cargo-home" "-e" "RUSTUP_HOME=/opt/rustwide/rustup-home" "-e" "CARGO_TARGET_DIR=/opt/rustwide/target" "-w" "/opt/rustwide/workdir" "--user" "0:0" "c27692e28385df329b23a40f246f65a8e8e785b25f6ca17bd4d49c3ec21d7b32" "/opt/rustwide/cargo-home/bin/cargo" "+1.99.0-beta.8" "metadata" "--no-deps" "--format-version=1", kill_on_drop: false }`
[INFO] running `Command { std: "docker" "inspect" "c27692e28385df329b23a40f246f65a8e8e785b25f6ca17bd4d49c3ec21d7b32", kill_on_drop: false }`
[INFO] running `Command { std: "docker" "exec" "-e" "SOURCE_DIR=/opt/rustwide/workdir" "-e" "CARGO_HOME=/opt/rustwide/cargo-home" "-e" "RUSTUP_HOME=/opt/rustwide/rustup-home" "-e" "CARGO_TARGET_DIR=/opt/rustwide/target" "-e" "CARGO_INCREMENTAL=0" "-e" "RUST_BACKTRACE=full" "-e" "RUSTFLAGS=--cap-lints=warn" "-e" "RUSTDOCFLAGS=--cap-lints=warn" "-w" "/opt/rustwide/workdir" "--user" "0:0" "c27692e28385df329b23a40f246f65a8e8e785b25f6ca17bd4d49c3ec21d7b32" "/opt/rustwide/cargo-home/bin/cargo" "+1.99.0-beta.8" "build" "--frozen" "--message-format=json" "--release", kill_on_drop: false }`
[INFO] [stderr]    Compiling proc-macro2 v1.0.107
[INFO] [stderr]    Compiling fixedbitset v0.4.2
[INFO] [stderr]    Compiling petgraph v0.6.5
[INFO] [stderr]    Compiling quote v1.0.47
[INFO] [stderr]    Compiling syn v3.0.6
[INFO] [stderr]    Compiling serde_derive v1.0.229
[INFO] [stderr]    Compiling serde v1.0.229
[INFO] [stderr]    Compiling ferrocad_types v0.1.2
[INFO] [stderr]    Compiling ferrocad_geom v0.1.2
[INFO] [stderr]    Compiling ferrocad_core v0.1.2
[INFO] [stderr]    Compiling ferrocad_part v0.1.2 (/opt/rustwide/workdir)
[INFO] [stderr]     Finished `release` profile [optimized] target(s) in 26.68s
[INFO] running `Command { std: "docker" "inspect" "c27692e28385df329b23a40f246f65a8e8e785b25f6ca17bd4d49c3ec21d7b32", kill_on_drop: false }`
[INFO] running `Command { std: "docker" "exec" "-e" "SOURCE_DIR=/opt/rustwide/workdir" "-e" "CARGO_HOME=/opt/rustwide/cargo-home" "-e" "RUSTUP_HOME=/opt/rustwide/rustup-home" "-e" "CARGO_TARGET_DIR=/opt/rustwide/target" "-e" "CARGO_INCREMENTAL=0" "-e" "RUST_BACKTRACE=full" "-e" "RUSTFLAGS=--cap-lints=warn" "-e" "RUSTDOCFLAGS=--cap-lints=warn" "-w" "/opt/rustwide/workdir" "--user" "0:0" "c27692e28385df329b23a40f246f65a8e8e785b25f6ca17bd4d49c3ec21d7b32" "/opt/rustwide/cargo-home/bin/cargo" "+1.99.0-beta.8" "test" "--frozen" "--no-run" "--message-format=json" "--release", kill_on_drop: false }`
[INFO] [stderr]    Compiling proc-macro2 v1.0.107
[INFO] [stderr]    Compiling cc v1.5.1
[INFO] [stderr]    Compiling cxxbridge-flags v1.0.202
[INFO] [stderr]    Compiling quote v1.0.47
[INFO] [stderr]    Compiling cmake v0.1.58
[INFO] [stderr]    Compiling syn v3.0.6
[INFO] [stderr]    Compiling link-cplusplus v1.0.12
[INFO] [stderr]    Compiling cxx v1.0.202
[INFO] [stderr]    Compiling cxx-build v1.0.202
[INFO] [stderr]    Compiling serde_derive v1.0.229
[INFO] [stderr]    Compiling cxxbridge-macro v1.0.202
[INFO] [stderr]    Compiling opencascade-sys v0.3.0
[INFO] [stderr]    Compiling ferrocad_occt v0.1.2
[INFO] [stderr] error: failed to run custom build command for `ferrocad_occt v0.1.2`
[INFO] [stderr] note: To improve backtraces for build dependencies, set the CARGO_PROFILE_RELEASE_BUILD_OVERRIDE_DEBUG=true environment variable to enable debug information generation.
[INFO] [stderr] 
[INFO] [stderr] Caused by:
[INFO] [stderr]   process didn't exit successfully: `/opt/rustwide/target/release/build/ferrocad_occt-806d8c619bb80f16/build-script-build` (exit status: 101)
[INFO] [stderr]   --- stdout
[INFO] [stderr]   cargo:rerun-if-env-changed=OCCT_INCLUDE_DIR
[INFO] [stderr]   cargo:rerun-if-changed=include/fc_history.hxx
[INFO] [stderr]   cargo:rerun-if-changed=src/bridge.rs
[INFO] [stderr] 
[INFO] [stderr]   --- stderr
[INFO] [stderr] 
[INFO] [stderr]   thread 'main' (518) panicked at /opt/rustwide/cargo-home/registry/src/index.crates.io-1949cf8c6b5b557f/ferrocad_occt-0.1.2/build.rs:15:58:
[INFO] [stderr]   set OCCT_INCLUDE_DIR to the OCCT 'include/opencascade' directory (e.g. <prefix>/include/opencascade): NotPresent
[INFO] [stderr]   stack backtrace:
[INFO] [stderr]      0:     0x5d89e4584921 - <<std[70759c8f55707aa4]::sys::backtrace::BacktraceLock>::print::DisplayBacktrace as core[df12db4294e9bfd3]::fmt::Display>::fmt
[INFO] [stderr]      1:     0x5d89e459a00a - core[df12db4294e9bfd3]::fmt::write
[INFO] [stderr]      2:     0x5d89e458ae7c - <std[70759c8f55707aa4]::sys::stdio::unix::Stderr as core[df12db4294e9bfd3]::io::write::Write>::write_fmt
[INFO] [stderr]      3:     0x5d89e4561056 - std[70759c8f55707aa4]::panicking::default_hook::{closure#0}
[INFO] [stderr]      4:     0x5d89e457dc71 - std[70759c8f55707aa4]::panicking::default_hook
[INFO] [stderr]      5:     0x5d89e457df9b - std[70759c8f55707aa4]::panicking::panic_with_hook
[INFO] [stderr]      6:     0x5d89e4561102 - std[70759c8f55707aa4]::panicking::panic_handler::{closure#0}
[INFO] [stderr]      7:     0x5d89e4559929 - std[70759c8f55707aa4]::sys::backtrace::__rust_end_short_backtrace::<std[70759c8f55707aa4]::panicking::panic_handler::{closure#0}, !>
[INFO] [stderr]      8:     0x5d89e4561b7d - __rustc[8fa7c3cbc660c2b3]::rust_begin_unwind
[INFO] [stderr]      9:     0x5d89e459a82c - core[df12db4294e9bfd3]::panicking::panic_fmt
[INFO] [stderr]     10:     0x5d89e459a602 - core[df12db4294e9bfd3]::result::unwrap_failed
[INFO] [stderr]     11:     0x5d89e429ed04 - <core[df12db4294e9bfd3]::result::Result<alloc[2182bb758b4b3781]::string::String, std[70759c8f55707aa4]::env::VarError>>::expect
[INFO] [stderr]     12:     0x5d89e429eba9 - build_script_build[df02406567ba7859]::main
[INFO] [stderr]     13:     0x5d89e429f6d3 - <fn() as core[df12db4294e9bfd3]::ops::function::FnOnce<()>>::call_once
[INFO] [stderr]     14:     0x5d89e429e816 - std[70759c8f55707aa4]::sys::backtrace::__rust_begin_short_backtrace::<fn(), ()>
[INFO] [stderr]     15:     0x5d89e429ead9 - std[70759c8f55707aa4]::rt::lang_start::<()>::{closure#0}
[INFO] [stderr]     16:     0x5d89e457cf29 - std[70759c8f55707aa4]::rt::lang_start_internal
[INFO] [stderr]     17:     0x5d89e429e6f1 - std[70759c8f55707aa4]::rt::lang_start::<()>
[INFO] [stderr]     18:     0x5d89e429f7b5 - main
[INFO] [stderr]     19:     0x799405c95601 - <unknown>
[INFO] [stderr]     20:     0x799405c95718 - __libc_start_main
[INFO] [stderr]     21:     0x5d89e429d745 - _start
[INFO] [stderr]     22:                0x0 - <unknown>
[INFO] [stderr] warning: build failed, waiting for other jobs to finish...
[INFO] [stderr] error: failed to run custom build command for `opencascade-sys v0.3.0`
[INFO] [stderr] note: To improve backtraces for build dependencies, set the CARGO_PROFILE_RELEASE_BUILD_OVERRIDE_DEBUG=true environment variable to enable debug information generation.
[INFO] [stderr] 
[INFO] [stderr] Caused by:
[INFO] [stderr]   process didn't exit successfully: `/opt/rustwide/target/release/build/opencascade-sys-84da8c7ad0195137/build-script-build` (exit status: 101)
[INFO] [stderr]   --- stdout
[INFO] [stderr]   cargo:rerun-if-env-changed=DEP_OCCT_ROOT
[INFO] [stderr]   CMAKE_TOOLCHAIN_FILE_x86_64-unknown-linux-gnu = None
[INFO] [stderr]   CMAKE_TOOLCHAIN_FILE_x86_64_unknown_linux_gnu = None
[INFO] [stderr]   HOST_CMAKE_TOOLCHAIN_FILE = None
[INFO] [stderr]   CMAKE_TOOLCHAIN_FILE = None
[INFO] [stderr]   CMAKE_GENERATOR_x86_64-unknown-linux-gnu = None
[INFO] [stderr]   CMAKE_GENERATOR_x86_64_unknown_linux_gnu = None
[INFO] [stderr]   HOST_CMAKE_GENERATOR = None
[INFO] [stderr]   CMAKE_GENERATOR = None
[INFO] [stderr]   CMAKE_PREFIX_PATH_x86_64-unknown-linux-gnu = None
[INFO] [stderr]   CMAKE_PREFIX_PATH_x86_64_unknown_linux_gnu = None
[INFO] [stderr]   HOST_CMAKE_PREFIX_PATH = None
[INFO] [stderr]   CMAKE_PREFIX_PATH = None
[INFO] [stderr]   CMAKE_x86_64-unknown-linux-gnu = None
[INFO] [stderr]   CMAKE_x86_64_unknown_linux_gnu = None
[INFO] [stderr]   HOST_CMAKE = None
[INFO] [stderr]   CMAKE = None
[INFO] [stderr]   -- Configuring incomplete, errors occurred!
[INFO] [stderr] 
[INFO] [stderr]   --- stderr
[INFO] [stderr]   running: cd "/opt/rustwide/target/release/build/opencascade-sys-7327b5dbde125ae7/out/build" && CMAKE_PREFIX_PATH="" LC_ALL="C" "cmake" "/opt/rustwide/cargo-home/registry/src/index.crates.io-1949cf8c6b5b557f/opencascade-sys-0.3.0/OCCT" "-B" "/opt/rustwide/target/release/build/opencascade-sys-7327b5dbde125ae7/out/build" "-DCMAKE_INSTALL_PREFIX=/opt/rustwide/target/release/build/opencascade-sys-7327b5dbde125ae7/out" "-DCMAKE_C_FLAGS= -ffunction-sections -fdata-sections -fPIC -m64 -w" "-DCMAKE_C_COMPILER=/usr/bin/cc" "-DCMAKE_CXX_FLAGS= -ffunction-sections -fdata-sections -fPIC -m64 -w" "-DCMAKE_CXX_COMPILER=/usr/bin/c++" "-DCMAKE_ASM_FLAGS= -ffunction-sections -fdata-sections -fPIC -m64 -w" "-DCMAKE_ASM_COMPILER=/usr/bin/cc" "-DCMAKE_BUILD_TYPE=Release"
[INFO] [stderr]   CMake Error at CMakeLists.txt:1 (cmake_minimum_required):
[INFO] [stderr]     Compatibility with CMake < 3.5 has been removed from CMake.
[INFO] [stderr] 
[INFO] [stderr]     Update the VERSION argument <min> value.  Or, use the <min>...<max> syntax
[INFO] [stderr]     to tell CMake that the project requires at least <min> but has been updated
[INFO] [stderr]     to work with policies introduced by <max> or earlier.
[INFO] [stderr] 
[INFO] [stderr]     Or, add -DCMAKE_POLICY_VERSION_MINIMUM=3.5 to try configuring anyway.
[INFO] [stderr] 
[INFO] [stderr] 
[INFO] [stderr] 
[INFO] [stderr]   thread 'main' (520) panicked at /opt/rustwide/cargo-home/registry/src/index.crates.io-1949cf8c6b5b557f/cmake-0.1.58/src/lib.rs:1132:5:
[INFO] [stderr] 
[INFO] [stderr]   command did not execute successfully, got: exit status: 1
[INFO] [stderr] 
[INFO] [stderr]   build script failed, must exit now
[INFO] [stderr]   stack backtrace:
[INFO] [stderr]      0:     0x60e25b380b91 - <<std[70759c8f55707aa4]::sys::backtrace::BacktraceLock>::print::DisplayBacktrace as core[df12db4294e9bfd3]::fmt::Display>::fmt
[INFO] [stderr]      1:     0x60e25b396c1a - core[df12db4294e9bfd3]::fmt::write
[INFO] [stderr]      2:     0x60e25b3871cc - <std[70759c8f55707aa4]::sys::stdio::unix::Stderr as core[df12db4294e9bfd3]::io::write::Write>::write_fmt
[INFO] [stderr]      3:     0x60e25b35cec6 - std[70759c8f55707aa4]::panicking::default_hook::{closure#0}
[INFO] [stderr]      4:     0x60e25b379b71 - std[70759c8f55707aa4]::panicking::default_hook
[INFO] [stderr]      5:     0x60e25b379e9b - std[70759c8f55707aa4]::panicking::panic_with_hook
[INFO] [stderr]      6:     0x60e25b35cf72 - std[70759c8f55707aa4]::panicking::panic_handler::{closure#0}
[INFO] [stderr]      7:     0x60e25b355799 - std[70759c8f55707aa4]::sys::backtrace::__rust_end_short_backtrace::<std[70759c8f55707aa4]::panicking::panic_handler::{closure#0}, !>
[INFO] [stderr]      8:     0x60e25b35d9ed - __rustc[8fa7c3cbc660c2b3]::rust_begin_unwind
[INFO] [stderr]      9:     0x60e25b39743c - core[df12db4294e9bfd3]::panicking::panic_fmt
[INFO] [stderr]     10:     0x60e25b094167 - cmake[9bf133a4be946d93]::fail
[INFO] [stderr]     11:     0x60e25b093df3 - cmake[9bf133a4be946d93]::run
[INFO] [stderr]     12:     0x60e25b0996f2 - <cmake[9bf133a4be946d93]::Config>::build
[INFO] [stderr]     13:     0x60e25b083607 - <build_script_build[553507bf2d55685]::OcctConfig>::detect::{closure#0}
[INFO] [stderr]     14:     0x60e25b083323 - std[70759c8f55707aa4]::panicking::catch_unwind::do_call::<<build_script_build[553507bf2d55685]::OcctConfig>::detect::{closure#0}, std[70759c8f55707aa4]::path::PathBuf>
[INFO] [stderr]     15:     0x60e25b0870fb - __rust_try
[INFO] [stderr]     16:     0x60e25b082cb5 - std[70759c8f55707aa4]::panic::catch_unwind::<<build_script_build[553507bf2d55685]::OcctConfig>::detect::{closure#0}, std[70759c8f55707aa4]::path::PathBuf>
[INFO] [stderr]     17:     0x60e25b084684 - <build_script_build[553507bf2d55685]::OcctConfig>::detect
[INFO] [stderr]     18:     0x60e25b083898 - build_script_build[553507bf2d55685]::main
[INFO] [stderr]     19:     0x60e25b086fb3 - <fn() as core[df12db4294e9bfd3]::ops::function::FnOnce<()>>::call_once
[INFO] [stderr]     20:     0x60e25b0832d6 - std[70759c8f55707aa4]::sys::backtrace::__rust_begin_short_backtrace::<fn(), ()>
[INFO] [stderr]     21:     0x60e25b083569 - std[70759c8f55707aa4]::rt::lang_start::<()>::{closure#0}
[INFO] [stderr]     22:     0x60e25b378e29 - std[70759c8f55707aa4]::rt::lang_start_internal
[INFO] [stderr]     23:     0x60e25b082c81 - std[70759c8f55707aa4]::rt::lang_start::<()>
[INFO] [stderr]     24:     0x60e25b087135 - main
[INFO] [stderr]     25:     0x70b63b6b4601 - <unknown>
[INFO] [stderr]     26:     0x70b63b6b4718 - __libc_start_main
[INFO] [stderr]     27:     0x60e25b080d95 - _start
[INFO] [stderr]     28:                0x0 - <unknown>
[INFO] [stderr] 
[INFO] [stderr]   thread 'main' (520) panicked at /opt/rustwide/cargo-home/registry/src/index.crates.io-1949cf8c6b5b557f/opencascade-sys-0.3.0/build.rs:148:23:
[INFO] [stderr]   Pre-installed OpenCASCADE library not found. You can use `builtin` feature if you do not want to install OCCT libraries system-wide.: Any { .. }
[INFO] [stderr]   stack backtrace:
[INFO] [stderr]      0:     0x60e25b380b91 - <<std[70759c8f55707aa4]::sys::backtrace::BacktraceLock>::print::DisplayBacktrace as core[df12db4294e9bfd3]::fmt::Display>::fmt
[INFO] [stderr]      1:     0x60e25b396c1a - core[df12db4294e9bfd3]::fmt::write
[INFO] [stderr]      2:     0x60e25b3871cc - <std[70759c8f55707aa4]::sys::stdio::unix::Stderr as core[df12db4294e9bfd3]::io::write::Write>::write_fmt
[INFO] [stderr]      3:     0x60e25b35cec6 - std[70759c8f55707aa4]::panicking::default_hook::{closure#0}
[INFO] [stderr]      4:     0x60e25b379b71 - std[70759c8f55707aa4]::panicking::default_hook
[INFO] [stderr]      5:     0x60e25b379e9b - std[70759c8f55707aa4]::panicking::panic_with_hook
[INFO] [stderr]      6:     0x60e25b35cf72 - std[70759c8f55707aa4]::panicking::panic_handler::{closure#0}
[INFO] [stderr]      7:     0x60e25b355799 - std[70759c8f55707aa4]::sys::backtrace::__rust_end_short_backtrace::<std[70759c8f55707aa4]::panicking::panic_handler::{closure#0}, !>
[INFO] [stderr]      8:     0x60e25b35d9ed - __rustc[8fa7c3cbc660c2b3]::rust_begin_unwind
[INFO] [stderr]      9:     0x60e25b39743c - core[df12db4294e9bfd3]::panicking::panic_fmt
[INFO] [stderr]     10:     0x60e25b397212 - core[df12db4294e9bfd3]::result::unwrap_failed
[INFO] [stderr]     11:     0x60e25b0855b4 - <core[df12db4294e9bfd3]::result::Result<std[70759c8f55707aa4]::path::PathBuf, alloc[2182bb758b4b3781]::boxed::Box<dyn core[df12db4294e9bfd3]::any::Any + core[df12db4294e9bfd3]::marker::Send>>>::expect
[INFO] [stderr]     12:     0x60e25b0846d4 - <build_script_build[553507bf2d55685]::OcctConfig>::detect
[INFO] [stderr]     13:     0x60e25b083898 - build_script_build[553507bf2d55685]::main
[INFO] [stderr]     14:     0x60e25b086fb3 - <fn() as core[df12db4294e9bfd3]::ops::function::FnOnce<()>>::call_once
[INFO] [stderr]     15:     0x60e25b0832d6 - std[70759c8f55707aa4]::sys::backtrace::__rust_begin_short_backtrace::<fn(), ()>
[INFO] [stderr]     16:     0x60e25b083569 - std[70759c8f55707aa4]::rt::lang_start::<()>::{closure#0}
[INFO] [stderr]     17:     0x60e25b378e29 - std[70759c8f55707aa4]::rt::lang_start_internal
[INFO] [stderr]     18:     0x60e25b082c81 - std[70759c8f55707aa4]::rt::lang_start::<()>
[INFO] [stderr]     19:     0x60e25b087135 - main
[INFO] [stderr]     20:     0x70b63b6b4601 - <unknown>
[INFO] [stderr]     21:     0x70b63b6b4718 - __libc_start_main
[INFO] [stderr]     22:     0x60e25b080d95 - _start
[INFO] [stderr]     23:                0x0 - <unknown>
[INFO] running `Command { std: "docker" "inspect" "c27692e28385df329b23a40f246f65a8e8e785b25f6ca17bd4d49c3ec21d7b32", kill_on_drop: false }`
[INFO] running `Command { std: "docker" "rm" "-f" "c27692e28385df329b23a40f246f65a8e8e785b25f6ca17bd4d49c3ec21d7b32", kill_on_drop: false }`
[INFO] [stdout] c27692e28385df329b23a40f246f65a8e8e785b25f6ca17bd4d49c3ec21d7b32
