[INFO] fetching crate ferrocad_occt 0.1.2...
[INFO] testing ferrocad_occt-0.1.2 against 1.100.0-beta.1+cargoflags=--release for beta-release-1.100-2
[INFO] extracting crate ferrocad_occt 0.1.2 into /workspace/builds/worker-6-tc2/source
[INFO] started tweaking crates.io crate ferrocad_occt 0.1.2
[INFO] finished tweaking crates.io crate ferrocad_occt 0.1.2
[INFO] tweaked toml for crates.io crate ferrocad_occt 0.1.2 written to /workspace/builds/worker-6-tc2/source/Cargo.toml
[INFO] validating manifest of crates.io crate ferrocad_occt 0.1.2 on toolchain 1.100.0-beta.1
[INFO] running `Command { std: CARGO_HOME="/workspace/cargo-home" RUSTUP_HOME="/workspace/rustup-home" "/workspace/cargo-home/bin/cargo" "+1.100.0-beta.1" "metadata" "--manifest-path" "Cargo.toml" "--no-deps", kill_on_drop: false }`
[INFO] crate crates.io crate ferrocad_occt 0.1.2 already has a lockfile, it will not be regenerated
[INFO] running `Command { std: CARGO_HOME="/workspace/cargo-home" RUSTUP_HOME="/workspace/rustup-home" "/workspace/cargo-home/bin/cargo" "+1.100.0-beta.1" "fetch" "--manifest-path" "Cargo.toml", kill_on_drop: false }`
[INFO] [stderr] warning: `package.homepage` is redundant with `package.repository`
[INFO] [stderr]   --> Cargo.toml:31:12
[INFO] [stderr]    |
[INFO] [stderr] 31 | homepage = "https://github.com/ferrocad/ferrocad"
[INFO] [stderr]    |            ^^^^^^^^^^^^^^^^^^^^^^^^^^^^^^^^^^^^^^
[INFO] [stderr] ...
[INFO] [stderr] 36 | repository = "https://github.com/ferrocad/ferrocad"
[INFO] [stderr]    |              --------------------------------------
[INFO] [stderr]    |
[INFO] [stderr]    = note: `cargo::redundant_homepage` is set to `warn` by default
[INFO] [stderr] help: consider removing `package.homepage`
[INFO] [stderr] warning: `ferrocad_occt` (manifest) generated 1 warning
[INFO] running `Command { std: "docker" "create" "-v" "/var/lib/crater-agent-workspace/builds/worker-6-tc2/source:/opt/rustwide/workdir:ro,Z" "-v" "/var/lib/crater-agent-workspace/builds/worker-6-tc2/target:/opt/rustwide/target:rw,Z" "-v" "/var/lib/crater-agent-workspace/cargo-home:/opt/rustwide/cargo-home:ro,Z" "-v" "/var/lib/crater-agent-workspace/rustup-home:/opt/rustwide/rustup-home:ro,Z" "-m" "1610612736" "--network" "none" "ghcr.io/rust-lang/crates-build-env/linux@sha256:77db811e55d90add9212f6832c23229e3de5f1c1f9905e8cb07319ea15df73ac" "sleep" "infinity", kill_on_drop: false }`
[INFO] [stdout] 01d9c8fff1a20df673ebd3c705df1bbbe5baab53dc94f5101ae177df6057fc42
[INFO] running `Command { std: "docker" "start" "01d9c8fff1a20df673ebd3c705df1bbbe5baab53dc94f5101ae177df6057fc42", kill_on_drop: false }`
[INFO] running `Command { std: "docker" "inspect" "01d9c8fff1a20df673ebd3c705df1bbbe5baab53dc94f5101ae177df6057fc42", kill_on_drop: false }`
[INFO] running `Command { std: "docker" "exec" "-e" "SOURCE_DIR=/opt/rustwide/workdir" "-e" "CARGO_HOME=/opt/rustwide/cargo-home" "-e" "RUSTUP_HOME=/opt/rustwide/rustup-home" "-e" "CARGO_TARGET_DIR=/opt/rustwide/target" "-w" "/opt/rustwide/workdir" "--user" "0:0" "01d9c8fff1a20df673ebd3c705df1bbbe5baab53dc94f5101ae177df6057fc42" "/opt/rustwide/cargo-home/bin/cargo" "+1.100.0-beta.1" "metadata" "--no-deps" "--format-version=1", kill_on_drop: false }`
[INFO] running `Command { std: "docker" "inspect" "01d9c8fff1a20df673ebd3c705df1bbbe5baab53dc94f5101ae177df6057fc42", kill_on_drop: false }`
[INFO] running `Command { std: "docker" "exec" "-e" "SOURCE_DIR=/opt/rustwide/workdir" "-e" "CARGO_HOME=/opt/rustwide/cargo-home" "-e" "RUSTUP_HOME=/opt/rustwide/rustup-home" "-e" "CARGO_TARGET_DIR=/opt/rustwide/target" "-e" "CARGO_INCREMENTAL=0" "-e" "RUST_BACKTRACE=full" "-e" "RUSTFLAGS=--cap-lints=warn" "-e" "RUSTDOCFLAGS=--cap-lints=warn" "-w" "/opt/rustwide/workdir" "--user" "0:0" "01d9c8fff1a20df673ebd3c705df1bbbe5baab53dc94f5101ae177df6057fc42" "/opt/rustwide/cargo-home/bin/cargo" "+1.100.0-beta.1" "build" "--frozen" "--message-format=json" "--release", kill_on_drop: false }`
[INFO] [stderr] warning: `package.homepage` is redundant with `package.repository`
[INFO] [stderr]   --> Cargo.toml:31:12
[INFO] [stderr]    |
[INFO] [stderr] 31 | homepage = "https://github.com/ferrocad/ferrocad"
[INFO] [stderr]    |            ^^^^^^^^^^^^^^^^^^^^^^^^^^^^^^^^^^^^^^
[INFO] [stderr] ...
[INFO] [stderr] 36 | repository = "https://github.com/ferrocad/ferrocad"
[INFO] [stderr]    |              --------------------------------------
[INFO] [stderr]    |
[INFO] [stderr]    = note: `cargo::redundant_homepage` is set to `warn` by default
[INFO] [stderr] help: consider removing `package.homepage`
[INFO] [stderr] warning: `ferrocad_occt` (manifest) generated 1 warning
[INFO] [stderr]    Compiling proc-macro2 v1.0.107
[INFO] [stderr]    Compiling scratch v1.0.9
[INFO] [stderr]    Compiling unicode-width v0.2.2
[INFO] [stderr]    Compiling cxxbridge-flags v1.0.202
[INFO] [stderr]    Compiling cmake v0.1.58
[INFO] [stderr]    Compiling cxx v1.0.202
[INFO] [stderr]    Compiling codespan-reporting v0.13.1
[INFO] [stderr]    Compiling quote v1.0.47
[INFO] [stderr]    Compiling syn v3.0.6
[INFO] [stderr]    Compiling cxx-build v1.0.202
[INFO] [stderr]    Compiling serde_derive v1.0.229
[INFO] [stderr]    Compiling cxxbridge-macro v1.0.202
[INFO] [stderr]    Compiling opencascade-sys v0.3.0
[INFO] [stderr]    Compiling ferrocad_occt v0.1.2 (/opt/rustwide/workdir)
[INFO] [stderr] error: failed to run custom build command for `ferrocad_occt v0.1.2 (/opt/rustwide/workdir)`
[INFO] [stderr] note: To improve backtraces for build dependencies, set the CARGO_PROFILE_RELEASE_BUILD_OVERRIDE_DEBUG=true environment variable to enable debug information generation.
[INFO] [stderr] 
[INFO] [stderr] Caused by:
[INFO] [stderr]   process didn't exit successfully: `/opt/rustwide/target/release/build/ferrocad_occt/9026d79d88a1921f/out/build_script_build` (exit status: 101)
[INFO] [stderr]   --- stdout
[INFO] [stderr]   cargo:rerun-if-env-changed=OCCT_INCLUDE_DIR
[INFO] [stderr]   cargo:rerun-if-changed=include/fc_history.hxx
[INFO] [stderr]   cargo:rerun-if-changed=src/bridge.rs
[INFO] [stderr] 
[INFO] [stderr]   --- stderr
[INFO] [stderr] 
[INFO] [stderr]   thread 'main' (329) panicked at build.rs:15:58:
[INFO] [stderr]   set OCCT_INCLUDE_DIR to the OCCT 'include/opencascade' directory (e.g. <prefix>/include/opencascade): NotPresent
[INFO] [stderr]   stack backtrace:
[INFO] [stderr]      0:     0x6366a10a7931 - <<std[617be2ca0a6fd877]::sys::backtrace::BacktraceLock>::print::DisplayBacktrace as core[a373ad73a504971]::fmt::Display>::fmt
[INFO] [stderr]      1:     0x6366a10bcd6a - core[a373ad73a504971]::fmt::write
[INFO] [stderr]      2:     0x6366a10adb0c - <std[617be2ca0a6fd877]::sys::stdio::unix::Stderr as core[a373ad73a504971]::io::write::Write>::write_fmt
[INFO] [stderr]      3:     0x6366a1083f66 - std[617be2ca0a6fd877]::panicking::default_hook::{closure#0}
[INFO] [stderr]      4:     0x6366a10a0bd1 - std[617be2ca0a6fd877]::panicking::default_hook
[INFO] [stderr]      5:     0x6366a10a0efb - std[617be2ca0a6fd877]::panicking::panic_with_hook
[INFO] [stderr]      6:     0x6366a1084012 - std[617be2ca0a6fd877]::panicking::panic_handler::{closure#0}
[INFO] [stderr]      7:     0x6366a107c7c9 - std[617be2ca0a6fd877]::sys::backtrace::__rust_end_short_backtrace::<std[617be2ca0a6fd877]::panicking::panic_handler::{closure#0}, !>
[INFO] [stderr]      8:     0x6366a1084aad - __rustc[ea4f61d10b84890b]::rust_begin_unwind
[INFO] [stderr]      9:     0x6366a10bd58c - core[a373ad73a504971]::panicking::panic_fmt
[INFO] [stderr]     10:     0x6366a10bd362 - core[a373ad73a504971]::result::unwrap_failed
[INFO] [stderr]     11:     0x6366a0dc0da4 - <core[a373ad73a504971]::result::Result<alloc[2e1b2a31b91974c5]::string::String, std[617be2ca0a6fd877]::env::VarError>>::expect
[INFO] [stderr]     12:     0x6366a0dc0c49 - build_script_build[2cc77764ce02977d]::main
[INFO] [stderr]     13:     0x6366a0dc1773 - <fn() as core[a373ad73a504971]::ops::function::FnOnce<()>>::call_once
[INFO] [stderr]     14:     0x6366a0dc08de - std[617be2ca0a6fd877]::sys::backtrace::__rust_begin_short_backtrace::<fn(), ()>
[INFO] [stderr]     15:     0x6366a0dc0b79 - std[617be2ca0a6fd877]::rt::lang_start::<()>::{closure#0}
[INFO] [stderr]     16:     0x6366a109fec8 - std[617be2ca0a6fd877]::rt::lang_start_internal
[INFO] [stderr]     17:     0x6366a0dc0791 - std[617be2ca0a6fd877]::rt::lang_start::<()>
[INFO] [stderr]     18:     0x6366a0dc1855 - main
[INFO] [stderr]     19:     0x79aa9770e601 - <unknown>
[INFO] [stderr]     20:     0x79aa9770e718 - __libc_start_main
[INFO] [stderr]     21:     0x6366a0dbf7e5 - _start
[INFO] [stderr]     22:                0x0 - <unknown>
[INFO] [stderr] warning: build failed, waiting for other jobs to finish...
[INFO] [stderr] error: failed to run custom build command for `opencascade-sys v0.3.0`
[INFO] [stderr] note: To improve backtraces for build dependencies, set the CARGO_PROFILE_RELEASE_BUILD_OVERRIDE_DEBUG=true environment variable to enable debug information generation.
[INFO] [stderr] 
[INFO] [stderr] Caused by:
[INFO] [stderr]   process didn't exit successfully: `/opt/rustwide/target/release/build/opencascade-sys/84da8c7ad0195137/out/build_script_build` (exit status: 101)
[INFO] [stderr]   --- stdout
[INFO] [stderr]   cargo:rerun-if-env-changed=DEP_OCCT_ROOT
[INFO] [stderr]   CMAKE_TOOLCHAIN_FILE_x86_64-unknown-linux-gnu = None
[INFO] [stderr]   CMAKE_TOOLCHAIN_FILE_x86_64_unknown_linux_gnu = None
[INFO] [stderr]   HOST_CMAKE_TOOLCHAIN_FILE = None
[INFO] [stderr]   CMAKE_TOOLCHAIN_FILE = None
[INFO] [stderr]   CMAKE_GENERATOR_x86_64-unknown-linux-gnu = None
[INFO] [stderr]   CMAKE_GENERATOR_x86_64_unknown_linux_gnu = None
[INFO] [stderr]   HOST_CMAKE_GENERATOR = None
[INFO] [stderr]   CMAKE_GENERATOR = None
[INFO] [stderr]   CMAKE_PREFIX_PATH_x86_64-unknown-linux-gnu = None
[INFO] [stderr]   CMAKE_PREFIX_PATH_x86_64_unknown_linux_gnu = None
[INFO] [stderr]   HOST_CMAKE_PREFIX_PATH = None
[INFO] [stderr]   CMAKE_PREFIX_PATH = None
[INFO] [stderr]   CMAKE_x86_64-unknown-linux-gnu = None
[INFO] [stderr]   CMAKE_x86_64_unknown_linux_gnu = None
[INFO] [stderr]   HOST_CMAKE = None
[INFO] [stderr]   CMAKE = None
[INFO] [stderr]   -- Configuring incomplete, errors occurred!
[INFO] [stderr] 
[INFO] [stderr]   --- stderr
[INFO] [stderr]   running: cd "/opt/rustwide/target/release/build/opencascade-sys/7327b5dbde125ae7/out/build" && CMAKE_PREFIX_PATH="" LC_ALL="C" "cmake" "/opt/rustwide/cargo-home/registry/src/index.crates.io-1949cf8c6b5b557f/opencascade-sys-0.3.0/OCCT" "-B" "/opt/rustwide/target/release/build/opencascade-sys/7327b5dbde125ae7/out/build" "-DCMAKE_INSTALL_PREFIX=/opt/rustwide/target/release/build/opencascade-sys/7327b5dbde125ae7/out" "-DCMAKE_C_FLAGS= -ffunction-sections -fdata-sections -fPIC -m64 -w" "-DCMAKE_C_COMPILER=/usr/bin/cc" "-DCMAKE_CXX_FLAGS= -ffunction-sections -fdata-sections -fPIC -m64 -w" "-DCMAKE_CXX_COMPILER=/usr/bin/c++" "-DCMAKE_ASM_FLAGS= -ffunction-sections -fdata-sections -fPIC -m64 -w" "-DCMAKE_ASM_COMPILER=/usr/bin/cc" "-DCMAKE_BUILD_TYPE=Release"
[INFO] [stderr]   CMake Error at CMakeLists.txt:1 (cmake_minimum_required):
[INFO] [stderr]     Compatibility with CMake < 3.5 has been removed from CMake.
[INFO] [stderr] 
[INFO] [stderr]     Update the VERSION argument <min> value.  Or, use the <min>...<max> syntax
[INFO] [stderr]     to tell CMake that the project requires at least <min> but has been updated
[INFO] [stderr]     to work with policies introduced by <max> or earlier.
[INFO] [stderr] 
[INFO] [stderr]     Or, add -DCMAKE_POLICY_VERSION_MINIMUM=3.5 to try configuring anyway.
[INFO] [stderr] 
[INFO] [stderr] 
[INFO] [stderr] 
[INFO] [stderr]   thread 'main' (321) panicked at /opt/rustwide/cargo-home/registry/src/index.crates.io-1949cf8c6b5b557f/cmake-0.1.58/src/lib.rs:1132:5:
[INFO] [stderr] 
[INFO] [stderr]   command did not execute successfully, got: exit status: 1
[INFO] [stderr] 
[INFO] [stderr]   build script failed, must exit now
[INFO] [stderr]   stack backtrace:
[INFO] [stderr]      0:     0x59d58a3b8711 - <<std[617be2ca0a6fd877]::sys::backtrace::BacktraceLock>::print::DisplayBacktrace as core[a373ad73a504971]::fmt::Display>::fmt
[INFO] [stderr]      1:     0x59d58a3ce4ea - core[a373ad73a504971]::fmt::write
[INFO] [stderr]      2:     0x59d58a3be9cc - <std[617be2ca0a6fd877]::sys::stdio::unix::Stderr as core[a373ad73a504971]::io::write::Write>::write_fmt
[INFO] [stderr]      3:     0x59d58a394956 - std[617be2ca0a6fd877]::panicking::default_hook::{closure#0}
[INFO] [stderr]      4:     0x59d58a3b1651 - std[617be2ca0a6fd877]::panicking::default_hook
[INFO] [stderr]      5:     0x59d58a3b197b - std[617be2ca0a6fd877]::panicking::panic_with_hook
[INFO] [stderr]      6:     0x59d58a394a02 - std[617be2ca0a6fd877]::panicking::panic_handler::{closure#0}
[INFO] [stderr]      7:     0x59d58a38d1b9 - std[617be2ca0a6fd877]::sys::backtrace::__rust_end_short_backtrace::<std[617be2ca0a6fd877]::panicking::panic_handler::{closure#0}, !>
[INFO] [stderr]      8:     0x59d58a39549d - __rustc[ea4f61d10b84890b]::rust_begin_unwind
[INFO] [stderr]      9:     0x59d58a3ced0c - core[a373ad73a504971]::panicking::panic_fmt
[INFO] [stderr]     10:     0x59d58a0cad87 - cmake[a726eee5b66ece9c]::fail
[INFO] [stderr]     11:     0x59d58a0caa13 - cmake[a726eee5b66ece9c]::run
[INFO] [stderr]     12:     0x59d58a0d0312 - <cmake[a726eee5b66ece9c]::Config>::build
[INFO] [stderr]     13:     0x59d58a0ba6e7 - <build_script_build[8f05a2ad322b0bb]::OcctConfig>::detect::{closure#0}
[INFO] [stderr]     14:     0x59d58a0ba422 - std[617be2ca0a6fd877]::panicking::catch_unwind::do_call::<<build_script_build[8f05a2ad322b0bb]::OcctConfig>::detect::{closure#0}, std[617be2ca0a6fd877]::path::PathBuf>
[INFO] [stderr]     15:     0x59d58a0be17b - __rust_try
[INFO] [stderr]     16:     0x59d58a0b9de6 - std[617be2ca0a6fd877]::panic::catch_unwind::<<build_script_build[8f05a2ad322b0bb]::OcctConfig>::detect::{closure#0}, std[617be2ca0a6fd877]::path::PathBuf>
[INFO] [stderr]     17:     0x59d58a0bb764 - <build_script_build[8f05a2ad322b0bb]::OcctConfig>::detect
[INFO] [stderr]     18:     0x59d58a0ba978 - build_script_build[8f05a2ad322b0bb]::main
[INFO] [stderr]     19:     0x59d58a0be033 - <fn() as core[a373ad73a504971]::ops::function::FnOnce<()>>::call_once
[INFO] [stderr]     20:     0x59d58a0ba40e - std[617be2ca0a6fd877]::sys::backtrace::__rust_begin_short_backtrace::<fn(), ()>
[INFO] [stderr]     21:     0x59d58a0ba649 - std[617be2ca0a6fd877]::rt::lang_start::<()>::{closure#0}
[INFO] [stderr]     22:     0x59d58a3b0948 - std[617be2ca0a6fd877]::rt::lang_start_internal
[INFO] [stderr]     23:     0x59d58a0b9db1 - std[617be2ca0a6fd877]::rt::lang_start::<()>
[INFO] [stderr]     24:     0x59d58a0be1b5 - main
[INFO] [stderr]     25:     0x7b98eecce601 - <unknown>
[INFO] [stderr]     26:     0x7b98eecce718 - __libc_start_main
[INFO] [stderr]     27:     0x59d58a0b7ee5 - _start
[INFO] [stderr]     28:                0x0 - <unknown>
[INFO] [stderr] 
[INFO] [stderr]   thread 'main' (321) panicked at /opt/rustwide/cargo-home/registry/src/index.crates.io-1949cf8c6b5b557f/opencascade-sys-0.3.0/build.rs:148:23:
[INFO] [stderr]   Pre-installed OpenCASCADE library not found. You can use `builtin` feature if you do not want to install OCCT libraries system-wide.: Any { .. }
[INFO] [stderr]   stack backtrace:
[INFO] [stderr]      0:     0x59d58a3b8711 - <<std[617be2ca0a6fd877]::sys::backtrace::BacktraceLock>::print::DisplayBacktrace as core[a373ad73a504971]::fmt::Display>::fmt
[INFO] [stderr]      1:     0x59d58a3ce4ea - core[a373ad73a504971]::fmt::write
[INFO] [stderr]      2:     0x59d58a3be9cc - <std[617be2ca0a6fd877]::sys::stdio::unix::Stderr as core[a373ad73a504971]::io::write::Write>::write_fmt
[INFO] [stderr]      3:     0x59d58a394956 - std[617be2ca0a6fd877]::panicking::default_hook::{closure#0}
[INFO] [stderr]      4:     0x59d58a3b1651 - std[617be2ca0a6fd877]::panicking::default_hook
[INFO] [stderr]      5:     0x59d58a3b197b - std[617be2ca0a6fd877]::panicking::panic_with_hook
[INFO] [stderr]      6:     0x59d58a394a02 - std[617be2ca0a6fd877]::panicking::panic_handler::{closure#0}
[INFO] [stderr]      7:     0x59d58a38d1b9 - std[617be2ca0a6fd877]::sys::backtrace::__rust_end_short_backtrace::<std[617be2ca0a6fd877]::panicking::panic_handler::{closure#0}, !>
[INFO] [stderr]      8:     0x59d58a39549d - __rustc[ea4f61d10b84890b]::rust_begin_unwind
[INFO] [stderr]      9:     0x59d58a3ced0c - core[a373ad73a504971]::panicking::panic_fmt
[INFO] [stderr]     10:     0x59d58a3ceae2 - core[a373ad73a504971]::result::unwrap_failed
[INFO] [stderr]     11:     0x59d58a0bc694 - <core[a373ad73a504971]::result::Result<std[617be2ca0a6fd877]::path::PathBuf, alloc[2e1b2a31b91974c5]::boxed::Box<dyn core[a373ad73a504971]::any::Any + core[a373ad73a504971]::marker::Send>>>::expect
[INFO] [stderr]     12:     0x59d58a0bb7b4 - <build_script_build[8f05a2ad322b0bb]::OcctConfig>::detect
[INFO] [stderr]     13:     0x59d58a0ba978 - build_script_build[8f05a2ad322b0bb]::main
[INFO] [stderr]     14:     0x59d58a0be033 - <fn() as core[a373ad73a504971]::ops::function::FnOnce<()>>::call_once
[INFO] [stderr]     15:     0x59d58a0ba40e - std[617be2ca0a6fd877]::sys::backtrace::__rust_begin_short_backtrace::<fn(), ()>
[INFO] [stderr]     16:     0x59d58a0ba649 - std[617be2ca0a6fd877]::rt::lang_start::<()>::{closure#0}
[INFO] [stderr]     17:     0x59d58a3b0948 - std[617be2ca0a6fd877]::rt::lang_start_internal
[INFO] [stderr]     18:     0x59d58a0b9db1 - std[617be2ca0a6fd877]::rt::lang_start::<()>
[INFO] [stderr]     19:     0x59d58a0be1b5 - main
[INFO] [stderr]     20:     0x7b98eecce601 - <unknown>
[INFO] [stderr]     21:     0x7b98eecce718 - __libc_start_main
[INFO] [stderr]     22:     0x59d58a0b7ee5 - _start
[INFO] [stderr]     23:                0x0 - <unknown>
[INFO] running `Command { std: "docker" "inspect" "01d9c8fff1a20df673ebd3c705df1bbbe5baab53dc94f5101ae177df6057fc42", kill_on_drop: false }`
[INFO] running `Command { std: "docker" "rm" "-f" "01d9c8fff1a20df673ebd3c705df1bbbe5baab53dc94f5101ae177df6057fc42", kill_on_drop: false }`
[INFO] [stdout] 01d9c8fff1a20df673ebd3c705df1bbbe5baab53dc94f5101ae177df6057fc42
