[INFO] fetching crate ferrisetw 1.2.0...
[INFO] testing ferrisetw-1.2.0 against 1.100.0-beta.1+cargoflags=--release for beta-release-1.100-2
[INFO] extracting crate ferrisetw 1.2.0 into /workspace/builds/worker-7-tc2/source
[INFO] started tweaking crates.io crate ferrisetw 1.2.0
[INFO] finished tweaking crates.io crate ferrisetw 1.2.0
[INFO] tweaked toml for crates.io crate ferrisetw 1.2.0 written to /workspace/builds/worker-7-tc2/source/Cargo.toml
[INFO] validating manifest of crates.io crate ferrisetw 1.2.0 on toolchain 1.100.0-beta.1
[INFO] running `Command { std: CARGO_HOME="/workspace/cargo-home" RUSTUP_HOME="/workspace/rustup-home" "/workspace/cargo-home/bin/cargo" "+1.100.0-beta.1" "metadata" "--manifest-path" "Cargo.toml" "--no-deps", kill_on_drop: false }`
[INFO] crate crates.io crate ferrisetw 1.2.0 already has a lockfile, it will not be regenerated
[INFO] running `Command { std: CARGO_HOME="/workspace/cargo-home" RUSTUP_HOME="/workspace/rustup-home" "/workspace/cargo-home/bin/cargo" "+1.100.0-beta.1" "fetch" "--manifest-path" "Cargo.toml", kill_on_drop: false }`
[INFO] running `Command { std: "docker" "create" "-v" "/var/lib/crater-agent-workspace/builds/worker-7-tc2/source:/opt/rustwide/workdir:ro,Z" "-v" "/var/lib/crater-agent-workspace/builds/worker-7-tc2/target:/opt/rustwide/target:rw,Z" "-v" "/var/lib/crater-agent-workspace/cargo-home:/opt/rustwide/cargo-home:ro,Z" "-v" "/var/lib/crater-agent-workspace/rustup-home:/opt/rustwide/rustup-home:ro,Z" "-m" "1610612736" "--network" "none" "ghcr.io/rust-lang/crates-build-env/linux@sha256:77db811e55d90add9212f6832c23229e3de5f1c1f9905e8cb07319ea15df73ac" "sleep" "infinity", kill_on_drop: false }`
[INFO] [stdout] d33912a4699c8d2c5ef69b4ce5c444bc02fb2848f60cce022d50ba2b9c86c73a
[INFO] running `Command { std: "docker" "start" "d33912a4699c8d2c5ef69b4ce5c444bc02fb2848f60cce022d50ba2b9c86c73a", kill_on_drop: false }`
[INFO] running `Command { std: "docker" "inspect" "d33912a4699c8d2c5ef69b4ce5c444bc02fb2848f60cce022d50ba2b9c86c73a", kill_on_drop: false }`
[INFO] running `Command { std: "docker" "exec" "-e" "SOURCE_DIR=/opt/rustwide/workdir" "-e" "CARGO_HOME=/opt/rustwide/cargo-home" "-e" "RUSTUP_HOME=/opt/rustwide/rustup-home" "-e" "CARGO_TARGET_DIR=/opt/rustwide/target" "-w" "/opt/rustwide/workdir" "--user" "0:0" "d33912a4699c8d2c5ef69b4ce5c444bc02fb2848f60cce022d50ba2b9c86c73a" "/opt/rustwide/cargo-home/bin/cargo" "+1.100.0-beta.1" "metadata" "--no-deps" "--format-version=1", kill_on_drop: false }`
[INFO] running `Command { std: "docker" "inspect" "d33912a4699c8d2c5ef69b4ce5c444bc02fb2848f60cce022d50ba2b9c86c73a", kill_on_drop: false }`
[INFO] running `Command { std: "docker" "exec" "-e" "SOURCE_DIR=/opt/rustwide/workdir" "-e" "CARGO_HOME=/opt/rustwide/cargo-home" "-e" "RUSTUP_HOME=/opt/rustwide/rustup-home" "-e" "CARGO_TARGET_DIR=/opt/rustwide/target" "-e" "CARGO_INCREMENTAL=0" "-e" "RUST_BACKTRACE=full" "-e" "RUSTFLAGS=--cap-lints=warn" "-e" "RUSTDOCFLAGS=--cap-lints=warn" "-w" "/opt/rustwide/workdir" "--user" "0:0" "d33912a4699c8d2c5ef69b4ce5c444bc02fb2848f60cce022d50ba2b9c86c73a" "/opt/rustwide/cargo-home/bin/cargo" "+1.100.0-beta.1" "build" "--frozen" "--message-format=json" "--release", kill_on_drop: false }`
[INFO] [stderr]    Compiling proc-macro2 v1.0.78
[INFO] [stderr]    Compiling num-traits v0.2.18
[INFO] [stderr]    Compiling libc v0.2.153
[INFO] [stderr]    Compiling windows_x86_64_gnu v0.52.5
[INFO] [stderr]    Compiling num-bigint v0.4.4
[INFO] [stderr]    Compiling num-rational v0.4.1
[INFO] [stderr]    Compiling ppv-lite86 v0.2.17
[INFO] [stderr]    Compiling log v0.4.21
[INFO] [stderr]    Compiling zerocopy v0.7.32
[INFO] [stderr]    Compiling widestring v1.0.2
[INFO] [stderr]    Compiling windows-targets v0.52.5
[INFO] [stderr]    Compiling windows-result v0.1.2
[INFO] [stderr]    Compiling quote v1.0.35
[INFO] [stderr]    Compiling syn v2.0.48
[INFO] [stderr]    Compiling getrandom v0.2.12
[INFO] [stderr]    Compiling rand_core v0.6.4
[INFO] [stderr]    Compiling num-integer v0.1.46
[INFO] [stderr]    Compiling num-complex v0.4.5
[INFO] [stderr]    Compiling rand_chacha v0.3.1
[INFO] [stderr]    Compiling num-iter v0.1.44
[INFO] [stderr]    Compiling rand v0.8.5
[INFO] [stderr]    Compiling num v0.4.1
[INFO] [stderr]    Compiling windows-interface v0.57.0
[INFO] [stderr]    Compiling windows-implement v0.57.0
[INFO] [stderr]    Compiling num-derive v0.4.2
[INFO] [stderr]    Compiling windows-core v0.57.0
[INFO] [stderr]    Compiling windows v0.57.0
[INFO] [stderr]    Compiling ferrisetw v1.2.0 (/opt/rustwide/workdir)
[INFO] [stdout] warning: field `out_type` is never read
[INFO] [stdout]   --> src/native/tdh_types.rs:72:9
[INFO] [stdout]    |
[INFO] [stdout] 68 |     Array {
[INFO] [stdout]    |     ----- field in this variant
[INFO] [stdout] ...
[INFO] [stdout] 72 |         out_type: TdhOutType,
[INFO] [stdout]    |         ^^^^^^^^
[INFO] [stdout]    |
[INFO] [stdout]    = note: `PropertyInfo` has derived impls for the traits `Clone` and `Debug`, but these are intentionally ignored during dead code analysis
[INFO] [stdout]    = note: `#[warn(dead_code)]` (part of `#[warn(unused)]`) on by default
[INFO] [stdout] 
[INFO] [stdout] 
[INFO] [stdout] warning: field `flags` is never read
[INFO] [stdout]   --> src/native/tdh_types.rs:96:9
[INFO] [stdout]    |
[INFO] [stdout] 92 | pub struct Property {
[INFO] [stdout]    |            -------- field in this struct
[INFO] [stdout] ...
[INFO] [stdout] 96 |     pub flags: PropertyFlags,
[INFO] [stdout]    |         ^^^^^
[INFO] [stdout]    |
[INFO] [stdout]    = note: `Property` has derived impls for the traits `Clone` and `Debug`, but these are intentionally ignored during dead code analysis
[INFO] [stdout] 
[INFO] [stdout] 
[INFO] [stdout] warning: field `0` is never read
[INFO] [stdout]   --> src/native/version_helper.rs:20:13
[INFO] [stdout]    |
[INFO] [stdout] 20 |     IoError(std::io::Error),
[INFO] [stdout]    |     ------- ^^^^^^^^^^^^^^
[INFO] [stdout]    |     |
[INFO] [stdout]    |     field in this variant
[INFO] [stdout]    |
[INFO] [stdout]    = note: `VersionHelperError` has a derived impl for the trait `Debug`, but this is intentionally ignored during dead code analysis
[INFO] [stdout] help: consider changing the field to be of unit type to suppress this warning while preserving the field numbering, or remove the field
[INFO] [stdout]    |
[INFO] [stdout] 20 -     IoError(std::io::Error),
[INFO] [stdout] 20 +     IoError(()),
[INFO] [stdout]    |
[INFO] [stdout] 
[INFO] [stdout] 
[INFO] [stdout] warning: hiding a lifetime that's elided elsewhere is confusing
[INFO] [stdout]    --> src/native/tdh.rs:170:23
[INFO] [stdout]     |
[INFO] [stdout] 170 |     pub fn properties(&self) -> PropertyIterator {
[INFO] [stdout]     |                       ^^^^^     ^^^^^^^^^^^^^^^^ the same lifetime is hidden here
[INFO] [stdout]     |                       |
[INFO] [stdout]     |                       the lifetime is elided here
[INFO] [stdout]     |
[INFO] [stdout]     = help: the same lifetime is referred to in inconsistent ways, making the signature confusing
[INFO] [stdout]     = note: `#[warn(mismatched_lifetime_syntaxes)]` on by default
[INFO] [stdout] help: use `'_` for type paths
[INFO] [stdout]     |
[INFO] [stdout] 170 |     pub fn properties(&self) -> PropertyIterator<'_> {
[INFO] [stdout]     |                                                 ++++
[INFO] [stdout] 
[INFO] [stdout] 
[INFO] [stderr] warning: unused dependency `num`
[INFO] [stderr]   --> Cargo.toml:10:15
[INFO] [stderr]    |
[INFO] [stderr] 10 | [dependencies.num]
[INFO] [stderr]    |               ^^^^
[INFO] [stderr]    |
[INFO] [stderr]    = note: `cargo::unused_dependencies` is set to `warn` by default
[INFO] [stderr] help: consider removing the dependency on `num`
[INFO] [stderr] warning: `ferrisetw` (manifest) generated 1 warning
[INFO] [stderr]     Finished `release` profile [optimized] target(s) in 23.90s
[INFO] running `Command { std: "docker" "inspect" "d33912a4699c8d2c5ef69b4ce5c444bc02fb2848f60cce022d50ba2b9c86c73a", kill_on_drop: false }`
[INFO] running `Command { std: "docker" "exec" "-e" "SOURCE_DIR=/opt/rustwide/workdir" "-e" "CARGO_HOME=/opt/rustwide/cargo-home" "-e" "RUSTUP_HOME=/opt/rustwide/rustup-home" "-e" "CARGO_TARGET_DIR=/opt/rustwide/target" "-e" "CARGO_INCREMENTAL=0" "-e" "RUST_BACKTRACE=full" "-e" "RUSTFLAGS=--cap-lints=warn" "-e" "RUSTDOCFLAGS=--cap-lints=warn" "-w" "/opt/rustwide/workdir" "--user" "0:0" "d33912a4699c8d2c5ef69b4ce5c444bc02fb2848f60cce022d50ba2b9c86c73a" "/opt/rustwide/cargo-home/bin/cargo" "+1.100.0-beta.1" "test" "--frozen" "--no-run" "--message-format=json" "--release", kill_on_drop: false }`
[INFO] [stderr]    Compiling hashbrown v0.14.3
[INFO] [stderr]    Compiling equivalent v1.0.1
[INFO] [stderr]    Compiling winnow v0.5.39
[INFO] [stderr]    Compiling memchr v2.7.1
[INFO] [stderr]    Compiling toml_datetime v0.6.5
[INFO] [stderr]    Compiling regex-syntax v0.8.2
[INFO] [stderr]    Compiling serde v1.0.196
[INFO] [stderr]    Compiling once_cell v1.19.0
[INFO] [stderr]    Compiling syn v1.0.109
[INFO] [stderr]    Compiling anstyle v1.0.6
[INFO] [stderr]    Compiling serde_json v1.0.113
[INFO] [stderr]    Compiling serde_derive v1.0.196
[INFO] [stderr]    Compiling tracelogging_macros v1.2.0
[INFO] [stderr]    Compiling humantime v2.1.0
[INFO] [stdout] warning: field `out_type` is never read
[INFO] [stdout]   --> src/native/tdh_types.rs:72:9
[INFO] [stdout]    |
[INFO] [stdout] 68 |     Array {
[INFO] [stdout]    |     ----- field in this variant
[INFO] [stdout] ...
[INFO] [stdout] 72 |         out_type: TdhOutType,
[INFO] [stdout]    |         ^^^^^^^^
[INFO] [stdout]    |
[INFO] [stdout]    = note: `PropertyInfo` has derived impls for the traits `Clone` and `Debug`, but these are intentionally ignored during dead code analysis
[INFO] [stdout]    = note: `#[warn(dead_code)]` (part of `#[warn(unused)]`) on by default
[INFO] [stdout] 
[INFO] [stdout] 
[INFO] [stdout] warning: field `flags` is never read
[INFO] [stdout]   --> src/native/tdh_types.rs:96:9
[INFO] [stdout]    |
[INFO] [stdout] 92 | pub struct Property {
[INFO] [stdout]    |            -------- field in this struct
[INFO] [stdout] ...
[INFO] [stdout] 96 |     pub flags: PropertyFlags,
[INFO] [stdout]    |         ^^^^^
[INFO] [stdout]    |
[INFO] [stdout]    = note: `Property` has derived impls for the traits `Clone` and `Debug`, but these are intentionally ignored during dead code analysis
[INFO] [stdout] 
[INFO] [stdout] 
[INFO] [stdout] warning: field `0` is never read
[INFO] [stdout]   --> src/native/version_helper.rs:20:13
[INFO] [stdout]    |
[INFO] [stdout] 20 |     IoError(std::io::Error),
[INFO] [stdout]    |     ------- ^^^^^^^^^^^^^^
[INFO] [stdout]    |     |
[INFO] [stdout]    |     field in this variant
[INFO] [stdout]    |
[INFO] [stdout]    = note: `VersionHelperError` has a derived impl for the trait `Debug`, but this is intentionally ignored during dead code analysis
[INFO] [stdout] help: consider changing the field to be of unit type to suppress this warning while preserving the field numbering, or remove the field
[INFO] [stdout]    |
[INFO] [stdout] 20 -     IoError(std::io::Error),
[INFO] [stdout] 20 +     IoError(()),
[INFO] [stdout]    |
[INFO] [stdout] 
[INFO] [stdout] 
[INFO] [stdout] warning: hiding a lifetime that's elided elsewhere is confusing
[INFO] [stdout]    --> src/native/tdh.rs:170:23
[INFO] [stdout]     |
[INFO] [stdout] 170 |     pub fn properties(&self) -> PropertyIterator {
[INFO] [stdout]     |                       ^^^^^     ^^^^^^^^^^^^^^^^ the same lifetime is hidden here
[INFO] [stdout]     |                       |
[INFO] [stdout]     |                       the lifetime is elided here
[INFO] [stdout]     |
[INFO] [stdout]     = help: the same lifetime is referred to in inconsistent ways, making the signature confusing
[INFO] [stdout]     = note: `#[warn(mismatched_lifetime_syntaxes)]` on by default
[INFO] [stdout] help: use `'_` for type paths
[INFO] [stdout]     |
[INFO] [stdout] 170 |     pub fn properties(&self) -> PropertyIterator<'_> {
[INFO] [stdout]     |                                                 ++++
[INFO] [stdout] 
[INFO] [stdout] 
[INFO] [stderr]    Compiling anstream v0.6.13
[INFO] [stderr]    Compiling tracelogging v1.2.1
[INFO] [stderr]    Compiling indexmap v2.2.2
[INFO] [stderr]    Compiling aho-corasick v1.1.2
[INFO] [stderr]    Compiling toml_edit v0.19.15
[INFO] [stderr]    Compiling regex-automata v0.4.5
[INFO] [stderr]    Compiling proc-macro-crate v1.3.1
[INFO] [stderr]    Compiling num_enum_derive v0.5.11
[INFO] [stderr]    Compiling num_enum v0.5.11
[INFO] [stderr]    Compiling flexbuffers v2.0.0
[INFO] [stderr]    Compiling regex v1.10.3
[INFO] [stderr]    Compiling env_filter v0.1.0
[INFO] [stderr]    Compiling env_logger v0.11.3
[INFO] [stderr]    Compiling ferrisetw v1.2.0 (/opt/rustwide/workdir)
[INFO] [stdout] error: linking with `cc` failed: exit status: 1
[INFO] [stdout]   |
[INFO] [stdout]   = note:  "cc" "-m64" "/opt/rustwide/target/release/build/ferrisetw/a9ac312fd8b02a2d/out/rustcP6gCc4/symbols.o" "<2 object files omitted>" "-Wl,--as-needed" "-Wl,-Bstatic" "/opt/rustwide/target/release/build/ferrisetw/b3144a3b92bebdd1/out/libferrisetw-b3144a3b92bebdd1.rlib" "/opt/rustwide/target/release/build/log/75675781815c9662/out/liblog-75675781815c9662.rlib" "/opt/rustwide/target/release/build/rand/5d42da2297fbc975/out/librand-5d42da2297fbc975.rlib" "/opt/rustwide/target/release/build/rand_chacha/538d5274a19feed7/out/librand_chacha-538d5274a19feed7.rlib" "/opt/rustwide/target/release/build/ppv-lite86/2034385ac67de13d/out/libppv_lite86-2034385ac67de13d.rlib" "/opt/rustwide/target/release/build/rand_core/42c048e955f80abd/out/librand_core-42c048e955f80abd.rlib" "/opt/rustwide/target/release/build/getrandom/9dc8de02f9259e8a/out/libgetrandom-9dc8de02f9259e8a.rlib" "/opt/rustwide/target/release/build/libc/bbd410ac740d85c0/out/liblibc-bbd410ac740d85c0.rlib" "/opt/rustwide/target/release/build/cfg-if/193575a6b29a3ab9/out/libcfg_if-193575a6b29a3ab9.rlib" "/opt/rustwide/target/release/build/zerocopy/6eedea1feb7d1bad/out/libzerocopy-6eedea1feb7d1bad.rlib" "/opt/rustwide/target/release/build/byteorder/612182941aaee0f7/out/libbyteorder-612182941aaee0f7.rlib" "/opt/rustwide/target/release/build/once_cell/0ec5af3754429b30/out/libonce_cell-0ec5af3754429b30.rlib" "/opt/rustwide/target/release/build/windows/b8fa4ad639a722c1/out/libwindows-b8fa4ad639a722c1.rlib" "/opt/rustwide/target/release/build/windows-core/74117f3cbd0c54df/out/libwindows_core-74117f3cbd0c54df.rlib" "/opt/rustwide/target/release/build/windows-result/23fcdfad3ab2fb9f/out/libwindows_result-23fcdfad3ab2fb9f.rlib" "/opt/rustwide/target/release/build/windows-targets/5ced73415dd19125/out/libwindows_targets-5ced73415dd19125.rlib" "/opt/rustwide/target/release/build/widestring/15e63ae38c888216/out/libwidestring-15e63ae38c888216.rlib" "/opt/rustwide/target/release/build/num-traits/3334f73ee55e0d00/out/libnum_traits-3334f73ee55e0d00.rlib" "/opt/rustwide/target/release/build/bitflags/68973b8086863992/out/libbitflags-68973b8086863992.rlib" "/opt/rustwide/target/release/build/memoffset/eb32682ef5cbcf4e/out/libmemoffset-eb32682ef5cbcf4e.rlib" "<sysroot>/lib/rustlib/x86_64-unknown-linux-gnu/lib/{libstd-*,libpanic_unwind-*,libobject-*,libmemchr-*,libaddr2line-*,libgimli-*,libcfg_if-*,librustc_demangle-*,libstd_detect-*,libhashbrown-*,librustc_std_workspace_alloc-*,libminiz_oxide-*,libadler2-*,libunwind-*,liblibc-*,librustc_std_workspace_core-*,liballoc-*,libcore-*,libcompiler_builtins-*}.rlib" "-Wl,-Bdynamic" "-lc" "-lm" "-lrt" "-lpthread" "-lgcc_s" "-lutil" "-lrt" "-lpthread" "-lm" "-ldl" "-lc" "-L" "/opt/rustwide/target/release/build/ferrisetw/a9ac312fd8b02a2d/out/rustcP6gCc4/raw-dylibs" "-B<sysroot>/lib/rustlib/x86_64-unknown-linux-gnu/bin/gcc-ld" "-fuse-ld=lld" "-Wl,--eh-frame-hdr" "-Wl,-z,noexecstack" "-L" "/opt/rustwide/cargo-home/registry/src/index.crates.io-1949cf8c6b5b557f/windows_x86_64_gnu-0.52.5/lib" "-L" "<sysroot>/lib/rustlib/x86_64-unknown-linux-gnu/lib" "-o" "/opt/rustwide/target/release/build/ferrisetw/a9ac312fd8b02a2d/out/sys_info" "-Wl,--gc-sections" "-pie" "-Wl,-z,relro,-z,now" "-Wl,-O1" "-Wl,--strip-debug" "-nodefaultlibs"
[INFO] [stdout]   = note: some arguments are omitted. use `--verbose` to show all linker arguments
[INFO] [stdout]   = note: rust-lld: error: undefined symbol: TraceQueryInformation
[INFO] [stdout]           >>> referenced by ferrisetw.cfcabc17c5355a85-cgu.6
[INFO] [stdout]           >>>               ferrisetw-b3144a3b92bebdd1.ferrisetw.cfcabc17c5355a85-cgu.6.rcgu.o:(ferrisetw::native::evntrace::query_info) in archive /opt/rustwide/target/release/build/ferrisetw/b3144a3b92bebdd1/out/libferrisetw-b3144a3b92bebdd1.rlib
[INFO] [stdout]           
[INFO] [stdout]           rust-lld: error: undefined symbol: GetErrorInfo
[INFO] [stdout]           >>> referenced by windows_result.bf19725ae49bccb9-cgu.0
[INFO] [stdout]           >>>               windows_result-23fcdfad3ab2fb9f.windows_result.bf19725ae49bccb9-cgu.0.rcgu.o:(<windows_result::error::Error as core::convert::From<windows_result::hresult::HRESULT>>::from) in archive /opt/rustwide/target/release/build/windows-result/23fcdfad3ab2fb9f/out/libwindows_result-23fcdfad3ab2fb9f.rlib
[INFO] [stdout]           collect2: error: ld returned 1 exit status
[INFO] [stdout]           
[INFO] [stdout] 
[INFO] [stdout] 
[INFO] [stderr] error: could not compile `ferrisetw` (example "sys_info") due to 1 previous error
[INFO] [stderr] warning: build failed, waiting for other jobs to finish...
[INFO] [stdout] error: linking with `cc` failed: exit status: 1
[INFO] [stdout]   |
[INFO] [stdout]   = note:  "cc" "-m64" "/opt/rustwide/target/release/build/ferrisetw/c0961d55e95e62ee/out/rustcvI6tun/symbols.o" "<3 object files omitted>" "-Wl,--as-needed" "-Wl,-Bstatic" "/opt/rustwide/target/release/build/env_logger/281557bfa655bae3/out/libenv_logger-281557bfa655bae3.rlib" "/opt/rustwide/target/release/build/anstream/c99e4ee11fccf12e/out/libanstream-c99e4ee11fccf12e.rlib" "/opt/rustwide/target/release/build/anstyle-query/168ee79d075045ea/out/libanstyle_query-168ee79d075045ea.rlib" "/opt/rustwide/target/release/build/colorchoice/fb1ddeb6fb0ed7de/out/libcolorchoice-fb1ddeb6fb0ed7de.rlib" "/opt/rustwide/target/release/build/anstyle-parse/01bf9e19f4d07746/out/libanstyle_parse-01bf9e19f4d07746.rlib" "/opt/rustwide/target/release/build/utf8parse/f82b6f6644c1c2a2/out/libutf8parse-f82b6f6644c1c2a2.rlib" "/opt/rustwide/target/release/build/env_filter/60bb68a9d9b4f96c/out/libenv_filter-60bb68a9d9b4f96c.rlib" "/opt/rustwide/target/release/build/regex/4bc590bae7a1cd5e/out/libregex-4bc590bae7a1cd5e.rlib" "/opt/rustwide/target/release/build/regex-automata/a6e82ef8c88d0fd7/out/libregex_automata-a6e82ef8c88d0fd7.rlib" "/opt/rustwide/target/release/build/aho-corasick/e35a7d3fd8c78a85/out/libaho_corasick-e35a7d3fd8c78a85.rlib" "/opt/rustwide/target/release/build/memchr/f82acf37e570f7c9/out/libmemchr-f82acf37e570f7c9.rlib" "/opt/rustwide/target/release/build/regex-syntax/453606833442fd9b/out/libregex_syntax-453606833442fd9b.rlib" "/opt/rustwide/target/release/build/anstyle/df8e5fd0849058b6/out/libanstyle-df8e5fd0849058b6.rlib" "/opt/rustwide/target/release/build/humantime/60be87acc0f5bcf3/out/libhumantime-60be87acc0f5bcf3.rlib" "/opt/rustwide/target/release/build/ferrisetw/b3144a3b92bebdd1/out/libferrisetw-b3144a3b92bebdd1.rlib" "/opt/rustwide/target/release/build/log/75675781815c9662/out/liblog-75675781815c9662.rlib" "/opt/rustwide/target/release/build/rand/5d42da2297fbc975/out/librand-5d42da2297fbc975.rlib" "/opt/rustwide/target/release/build/rand_chacha/538d5274a19feed7/out/librand_chacha-538d5274a19feed7.rlib" "/opt/rustwide/target/release/build/ppv-lite86/2034385ac67de13d/out/libppv_lite86-2034385ac67de13d.rlib" "/opt/rustwide/target/release/build/rand_core/42c048e955f80abd/out/librand_core-42c048e955f80abd.rlib" "/opt/rustwide/target/release/build/getrandom/9dc8de02f9259e8a/out/libgetrandom-9dc8de02f9259e8a.rlib" "/opt/rustwide/target/release/build/libc/bbd410ac740d85c0/out/liblibc-bbd410ac740d85c0.rlib" "/opt/rustwide/target/release/build/cfg-if/193575a6b29a3ab9/out/libcfg_if-193575a6b29a3ab9.rlib" "/opt/rustwide/target/release/build/zerocopy/6eedea1feb7d1bad/out/libzerocopy-6eedea1feb7d1bad.rlib" "/opt/rustwide/target/release/build/byteorder/612182941aaee0f7/out/libbyteorder-612182941aaee0f7.rlib" "/opt/rustwide/target/release/build/once_cell/0ec5af3754429b30/out/libonce_cell-0ec5af3754429b30.rlib" "/opt/rustwide/target/release/build/windows/b8fa4ad639a722c1/out/libwindows-b8fa4ad639a722c1.rlib" "/opt/rustwide/target/release/build/windows-core/74117f3cbd0c54df/out/libwindows_core-74117f3cbd0c54df.rlib" "/opt/rustwide/target/release/build/windows-result/23fcdfad3ab2fb9f/out/libwindows_result-23fcdfad3ab2fb9f.rlib" "/opt/rustwide/target/release/build/windows-targets/5ced73415dd19125/out/libwindows_targets-5ced73415dd19125.rlib" "/opt/rustwide/target/release/build/widestring/15e63ae38c888216/out/libwidestring-15e63ae38c888216.rlib" "/opt/rustwide/target/release/build/num-traits/3334f73ee55e0d00/out/libnum_traits-3334f73ee55e0d00.rlib" "/opt/rustwide/target/release/build/bitflags/68973b8086863992/out/libbitflags-68973b8086863992.rlib" "/opt/rustwide/target/release/build/memoffset/eb32682ef5cbcf4e/out/libmemoffset-eb32682ef5cbcf4e.rlib" "<sysroot>/lib/rustlib/x86_64-unknown-linux-gnu/lib/{libstd-*,libpanic_unwind-*,libobject-*,libmemchr-*,libaddr2line-*,libgimli-*,libcfg_if-*,librustc_demangle-*,libstd_detect-*,libhashbrown-*,librustc_std_workspace_alloc-*,libminiz_oxide-*,libadler2-*,libunwind-*,liblibc-*,librustc_std_workspace_core-*,liballoc-*,libcore-*,libcompiler_builtins-*}.rlib" "-Wl,-Bdynamic" "-lc" "-lm" "-lrt" "-lpthread" "-lgcc_s" "-lutil" "-lrt" "-lpthread" "-lm" "-ldl" "-lc" "-L" "/opt/rustwide/target/release/build/ferrisetw/c0961d55e95e62ee/out/rustcvI6tun/raw-dylibs" "-B<sysroot>/lib/rustlib/x86_64-unknown-linux-gnu/bin/gcc-ld" "-fuse-ld=lld" "-Wl,--eh-frame-hdr" "-Wl,-z,noexecstack" "-L" "/opt/rustwide/cargo-home/registry/src/index.crates.io-1949cf8c6b5b557f/windows_x86_64_gnu-0.52.5/lib" "-L" "<sysroot>/lib/rustlib/x86_64-unknown-linux-gnu/lib" "-o" "/opt/rustwide/target/release/build/ferrisetw/c0961d55e95e62ee/out/user_trace" "-Wl,--gc-sections" "-pie" "-Wl,-z,relro,-z,now" "-Wl,-O1" "-Wl,--strip-debug" "-nodefaultlibs"
[INFO] [stdout]   = note: some arguments are omitted. use `--verbose` to show all linker arguments
[INFO] [stdout]   = note: rust-lld: error: undefined symbol: StartTraceW
[INFO] [stdout]           >>> referenced by user_trace.8f127d67b8a55178-cgu.0
[INFO] [stdout]           >>>               /opt/rustwide/target/release/build/ferrisetw/c0961d55e95e62ee/out/user_trace.user_trace.8f127d67b8a55178-cgu.0.rcgu.o:(ferrisetw::native::evntrace::start_trace::<ferrisetw::trace::UserTrace>)
[INFO] [stdout]           
[INFO] [stdout]           rust-lld: error: undefined symbol: TdhGetEventInformation
[INFO] [stdout]           >>> referenced by ferrisetw.cfcabc17c5355a85-cgu.4
[INFO] [stdout]           >>>               ferrisetw-b3144a3b92bebdd1.ferrisetw.cfcabc17c5355a85-cgu.4.rcgu.o:(<ferrisetw::native::tdh::TraceEventInfo>::build_from_event) in archive /opt/rustwide/target/release/build/ferrisetw/b3144a3b92bebdd1/out/libferrisetw-b3144a3b92bebdd1.rlib
[INFO] [stdout]           >>> referenced by ferrisetw.cfcabc17c5355a85-cgu.4
[INFO] [stdout]           >>>               ferrisetw-b3144a3b92bebdd1.ferrisetw.cfcabc17c5355a85-cgu.4.rcgu.o:(<ferrisetw::native::tdh::TraceEventInfo>::build_from_event) in archive /opt/rustwide/target/release/build/ferrisetw/b3144a3b92bebdd1/out/libferrisetw-b3144a3b92bebdd1.rlib
[INFO] [stdout]           
[INFO] [stdout]           rust-lld: error: undefined symbol: TdhGetPropertySize
[INFO] [stdout]           >>> referenced by ferrisetw.cfcabc17c5355a85-cgu.4
[INFO] [stdout]           >>>               ferrisetw-b3144a3b92bebdd1.ferrisetw.cfcabc17c5355a85-cgu.4.rcgu.o:(ferrisetw::native::tdh::property_size) in archive /opt/rustwide/target/release/build/ferrisetw/b3144a3b92bebdd1/out/libferrisetw-b3144a3b92bebdd1.rlib
[INFO] [stdout]           
[INFO] [stdout]           rust-lld: error: undefined symbol: ConvertSidToStringSidA
[INFO] [stdout]           >>> referenced by ferrisetw.cfcabc17c5355a85-cgu.3
[INFO] [stdout]           >>>               ferrisetw-b3144a3b92bebdd1.ferrisetw.cfcabc17c5355a85-cgu.3.rcgu.o:(ferrisetw::native::sddl::convert_sid_to_string) in archive /opt/rustwide/target/release/build/ferrisetw/b3144a3b92bebdd1/out/libferrisetw-b3144a3b92bebdd1.rlib
[INFO] [stdout]           
[INFO] [stdout]           rust-lld: error: undefined symbol: LocalFree
[INFO] [stdout]           >>> referenced by ferrisetw.cfcabc17c5355a85-cgu.3
[INFO] [stdout]           >>>               ferrisetw-b3144a3b92bebdd1.ferrisetw.cfcabc17c5355a85-cgu.3.rcgu.o:(ferrisetw::native::sddl::convert_sid_to_string) in archive /opt/rustwide/target/release/build/ferrisetw/b3144a3b92bebdd1/out/libferrisetw-b3144a3b92bebdd1.rlib
[INFO] [stdout]           >>> referenced by ferrisetw.cfcabc17c5355a85-cgu.3
[INFO] [stdout]           >>>               ferrisetw-b3144a3b92bebdd1.ferrisetw.cfcabc17c5355a85-cgu.3.rcgu.o:(ferrisetw::native::sddl::convert_sid_to_string) in archive /opt/rustwide/target/release/build/ferrisetw/b3144a3b92bebdd1/out/libferrisetw-b3144a3b92bebdd1.rlib
[INFO] [stdout]           
[INFO] [stdout]           rust-lld: error: undefined symbol: OpenTraceW
[INFO] [stdout]           >>> referenced by ferrisetw.cfcabc17c5355a85-cgu.6
[INFO] [stdout]           >>>               ferrisetw-b3144a3b92bebdd1.ferrisetw.cfcabc17c5355a85-cgu.6.rcgu.o:(ferrisetw::native::evntrace::open_trace) in archive /opt/rustwide/target/release/build/ferrisetw/b3144a3b92bebdd1/out/libferrisetw-b3144a3b92bebdd1.rlib
[INFO] [stdout]           
[INFO] [stdout]           rust-lld: error: undefined symbol: CloseTrace
[INFO] [stdout]           >>> referenced by ferrisetw.cfcabc17c5355a85-cgu.6
[INFO] [stdout]           >>>               ferrisetw-b3144a3b92bebdd1.ferrisetw.cfcabc17c5355a85-cgu.6.rcgu.o:(ferrisetw::native::evntrace::close_trace) in archive /opt/rustwide/target/release/build/ferrisetw/b3144a3b92bebdd1/out/libferrisetw-b3144a3b92bebdd1.rlib
[INFO] [stdout]           >>> referenced by ferrisetw.cfcabc17c5355a85-cgu.6
[INFO] [stdout]           >>>               ferrisetw-b3144a3b92bebdd1.ferrisetw.cfcabc17c5355a85-cgu.6.rcgu.o:(ferrisetw::native::evntrace::close_trace) in archive /opt/rustwide/target/release/build/ferrisetw/b3144a3b92bebdd1/out/libferrisetw-b3144a3b92bebdd1.rlib
[INFO] [stdout]           
[INFO] [stdout]           rust-lld: error: undefined symbol: ControlTraceW
[INFO] [stdout]           >>> referenced by ferrisetw.cfcabc17c5355a85-cgu.6
[INFO] [stdout]           >>>               ferrisetw-b3144a3b92bebdd1.ferrisetw.cfcabc17c5355a85-cgu.6.rcgu.o:(ferrisetw::native::evntrace::control_trace) in archive /opt/rustwide/target/release/build/ferrisetw/b3144a3b92bebdd1/out/libferrisetw-b3144a3b92bebdd1.rlib
[INFO] [stdout]           
[INFO] [stdout]           rust-lld: error: undefined symbol: ProcessTrace
[INFO] [stdout]           >>> referenced by ferrisetw.cfcabc17c5355a85-cgu.6
[INFO] [stdout]           >>>               ferrisetw-b3144a3b92bebdd1.ferrisetw.cfcabc17c5355a85-cgu.6.rcgu.o:(ferrisetw::native::evntrace::process_trace) in archive /opt/rustwide/target/release/build/ferrisetw/b3144a3b92bebdd1/out/libferrisetw-b3144a3b92bebdd1.rlib
[INFO] [stdout]           
[INFO] [stdout]           rust-lld: error: undefined symbol: EnableTraceEx2
[INFO] [stdout]           >>> referenced by ferrisetw.cfcabc17c5355a85-cgu.6
[INFO] [stdout]           >>>               ferrisetw-b3144a3b92bebdd1.ferrisetw.cfcabc17c5355a85-cgu.6.rcgu.o:(ferrisetw::native::evntrace::enable_provider) in archive /opt/rustwide/target/release/build/ferrisetw/b3144a3b92bebdd1/out/libferrisetw-b3144a3b92bebdd1.rlib
[INFO] [stdout]           
[INFO] [stdout]           rust-lld: error: undefined symbol: CoCreateGuid
[INFO] [stdout]           >>> referenced by windows_core.53974dba4e58975c-cgu.3
[INFO] [stdout]           >>>               windows_core-74117f3cbd0c54df.windows_core.53974dba4e58975c-cgu.3.rcgu.o:(<windows_core::guid::GUID>::new) in archive /opt/rustwide/target/release/build/windows-core/74117f3cbd0c54df/out/libwindows_core-74117f3cbd0c54df.rlib
[INFO] [stdout]           
[INFO] [stdout]           rust-lld: error: undefined symbol: GetLastError
[INFO] [stdout]           >>> referenced by windows_result.bf19725ae49bccb9-cgu.0
[INFO] [stdout]           >>>               windows_result-23fcdfad3ab2fb9f.windows_result.bf19725ae49bccb9-cgu.0.rcgu.o:(<windows_result::error::Error>::from_win32) in archive /opt/rustwide/target/release/build/windows-result/23fcdfad3ab2fb9f/out/libwindows_result-23fcdfad3ab2fb9f.rlib
[INFO] [stdout]           
[INFO] [stdout]           rust-lld: error: undefined symbol: GetErrorInfo
[INFO] [stdout]           >>> referenced by windows_result.bf19725ae49bccb9-cgu.0
[INFO] [stdout]           >>>               windows_result-23fcdfad3ab2fb9f.windows_result.bf19725ae49bccb9-cgu.0.rcgu.o:(<windows_result::error::Error as core::convert::From<windows_result::hresult::HRESULT>>::from) in archive /opt/rustwide/target/release/build/windows-result/23fcdfad3ab2fb9f/out/libwindows_result-23fcdfad3ab2fb9f.rlib
[INFO] [stdout]           collect2: error: ld returned 1 exit status
[INFO] [stdout]           
[INFO] [stdout] 
[INFO] [stdout] 
[INFO] [stderr] error: could not compile `ferrisetw` (example "user_trace") due to 1 previous error
[INFO] [stdout] error: linking with `cc` failed: exit status: 1
[INFO] [stdout]   |
[INFO] [stdout]   = note:  "cc" "-m64" "/opt/rustwide/target/release/build/ferrisetw/b18d106e629cfb70/out/rustc7fUmCr/symbols.o" "<3 object files omitted>" "-Wl,--as-needed" "-Wl,-Bstatic" "/opt/rustwide/target/release/build/env_logger/281557bfa655bae3/out/libenv_logger-281557bfa655bae3.rlib" "/opt/rustwide/target/release/build/anstream/c99e4ee11fccf12e/out/libanstream-c99e4ee11fccf12e.rlib" "/opt/rustwide/target/release/build/anstyle-query/168ee79d075045ea/out/libanstyle_query-168ee79d075045ea.rlib" "/opt/rustwide/target/release/build/colorchoice/fb1ddeb6fb0ed7de/out/libcolorchoice-fb1ddeb6fb0ed7de.rlib" "/opt/rustwide/target/release/build/anstyle-parse/01bf9e19f4d07746/out/libanstyle_parse-01bf9e19f4d07746.rlib" "/opt/rustwide/target/release/build/utf8parse/f82b6f6644c1c2a2/out/libutf8parse-f82b6f6644c1c2a2.rlib" "/opt/rustwide/target/release/build/env_filter/60bb68a9d9b4f96c/out/libenv_filter-60bb68a9d9b4f96c.rlib" "/opt/rustwide/target/release/build/regex/4bc590bae7a1cd5e/out/libregex-4bc590bae7a1cd5e.rlib" "/opt/rustwide/target/release/build/regex-automata/a6e82ef8c88d0fd7/out/libregex_automata-a6e82ef8c88d0fd7.rlib" "/opt/rustwide/target/release/build/aho-corasick/e35a7d3fd8c78a85/out/libaho_corasick-e35a7d3fd8c78a85.rlib" "/opt/rustwide/target/release/build/memchr/f82acf37e570f7c9/out/libmemchr-f82acf37e570f7c9.rlib" "/opt/rustwide/target/release/build/regex-syntax/453606833442fd9b/out/libregex_syntax-453606833442fd9b.rlib" "/opt/rustwide/target/release/build/anstyle/df8e5fd0849058b6/out/libanstyle-df8e5fd0849058b6.rlib" "/opt/rustwide/target/release/build/humantime/60be87acc0f5bcf3/out/libhumantime-60be87acc0f5bcf3.rlib" "<sysroot>/lib/rustlib/x86_64-unknown-linux-gnu/lib/{libtest-*,libgetopts-*,librustc_std_workspace_std-*}.rlib" "/opt/rustwide/target/release/build/ferrisetw/b3144a3b92bebdd1/out/libferrisetw-b3144a3b92bebdd1.rlib" "/opt/rustwide/target/release/build/log/75675781815c9662/out/liblog-75675781815c9662.rlib" "/opt/rustwide/target/release/build/rand/5d42da2297fbc975/out/librand-5d42da2297fbc975.rlib" "/opt/rustwide/target/release/build/rand_chacha/538d5274a19feed7/out/librand_chacha-538d5274a19feed7.rlib" "/opt/rustwide/target/release/build/ppv-lite86/2034385ac67de13d/out/libppv_lite86-2034385ac67de13d.rlib" "/opt/rustwide/target/release/build/rand_core/42c048e955f80abd/out/librand_core-42c048e955f80abd.rlib" "/opt/rustwide/target/release/build/getrandom/9dc8de02f9259e8a/out/libgetrandom-9dc8de02f9259e8a.rlib" "/opt/rustwide/target/release/build/libc/bbd410ac740d85c0/out/liblibc-bbd410ac740d85c0.rlib" "/opt/rustwide/target/release/build/cfg-if/193575a6b29a3ab9/out/libcfg_if-193575a6b29a3ab9.rlib" "/opt/rustwide/target/release/build/zerocopy/6eedea1feb7d1bad/out/libzerocopy-6eedea1feb7d1bad.rlib" "/opt/rustwide/target/release/build/byteorder/612182941aaee0f7/out/libbyteorder-612182941aaee0f7.rlib" "/opt/rustwide/target/release/build/once_cell/0ec5af3754429b30/out/libonce_cell-0ec5af3754429b30.rlib" "/opt/rustwide/target/release/build/windows/b8fa4ad639a722c1/out/libwindows-b8fa4ad639a722c1.rlib" "/opt/rustwide/target/release/build/windows-core/74117f3cbd0c54df/out/libwindows_core-74117f3cbd0c54df.rlib" "/opt/rustwide/target/release/build/windows-result/23fcdfad3ab2fb9f/out/libwindows_result-23fcdfad3ab2fb9f.rlib" "/opt/rustwide/target/release/build/windows-targets/5ced73415dd19125/out/libwindows_targets-5ced73415dd19125.rlib" "/opt/rustwide/target/release/build/widestring/15e63ae38c888216/out/libwidestring-15e63ae38c888216.rlib" "/opt/rustwide/target/release/build/num-traits/3334f73ee55e0d00/out/libnum_traits-3334f73ee55e0d00.rlib" "/opt/rustwide/target/release/build/bitflags/68973b8086863992/out/libbitflags-68973b8086863992.rlib" "/opt/rustwide/target/release/build/memoffset/eb32682ef5cbcf4e/out/libmemoffset-eb32682ef5cbcf4e.rlib" "<sysroot>/lib/rustlib/x86_64-unknown-linux-gnu/lib/{libstd-*,libpanic_unwind-*,libobject-*,libmemchr-*,libaddr2line-*,libgimli-*,libcfg_if-*,librustc_demangle-*,libstd_detect-*,libhashbrown-*,librustc_std_workspace_alloc-*,libminiz_oxide-*,libadler2-*,libunwind-*,liblibc-*,librustc_std_workspace_core-*,liballoc-*,libcore-*,libcompiler_builtins-*}.rlib" "-Wl,-Bdynamic" "-lc" "-lm" "-lrt" "-lpthread" "-lgcc_s" "-lutil" "-lrt" "-lpthread" "-lm" "-ldl" "-lc" "-L" "/opt/rustwide/target/release/build/ferrisetw/b18d106e629cfb70/out/rustc7fUmCr/raw-dylibs" "-B<sysroot>/lib/rustlib/x86_64-unknown-linux-gnu/bin/gcc-ld" "-fuse-ld=lld" "-Wl,--eh-frame-hdr" "-Wl,-z,noexecstack" "-L" "/opt/rustwide/cargo-home/registry/src/index.crates.io-1949cf8c6b5b557f/windows_x86_64_gnu-0.52.5/lib" "-L" "<sysroot>/lib/rustlib/x86_64-unknown-linux-gnu/lib" "-o" "/opt/rustwide/target/release/build/ferrisetw/b18d106e629cfb70/out/file_trace-b18d106e629cfb70" "-Wl,--gc-sections" "-pie" "-Wl,-z,relro,-z,now" "-Wl,-O1" "-Wl,--strip-debug" "-nodefaultlibs"
[INFO] [stdout]   = note: some arguments are omitted. use `--verbose` to show all linker arguments
[INFO] [stdout]   = note: rust-lld: error: undefined symbol: StartTraceW
[INFO] [stdout]           >>> referenced by file_trace.79214d87bb21eab1-cgu.0
[INFO] [stdout]           >>>               /opt/rustwide/target/release/build/ferrisetw/b18d106e629cfb70/out/file_trace-b18d106e629cfb70.file_trace.79214d87bb21eab1-cgu.0.rcgu.o:(<ferrisetw::trace::TraceBuilder<ferrisetw::trace::UserTrace>>::start_and_process)
[INFO] [stdout]           
[INFO] [stdout]           rust-lld: error: undefined symbol: OpenTraceW
[INFO] [stdout]           >>> referenced by ferrisetw.cfcabc17c5355a85-cgu.6
[INFO] [stdout]           >>>               ferrisetw-b3144a3b92bebdd1.ferrisetw.cfcabc17c5355a85-cgu.6.rcgu.o:(ferrisetw::native::evntrace::open_trace) in archive /opt/rustwide/target/release/build/ferrisetw/b3144a3b92bebdd1/out/libferrisetw-b3144a3b92bebdd1.rlib
[INFO] [stdout]           
[INFO] [stdout]           rust-lld: error: undefined symbol: CloseTrace
[INFO] [stdout]           >>> referenced by ferrisetw.cfcabc17c5355a85-cgu.6
[INFO] [stdout]           >>>               ferrisetw-b3144a3b92bebdd1.ferrisetw.cfcabc17c5355a85-cgu.6.rcgu.o:(ferrisetw::native::evntrace::close_trace) in archive /opt/rustwide/target/release/build/ferrisetw/b3144a3b92bebdd1/out/libferrisetw-b3144a3b92bebdd1.rlib
[INFO] [stdout]           >>> referenced by ferrisetw.cfcabc17c5355a85-cgu.6
[INFO] [stdout]           >>>               ferrisetw-b3144a3b92bebdd1.ferrisetw.cfcabc17c5355a85-cgu.6.rcgu.o:(ferrisetw::native::evntrace::close_trace) in archive /opt/rustwide/target/release/build/ferrisetw/b3144a3b92bebdd1/out/libferrisetw-b3144a3b92bebdd1.rlib
[INFO] [stdout]           
[INFO] [stdout]           rust-lld: error: undefined symbol: ControlTraceW
[INFO] [stdout]           >>> referenced by ferrisetw.cfcabc17c5355a85-cgu.6
[INFO] [stdout]           >>>               ferrisetw-b3144a3b92bebdd1.ferrisetw.cfcabc17c5355a85-cgu.6.rcgu.o:(ferrisetw::native::evntrace::control_trace) in archive /opt/rustwide/target/release/build/ferrisetw/b3144a3b92bebdd1/out/libferrisetw-b3144a3b92bebdd1.rlib
[INFO] [stdout]           
[INFO] [stdout]           rust-lld: error: undefined symbol: ProcessTrace
[INFO] [stdout]           >>> referenced by ferrisetw.cfcabc17c5355a85-cgu.6
[INFO] [stdout]           >>>               ferrisetw-b3144a3b92bebdd1.ferrisetw.cfcabc17c5355a85-cgu.6.rcgu.o:(ferrisetw::native::evntrace::process_trace) in archive /opt/rustwide/target/release/build/ferrisetw/b3144a3b92bebdd1/out/libferrisetw-b3144a3b92bebdd1.rlib
[INFO] [stdout]           
[INFO] [stdout]           rust-lld: error: undefined symbol: EnableTraceEx2
[INFO] [stdout]           >>> referenced by ferrisetw.cfcabc17c5355a85-cgu.6
[INFO] [stdout]           >>>               ferrisetw-b3144a3b92bebdd1.ferrisetw.cfcabc17c5355a85-cgu.6.rcgu.o:(ferrisetw::native::evntrace::enable_provider) in archive /opt/rustwide/target/release/build/ferrisetw/b3144a3b92bebdd1/out/libferrisetw-b3144a3b92bebdd1.rlib
[INFO] [stdout]           
[INFO] [stdout]           rust-lld: error: undefined symbol: CoCreateGuid
[INFO] [stdout]           >>> referenced by windows_core.53974dba4e58975c-cgu.3
[INFO] [stdout]           >>>               windows_core-74117f3cbd0c54df.windows_core.53974dba4e58975c-cgu.3.rcgu.o:(<windows_core::guid::GUID>::new) in archive /opt/rustwide/target/release/build/windows-core/74117f3cbd0c54df/out/libwindows_core-74117f3cbd0c54df.rlib
[INFO] [stdout]           
[INFO] [stdout]           rust-lld: error: undefined symbol: GetErrorInfo
[INFO] [stdout]           >>> referenced by windows_result.bf19725ae49bccb9-cgu.0
[INFO] [stdout]           >>>               windows_result-23fcdfad3ab2fb9f.windows_result.bf19725ae49bccb9-cgu.0.rcgu.o:(<windows_result::error::Error as core::convert::From<windows_result::hresult::HRESULT>>::from) in archive /opt/rustwide/target/release/build/windows-result/23fcdfad3ab2fb9f/out/libwindows_result-23fcdfad3ab2fb9f.rlib
[INFO] [stdout]           collect2: error: ld returned 1 exit status
[INFO] [stdout]           
[INFO] [stdout] 
[INFO] [stdout] 
[INFO] [stderr] error: could not compile `ferrisetw` (test "file_trace") due to 1 previous error
[INFO] [stdout] error: linking with `cc` failed: exit status: 1
[INFO] [stdout]   |
[INFO] [stdout]   = note:  "cc" "-m64" "/opt/rustwide/target/release/build/ferrisetw/1c2972cf0fc55764/out/rustcSmeHJu/symbols.o" "<7 object files omitted>" "-Wl,--as-needed" "-Wl,-Bstatic" "<sysroot>/lib/rustlib/x86_64-unknown-linux-gnu/lib/{libtest-*,libgetopts-*,librustc_std_workspace_std-*}.rlib" "/opt/rustwide/target/release/build/ferrisetw/b3144a3b92bebdd1/out/libferrisetw-b3144a3b92bebdd1.rlib" "/opt/rustwide/target/release/build/log/75675781815c9662/out/liblog-75675781815c9662.rlib" "/opt/rustwide/target/release/build/rand/5d42da2297fbc975/out/librand-5d42da2297fbc975.rlib" "/opt/rustwide/target/release/build/rand_chacha/538d5274a19feed7/out/librand_chacha-538d5274a19feed7.rlib" "/opt/rustwide/target/release/build/ppv-lite86/2034385ac67de13d/out/libppv_lite86-2034385ac67de13d.rlib" "/opt/rustwide/target/release/build/rand_core/42c048e955f80abd/out/librand_core-42c048e955f80abd.rlib" "/opt/rustwide/target/release/build/getrandom/9dc8de02f9259e8a/out/libgetrandom-9dc8de02f9259e8a.rlib" "/opt/rustwide/target/release/build/libc/bbd410ac740d85c0/out/liblibc-bbd410ac740d85c0.rlib" "/opt/rustwide/target/release/build/cfg-if/193575a6b29a3ab9/out/libcfg_if-193575a6b29a3ab9.rlib" "/opt/rustwide/target/release/build/zerocopy/6eedea1feb7d1bad/out/libzerocopy-6eedea1feb7d1bad.rlib" "/opt/rustwide/target/release/build/byteorder/612182941aaee0f7/out/libbyteorder-612182941aaee0f7.rlib" "/opt/rustwide/target/release/build/once_cell/0ec5af3754429b30/out/libonce_cell-0ec5af3754429b30.rlib" "/opt/rustwide/target/release/build/windows/b8fa4ad639a722c1/out/libwindows-b8fa4ad639a722c1.rlib" "/opt/rustwide/target/release/build/windows-core/74117f3cbd0c54df/out/libwindows_core-74117f3cbd0c54df.rlib" "/opt/rustwide/target/release/build/windows-result/23fcdfad3ab2fb9f/out/libwindows_result-23fcdfad3ab2fb9f.rlib" "/opt/rustwide/target/release/build/windows-targets/5ced73415dd19125/out/libwindows_targets-5ced73415dd19125.rlib" "/opt/rustwide/target/release/build/widestring/15e63ae38c888216/out/libwidestring-15e63ae38c888216.rlib" "/opt/rustwide/target/release/build/num-traits/3334f73ee55e0d00/out/libnum_traits-3334f73ee55e0d00.rlib" "/opt/rustwide/target/release/build/bitflags/68973b8086863992/out/libbitflags-68973b8086863992.rlib" "/opt/rustwide/target/release/build/memoffset/eb32682ef5cbcf4e/out/libmemoffset-eb32682ef5cbcf4e.rlib" "/opt/rustwide/target/release/build/tracelogging/6f96cfb9b9c26134/out/libtracelogging-6f96cfb9b9c26134.rlib" "<sysroot>/lib/rustlib/x86_64-unknown-linux-gnu/lib/{libstd-*,libpanic_unwind-*,libobject-*,libmemchr-*,libaddr2line-*,libgimli-*,libcfg_if-*,librustc_demangle-*,libstd_detect-*,libhashbrown-*,librustc_std_workspace_alloc-*,libminiz_oxide-*,libadler2-*,libunwind-*,liblibc-*,librustc_std_workspace_core-*,liballoc-*,libcore-*,libcompiler_builtins-*}.rlib" "-Wl,-Bdynamic" "-lc" "-lm" "-lrt" "-lpthread" "-lgcc_s" "-lutil" "-lrt" "-lpthread" "-lm" "-ldl" "-lc" "-L" "/opt/rustwide/target/release/build/ferrisetw/1c2972cf0fc55764/out/rustcSmeHJu/raw-dylibs" "-B<sysroot>/lib/rustlib/x86_64-unknown-linux-gnu/bin/gcc-ld" "-fuse-ld=lld" "-Wl,--eh-frame-hdr" "-Wl,-z,noexecstack" "-L" "/opt/rustwide/cargo-home/registry/src/index.crates.io-1949cf8c6b5b557f/windows_x86_64_gnu-0.52.5/lib" "-L" "<sysroot>/lib/rustlib/x86_64-unknown-linux-gnu/lib" "-o" "/opt/rustwide/target/release/build/ferrisetw/1c2972cf0fc55764/out/tlg-1c2972cf0fc55764" "-Wl,--gc-sections" "-pie" "-Wl,-z,relro,-z,now" "-Wl,-O1" "-Wl,--strip-debug" "-nodefaultlibs"
[INFO] [stdout]   = note: some arguments are omitted. use `--verbose` to show all linker arguments
[INFO] [stdout]   = note: rust-lld: error: undefined symbol: StartTraceW
[INFO] [stdout]           >>> referenced by tlg.76ab74a7cf542e8e-cgu.4
[INFO] [stdout]           >>>               /opt/rustwide/target/release/build/ferrisetw/1c2972cf0fc55764/out/tlg-1c2972cf0fc55764.tlg.76ab74a7cf542e8e-cgu.4.rcgu.o:(ferrisetw::native::evntrace::start_trace::<ferrisetw::trace::UserTrace>)
[INFO] [stdout]           
[INFO] [stdout]           rust-lld: error: undefined symbol: ConvertSidToStringSidA
[INFO] [stdout]           >>> referenced by ferrisetw.cfcabc17c5355a85-cgu.3
[INFO] [stdout]           >>>               ferrisetw-b3144a3b92bebdd1.ferrisetw.cfcabc17c5355a85-cgu.3.rcgu.o:(ferrisetw::native::sddl::convert_sid_to_string) in archive /opt/rustwide/target/release/build/ferrisetw/b3144a3b92bebdd1/out/libferrisetw-b3144a3b92bebdd1.rlib
[INFO] [stdout]           
[INFO] [stdout]           rust-lld: error: undefined symbol: LocalFree
[INFO] [stdout]           >>> referenced by ferrisetw.cfcabc17c5355a85-cgu.3
[INFO] [stdout]           >>>               ferrisetw-b3144a3b92bebdd1.ferrisetw.cfcabc17c5355a85-cgu.3.rcgu.o:(ferrisetw::native::sddl::convert_sid_to_string) in archive /opt/rustwide/target/release/build/ferrisetw/b3144a3b92bebdd1/out/libferrisetw-b3144a3b92bebdd1.rlib
[INFO] [stdout]           >>> referenced by ferrisetw.cfcabc17c5355a85-cgu.3
[INFO] [stdout]           >>>               ferrisetw-b3144a3b92bebdd1.ferrisetw.cfcabc17c5355a85-cgu.3.rcgu.o:(ferrisetw::native::sddl::convert_sid_to_string) in archive /opt/rustwide/target/release/build/ferrisetw/b3144a3b92bebdd1/out/libferrisetw-b3144a3b92bebdd1.rlib
[INFO] [stdout]           
[INFO] [stdout]           rust-lld: error: undefined symbol: OpenTraceW
[INFO] [stdout]           >>> referenced by ferrisetw.cfcabc17c5355a85-cgu.6
[INFO] [stdout]           >>>               ferrisetw-b3144a3b92bebdd1.ferrisetw.cfcabc17c5355a85-cgu.6.rcgu.o:(ferrisetw::native::evntrace::open_trace) in archive /opt/rustwide/target/release/build/ferrisetw/b3144a3b92bebdd1/out/libferrisetw-b3144a3b92bebdd1.rlib
[INFO] [stdout]           
[INFO] [stdout]           rust-lld: error: undefined symbol: CloseTrace
[INFO] [stdout]           >>> referenced by ferrisetw.cfcabc17c5355a85-cgu.6
[INFO] [stdout]           >>>               ferrisetw-b3144a3b92bebdd1.ferrisetw.cfcabc17c5355a85-cgu.6.rcgu.o:(ferrisetw::native::evntrace::close_trace) in archive /opt/rustwide/target/release/build/ferrisetw/b3144a3b92bebdd1/out/libferrisetw-b3144a3b92bebdd1.rlib
[INFO] [stdout]           >>> referenced by ferrisetw.cfcabc17c5355a85-cgu.6
[INFO] [stdout]           >>>               ferrisetw-b3144a3b92bebdd1.ferrisetw.cfcabc17c5355a85-cgu.6.rcgu.o:(ferrisetw::native::evntrace::close_trace) in archive /opt/rustwide/target/release/build/ferrisetw/b3144a3b92bebdd1/out/libferrisetw-b3144a3b92bebdd1.rlib
[INFO] [stdout]           
[INFO] [stdout]           rust-lld: error: undefined symbol: ControlTraceW
[INFO] [stdout]           >>> referenced by ferrisetw.cfcabc17c5355a85-cgu.6
[INFO] [stdout]           >>>               ferrisetw-b3144a3b92bebdd1.ferrisetw.cfcabc17c5355a85-cgu.6.rcgu.o:(ferrisetw::native::evntrace::control_trace) in archive /opt/rustwide/target/release/build/ferrisetw/b3144a3b92bebdd1/out/libferrisetw-b3144a3b92bebdd1.rlib
[INFO] [stdout]           
[INFO] [stdout]           rust-lld: error: undefined symbol: ProcessTrace
[INFO] [stdout]           >>> referenced by ferrisetw.cfcabc17c5355a85-cgu.6
[INFO] [stdout]           >>>               ferrisetw-b3144a3b92bebdd1.ferrisetw.cfcabc17c5355a85-cgu.6.rcgu.o:(ferrisetw::native::evntrace::process_trace) in archive /opt/rustwide/target/release/build/ferrisetw/b3144a3b92bebdd1/out/libferrisetw-b3144a3b92bebdd1.rlib
[INFO] [stdout]           
[INFO] [stdout]           rust-lld: error: undefined symbol: EnableTraceEx2
[INFO] [stdout]           >>> referenced by ferrisetw.cfcabc17c5355a85-cgu.6
[INFO] [stdout]           >>>               ferrisetw-b3144a3b92bebdd1.ferrisetw.cfcabc17c5355a85-cgu.6.rcgu.o:(ferrisetw::native::evntrace::enable_provider) in archive /opt/rustwide/target/release/build/ferrisetw/b3144a3b92bebdd1/out/libferrisetw-b3144a3b92bebdd1.rlib
[INFO] [stdout]           
[INFO] [stdout]           rust-lld: error: undefined symbol: CoCreateGuid
[INFO] [stdout]           >>> referenced by windows_core.53974dba4e58975c-cgu.3
[INFO] [stdout]           >>>               windows_core-74117f3cbd0c54df.windows_core.53974dba4e58975c-cgu.3.rcgu.o:(<windows_core::guid::GUID>::new) in archive /opt/rustwide/target/release/build/windows-core/74117f3cbd0c54df/out/libwindows_core-74117f3cbd0c54df.rlib
[INFO] [stdout]           
[INFO] [stdout]           rust-lld: error: undefined symbol: GetLastError
[INFO] [stdout]           >>> referenced by windows_result.bf19725ae49bccb9-cgu.0
[INFO] [stdout]           >>>               windows_result-23fcdfad3ab2fb9f.windows_result.bf19725ae49bccb9-cgu.0.rcgu.o:(<windows_result::error::Error>::from_win32) in archive /opt/rustwide/target/release/build/windows-result/23fcdfad3ab2fb9f/out/libwindows_result-23fcdfad3ab2fb9f.rlib
[INFO] [stdout]           
[INFO] [stdout]           rust-lld: error: undefined symbol: GetErrorInfo
[INFO] [stdout]           >>> referenced by windows_result.bf19725ae49bccb9-cgu.0
[INFO] [stdout]           >>>               windows_result-23fcdfad3ab2fb9f.windows_result.bf19725ae49bccb9-cgu.0.rcgu.o:(<windows_result::error::Error as core::convert::From<windows_result::hresult::HRESULT>>::from) in archive /opt/rustwide/target/release/build/windows-result/23fcdfad3ab2fb9f/out/libwindows_result-23fcdfad3ab2fb9f.rlib
[INFO] [stdout]           
[INFO] [stdout]           rust-lld: error: undefined symbol: TdhGetEventInformation
[INFO] [stdout]           >>> referenced by ferrisetw.cfcabc17c5355a85-cgu.4
[INFO] [stdout]           >>>               ferrisetw-b3144a3b92bebdd1.ferrisetw.cfcabc17c5355a85-cgu.4.rcgu.o:(<ferrisetw::native::tdh::TraceEventInfo>::build_from_event) in archive /opt/rustwide/target/release/build/ferrisetw/b3144a3b92bebdd1/out/libferrisetw-b3144a3b92bebdd1.rlib
[INFO] [stdout]           >>> referenced by ferrisetw.cfcabc17c5355a85-cgu.4
[INFO] [stdout]           >>>               ferrisetw-b3144a3b92bebdd1.ferrisetw.cfcabc17c5355a85-cgu.4.rcgu.o:(<ferrisetw::native::tdh::TraceEventInfo>::build_from_event) in archive /opt/rustwide/target/release/build/ferrisetw/b3144a3b92bebdd1/out/libferrisetw-b3144a3b92bebdd1.rlib
[INFO] [stdout]           
[INFO] [stdout]           rust-lld: error: undefined symbol: TdhGetPropertySize
[INFO] [stdout]           >>> referenced by ferrisetw.cfcabc17c5355a85-cgu.4
[INFO] [stdout]           >>>               ferrisetw-b3144a3b92bebdd1.ferrisetw.cfcabc17c5355a85-cgu.4.rcgu.o:(ferrisetw::native::tdh::property_size) in archive /opt/rustwide/target/release/build/ferrisetw/b3144a3b92bebdd1/out/libferrisetw-b3144a3b92bebdd1.rlib
[INFO] [stdout]           collect2: error: ld returned 1 exit status
[INFO] [stdout]           
[INFO] [stdout] 
[INFO] [stdout] 
[INFO] [stderr] error: could not compile `ferrisetw` (test "tlg") due to 1 previous error
[INFO] [stdout] error: linking with `cc` failed: exit status: 1
[INFO] [stdout]   |
[INFO] [stdout]   = note:  "cc" "-m64" "/opt/rustwide/target/release/build/ferrisetw/843c80632fabd51e/out/rustcglIjV3/symbols.o" "<3 object files omitted>" "-Wl,--as-needed" "-Wl,-Bstatic" "/opt/rustwide/target/release/build/env_logger/281557bfa655bae3/out/libenv_logger-281557bfa655bae3.rlib" "/opt/rustwide/target/release/build/anstream/c99e4ee11fccf12e/out/libanstream-c99e4ee11fccf12e.rlib" "/opt/rustwide/target/release/build/anstyle-query/168ee79d075045ea/out/libanstyle_query-168ee79d075045ea.rlib" "/opt/rustwide/target/release/build/colorchoice/fb1ddeb6fb0ed7de/out/libcolorchoice-fb1ddeb6fb0ed7de.rlib" "/opt/rustwide/target/release/build/anstyle-parse/01bf9e19f4d07746/out/libanstyle_parse-01bf9e19f4d07746.rlib" "/opt/rustwide/target/release/build/utf8parse/f82b6f6644c1c2a2/out/libutf8parse-f82b6f6644c1c2a2.rlib" "/opt/rustwide/target/release/build/env_filter/60bb68a9d9b4f96c/out/libenv_filter-60bb68a9d9b4f96c.rlib" "/opt/rustwide/target/release/build/regex/4bc590bae7a1cd5e/out/libregex-4bc590bae7a1cd5e.rlib" "/opt/rustwide/target/release/build/regex-automata/a6e82ef8c88d0fd7/out/libregex_automata-a6e82ef8c88d0fd7.rlib" "/opt/rustwide/target/release/build/aho-corasick/e35a7d3fd8c78a85/out/libaho_corasick-e35a7d3fd8c78a85.rlib" "/opt/rustwide/target/release/build/memchr/f82acf37e570f7c9/out/libmemchr-f82acf37e570f7c9.rlib" "/opt/rustwide/target/release/build/regex-syntax/453606833442fd9b/out/libregex_syntax-453606833442fd9b.rlib" "/opt/rustwide/target/release/build/anstyle/df8e5fd0849058b6/out/libanstyle-df8e5fd0849058b6.rlib" "/opt/rustwide/target/release/build/humantime/60be87acc0f5bcf3/out/libhumantime-60be87acc0f5bcf3.rlib" "/opt/rustwide/target/release/build/ferrisetw/b3144a3b92bebdd1/out/libferrisetw-b3144a3b92bebdd1.rlib" "/opt/rustwide/target/release/build/log/75675781815c9662/out/liblog-75675781815c9662.rlib" "/opt/rustwide/target/release/build/rand/5d42da2297fbc975/out/librand-5d42da2297fbc975.rlib" "/opt/rustwide/target/release/build/rand_chacha/538d5274a19feed7/out/librand_chacha-538d5274a19feed7.rlib" "/opt/rustwide/target/release/build/ppv-lite86/2034385ac67de13d/out/libppv_lite86-2034385ac67de13d.rlib" "/opt/rustwide/target/release/build/rand_core/42c048e955f80abd/out/librand_core-42c048e955f80abd.rlib" "/opt/rustwide/target/release/build/getrandom/9dc8de02f9259e8a/out/libgetrandom-9dc8de02f9259e8a.rlib" "/opt/rustwide/target/release/build/libc/bbd410ac740d85c0/out/liblibc-bbd410ac740d85c0.rlib" "/opt/rustwide/target/release/build/cfg-if/193575a6b29a3ab9/out/libcfg_if-193575a6b29a3ab9.rlib" "/opt/rustwide/target/release/build/zerocopy/6eedea1feb7d1bad/out/libzerocopy-6eedea1feb7d1bad.rlib" "/opt/rustwide/target/release/build/byteorder/612182941aaee0f7/out/libbyteorder-612182941aaee0f7.rlib" "/opt/rustwide/target/release/build/once_cell/0ec5af3754429b30/out/libonce_cell-0ec5af3754429b30.rlib" "/opt/rustwide/target/release/build/windows/b8fa4ad639a722c1/out/libwindows-b8fa4ad639a722c1.rlib" "/opt/rustwide/target/release/build/windows-core/74117f3cbd0c54df/out/libwindows_core-74117f3cbd0c54df.rlib" "/opt/rustwide/target/release/build/windows-result/23fcdfad3ab2fb9f/out/libwindows_result-23fcdfad3ab2fb9f.rlib" "/opt/rustwide/target/release/build/windows-targets/5ced73415dd19125/out/libwindows_targets-5ced73415dd19125.rlib" "/opt/rustwide/target/release/build/widestring/15e63ae38c888216/out/libwidestring-15e63ae38c888216.rlib" "/opt/rustwide/target/release/build/num-traits/3334f73ee55e0d00/out/libnum_traits-3334f73ee55e0d00.rlib" "/opt/rustwide/target/release/build/bitflags/68973b8086863992/out/libbitflags-68973b8086863992.rlib" "/opt/rustwide/target/release/build/memoffset/eb32682ef5cbcf4e/out/libmemoffset-eb32682ef5cbcf4e.rlib" "<sysroot>/lib/rustlib/x86_64-unknown-linux-gnu/lib/{libstd-*,libpanic_unwind-*,libobject-*,libmemchr-*,libaddr2line-*,libgimli-*,libcfg_if-*,librustc_demangle-*,libstd_detect-*,libhashbrown-*,librustc_std_workspace_alloc-*,libminiz_oxide-*,libadler2-*,libunwind-*,liblibc-*,librustc_std_workspace_core-*,liballoc-*,libcore-*,libcompiler_builtins-*}.rlib" "-Wl,-Bdynamic" "-lc" "-lm" "-lrt" "-lpthread" "-lgcc_s" "-lutil" "-lrt" "-lpthread" "-lm" "-ldl" "-lc" "-L" "/opt/rustwide/target/release/build/ferrisetw/843c80632fabd51e/out/rustcglIjV3/raw-dylibs" "-B<sysroot>/lib/rustlib/x86_64-unknown-linux-gnu/bin/gcc-ld" "-fuse-ld=lld" "-Wl,--eh-frame-hdr" "-Wl,-z,noexecstack" "-L" "/opt/rustwide/cargo-home/registry/src/index.crates.io-1949cf8c6b5b557f/windows_x86_64_gnu-0.52.5/lib" "-L" "<sysroot>/lib/rustlib/x86_64-unknown-linux-gnu/lib" "-o" "/opt/rustwide/target/release/build/ferrisetw/843c80632fabd51e/out/kernel_trace" "-Wl,--gc-sections" "-pie" "-Wl,-z,relro,-z,now" "-Wl,-O1" "-Wl,--strip-debug" "-nodefaultlibs"
[INFO] [stdout]   = note: some arguments are omitted. use `--verbose` to show all linker arguments
[INFO] [stdout]   = note: rust-lld: error: undefined symbol: StartTraceW
[INFO] [stdout]           >>> referenced by kernel_trace.52d3f14a60af6800-cgu.1
[INFO] [stdout]           >>>               /opt/rustwide/target/release/build/ferrisetw/843c80632fabd51e/out/kernel_trace.kernel_trace.52d3f14a60af6800-cgu.1.rcgu.o:(ferrisetw::native::evntrace::start_trace::<ferrisetw::trace::KernelTrace>)
[INFO] [stdout]           
[INFO] [stdout]           rust-lld: error: undefined symbol: ConvertSidToStringSidA
[INFO] [stdout]           >>> referenced by ferrisetw.cfcabc17c5355a85-cgu.3
[INFO] [stdout]           >>>               ferrisetw-b3144a3b92bebdd1.ferrisetw.cfcabc17c5355a85-cgu.3.rcgu.o:(ferrisetw::native::sddl::convert_sid_to_string) in archive /opt/rustwide/target/release/build/ferrisetw/b3144a3b92bebdd1/out/libferrisetw-b3144a3b92bebdd1.rlib
[INFO] [stdout]           
[INFO] [stdout]           rust-lld: error: undefined symbol: LocalFree
[INFO] [stdout]           >>> referenced by ferrisetw.cfcabc17c5355a85-cgu.3
[INFO] [stdout]           >>>               ferrisetw-b3144a3b92bebdd1.ferrisetw.cfcabc17c5355a85-cgu.3.rcgu.o:(ferrisetw::native::sddl::convert_sid_to_string) in archive /opt/rustwide/target/release/build/ferrisetw/b3144a3b92bebdd1/out/libferrisetw-b3144a3b92bebdd1.rlib
[INFO] [stdout]           >>> referenced by ferrisetw.cfcabc17c5355a85-cgu.3
[INFO] [stdout]           >>>               ferrisetw-b3144a3b92bebdd1.ferrisetw.cfcabc17c5355a85-cgu.3.rcgu.o:(ferrisetw::native::sddl::convert_sid_to_string) in archive /opt/rustwide/target/release/build/ferrisetw/b3144a3b92bebdd1/out/libferrisetw-b3144a3b92bebdd1.rlib
[INFO] [stdout]           
[INFO] [stdout]           rust-lld: error: undefined symbol: TdhGetEventInformation
[INFO] [stdout]           >>> referenced by ferrisetw.cfcabc17c5355a85-cgu.4
[INFO] [stdout]           >>>               ferrisetw-b3144a3b92bebdd1.ferrisetw.cfcabc17c5355a85-cgu.4.rcgu.o:(<ferrisetw::native::tdh::TraceEventInfo>::build_from_event) in archive /opt/rustwide/target/release/build/ferrisetw/b3144a3b92bebdd1/out/libferrisetw-b3144a3b92bebdd1.rlib
[INFO] [stdout]           >>> referenced by ferrisetw.cfcabc17c5355a85-cgu.4
[INFO] [stdout]           >>>               ferrisetw-b3144a3b92bebdd1.ferrisetw.cfcabc17c5355a85-cgu.4.rcgu.o:(<ferrisetw::native::tdh::TraceEventInfo>::build_from_event) in archive /opt/rustwide/target/release/build/ferrisetw/b3144a3b92bebdd1/out/libferrisetw-b3144a3b92bebdd1.rlib
[INFO] [stdout]           
[INFO] [stdout]           rust-lld: error: undefined symbol: TdhGetPropertySize
[INFO] [stdout]           >>> referenced by ferrisetw.cfcabc17c5355a85-cgu.4
[INFO] [stdout]           >>>               ferrisetw-b3144a3b92bebdd1.ferrisetw.cfcabc17c5355a85-cgu.4.rcgu.o:(ferrisetw::native::tdh::property_size) in archive /opt/rustwide/target/release/build/ferrisetw/b3144a3b92bebdd1/out/libferrisetw-b3144a3b92bebdd1.rlib
[INFO] [stdout]           
[INFO] [stdout]           rust-lld: error: undefined symbol: OpenTraceW
[INFO] [stdout]           >>> referenced by ferrisetw.cfcabc17c5355a85-cgu.6
[INFO] [stdout]           >>>               ferrisetw-b3144a3b92bebdd1.ferrisetw.cfcabc17c5355a85-cgu.6.rcgu.o:(ferrisetw::native::evntrace::open_trace) in archive /opt/rustwide/target/release/build/ferrisetw/b3144a3b92bebdd1/out/libferrisetw-b3144a3b92bebdd1.rlib
[INFO] [stdout]           
[INFO] [stdout]           rust-lld: error: undefined symbol: CloseTrace
[INFO] [stdout]           >>> referenced by ferrisetw.cfcabc17c5355a85-cgu.6
[INFO] [stdout]           >>>               ferrisetw-b3144a3b92bebdd1.ferrisetw.cfcabc17c5355a85-cgu.6.rcgu.o:(ferrisetw::native::evntrace::close_trace) in archive /opt/rustwide/target/release/build/ferrisetw/b3144a3b92bebdd1/out/libferrisetw-b3144a3b92bebdd1.rlib
[INFO] [stdout]           >>> referenced by ferrisetw.cfcabc17c5355a85-cgu.6
[INFO] [stdout]           >>>               ferrisetw-b3144a3b92bebdd1.ferrisetw.cfcabc17c5355a85-cgu.6.rcgu.o:(ferrisetw::native::evntrace::close_trace) in archive /opt/rustwide/target/release/build/ferrisetw/b3144a3b92bebdd1/out/libferrisetw-b3144a3b92bebdd1.rlib
[INFO] [stdout]           
[INFO] [stdout]           rust-lld: error: undefined symbol: ControlTraceW
[INFO] [stdout]           >>> referenced by ferrisetw.cfcabc17c5355a85-cgu.6
[INFO] [stdout]           >>>               ferrisetw-b3144a3b92bebdd1.ferrisetw.cfcabc17c5355a85-cgu.6.rcgu.o:(ferrisetw::native::evntrace::control_trace) in archive /opt/rustwide/target/release/build/ferrisetw/b3144a3b92bebdd1/out/libferrisetw-b3144a3b92bebdd1.rlib
[INFO] [stdout]           
[INFO] [stdout]           rust-lld: error: undefined symbol: ProcessTrace
[INFO] [stdout]           >>> referenced by ferrisetw.cfcabc17c5355a85-cgu.6
[INFO] [stdout]           >>>               ferrisetw-b3144a3b92bebdd1.ferrisetw.cfcabc17c5355a85-cgu.6.rcgu.o:(ferrisetw::native::evntrace::process_trace) in archive /opt/rustwide/target/release/build/ferrisetw/b3144a3b92bebdd1/out/libferrisetw-b3144a3b92bebdd1.rlib
[INFO] [stdout]           
[INFO] [stdout]           rust-lld: error: undefined symbol: VerSetConditionMask
[INFO] [stdout]           >>> referenced by ferrisetw.cfcabc17c5355a85-cgu.7
[INFO] [stdout]           >>>               ferrisetw-b3144a3b92bebdd1.ferrisetw.cfcabc17c5355a85-cgu.7.rcgu.o:(ferrisetw::native::version_helper::is_win8_or_greater) in archive /opt/rustwide/target/release/build/ferrisetw/b3144a3b92bebdd1/out/libferrisetw-b3144a3b92bebdd1.rlib
[INFO] [stdout]           
[INFO] [stdout]           rust-lld: error: undefined symbol: VerifyVersionInfoA
[INFO] [stdout]           >>> referenced by ferrisetw.cfcabc17c5355a85-cgu.7
[INFO] [stdout]           >>>               ferrisetw-b3144a3b92bebdd1.ferrisetw.cfcabc17c5355a85-cgu.7.rcgu.o:(ferrisetw::native::version_helper::is_win8_or_greater) in archive /opt/rustwide/target/release/build/ferrisetw/b3144a3b92bebdd1/out/libferrisetw-b3144a3b92bebdd1.rlib
[INFO] [stdout]           
[INFO] [stdout]           rust-lld: error: undefined symbol: GetLastError
[INFO] [stdout]           >>> referenced by ferrisetw.cfcabc17c5355a85-cgu.7
[INFO] [stdout]           >>>               ferrisetw-b3144a3b92bebdd1.ferrisetw.cfcabc17c5355a85-cgu.7.rcgu.o:(ferrisetw::native::version_helper::is_win8_or_greater) in archive /opt/rustwide/target/release/build/ferrisetw/b3144a3b92bebdd1/out/libferrisetw-b3144a3b92bebdd1.rlib
[INFO] [stdout]           >>> referenced by windows_result.bf19725ae49bccb9-cgu.0
[INFO] [stdout]           >>>               windows_result-23fcdfad3ab2fb9f.windows_result.bf19725ae49bccb9-cgu.0.rcgu.o:(<windows_result::error::Error>::from_win32) in archive /opt/rustwide/target/release/build/windows-result/23fcdfad3ab2fb9f/out/libwindows_result-23fcdfad3ab2fb9f.rlib
[INFO] [stdout]           
[INFO] [stdout]           rust-lld: error: undefined symbol: CoCreateGuid
[INFO] [stdout]           >>> referenced by windows_core.53974dba4e58975c-cgu.3
[INFO] [stdout]           >>>               windows_core-74117f3cbd0c54df.windows_core.53974dba4e58975c-cgu.3.rcgu.o:(<windows_core::guid::GUID>::new) in archive /opt/rustwide/target/release/build/windows-core/74117f3cbd0c54df/out/libwindows_core-74117f3cbd0c54df.rlib
[INFO] [stdout]           
[INFO] [stdout]           rust-lld: error: undefined symbol: GetErrorInfo
[INFO] [stdout]           >>> referenced by windows_result.bf19725ae49bccb9-cgu.0
[INFO] [stdout]           >>>               windows_result-23fcdfad3ab2fb9f.windows_result.bf19725ae49bccb9-cgu.0.rcgu.o:(<windows_result::error::Error as core::convert::From<windows_result::hresult::HRESULT>>::from) in archive /opt/rustwide/target/release/build/windows-result/23fcdfad3ab2fb9f/out/libwindows_result-23fcdfad3ab2fb9f.rlib
[INFO] [stdout]           collect2: error: ld returned 1 exit status
[INFO] [stdout]           
[INFO] [stdout] 
[INFO] [stdout] 
[INFO] [stderr] error: could not compile `ferrisetw` (example "kernel_trace") due to 1 previous error
[INFO] [stdout] error: linking with `cc` failed: exit status: 1
[INFO] [stdout]   |
[INFO] [stdout]   = note:  "cc" "-m64" "/opt/rustwide/target/release/build/ferrisetw/c010d85450474b04/out/rustcNgn3EO/symbols.o" "<4 object files omitted>" "-Wl,--as-needed" "-Wl,-Bstatic" "/opt/rustwide/target/release/build/env_logger/281557bfa655bae3/out/libenv_logger-281557bfa655bae3.rlib" "/opt/rustwide/target/release/build/anstream/c99e4ee11fccf12e/out/libanstream-c99e4ee11fccf12e.rlib" "/opt/rustwide/target/release/build/anstyle-query/168ee79d075045ea/out/libanstyle_query-168ee79d075045ea.rlib" "/opt/rustwide/target/release/build/colorchoice/fb1ddeb6fb0ed7de/out/libcolorchoice-fb1ddeb6fb0ed7de.rlib" "/opt/rustwide/target/release/build/anstyle-parse/01bf9e19f4d07746/out/libanstyle_parse-01bf9e19f4d07746.rlib" "/opt/rustwide/target/release/build/utf8parse/f82b6f6644c1c2a2/out/libutf8parse-f82b6f6644c1c2a2.rlib" "/opt/rustwide/target/release/build/env_filter/60bb68a9d9b4f96c/out/libenv_filter-60bb68a9d9b4f96c.rlib" "/opt/rustwide/target/release/build/regex/4bc590bae7a1cd5e/out/libregex-4bc590bae7a1cd5e.rlib" "/opt/rustwide/target/release/build/regex-automata/a6e82ef8c88d0fd7/out/libregex_automata-a6e82ef8c88d0fd7.rlib" "/opt/rustwide/target/release/build/aho-corasick/e35a7d3fd8c78a85/out/libaho_corasick-e35a7d3fd8c78a85.rlib" "/opt/rustwide/target/release/build/memchr/f82acf37e570f7c9/out/libmemchr-f82acf37e570f7c9.rlib" "/opt/rustwide/target/release/build/regex-syntax/453606833442fd9b/out/libregex_syntax-453606833442fd9b.rlib" "/opt/rustwide/target/release/build/anstyle/df8e5fd0849058b6/out/libanstyle-df8e5fd0849058b6.rlib" "/opt/rustwide/target/release/build/humantime/60be87acc0f5bcf3/out/libhumantime-60be87acc0f5bcf3.rlib" "/opt/rustwide/target/release/build/ferrisetw/b3144a3b92bebdd1/out/libferrisetw-b3144a3b92bebdd1.rlib" "/opt/rustwide/target/release/build/log/75675781815c9662/out/liblog-75675781815c9662.rlib" "/opt/rustwide/target/release/build/rand/5d42da2297fbc975/out/librand-5d42da2297fbc975.rlib" "/opt/rustwide/target/release/build/rand_chacha/538d5274a19feed7/out/librand_chacha-538d5274a19feed7.rlib" "/opt/rustwide/target/release/build/ppv-lite86/2034385ac67de13d/out/libppv_lite86-2034385ac67de13d.rlib" "/opt/rustwide/target/release/build/rand_core/42c048e955f80abd/out/librand_core-42c048e955f80abd.rlib" "/opt/rustwide/target/release/build/getrandom/9dc8de02f9259e8a/out/libgetrandom-9dc8de02f9259e8a.rlib" "/opt/rustwide/target/release/build/libc/bbd410ac740d85c0/out/liblibc-bbd410ac740d85c0.rlib" "/opt/rustwide/target/release/build/cfg-if/193575a6b29a3ab9/out/libcfg_if-193575a6b29a3ab9.rlib" "/opt/rustwide/target/release/build/zerocopy/6eedea1feb7d1bad/out/libzerocopy-6eedea1feb7d1bad.rlib" "/opt/rustwide/target/release/build/byteorder/612182941aaee0f7/out/libbyteorder-612182941aaee0f7.rlib" "/opt/rustwide/target/release/build/once_cell/0ec5af3754429b30/out/libonce_cell-0ec5af3754429b30.rlib" "/opt/rustwide/target/release/build/windows/b8fa4ad639a722c1/out/libwindows-b8fa4ad639a722c1.rlib" "/opt/rustwide/target/release/build/windows-core/74117f3cbd0c54df/out/libwindows_core-74117f3cbd0c54df.rlib" "/opt/rustwide/target/release/build/windows-result/23fcdfad3ab2fb9f/out/libwindows_result-23fcdfad3ab2fb9f.rlib" "/opt/rustwide/target/release/build/windows-targets/5ced73415dd19125/out/libwindows_targets-5ced73415dd19125.rlib" "/opt/rustwide/target/release/build/widestring/15e63ae38c888216/out/libwidestring-15e63ae38c888216.rlib" "/opt/rustwide/target/release/build/num-traits/3334f73ee55e0d00/out/libnum_traits-3334f73ee55e0d00.rlib" "/opt/rustwide/target/release/build/bitflags/68973b8086863992/out/libbitflags-68973b8086863992.rlib" "/opt/rustwide/target/release/build/memoffset/eb32682ef5cbcf4e/out/libmemoffset-eb32682ef5cbcf4e.rlib" "<sysroot>/lib/rustlib/x86_64-unknown-linux-gnu/lib/{libstd-*,libpanic_unwind-*,libobject-*,libmemchr-*,libaddr2line-*,libgimli-*,libcfg_if-*,librustc_demangle-*,libstd_detect-*,libhashbrown-*,librustc_std_workspace_alloc-*,libminiz_oxide-*,libadler2-*,libunwind-*,liblibc-*,librustc_std_workspace_core-*,liballoc-*,libcore-*,libcompiler_builtins-*}.rlib" "-Wl,-Bdynamic" "-lc" "-lm" "-lrt" "-lpthread" "-lgcc_s" "-lutil" "-lrt" "-lpthread" "-lm" "-ldl" "-lc" "-L" "/opt/rustwide/target/release/build/ferrisetw/c010d85450474b04/out/rustcNgn3EO/raw-dylibs" "-B<sysroot>/lib/rustlib/x86_64-unknown-linux-gnu/bin/gcc-ld" "-fuse-ld=lld" "-Wl,--eh-frame-hdr" "-Wl,-z,noexecstack" "-L" "/opt/rustwide/cargo-home/registry/src/index.crates.io-1949cf8c6b5b557f/windows_x86_64_gnu-0.52.5/lib" "-L" "<sysroot>/lib/rustlib/x86_64-unknown-linux-gnu/lib" "-o" "/opt/rustwide/target/release/build/ferrisetw/c010d85450474b04/out/dns" "-Wl,--gc-sections" "-pie" "-Wl,-z,relro,-z,now" "-Wl,-O1" "-Wl,--strip-debug" "-nodefaultlibs"
[INFO] [stdout]   = note: some arguments are omitted. use `--verbose` to show all linker arguments
[INFO] [stdout]   = note: rust-lld: error: undefined symbol: StartTraceW
[INFO] [stdout]           >>> referenced by dns.9f0ae64d4c1ad3e6-cgu.2
[INFO] [stdout]           >>>               /opt/rustwide/target/release/build/ferrisetw/c010d85450474b04/out/dns.dns.9f0ae64d4c1ad3e6-cgu.2.rcgu.o:(<ferrisetw::trace::TraceBuilder<ferrisetw::trace::UserTrace>>::start_and_process)
[INFO] [stdout]           
[INFO] [stdout]           rust-lld: error: undefined symbol: ConvertSidToStringSidA
[INFO] [stdout]           >>> referenced by ferrisetw.cfcabc17c5355a85-cgu.3
[INFO] [stdout]           >>>               ferrisetw-b3144a3b92bebdd1.ferrisetw.cfcabc17c5355a85-cgu.3.rcgu.o:(ferrisetw::native::sddl::convert_sid_to_string) in archive /opt/rustwide/target/release/build/ferrisetw/b3144a3b92bebdd1/out/libferrisetw-b3144a3b92bebdd1.rlib
[INFO] [stdout]           
[INFO] [stdout]           rust-lld: error: undefined symbol: LocalFree
[INFO] [stdout]           >>> referenced by ferrisetw.cfcabc17c5355a85-cgu.3
[INFO] [stdout]           >>>               ferrisetw-b3144a3b92bebdd1.ferrisetw.cfcabc17c5355a85-cgu.3.rcgu.o:(ferrisetw::native::sddl::convert_sid_to_string) in archive /opt/rustwide/target/release/build/ferrisetw/b3144a3b92bebdd1/out/libferrisetw-b3144a3b92bebdd1.rlib
[INFO] [stdout]           >>> referenced by ferrisetw.cfcabc17c5355a85-cgu.3
[INFO] [stdout]           >>>               ferrisetw-b3144a3b92bebdd1.ferrisetw.cfcabc17c5355a85-cgu.3.rcgu.o:(ferrisetw::native::sddl::convert_sid_to_string) in archive /opt/rustwide/target/release/build/ferrisetw/b3144a3b92bebdd1/out/libferrisetw-b3144a3b92bebdd1.rlib
[INFO] [stdout]           
[INFO] [stdout]           rust-lld: error: undefined symbol: TdhGetEventInformation
[INFO] [stdout]           >>> referenced by ferrisetw.cfcabc17c5355a85-cgu.4
[INFO] [stdout]           >>>               ferrisetw-b3144a3b92bebdd1.ferrisetw.cfcabc17c5355a85-cgu.4.rcgu.o:(<ferrisetw::native::tdh::TraceEventInfo>::build_from_event) in archive /opt/rustwide/target/release/build/ferrisetw/b3144a3b92bebdd1/out/libferrisetw-b3144a3b92bebdd1.rlib
[INFO] [stdout]           >>> referenced by ferrisetw.cfcabc17c5355a85-cgu.4
[INFO] [stdout]           >>>               ferrisetw-b3144a3b92bebdd1.ferrisetw.cfcabc17c5355a85-cgu.4.rcgu.o:(<ferrisetw::native::tdh::TraceEventInfo>::build_from_event) in archive /opt/rustwide/target/release/build/ferrisetw/b3144a3b92bebdd1/out/libferrisetw-b3144a3b92bebdd1.rlib
[INFO] [stdout]           
[INFO] [stdout]           rust-lld: error: undefined symbol: TdhGetPropertySize
[INFO] [stdout]           >>> referenced by ferrisetw.cfcabc17c5355a85-cgu.4
[INFO] [stdout]           >>>               ferrisetw-b3144a3b92bebdd1.ferrisetw.cfcabc17c5355a85-cgu.4.rcgu.o:(ferrisetw::native::tdh::property_size) in archive /opt/rustwide/target/release/build/ferrisetw/b3144a3b92bebdd1/out/libferrisetw-b3144a3b92bebdd1.rlib
[INFO] [stdout]           
[INFO] [stdout]           rust-lld: error: undefined symbol: OpenTraceW
[INFO] [stdout]           >>> referenced by ferrisetw.cfcabc17c5355a85-cgu.6
[INFO] [stdout]           >>>               ferrisetw-b3144a3b92bebdd1.ferrisetw.cfcabc17c5355a85-cgu.6.rcgu.o:(ferrisetw::native::evntrace::open_trace) in archive /opt/rustwide/target/release/build/ferrisetw/b3144a3b92bebdd1/out/libferrisetw-b3144a3b92bebdd1.rlib
[INFO] [stdout]           
[INFO] [stdout]           rust-lld: error: undefined symbol: CloseTrace
[INFO] [stdout]           >>> referenced by ferrisetw.cfcabc17c5355a85-cgu.6
[INFO] [stdout]           >>>               ferrisetw-b3144a3b92bebdd1.ferrisetw.cfcabc17c5355a85-cgu.6.rcgu.o:(ferrisetw::native::evntrace::close_trace) in archive /opt/rustwide/target/release/build/ferrisetw/b3144a3b92bebdd1/out/libferrisetw-b3144a3b92bebdd1.rlib
[INFO] [stdout]           >>> referenced by ferrisetw.cfcabc17c5355a85-cgu.6
[INFO] [stdout]           >>>               ferrisetw-b3144a3b92bebdd1.ferrisetw.cfcabc17c5355a85-cgu.6.rcgu.o:(ferrisetw::native::evntrace::close_trace) in archive /opt/rustwide/target/release/build/ferrisetw/b3144a3b92bebdd1/out/libferrisetw-b3144a3b92bebdd1.rlib
[INFO] [stdout]           
[INFO] [stdout]           rust-lld: error: undefined symbol: ControlTraceW
[INFO] [stdout]           >>> referenced by ferrisetw.cfcabc17c5355a85-cgu.6
[INFO] [stdout]           >>>               ferrisetw-b3144a3b92bebdd1.ferrisetw.cfcabc17c5355a85-cgu.6.rcgu.o:(ferrisetw::native::evntrace::control_trace) in archive /opt/rustwide/target/release/build/ferrisetw/b3144a3b92bebdd1/out/libferrisetw-b3144a3b92bebdd1.rlib
[INFO] [stdout]           
[INFO] [stdout]           rust-lld: error: undefined symbol: ProcessTrace
[INFO] [stdout]           >>> referenced by ferrisetw.cfcabc17c5355a85-cgu.6
[INFO] [stdout]           >>>               ferrisetw-b3144a3b92bebdd1.ferrisetw.cfcabc17c5355a85-cgu.6.rcgu.o:(ferrisetw::native::evntrace::process_trace) in archive /opt/rustwide/target/release/build/ferrisetw/b3144a3b92bebdd1/out/libferrisetw-b3144a3b92bebdd1.rlib
[INFO] [stdout]           
[INFO] [stdout]           rust-lld: error: undefined symbol: EnableTraceEx2
[INFO] [stdout]           >>> referenced by ferrisetw.cfcabc17c5355a85-cgu.6
[INFO] [stdout]           >>>               ferrisetw-b3144a3b92bebdd1.ferrisetw.cfcabc17c5355a85-cgu.6.rcgu.o:(ferrisetw::native::evntrace::enable_provider) in archive /opt/rustwide/target/release/build/ferrisetw/b3144a3b92bebdd1/out/libferrisetw-b3144a3b92bebdd1.rlib
[INFO] [stdout]           
[INFO] [stdout]           rust-lld: error: undefined symbol: CoCreateGuid
[INFO] [stdout]           >>> referenced by windows_core.53974dba4e58975c-cgu.3
[INFO] [stdout]           >>>               windows_core-74117f3cbd0c54df.windows_core.53974dba4e58975c-cgu.3.rcgu.o:(<windows_core::guid::GUID>::new) in archive /opt/rustwide/target/release/build/windows-core/74117f3cbd0c54df/out/libwindows_core-74117f3cbd0c54df.rlib
[INFO] [stdout]           
[INFO] [stdout]           rust-lld: error: undefined symbol: GetLastError
[INFO] [stdout]           >>> referenced by windows_result.bf19725ae49bccb9-cgu.0
[INFO] [stdout]           >>>               windows_result-23fcdfad3ab2fb9f.windows_result.bf19725ae49bccb9-cgu.0.rcgu.o:(<windows_result::error::Error>::from_win32) in archive /opt/rustwide/target/release/build/windows-result/23fcdfad3ab2fb9f/out/libwindows_result-23fcdfad3ab2fb9f.rlib
[INFO] [stdout]           
[INFO] [stdout]           rust-lld: error: undefined symbol: GetErrorInfo
[INFO] [stdout]           >>> referenced by windows_result.bf19725ae49bccb9-cgu.0
[INFO] [stdout]           >>>               windows_result-23fcdfad3ab2fb9f.windows_result.bf19725ae49bccb9-cgu.0.rcgu.o:(<windows_result::error::Error as core::convert::From<windows_result::hresult::HRESULT>>::from) in archive /opt/rustwide/target/release/build/windows-result/23fcdfad3ab2fb9f/out/libwindows_result-23fcdfad3ab2fb9f.rlib
[INFO] [stdout]           collect2: error: ld returned 1 exit status
[INFO] [stdout]           
[INFO] [stdout] 
[INFO] [stdout] 
[INFO] [stderr] error: could not compile `ferrisetw` (example "dns") due to 1 previous error
[INFO] [stdout] error: linking with `cc` failed: exit status: 1
[INFO] [stdout]   |
[INFO] [stdout]   = note:  "cc" "-m64" "/opt/rustwide/target/release/build/ferrisetw/617116c93d175d2f/out/rustcSFvlVu/symbols.o" "<7 object files omitted>" "-Wl,--as-needed" "-Wl,-Bstatic" "<sysroot>/lib/rustlib/x86_64-unknown-linux-gnu/lib/{libtest-*,libgetopts-*,librustc_std_workspace_std-*}.rlib" "/opt/rustwide/target/release/build/ferrisetw/b3144a3b92bebdd1/out/libferrisetw-b3144a3b92bebdd1.rlib" "/opt/rustwide/target/release/build/log/75675781815c9662/out/liblog-75675781815c9662.rlib" "/opt/rustwide/target/release/build/rand/5d42da2297fbc975/out/librand-5d42da2297fbc975.rlib" "/opt/rustwide/target/release/build/rand_chacha/538d5274a19feed7/out/librand_chacha-538d5274a19feed7.rlib" "/opt/rustwide/target/release/build/ppv-lite86/2034385ac67de13d/out/libppv_lite86-2034385ac67de13d.rlib" "/opt/rustwide/target/release/build/rand_core/42c048e955f80abd/out/librand_core-42c048e955f80abd.rlib" "/opt/rustwide/target/release/build/getrandom/9dc8de02f9259e8a/out/libgetrandom-9dc8de02f9259e8a.rlib" "/opt/rustwide/target/release/build/libc/bbd410ac740d85c0/out/liblibc-bbd410ac740d85c0.rlib" "/opt/rustwide/target/release/build/cfg-if/193575a6b29a3ab9/out/libcfg_if-193575a6b29a3ab9.rlib" "/opt/rustwide/target/release/build/zerocopy/6eedea1feb7d1bad/out/libzerocopy-6eedea1feb7d1bad.rlib" "/opt/rustwide/target/release/build/byteorder/612182941aaee0f7/out/libbyteorder-612182941aaee0f7.rlib" "/opt/rustwide/target/release/build/once_cell/0ec5af3754429b30/out/libonce_cell-0ec5af3754429b30.rlib" "/opt/rustwide/target/release/build/windows/b8fa4ad639a722c1/out/libwindows-b8fa4ad639a722c1.rlib" "/opt/rustwide/target/release/build/windows-core/74117f3cbd0c54df/out/libwindows_core-74117f3cbd0c54df.rlib" "/opt/rustwide/target/release/build/windows-result/23fcdfad3ab2fb9f/out/libwindows_result-23fcdfad3ab2fb9f.rlib" "/opt/rustwide/target/release/build/windows-targets/5ced73415dd19125/out/libwindows_targets-5ced73415dd19125.rlib" "/opt/rustwide/target/release/build/widestring/15e63ae38c888216/out/libwidestring-15e63ae38c888216.rlib" "/opt/rustwide/target/release/build/num-traits/3334f73ee55e0d00/out/libnum_traits-3334f73ee55e0d00.rlib" "/opt/rustwide/target/release/build/bitflags/68973b8086863992/out/libbitflags-68973b8086863992.rlib" "/opt/rustwide/target/release/build/memoffset/eb32682ef5cbcf4e/out/libmemoffset-eb32682ef5cbcf4e.rlib" "<sysroot>/lib/rustlib/x86_64-unknown-linux-gnu/lib/{libstd-*,libpanic_unwind-*,libobject-*,libmemchr-*,libaddr2line-*,libgimli-*,libcfg_if-*,librustc_demangle-*,libstd_detect-*,libhashbrown-*,librustc_std_workspace_alloc-*,libminiz_oxide-*,libadler2-*,libunwind-*,liblibc-*,librustc_std_workspace_core-*,liballoc-*,libcore-*,libcompiler_builtins-*}.rlib" "-Wl,-Bdynamic" "-lc" "-lm" "-lrt" "-lpthread" "-lgcc_s" "-lutil" "-lrt" "-lpthread" "-lm" "-ldl" "-lc" "-L" "/opt/rustwide/target/release/build/ferrisetw/617116c93d175d2f/out/rustcSFvlVu/raw-dylibs" "-B<sysroot>/lib/rustlib/x86_64-unknown-linux-gnu/bin/gcc-ld" "-fuse-ld=lld" "-Wl,--eh-frame-hdr" "-Wl,-z,noexecstack" "-L" "/opt/rustwide/cargo-home/registry/src/index.crates.io-1949cf8c6b5b557f/windows_x86_64_gnu-0.52.5/lib" "-L" "<sysroot>/lib/rustlib/x86_64-unknown-linux-gnu/lib" "-o" "/opt/rustwide/target/release/build/ferrisetw/617116c93d175d2f/out/kernel_trace-617116c93d175d2f" "-Wl,--gc-sections" "-pie" "-Wl,-z,relro,-z,now" "-Wl,-O1" "-Wl,--strip-debug" "-nodefaultlibs"
[INFO] [stdout]   = note: some arguments are omitted. use `--verbose` to show all linker arguments
[INFO] [stdout]   = note: rust-lld: error: undefined symbol: StartTraceW
[INFO] [stdout]           >>> referenced by kernel_trace.95d00bf968a9ec80-cgu.1
[INFO] [stdout]           >>>               /opt/rustwide/target/release/build/ferrisetw/617116c93d175d2f/out/kernel_trace-617116c93d175d2f.kernel_trace.95d00bf968a9ec80-cgu.1.rcgu.o:(ferrisetw::native::evntrace::start_trace::<ferrisetw::trace::KernelTrace>)
[INFO] [stdout]           
[INFO] [stdout]           rust-lld: error: undefined symbol: LoadLibraryExW
[INFO] [stdout]           >>> referenced by kernel_trace.95d00bf968a9ec80-cgu.5
[INFO] [stdout]           >>>               /opt/rustwide/target/release/build/ferrisetw/617116c93d175d2f/out/kernel_trace-617116c93d175d2f.kernel_trace.95d00bf968a9ec80-cgu.5.rcgu.o:(<kernel_trace::kernel_trace_tests::{closure#0} as core::ops::function::FnOnce<()>>::call_once)
[INFO] [stdout]           
[INFO] [stdout]           rust-lld: error: undefined symbol: ConvertSidToStringSidA
[INFO] [stdout]           >>> referenced by ferrisetw.cfcabc17c5355a85-cgu.3
[INFO] [stdout]           >>>               ferrisetw-b3144a3b92bebdd1.ferrisetw.cfcabc17c5355a85-cgu.3.rcgu.o:(ferrisetw::native::sddl::convert_sid_to_string) in archive /opt/rustwide/target/release/build/ferrisetw/b3144a3b92bebdd1/out/libferrisetw-b3144a3b92bebdd1.rlib
[INFO] [stdout]           
[INFO] [stdout]           rust-lld: error: undefined symbol: LocalFree
[INFO] [stdout]           >>> referenced by ferrisetw.cfcabc17c5355a85-cgu.3
[INFO] [stdout]           >>>               ferrisetw-b3144a3b92bebdd1.ferrisetw.cfcabc17c5355a85-cgu.3.rcgu.o:(ferrisetw::native::sddl::convert_sid_to_string) in archive /opt/rustwide/target/release/build/ferrisetw/b3144a3b92bebdd1/out/libferrisetw-b3144a3b92bebdd1.rlib
[INFO] [stdout]           >>> referenced by ferrisetw.cfcabc17c5355a85-cgu.3
[INFO] [stdout]           >>>               ferrisetw-b3144a3b92bebdd1.ferrisetw.cfcabc17c5355a85-cgu.3.rcgu.o:(ferrisetw::native::sddl::convert_sid_to_string) in archive /opt/rustwide/target/release/build/ferrisetw/b3144a3b92bebdd1/out/libferrisetw-b3144a3b92bebdd1.rlib
[INFO] [stdout]           
[INFO] [stdout]           rust-lld: error: undefined symbol: TdhGetEventInformation
[INFO] [stdout]           >>> referenced by ferrisetw.cfcabc17c5355a85-cgu.4
[INFO] [stdout]           >>>               ferrisetw-b3144a3b92bebdd1.ferrisetw.cfcabc17c5355a85-cgu.4.rcgu.o:(<ferrisetw::native::tdh::TraceEventInfo>::build_from_event) in archive /opt/rustwide/target/release/build/ferrisetw/b3144a3b92bebdd1/out/libferrisetw-b3144a3b92bebdd1.rlib
[INFO] [stdout]           >>> referenced by ferrisetw.cfcabc17c5355a85-cgu.4
[INFO] [stdout]           >>>               ferrisetw-b3144a3b92bebdd1.ferrisetw.cfcabc17c5355a85-cgu.4.rcgu.o:(<ferrisetw::native::tdh::TraceEventInfo>::build_from_event) in archive /opt/rustwide/target/release/build/ferrisetw/b3144a3b92bebdd1/out/libferrisetw-b3144a3b92bebdd1.rlib
[INFO] [stdout]           
[INFO] [stdout]           rust-lld: error: undefined symbol: TdhGetPropertySize
[INFO] [stdout]           >>> referenced by ferrisetw.cfcabc17c5355a85-cgu.4
[INFO] [stdout]           >>>               ferrisetw-b3144a3b92bebdd1.ferrisetw.cfcabc17c5355a85-cgu.4.rcgu.o:(ferrisetw::native::tdh::property_size) in archive /opt/rustwide/target/release/build/ferrisetw/b3144a3b92bebdd1/out/libferrisetw-b3144a3b92bebdd1.rlib
[INFO] [stdout]           
[INFO] [stdout]           rust-lld: error: undefined symbol: OpenTraceW
[INFO] [stdout]           >>> referenced by ferrisetw.cfcabc17c5355a85-cgu.6
[INFO] [stdout]           >>>               ferrisetw-b3144a3b92bebdd1.ferrisetw.cfcabc17c5355a85-cgu.6.rcgu.o:(ferrisetw::native::evntrace::open_trace) in archive /opt/rustwide/target/release/build/ferrisetw/b3144a3b92bebdd1/out/libferrisetw-b3144a3b92bebdd1.rlib
[INFO] [stdout]           
[INFO] [stdout]           rust-lld: error: undefined symbol: CloseTrace
[INFO] [stdout]           >>> referenced by ferrisetw.cfcabc17c5355a85-cgu.6
[INFO] [stdout]           >>>               ferrisetw-b3144a3b92bebdd1.ferrisetw.cfcabc17c5355a85-cgu.6.rcgu.o:(ferrisetw::native::evntrace::close_trace) in archive /opt/rustwide/target/release/build/ferrisetw/b3144a3b92bebdd1/out/libferrisetw-b3144a3b92bebdd1.rlib
[INFO] [stdout]           >>> referenced by ferrisetw.cfcabc17c5355a85-cgu.6
[INFO] [stdout]           >>>               ferrisetw-b3144a3b92bebdd1.ferrisetw.cfcabc17c5355a85-cgu.6.rcgu.o:(ferrisetw::native::evntrace::close_trace) in archive /opt/rustwide/target/release/build/ferrisetw/b3144a3b92bebdd1/out/libferrisetw-b3144a3b92bebdd1.rlib
[INFO] [stdout]           
[INFO] [stdout]           rust-lld: error: undefined symbol: ControlTraceW
[INFO] [stdout]           >>> referenced by ferrisetw.cfcabc17c5355a85-cgu.6
[INFO] [stdout]           >>>               ferrisetw-b3144a3b92bebdd1.ferrisetw.cfcabc17c5355a85-cgu.6.rcgu.o:(ferrisetw::native::evntrace::control_trace) in archive /opt/rustwide/target/release/build/ferrisetw/b3144a3b92bebdd1/out/libferrisetw-b3144a3b92bebdd1.rlib
[INFO] [stdout]           
[INFO] [stdout]           rust-lld: error: undefined symbol: ProcessTrace
[INFO] [stdout]           >>> referenced by ferrisetw.cfcabc17c5355a85-cgu.6
[INFO] [stdout]           >>>               ferrisetw-b3144a3b92bebdd1.ferrisetw.cfcabc17c5355a85-cgu.6.rcgu.o:(ferrisetw::native::evntrace::process_trace) in archive /opt/rustwide/target/release/build/ferrisetw/b3144a3b92bebdd1/out/libferrisetw-b3144a3b92bebdd1.rlib
[INFO] [stdout]           
[INFO] [stdout]           rust-lld: error: undefined symbol: VerSetConditionMask
[INFO] [stdout]           >>> referenced by ferrisetw.cfcabc17c5355a85-cgu.7
[INFO] [stdout]           >>>               ferrisetw-b3144a3b92bebdd1.ferrisetw.cfcabc17c5355a85-cgu.7.rcgu.o:(ferrisetw::native::version_helper::is_win8_or_greater) in archive /opt/rustwide/target/release/build/ferrisetw/b3144a3b92bebdd1/out/libferrisetw-b3144a3b92bebdd1.rlib
[INFO] [stdout]           
[INFO] [stdout]           rust-lld: error: undefined symbol: VerifyVersionInfoA
[INFO] [stdout]           >>> referenced by ferrisetw.cfcabc17c5355a85-cgu.7
[INFO] [stdout]           >>>               ferrisetw-b3144a3b92bebdd1.ferrisetw.cfcabc17c5355a85-cgu.7.rcgu.o:(ferrisetw::native::version_helper::is_win8_or_greater) in archive /opt/rustwide/target/release/build/ferrisetw/b3144a3b92bebdd1/out/libferrisetw-b3144a3b92bebdd1.rlib
[INFO] [stdout]           
[INFO] [stdout]           rust-lld: error: undefined symbol: GetLastError
[INFO] [stdout]           >>> referenced by ferrisetw.cfcabc17c5355a85-cgu.7
[INFO] [stdout]           >>>               ferrisetw-b3144a3b92bebdd1.ferrisetw.cfcabc17c5355a85-cgu.7.rcgu.o:(ferrisetw::native::version_helper::is_win8_or_greater) in archive /opt/rustwide/target/release/build/ferrisetw/b3144a3b92bebdd1/out/libferrisetw-b3144a3b92bebdd1.rlib
[INFO] [stdout]           >>> referenced by windows_result.bf19725ae49bccb9-cgu.0
[INFO] [stdout]           >>>               windows_result-23fcdfad3ab2fb9f.windows_result.bf19725ae49bccb9-cgu.0.rcgu.o:(<windows_result::error::Error>::from_win32) in archive /opt/rustwide/target/release/build/windows-result/23fcdfad3ab2fb9f/out/libwindows_result-23fcdfad3ab2fb9f.rlib
[INFO] [stdout]           
[INFO] [stdout]           rust-lld: error: undefined symbol: GetProcessHeap
[INFO] [stdout]           >>> referenced by windows_core.53974dba4e58975c-cgu.1
[INFO] [stdout]           >>>               windows_core-74117f3cbd0c54df.windows_core.53974dba4e58975c-cgu.1.rcgu.o:(<windows_core::strings::hstring::HSTRING as core::ops::drop::Drop>::drop) in archive /opt/rustwide/target/release/build/windows-core/74117f3cbd0c54df/out/libwindows_core-74117f3cbd0c54df.rlib
[INFO] [stdout]           >>> referenced by windows_core.53974dba4e58975c-cgu.1
[INFO] [stdout]           >>>               windows_core-74117f3cbd0c54df.windows_core.53974dba4e58975c-cgu.1.rcgu.o:(<windows_core::strings::hstring::HSTRING as core::convert::From<&str>>::from) in archive /opt/rustwide/target/release/build/windows-core/74117f3cbd0c54df/out/libwindows_core-74117f3cbd0c54df.rlib
[INFO] [stdout]           >>> referenced by windows_result.bf19725ae49bccb9-cgu.0
[INFO] [stdout]           >>>               windows_result-23fcdfad3ab2fb9f.windows_result.bf19725ae49bccb9-cgu.0.rcgu.o:(core::ptr::drop_glue::<windows_result::strings::HeapString>) in archive /opt/rustwide/target/release/build/windows-result/23fcdfad3ab2fb9f/out/libwindows_result-23fcdfad3ab2fb9f.rlib
[INFO] [stdout]           >>> referenced 1 more times
[INFO] [stdout]           
[INFO] [stdout]           rust-lld: error: undefined symbol: HeapFree
[INFO] [stdout]           >>> referenced by windows_core.53974dba4e58975c-cgu.1
[INFO] [stdout]           >>>               windows_core-74117f3cbd0c54df.windows_core.53974dba4e58975c-cgu.1.rcgu.o:(<windows_core::strings::hstring::HSTRING as core::ops::drop::Drop>::drop) in archive /opt/rustwide/target/release/build/windows-core/74117f3cbd0c54df/out/libwindows_core-74117f3cbd0c54df.rlib
[INFO] [stdout]           >>> referenced by windows_result.bf19725ae49bccb9-cgu.0
[INFO] [stdout]           >>>               windows_result-23fcdfad3ab2fb9f.windows_result.bf19725ae49bccb9-cgu.0.rcgu.o:(core::ptr::drop_glue::<windows_result::strings::HeapString>) in archive /opt/rustwide/target/release/build/windows-result/23fcdfad3ab2fb9f/out/libwindows_result-23fcdfad3ab2fb9f.rlib
[INFO] [stdout]           >>> referenced by windows_result.bf19725ae49bccb9-cgu.0
[INFO] [stdout]           >>>               windows_result-23fcdfad3ab2fb9f.windows_result.bf19725ae49bccb9-cgu.0.rcgu.o:(<windows_result::hresult::HRESULT>::message) in archive /opt/rustwide/target/release/build/windows-result/23fcdfad3ab2fb9f/out/libwindows_result-23fcdfad3ab2fb9f.rlib
[INFO] [stdout]           
[INFO] [stdout]           rust-lld: error: undefined symbol: HeapAlloc
[INFO] [stdout]           >>> referenced by windows_core.53974dba4e58975c-cgu.1
[INFO] [stdout]           >>>               windows_core-74117f3cbd0c54df.windows_core.53974dba4e58975c-cgu.1.rcgu.o:(<windows_core::strings::hstring::HSTRING as core::convert::From<&str>>::from) in archive /opt/rustwide/target/release/build/windows-core/74117f3cbd0c54df/out/libwindows_core-74117f3cbd0c54df.rlib
[INFO] [stdout]           
[INFO] [stdout]           rust-lld: error: undefined symbol: CoCreateGuid
[INFO] [stdout]           >>> referenced by windows_core.53974dba4e58975c-cgu.3
[INFO] [stdout]           >>>               windows_core-74117f3cbd0c54df.windows_core.53974dba4e58975c-cgu.3.rcgu.o:(<windows_core::guid::GUID>::new) in archive /opt/rustwide/target/release/build/windows-core/74117f3cbd0c54df/out/libwindows_core-74117f3cbd0c54df.rlib
[INFO] [stdout]           
[INFO] [stdout]           rust-lld: error: undefined symbol: SysFreeString
[INFO] [stdout]           >>> referenced by windows_result.bf19725ae49bccb9-cgu.0
[INFO] [stdout]           >>>               windows_result-23fcdfad3ab2fb9f.windows_result.bf19725ae49bccb9-cgu.0.rcgu.o:(<windows_result::error::Error>::message) in archive /opt/rustwide/target/release/build/windows-result/23fcdfad3ab2fb9f/out/libwindows_result-23fcdfad3ab2fb9f.rlib
[INFO] [stdout]           >>> referenced by windows_result.bf19725ae49bccb9-cgu.0
[INFO] [stdout]           >>>               windows_result-23fcdfad3ab2fb9f.windows_result.bf19725ae49bccb9-cgu.0.rcgu.o:(<windows_result::error::Error>::message) in archive /opt/rustwide/target/release/build/windows-result/23fcdfad3ab2fb9f/out/libwindows_result-23fcdfad3ab2fb9f.rlib
[INFO] [stdout]           >>> referenced by windows_result.bf19725ae49bccb9-cgu.0
[INFO] [stdout]           >>>               windows_result-23fcdfad3ab2fb9f.windows_result.bf19725ae49bccb9-cgu.0.rcgu.o:(<windows_result::error::Error>::message) in archive /opt/rustwide/target/release/build/windows-result/23fcdfad3ab2fb9f/out/libwindows_result-23fcdfad3ab2fb9f.rlib
[INFO] [stdout]           >>> referenced 2 more times
[INFO] [stdout]           
[INFO] [stdout]           rust-lld: error: undefined symbol: SysStringLen
[INFO] [stdout]           >>> referenced by windows_result.bf19725ae49bccb9-cgu.0
[INFO] [stdout]           >>>               windows_result-23fcdfad3ab2fb9f.windows_result.bf19725ae49bccb9-cgu.0.rcgu.o:(<windows_result::error::Error>::message) in archive /opt/rustwide/target/release/build/windows-result/23fcdfad3ab2fb9f/out/libwindows_result-23fcdfad3ab2fb9f.rlib
[INFO] [stdout]           >>> referenced by windows_result.bf19725ae49bccb9-cgu.0
[INFO] [stdout]           >>>               windows_result-23fcdfad3ab2fb9f.windows_result.bf19725ae49bccb9-cgu.0.rcgu.o:(<windows_result::error::Error>::message) in archive /opt/rustwide/target/release/build/windows-result/23fcdfad3ab2fb9f/out/libwindows_result-23fcdfad3ab2fb9f.rlib
[INFO] [stdout]           >>> referenced by windows_result.bf19725ae49bccb9-cgu.0
[INFO] [stdout]           >>>               windows_result-23fcdfad3ab2fb9f.windows_result.bf19725ae49bccb9-cgu.0.rcgu.o:(<windows_result::error::Error>::message) in archive /opt/rustwide/target/release/build/windows-result/23fcdfad3ab2fb9f/out/libwindows_result-23fcdfad3ab2fb9f.rlib
[INFO] [stdout]           >>> referenced 1 more times
[INFO] [stdout]           
[INFO] [stdout]           rust-lld: error: undefined symbol: LoadLibraryExA
[INFO] [stdout]           >>> referenced by windows_result.bf19725ae49bccb9-cgu.0
[INFO] [stdout]           >>>               windows_result-23fcdfad3ab2fb9f.windows_result.bf19725ae49bccb9-cgu.0.rcgu.o:(<windows_result::hresult::HRESULT>::message) in archive /opt/rustwide/target/release/build/windows-result/23fcdfad3ab2fb9f/out/libwindows_result-23fcdfad3ab2fb9f.rlib
[INFO] [stdout]           
[INFO] [stdout]           rust-lld: error: too many errors emitted, stopping now (use --error-limit=0 to see all errors)
[INFO] [stdout]           collect2: error: ld returned 1 exit status
[INFO] [stdout]           
[INFO] [stdout] 
[INFO] [stdout] 
[INFO] [stderr] error: could not compile `ferrisetw` (test "kernel_trace") due to 1 previous error
[INFO] [stdout] warning: field `out_type` is never read
[INFO] [stdout]   --> src/native/tdh_types.rs:72:9
[INFO] [stdout]    |
[INFO] [stdout] 68 |     Array {
[INFO] [stdout]    |     ----- field in this variant
[INFO] [stdout] ...
[INFO] [stdout] 72 |         out_type: TdhOutType,
[INFO] [stdout]    |         ^^^^^^^^
[INFO] [stdout]    |
[INFO] [stdout]    = note: `PropertyInfo` has derived impls for the traits `Clone` and `Debug`, but these are intentionally ignored during dead code analysis
[INFO] [stdout]    = note: `#[warn(dead_code)]` (part of `#[warn(unused)]`) on by default
[INFO] [stdout] 
[INFO] [stdout] 
[INFO] [stdout] warning: field `flags` is never read
[INFO] [stdout]   --> src/native/tdh_types.rs:96:9
[INFO] [stdout]    |
[INFO] [stdout] 92 | pub struct Property {
[INFO] [stdout]    |            -------- field in this struct
[INFO] [stdout] ...
[INFO] [stdout] 96 |     pub flags: PropertyFlags,
[INFO] [stdout]    |         ^^^^^
[INFO] [stdout]    |
[INFO] [stdout]    = note: `Property` has derived impls for the traits `Clone` and `Debug`, but these are intentionally ignored during dead code analysis
[INFO] [stdout] 
[INFO] [stdout] 
[INFO] [stdout] warning: field `0` is never read
[INFO] [stdout]   --> src/native/version_helper.rs:20:13
[INFO] [stdout]    |
[INFO] [stdout] 20 |     IoError(std::io::Error),
[INFO] [stdout]    |     ------- ^^^^^^^^^^^^^^
[INFO] [stdout]    |     |
[INFO] [stdout]    |     field in this variant
[INFO] [stdout]    |
[INFO] [stdout]    = note: `VersionHelperError` has a derived impl for the trait `Debug`, but this is intentionally ignored during dead code analysis
[INFO] [stdout] help: consider changing the field to be of unit type to suppress this warning while preserving the field numbering, or remove the field
[INFO] [stdout]    |
[INFO] [stdout] 20 -     IoError(std::io::Error),
[INFO] [stdout] 20 +     IoError(()),
[INFO] [stdout]    |
[INFO] [stdout] 
[INFO] [stdout] 
[INFO] [stdout] error: linking with `cc` failed: exit status: 1
[INFO] [stdout]   |
[INFO] [stdout]   = note:  "cc" "-m64" "/opt/rustwide/target/release/build/ferrisetw/73a34caa0983d4f8/out/rustcW7tUPn/symbols.o" "<3 object files omitted>" "-Wl,--as-needed" "-Wl,-Bstatic" "/opt/rustwide/target/release/build/env_logger/281557bfa655bae3/out/libenv_logger-281557bfa655bae3.rlib" "/opt/rustwide/target/release/build/anstream/c99e4ee11fccf12e/out/libanstream-c99e4ee11fccf12e.rlib" "/opt/rustwide/target/release/build/anstyle-query/168ee79d075045ea/out/libanstyle_query-168ee79d075045ea.rlib" "/opt/rustwide/target/release/build/colorchoice/fb1ddeb6fb0ed7de/out/libcolorchoice-fb1ddeb6fb0ed7de.rlib" "/opt/rustwide/target/release/build/anstyle-parse/01bf9e19f4d07746/out/libanstyle_parse-01bf9e19f4d07746.rlib" "/opt/rustwide/target/release/build/utf8parse/f82b6f6644c1c2a2/out/libutf8parse-f82b6f6644c1c2a2.rlib" "/opt/rustwide/target/release/build/env_filter/60bb68a9d9b4f96c/out/libenv_filter-60bb68a9d9b4f96c.rlib" "/opt/rustwide/target/release/build/regex/4bc590bae7a1cd5e/out/libregex-4bc590bae7a1cd5e.rlib" "/opt/rustwide/target/release/build/regex-automata/a6e82ef8c88d0fd7/out/libregex_automata-a6e82ef8c88d0fd7.rlib" "/opt/rustwide/target/release/build/aho-corasick/e35a7d3fd8c78a85/out/libaho_corasick-e35a7d3fd8c78a85.rlib" "/opt/rustwide/target/release/build/memchr/f82acf37e570f7c9/out/libmemchr-f82acf37e570f7c9.rlib" "/opt/rustwide/target/release/build/regex-syntax/453606833442fd9b/out/libregex_syntax-453606833442fd9b.rlib" "/opt/rustwide/target/release/build/anstyle/df8e5fd0849058b6/out/libanstyle-df8e5fd0849058b6.rlib" "/opt/rustwide/target/release/build/humantime/60be87acc0f5bcf3/out/libhumantime-60be87acc0f5bcf3.rlib" "/opt/rustwide/target/release/build/ferrisetw/b3144a3b92bebdd1/out/libferrisetw-b3144a3b92bebdd1.rlib" "/opt/rustwide/target/release/build/log/75675781815c9662/out/liblog-75675781815c9662.rlib" "/opt/rustwide/target/release/build/rand/5d42da2297fbc975/out/librand-5d42da2297fbc975.rlib" "/opt/rustwide/target/release/build/rand_chacha/538d5274a19feed7/out/librand_chacha-538d5274a19feed7.rlib" "/opt/rustwide/target/release/build/ppv-lite86/2034385ac67de13d/out/libppv_lite86-2034385ac67de13d.rlib" "/opt/rustwide/target/release/build/rand_core/42c048e955f80abd/out/librand_core-42c048e955f80abd.rlib" "/opt/rustwide/target/release/build/getrandom/9dc8de02f9259e8a/out/libgetrandom-9dc8de02f9259e8a.rlib" "/opt/rustwide/target/release/build/libc/bbd410ac740d85c0/out/liblibc-bbd410ac740d85c0.rlib" "/opt/rustwide/target/release/build/cfg-if/193575a6b29a3ab9/out/libcfg_if-193575a6b29a3ab9.rlib" "/opt/rustwide/target/release/build/zerocopy/6eedea1feb7d1bad/out/libzerocopy-6eedea1feb7d1bad.rlib" "/opt/rustwide/target/release/build/byteorder/612182941aaee0f7/out/libbyteorder-612182941aaee0f7.rlib" "/opt/rustwide/target/release/build/once_cell/0ec5af3754429b30/out/libonce_cell-0ec5af3754429b30.rlib" "/opt/rustwide/target/release/build/windows/b8fa4ad639a722c1/out/libwindows-b8fa4ad639a722c1.rlib" "/opt/rustwide/target/release/build/windows-core/74117f3cbd0c54df/out/libwindows_core-74117f3cbd0c54df.rlib" "/opt/rustwide/target/release/build/windows-result/23fcdfad3ab2fb9f/out/libwindows_result-23fcdfad3ab2fb9f.rlib" "/opt/rustwide/target/release/build/windows-targets/5ced73415dd19125/out/libwindows_targets-5ced73415dd19125.rlib" "/opt/rustwide/target/release/build/widestring/15e63ae38c888216/out/libwidestring-15e63ae38c888216.rlib" "/opt/rustwide/target/release/build/num-traits/3334f73ee55e0d00/out/libnum_traits-3334f73ee55e0d00.rlib" "/opt/rustwide/target/release/build/bitflags/68973b8086863992/out/libbitflags-68973b8086863992.rlib" "/opt/rustwide/target/release/build/memoffset/eb32682ef5cbcf4e/out/libmemoffset-eb32682ef5cbcf4e.rlib" "<sysroot>/lib/rustlib/x86_64-unknown-linux-gnu/lib/{libstd-*,libpanic_unwind-*,libobject-*,libmemchr-*,libaddr2line-*,libgimli-*,libcfg_if-*,librustc_demangle-*,libstd_detect-*,libhashbrown-*,librustc_std_workspace_alloc-*,libminiz_oxide-*,libadler2-*,libunwind-*,liblibc-*,librustc_std_workspace_core-*,liballoc-*,libcore-*,libcompiler_builtins-*}.rlib" "-Wl,-Bdynamic" "-lc" "-lm" "-lrt" "-lpthread" "-lgcc_s" "-lutil" "-lrt" "-lpthread" "-lm" "-ldl" "-lc" "-L" "/opt/rustwide/target/release/build/ferrisetw/73a34caa0983d4f8/out/rustcW7tUPn/raw-dylibs" "-B<sysroot>/lib/rustlib/x86_64-unknown-linux-gnu/bin/gcc-ld" "-fuse-ld=lld" "-Wl,--eh-frame-hdr" "-Wl,-z,noexecstack" "-L" "/opt/rustwide/cargo-home/registry/src/index.crates.io-1949cf8c6b5b557f/windows_x86_64_gnu-0.52.5/lib" "-L" "<sysroot>/lib/rustlib/x86_64-unknown-linux-gnu/lib" "-o" "/opt/rustwide/target/release/build/ferrisetw/73a34caa0983d4f8/out/multiple_providers" "-Wl,--gc-sections" "-pie" "-Wl,-z,relro,-z,now" "-Wl,-O1" "-Wl,--strip-debug" "-nodefaultlibs"
[INFO] [stdout]   = note: some arguments are omitted. use `--verbose` to show all linker arguments
[INFO] [stdout]   = note: rust-lld: error: undefined symbol: StartTraceW
[INFO] [stdout]           >>> referenced by multiple_providers.29b25c8fca5c909a-cgu.0
[INFO] [stdout]           >>>               /opt/rustwide/target/release/build/ferrisetw/73a34caa0983d4f8/out/multiple_providers.multiple_providers.29b25c8fca5c909a-cgu.0.rcgu.o:(<ferrisetw::trace::TraceBuilder<ferrisetw::trace::UserTrace>>::start_and_process)
[INFO] [stdout]           
[INFO] [stdout]           rust-lld: error: undefined symbol: ConvertSidToStringSidA
[INFO] [stdout]           >>> referenced by ferrisetw.cfcabc17c5355a85-cgu.3
[INFO] [stdout]           >>>               ferrisetw-b3144a3b92bebdd1.ferrisetw.cfcabc17c5355a85-cgu.3.rcgu.o:(ferrisetw::native::sddl::convert_sid_to_string) in archive /opt/rustwide/target/release/build/ferrisetw/b3144a3b92bebdd1/out/libferrisetw-b3144a3b92bebdd1.rlib
[INFO] [stdout]           
[INFO] [stdout]           rust-lld: error: undefined symbol: LocalFree
[INFO] [stdout]           >>> referenced by ferrisetw.cfcabc17c5355a85-cgu.3
[INFO] [stdout]           >>>               ferrisetw-b3144a3b92bebdd1.ferrisetw.cfcabc17c5355a85-cgu.3.rcgu.o:(ferrisetw::native::sddl::convert_sid_to_string) in archive /opt/rustwide/target/release/build/ferrisetw/b3144a3b92bebdd1/out/libferrisetw-b3144a3b92bebdd1.rlib
[INFO] [stdout]           >>> referenced by ferrisetw.cfcabc17c5355a85-cgu.3
[INFO] [stdout]           >>>               ferrisetw-b3144a3b92bebdd1.ferrisetw.cfcabc17c5355a85-cgu.3.rcgu.o:(ferrisetw::native::sddl::convert_sid_to_string) in archive /opt/rustwide/target/release/build/ferrisetw/b3144a3b92bebdd1/out/libferrisetw-b3144a3b92bebdd1.rlib
[INFO] [stdout]           
[INFO] [stdout]           rust-lld: error: undefined symbol: TdhGetEventInformation
[INFO] [stdout]           >>> referenced by ferrisetw.cfcabc17c5355a85-cgu.4
[INFO] [stdout]           >>>               ferrisetw-b3144a3b92bebdd1.ferrisetw.cfcabc17c5355a85-cgu.4.rcgu.o:(<ferrisetw::native::tdh::TraceEventInfo>::build_from_event) in archive /opt/rustwide/target/release/build/ferrisetw/b3144a3b92bebdd1/out/libferrisetw-b3144a3b92bebdd1.rlib
[INFO] [stdout]           >>> referenced by ferrisetw.cfcabc17c5355a85-cgu.4
[INFO] [stdout]           >>>               ferrisetw-b3144a3b92bebdd1.ferrisetw.cfcabc17c5355a85-cgu.4.rcgu.o:(<ferrisetw::native::tdh::TraceEventInfo>::build_from_event) in archive /opt/rustwide/target/release/build/ferrisetw/b3144a3b92bebdd1/out/libferrisetw-b3144a3b92bebdd1.rlib
[INFO] [stdout]           
[INFO] [stdout]           rust-lld: error: undefined symbol: TdhGetPropertySize
[INFO] [stdout]           >>> referenced by ferrisetw.cfcabc17c5355a85-cgu.4
[INFO] [stdout]           >>>               ferrisetw-b3144a3b92bebdd1.ferrisetw.cfcabc17c5355a85-cgu.4.rcgu.o:(ferrisetw::native::tdh::property_size) in archive /opt/rustwide/target/release/build/ferrisetw/b3144a3b92bebdd1/out/libferrisetw-b3144a3b92bebdd1.rlib
[INFO] [stdout]           
[INFO] [stdout]           rust-lld: error: undefined symbol: OpenTraceW
[INFO] [stdout]           >>> referenced by ferrisetw.cfcabc17c5355a85-cgu.6
[INFO] [stdout]           >>>               ferrisetw-b3144a3b92bebdd1.ferrisetw.cfcabc17c5355a85-cgu.6.rcgu.o:(ferrisetw::native::evntrace::open_trace) in archive /opt/rustwide/target/release/build/ferrisetw/b3144a3b92bebdd1/out/libferrisetw-b3144a3b92bebdd1.rlib
[INFO] [stdout]           
[INFO] [stdout]           rust-lld: error: undefined symbol: CloseTrace
[INFO] [stdout]           >>> referenced by ferrisetw.cfcabc17c5355a85-cgu.6
[INFO] [stdout]           >>>               ferrisetw-b3144a3b92bebdd1.ferrisetw.cfcabc17c5355a85-cgu.6.rcgu.o:(ferrisetw::native::evntrace::close_trace) in archive /opt/rustwide/target/release/build/ferrisetw/b3144a3b92bebdd1/out/libferrisetw-b3144a3b92bebdd1.rlib
[INFO] [stdout]           >>> referenced by ferrisetw.cfcabc17c5355a85-cgu.6
[INFO] [stdout]           >>>               ferrisetw-b3144a3b92bebdd1.ferrisetw.cfcabc17c5355a85-cgu.6.rcgu.o:(ferrisetw::native::evntrace::close_trace) in archive /opt/rustwide/target/release/build/ferrisetw/b3144a3b92bebdd1/out/libferrisetw-b3144a3b92bebdd1.rlib
[INFO] [stdout]           
[INFO] [stdout]           rust-lld: error: undefined symbol: ControlTraceW
[INFO] [stdout]           >>> referenced by ferrisetw.cfcabc17c5355a85-cgu.6
[INFO] [stdout]           >>>               ferrisetw-b3144a3b92bebdd1.ferrisetw.cfcabc17c5355a85-cgu.6.rcgu.o:(ferrisetw::native::evntrace::control_trace) in archive /opt/rustwide/target/release/build/ferrisetw/b3144a3b92bebdd1/out/libferrisetw-b3144a3b92bebdd1.rlib
[INFO] [stdout]           
[INFO] [stdout]           rust-lld: error: undefined symbol: ProcessTrace
[INFO] [stdout]           >>> referenced by ferrisetw.cfcabc17c5355a85-cgu.6
[INFO] [stdout]           >>>               ferrisetw-b3144a3b92bebdd1.ferrisetw.cfcabc17c5355a85-cgu.6.rcgu.o:(ferrisetw::native::evntrace::process_trace) in archive /opt/rustwide/target/release/build/ferrisetw/b3144a3b92bebdd1/out/libferrisetw-b3144a3b92bebdd1.rlib
[INFO] [stdout]           
[INFO] [stdout]           rust-lld: error: undefined symbol: EnableTraceEx2
[INFO] [stdout]           >>> referenced by ferrisetw.cfcabc17c5355a85-cgu.6
[INFO] [stdout]           >>>               ferrisetw-b3144a3b92bebdd1.ferrisetw.cfcabc17c5355a85-cgu.6.rcgu.o:(ferrisetw::native::evntrace::enable_provider) in archive /opt/rustwide/target/release/build/ferrisetw/b3144a3b92bebdd1/out/libferrisetw-b3144a3b92bebdd1.rlib
[INFO] [stdout]           
[INFO] [stdout]           rust-lld: error: undefined symbol: CoCreateGuid
[INFO] [stdout]           >>> referenced by windows_core.53974dba4e58975c-cgu.3
[INFO] [stdout]           >>>               windows_core-74117f3cbd0c54df.windows_core.53974dba4e58975c-cgu.3.rcgu.o:(<windows_core::guid::GUID>::new) in archive /opt/rustwide/target/release/build/windows-core/74117f3cbd0c54df/out/libwindows_core-74117f3cbd0c54df.rlib
[INFO] [stdout]           
[INFO] [stdout]           rust-lld: error: undefined symbol: GetLastError
[INFO] [stdout]           >>> referenced by windows_result.bf19725ae49bccb9-cgu.0
[INFO] [stdout]           >>>               windows_result-23fcdfad3ab2fb9f.windows_result.bf19725ae49bccb9-cgu.0.rcgu.o:(<windows_result::error::Error>::from_win32) in archive /opt/rustwide/target/release/build/windows-result/23fcdfad3ab2fb9f/out/libwindows_result-23fcdfad3ab2fb9f.rlib
[INFO] [stdout]           
[INFO] [stdout]           rust-lld: error: undefined symbol: GetErrorInfo
[INFO] [stdout]           >>> referenced by windows_result.bf19725ae49bccb9-cgu.0
[INFO] [stdout]           >>>               windows_result-23fcdfad3ab2fb9f.windows_result.bf19725ae49bccb9-cgu.0.rcgu.o:(<windows_result::error::Error as core::convert::From<windows_result::hresult::HRESULT>>::from) in archive /opt/rustwide/target/release/build/windows-result/23fcdfad3ab2fb9f/out/libwindows_result-23fcdfad3ab2fb9f.rlib
[INFO] [stdout]           collect2: error: ld returned 1 exit status
[INFO] [stdout]           
[INFO] [stdout] 
[INFO] [stdout] 
[INFO] [stdout] warning: hiding a lifetime that's elided elsewhere is confusing
[INFO] [stdout]    --> src/native/tdh.rs:170:23
[INFO] [stdout]     |
[INFO] [stdout] 170 |     pub fn properties(&self) -> PropertyIterator {
[INFO] [stdout]     |                       ^^^^^     ^^^^^^^^^^^^^^^^ the same lifetime is hidden here
[INFO] [stdout]     |                       |
[INFO] [stdout]     |                       the lifetime is elided here
[INFO] [stdout]     |
[INFO] [stdout]     = help: the same lifetime is referred to in inconsistent ways, making the signature confusing
[INFO] [stdout]     = note: `#[warn(mismatched_lifetime_syntaxes)]` on by default
[INFO] [stdout] help: use `'_` for type paths
[INFO] [stdout]     |
[INFO] [stdout] 170 |     pub fn properties(&self) -> PropertyIterator<'_> {
[INFO] [stdout]     |                                                 ++++
[INFO] [stdout] 
[INFO] [stdout] 
[INFO] [stderr] error: could not compile `ferrisetw` (example "multiple_providers") due to 1 previous error
[INFO] [stdout] error: linking with `cc` failed: exit status: 1
[INFO] [stdout]   |
[INFO] [stdout]   = note:  "cc" "-m64" "/opt/rustwide/target/release/build/ferrisetw/f7cfe5e40651547c/out/rustcYdBMjd/symbols.o" "<7 object files omitted>" "-Wl,--as-needed" "-Wl,-Bstatic" "<sysroot>/lib/rustlib/x86_64-unknown-linux-gnu/lib/{libtest-*,libgetopts-*,librustc_std_workspace_std-*}.rlib" "/opt/rustwide/target/release/build/ferrisetw/b3144a3b92bebdd1/out/libferrisetw-b3144a3b92bebdd1.rlib" "/opt/rustwide/target/release/build/log/75675781815c9662/out/liblog-75675781815c9662.rlib" "/opt/rustwide/target/release/build/rand/5d42da2297fbc975/out/librand-5d42da2297fbc975.rlib" "/opt/rustwide/target/release/build/rand_chacha/538d5274a19feed7/out/librand_chacha-538d5274a19feed7.rlib" "/opt/rustwide/target/release/build/ppv-lite86/2034385ac67de13d/out/libppv_lite86-2034385ac67de13d.rlib" "/opt/rustwide/target/release/build/rand_core/42c048e955f80abd/out/librand_core-42c048e955f80abd.rlib" "/opt/rustwide/target/release/build/getrandom/9dc8de02f9259e8a/out/libgetrandom-9dc8de02f9259e8a.rlib" "/opt/rustwide/target/release/build/libc/bbd410ac740d85c0/out/liblibc-bbd410ac740d85c0.rlib" "/opt/rustwide/target/release/build/cfg-if/193575a6b29a3ab9/out/libcfg_if-193575a6b29a3ab9.rlib" "/opt/rustwide/target/release/build/zerocopy/6eedea1feb7d1bad/out/libzerocopy-6eedea1feb7d1bad.rlib" "/opt/rustwide/target/release/build/byteorder/612182941aaee0f7/out/libbyteorder-612182941aaee0f7.rlib" "/opt/rustwide/target/release/build/once_cell/0ec5af3754429b30/out/libonce_cell-0ec5af3754429b30.rlib" "/opt/rustwide/target/release/build/windows/b8fa4ad639a722c1/out/libwindows-b8fa4ad639a722c1.rlib" "/opt/rustwide/target/release/build/windows-core/74117f3cbd0c54df/out/libwindows_core-74117f3cbd0c54df.rlib" "/opt/rustwide/target/release/build/windows-result/23fcdfad3ab2fb9f/out/libwindows_result-23fcdfad3ab2fb9f.rlib" "/opt/rustwide/target/release/build/windows-targets/5ced73415dd19125/out/libwindows_targets-5ced73415dd19125.rlib" "/opt/rustwide/target/release/build/widestring/15e63ae38c888216/out/libwidestring-15e63ae38c888216.rlib" "/opt/rustwide/target/release/build/num-traits/3334f73ee55e0d00/out/libnum_traits-3334f73ee55e0d00.rlib" "/opt/rustwide/target/release/build/bitflags/68973b8086863992/out/libbitflags-68973b8086863992.rlib" "/opt/rustwide/target/release/build/memoffset/eb32682ef5cbcf4e/out/libmemoffset-eb32682ef5cbcf4e.rlib" "<sysroot>/lib/rustlib/x86_64-unknown-linux-gnu/lib/{libstd-*,libpanic_unwind-*,libobject-*,libmemchr-*,libaddr2line-*,libgimli-*,libcfg_if-*,librustc_demangle-*,libstd_detect-*,libhashbrown-*,librustc_std_workspace_alloc-*,libminiz_oxide-*,libadler2-*,libunwind-*,liblibc-*,librustc_std_workspace_core-*,liballoc-*,libcore-*,libcompiler_builtins-*}.rlib" "-Wl,-Bdynamic" "-lc" "-lm" "-lrt" "-lpthread" "-lgcc_s" "-lutil" "-lrt" "-lpthread" "-lm" "-ldl" "-lc" "-L" "/opt/rustwide/target/release/build/ferrisetw/f7cfe5e40651547c/out/rustcYdBMjd/raw-dylibs" "-B<sysroot>/lib/rustlib/x86_64-unknown-linux-gnu/bin/gcc-ld" "-fuse-ld=lld" "-Wl,--eh-frame-hdr" "-Wl,-z,noexecstack" "-L" "/opt/rustwide/cargo-home/registry/src/index.crates.io-1949cf8c6b5b557f/windows_x86_64_gnu-0.52.5/lib" "-L" "<sysroot>/lib/rustlib/x86_64-unknown-linux-gnu/lib" "-o" "/opt/rustwide/target/release/build/ferrisetw/f7cfe5e40651547c/out/dns-f7cfe5e40651547c" "-Wl,--gc-sections" "-pie" "-Wl,-z,relro,-z,now" "-Wl,-O1" "-Wl,--strip-debug" "-nodefaultlibs"
[INFO] [stdout]   = note: some arguments are omitted. use `--verbose` to show all linker arguments
[INFO] [stdout]   = note: rust-lld: error: undefined symbol: StartTraceW
[INFO] [stdout]           >>> referenced by dns.a5824af646e569b0-cgu.2
[INFO] [stdout]           >>>               /opt/rustwide/target/release/build/ferrisetw/f7cfe5e40651547c/out/dns-f7cfe5e40651547c.dns.a5824af646e569b0-cgu.2.rcgu.o:(ferrisetw::native::evntrace::start_trace::<ferrisetw::trace::UserTrace>)
[INFO] [stdout]           
[INFO] [stdout]           rust-lld: error: undefined symbol: ConvertSidToStringSidA
[INFO] [stdout]           >>> referenced by ferrisetw.cfcabc17c5355a85-cgu.3
[INFO] [stdout]           >>>               ferrisetw-b3144a3b92bebdd1.ferrisetw.cfcabc17c5355a85-cgu.3.rcgu.o:(ferrisetw::native::sddl::convert_sid_to_string) in archive /opt/rustwide/target/release/build/ferrisetw/b3144a3b92bebdd1/out/libferrisetw-b3144a3b92bebdd1.rlib
[INFO] [stdout]           
[INFO] [stdout]           rust-lld: error: undefined symbol: LocalFree
[INFO] [stdout]           >>> referenced by ferrisetw.cfcabc17c5355a85-cgu.3
[INFO] [stdout]           >>>               ferrisetw-b3144a3b92bebdd1.ferrisetw.cfcabc17c5355a85-cgu.3.rcgu.o:(ferrisetw::native::sddl::convert_sid_to_string) in archive /opt/rustwide/target/release/build/ferrisetw/b3144a3b92bebdd1/out/libferrisetw-b3144a3b92bebdd1.rlib
[INFO] [stdout]           >>> referenced by ferrisetw.cfcabc17c5355a85-cgu.3
[INFO] [stdout]           >>>               ferrisetw-b3144a3b92bebdd1.ferrisetw.cfcabc17c5355a85-cgu.3.rcgu.o:(ferrisetw::native::sddl::convert_sid_to_string) in archive /opt/rustwide/target/release/build/ferrisetw/b3144a3b92bebdd1/out/libferrisetw-b3144a3b92bebdd1.rlib
[INFO] [stdout]           
[INFO] [stdout]           rust-lld: error: undefined symbol: TdhGetEventInformation
[INFO] [stdout]           >>> referenced by ferrisetw.cfcabc17c5355a85-cgu.4
[INFO] [stdout]           >>>               ferrisetw-b3144a3b92bebdd1.ferrisetw.cfcabc17c5355a85-cgu.4.rcgu.o:(<ferrisetw::native::tdh::TraceEventInfo>::build_from_event) in archive /opt/rustwide/target/release/build/ferrisetw/b3144a3b92bebdd1/out/libferrisetw-b3144a3b92bebdd1.rlib
[INFO] [stdout]           >>> referenced by ferrisetw.cfcabc17c5355a85-cgu.4
[INFO] [stdout]           >>>               ferrisetw-b3144a3b92bebdd1.ferrisetw.cfcabc17c5355a85-cgu.4.rcgu.o:(<ferrisetw::native::tdh::TraceEventInfo>::build_from_event) in archive /opt/rustwide/target/release/build/ferrisetw/b3144a3b92bebdd1/out/libferrisetw-b3144a3b92bebdd1.rlib
[INFO] [stdout]           
[INFO] [stdout]           rust-lld: error: undefined symbol: TdhGetPropertySize
[INFO] [stdout]           >>> referenced by ferrisetw.cfcabc17c5355a85-cgu.4
[INFO] [stdout]           >>>               ferrisetw-b3144a3b92bebdd1.ferrisetw.cfcabc17c5355a85-cgu.4.rcgu.o:(ferrisetw::native::tdh::property_size) in archive /opt/rustwide/target/release/build/ferrisetw/b3144a3b92bebdd1/out/libferrisetw-b3144a3b92bebdd1.rlib
[INFO] [stdout]           
[INFO] [stdout]           rust-lld: error: undefined symbol: OpenTraceW
[INFO] [stdout]           >>> referenced by ferrisetw.cfcabc17c5355a85-cgu.6
[INFO] [stdout]           >>>               ferrisetw-b3144a3b92bebdd1.ferrisetw.cfcabc17c5355a85-cgu.6.rcgu.o:(ferrisetw::native::evntrace::open_trace) in archive /opt/rustwide/target/release/build/ferrisetw/b3144a3b92bebdd1/out/libferrisetw-b3144a3b92bebdd1.rlib
[INFO] [stdout]           
[INFO] [stdout]           rust-lld: error: undefined symbol: CloseTrace
[INFO] [stdout]           >>> referenced by ferrisetw.cfcabc17c5355a85-cgu.6
[INFO] [stdout]           >>>               ferrisetw-b3144a3b92bebdd1.ferrisetw.cfcabc17c5355a85-cgu.6.rcgu.o:(ferrisetw::native::evntrace::close_trace) in archive /opt/rustwide/target/release/build/ferrisetw/b3144a3b92bebdd1/out/libferrisetw-b3144a3b92bebdd1.rlib
[INFO] [stdout]           >>> referenced by ferrisetw.cfcabc17c5355a85-cgu.6
[INFO] [stdout]           >>>               ferrisetw-b3144a3b92bebdd1.ferrisetw.cfcabc17c5355a85-cgu.6.rcgu.o:(ferrisetw::native::evntrace::close_trace) in archive /opt/rustwide/target/release/build/ferrisetw/b3144a3b92bebdd1/out/libferrisetw-b3144a3b92bebdd1.rlib
[INFO] [stdout]           
[INFO] [stdout]           rust-lld: error: undefined symbol: ControlTraceW
[INFO] [stdout]           >>> referenced by ferrisetw.cfcabc17c5355a85-cgu.6
[INFO] [stdout]           >>>               ferrisetw-b3144a3b92bebdd1.ferrisetw.cfcabc17c5355a85-cgu.6.rcgu.o:(ferrisetw::native::evntrace::control_trace) in archive /opt/rustwide/target/release/build/ferrisetw/b3144a3b92bebdd1/out/libferrisetw-b3144a3b92bebdd1.rlib
[INFO] [stdout]           
[INFO] [stdout]           rust-lld: error: undefined symbol: ProcessTrace
[INFO] [stdout]           >>> referenced by ferrisetw.cfcabc17c5355a85-cgu.6
[INFO] [stdout]           >>>               ferrisetw-b3144a3b92bebdd1.ferrisetw.cfcabc17c5355a85-cgu.6.rcgu.o:(ferrisetw::native::evntrace::process_trace) in archive /opt/rustwide/target/release/build/ferrisetw/b3144a3b92bebdd1/out/libferrisetw-b3144a3b92bebdd1.rlib
[INFO] [stdout]           
[INFO] [stdout]           rust-lld: error: undefined symbol: EnableTraceEx2
[INFO] [stdout]           >>> referenced by ferrisetw.cfcabc17c5355a85-cgu.6
[INFO] [stdout]           >>>               ferrisetw-b3144a3b92bebdd1.ferrisetw.cfcabc17c5355a85-cgu.6.rcgu.o:(ferrisetw::native::evntrace::enable_provider) in archive /opt/rustwide/target/release/build/ferrisetw/b3144a3b92bebdd1/out/libferrisetw-b3144a3b92bebdd1.rlib
[INFO] [stdout]           
[INFO] [stdout]           rust-lld: error: undefined symbol: CoCreateGuid
[INFO] [stdout]           >>> referenced by windows_core.53974dba4e58975c-cgu.3
[INFO] [stdout]           >>>               windows_core-74117f3cbd0c54df.windows_core.53974dba4e58975c-cgu.3.rcgu.o:(<windows_core::guid::GUID>::new) in archive /opt/rustwide/target/release/build/windows-core/74117f3cbd0c54df/out/libwindows_core-74117f3cbd0c54df.rlib
[INFO] [stdout]           
[INFO] [stdout]           rust-lld: error: undefined symbol: GetLastError
[INFO] [stdout]           >>> referenced by windows_result.bf19725ae49bccb9-cgu.0
[INFO] [stdout]           >>>               windows_result-23fcdfad3ab2fb9f.windows_result.bf19725ae49bccb9-cgu.0.rcgu.o:(<windows_result::error::Error>::from_win32) in archive /opt/rustwide/target/release/build/windows-result/23fcdfad3ab2fb9f/out/libwindows_result-23fcdfad3ab2fb9f.rlib
[INFO] [stdout]           
[INFO] [stdout]           rust-lld: error: undefined symbol: GetErrorInfo
[INFO] [stdout]           >>> referenced by windows_result.bf19725ae49bccb9-cgu.0
[INFO] [stdout]           >>>               windows_result-23fcdfad3ab2fb9f.windows_result.bf19725ae49bccb9-cgu.0.rcgu.o:(<windows_result::error::Error as core::convert::From<windows_result::hresult::HRESULT>>::from) in archive /opt/rustwide/target/release/build/windows-result/23fcdfad3ab2fb9f/out/libwindows_result-23fcdfad3ab2fb9f.rlib
[INFO] [stdout]           collect2: error: ld returned 1 exit status
[INFO] [stdout]           
[INFO] [stdout] 
[INFO] [stdout] 
[INFO] [stderr] error: could not compile `ferrisetw` (test "dns") due to 1 previous error
[INFO] [stdout] error: linking with `cc` failed: exit status: 1
[INFO] [stdout]   |
[INFO] [stdout]   = note:  "cc" "-m64" "/opt/rustwide/target/release/build/ferrisetw/e4f7aeec126491e2/out/rustcFa8rTh/symbols.o" "<4 object files omitted>" "-Wl,--as-needed" "-Wl,-Bstatic" "<sysroot>/lib/rustlib/x86_64-unknown-linux-gnu/lib/{libtest-*,libgetopts-*,librustc_std_workspace_std-*}.rlib" "/opt/rustwide/target/release/build/ferrisetw/b3144a3b92bebdd1/out/libferrisetw-b3144a3b92bebdd1.rlib" "/opt/rustwide/target/release/build/log/75675781815c9662/out/liblog-75675781815c9662.rlib" "/opt/rustwide/target/release/build/rand/5d42da2297fbc975/out/librand-5d42da2297fbc975.rlib" "/opt/rustwide/target/release/build/rand_chacha/538d5274a19feed7/out/librand_chacha-538d5274a19feed7.rlib" "/opt/rustwide/target/release/build/ppv-lite86/2034385ac67de13d/out/libppv_lite86-2034385ac67de13d.rlib" "/opt/rustwide/target/release/build/rand_core/42c048e955f80abd/out/librand_core-42c048e955f80abd.rlib" "/opt/rustwide/target/release/build/getrandom/9dc8de02f9259e8a/out/libgetrandom-9dc8de02f9259e8a.rlib" "/opt/rustwide/target/release/build/libc/bbd410ac740d85c0/out/liblibc-bbd410ac740d85c0.rlib" "/opt/rustwide/target/release/build/cfg-if/193575a6b29a3ab9/out/libcfg_if-193575a6b29a3ab9.rlib" "/opt/rustwide/target/release/build/zerocopy/6eedea1feb7d1bad/out/libzerocopy-6eedea1feb7d1bad.rlib" "/opt/rustwide/target/release/build/byteorder/612182941aaee0f7/out/libbyteorder-612182941aaee0f7.rlib" "/opt/rustwide/target/release/build/once_cell/0ec5af3754429b30/out/libonce_cell-0ec5af3754429b30.rlib" "/opt/rustwide/target/release/build/windows/b8fa4ad639a722c1/out/libwindows-b8fa4ad639a722c1.rlib" "/opt/rustwide/target/release/build/windows-core/74117f3cbd0c54df/out/libwindows_core-74117f3cbd0c54df.rlib" "/opt/rustwide/target/release/build/windows-result/23fcdfad3ab2fb9f/out/libwindows_result-23fcdfad3ab2fb9f.rlib" "/opt/rustwide/target/release/build/windows-targets/5ced73415dd19125/out/libwindows_targets-5ced73415dd19125.rlib" "/opt/rustwide/target/release/build/widestring/15e63ae38c888216/out/libwidestring-15e63ae38c888216.rlib" "/opt/rustwide/target/release/build/num-traits/3334f73ee55e0d00/out/libnum_traits-3334f73ee55e0d00.rlib" "/opt/rustwide/target/release/build/bitflags/68973b8086863992/out/libbitflags-68973b8086863992.rlib" "/opt/rustwide/target/release/build/memoffset/eb32682ef5cbcf4e/out/libmemoffset-eb32682ef5cbcf4e.rlib" "<sysroot>/lib/rustlib/x86_64-unknown-linux-gnu/lib/{libstd-*,libpanic_unwind-*,libobject-*,libmemchr-*,libaddr2line-*,libgimli-*,libcfg_if-*,librustc_demangle-*,libstd_detect-*,libhashbrown-*,librustc_std_workspace_alloc-*,libminiz_oxide-*,libadler2-*,libunwind-*,liblibc-*,librustc_std_workspace_core-*,liballoc-*,libcore-*,libcompiler_builtins-*}.rlib" "-Wl,-Bdynamic" "-lc" "-lm" "-lrt" "-lpthread" "-lgcc_s" "-lutil" "-lrt" "-lpthread" "-lm" "-ldl" "-lc" "-L" "/opt/rustwide/target/release/build/ferrisetw/e4f7aeec126491e2/out/rustcFa8rTh/raw-dylibs" "-B<sysroot>/lib/rustlib/x86_64-unknown-linux-gnu/bin/gcc-ld" "-fuse-ld=lld" "-Wl,--eh-frame-hdr" "-Wl,-z,noexecstack" "-L" "/opt/rustwide/cargo-home/registry/src/index.crates.io-1949cf8c6b5b557f/windows_x86_64_gnu-0.52.5/lib" "-L" "<sysroot>/lib/rustlib/x86_64-unknown-linux-gnu/lib" "-o" "/opt/rustwide/target/release/build/ferrisetw/e4f7aeec126491e2/out/trace_lifetime-e4f7aeec126491e2" "-Wl,--gc-sections" "-pie" "-Wl,-z,relro,-z,now" "-Wl,-O1" "-Wl,--strip-debug" "-nodefaultlibs"
[INFO] [stdout]   = note: some arguments are omitted. use `--verbose` to show all linker arguments
[INFO] [stdout]   = note: rust-lld: error: undefined symbol: StartTraceW
[INFO] [stdout]           >>> referenced by trace_lifetime.9124dd083d336c1c-cgu.0
[INFO] [stdout]           >>>               /opt/rustwide/target/release/build/ferrisetw/e4f7aeec126491e2/out/trace_lifetime-e4f7aeec126491e2.trace_lifetime.9124dd083d336c1c-cgu.0.rcgu.o:(<ferrisetw::trace::TraceBuilder<ferrisetw::trace::UserTrace>>::start)
[INFO] [stdout]           
[INFO] [stdout]           rust-lld: error: undefined symbol: OpenTraceW
[INFO] [stdout]           >>> referenced by ferrisetw.cfcabc17c5355a85-cgu.6
[INFO] [stdout]           >>>               ferrisetw-b3144a3b92bebdd1.ferrisetw.cfcabc17c5355a85-cgu.6.rcgu.o:(ferrisetw::native::evntrace::open_trace) in archive /opt/rustwide/target/release/build/ferrisetw/b3144a3b92bebdd1/out/libferrisetw-b3144a3b92bebdd1.rlib
[INFO] [stdout]           
[INFO] [stdout]           rust-lld: error: undefined symbol: CloseTrace
[INFO] [stdout]           >>> referenced by ferrisetw.cfcabc17c5355a85-cgu.6
[INFO] [stdout]           >>>               ferrisetw-b3144a3b92bebdd1.ferrisetw.cfcabc17c5355a85-cgu.6.rcgu.o:(ferrisetw::native::evntrace::close_trace) in archive /opt/rustwide/target/release/build/ferrisetw/b3144a3b92bebdd1/out/libferrisetw-b3144a3b92bebdd1.rlib
[INFO] [stdout]           >>> referenced by ferrisetw.cfcabc17c5355a85-cgu.6
[INFO] [stdout]           >>>               ferrisetw-b3144a3b92bebdd1.ferrisetw.cfcabc17c5355a85-cgu.6.rcgu.o:(ferrisetw::native::evntrace::close_trace) in archive /opt/rustwide/target/release/build/ferrisetw/b3144a3b92bebdd1/out/libferrisetw-b3144a3b92bebdd1.rlib
[INFO] [stdout]           
[INFO] [stdout]           rust-lld: error: undefined symbol: ControlTraceW
[INFO] [stdout]           >>> referenced by ferrisetw.cfcabc17c5355a85-cgu.6
[INFO] [stdout]           >>>               ferrisetw-b3144a3b92bebdd1.ferrisetw.cfcabc17c5355a85-cgu.6.rcgu.o:(ferrisetw::native::evntrace::control_trace) in archive /opt/rustwide/target/release/build/ferrisetw/b3144a3b92bebdd1/out/libferrisetw-b3144a3b92bebdd1.rlib
[INFO] [stdout]           
[INFO] [stdout]           rust-lld: error: undefined symbol: ProcessTrace
[INFO] [stdout]           >>> referenced by ferrisetw.cfcabc17c5355a85-cgu.6
[INFO] [stdout]           >>>               ferrisetw-b3144a3b92bebdd1.ferrisetw.cfcabc17c5355a85-cgu.6.rcgu.o:(ferrisetw::native::evntrace::process_trace) in archive /opt/rustwide/target/release/build/ferrisetw/b3144a3b92bebdd1/out/libferrisetw-b3144a3b92bebdd1.rlib
[INFO] [stdout]           
[INFO] [stdout]           rust-lld: error: undefined symbol: EnableTraceEx2
[INFO] [stdout]           >>> referenced by ferrisetw.cfcabc17c5355a85-cgu.6
[INFO] [stdout]           >>>               ferrisetw-b3144a3b92bebdd1.ferrisetw.cfcabc17c5355a85-cgu.6.rcgu.o:(ferrisetw::native::evntrace::enable_provider) in archive /opt/rustwide/target/release/build/ferrisetw/b3144a3b92bebdd1/out/libferrisetw-b3144a3b92bebdd1.rlib
[INFO] [stdout]           
[INFO] [stdout]           rust-lld: error: undefined symbol: CoCreateGuid
[INFO] [stdout]           >>> referenced by windows_core.53974dba4e58975c-cgu.3
[INFO] [stdout]           >>>               windows_core-74117f3cbd0c54df.windows_core.53974dba4e58975c-cgu.3.rcgu.o:(<windows_core::guid::GUID>::new) in archive /opt/rustwide/target/release/build/windows-core/74117f3cbd0c54df/out/libwindows_core-74117f3cbd0c54df.rlib
[INFO] [stdout]           
[INFO] [stdout]           rust-lld: error: undefined symbol: GetErrorInfo
[INFO] [stdout]           >>> referenced by windows_result.bf19725ae49bccb9-cgu.0
[INFO] [stdout]           >>>               windows_result-23fcdfad3ab2fb9f.windows_result.bf19725ae49bccb9-cgu.0.rcgu.o:(<windows_result::error::Error as core::convert::From<windows_result::hresult::HRESULT>>::from) in archive /opt/rustwide/target/release/build/windows-result/23fcdfad3ab2fb9f/out/libwindows_result-23fcdfad3ab2fb9f.rlib
[INFO] [stdout]           collect2: error: ld returned 1 exit status
[INFO] [stdout]           
[INFO] [stdout] 
[INFO] [stdout] 
[INFO] [stderr] error: could not compile `ferrisetw` (test "trace_lifetime") due to 1 previous error
[INFO] [stdout] error: linking with `cc` failed: exit status: 1
[INFO] [stdout]   |
[INFO] [stdout]   = note:  "cc" "-m64" "/opt/rustwide/target/release/build/ferrisetw/59592afd765fa56c/out/rustcn8r4Uw/symbols.o" "<3 object files omitted>" "-Wl,--as-needed" "-Wl,-Bstatic" "<sysroot>/lib/rustlib/x86_64-unknown-linux-gnu/lib/{libtest-*,libgetopts-*,librustc_std_workspace_std-*}.rlib" "/opt/rustwide/target/release/build/log/75675781815c9662/out/liblog-75675781815c9662.rlib" "/opt/rustwide/target/release/build/rand/5d42da2297fbc975/out/librand-5d42da2297fbc975.rlib" "/opt/rustwide/target/release/build/rand_chacha/538d5274a19feed7/out/librand_chacha-538d5274a19feed7.rlib" "/opt/rustwide/target/release/build/ppv-lite86/2034385ac67de13d/out/libppv_lite86-2034385ac67de13d.rlib" "/opt/rustwide/target/release/build/rand_core/42c048e955f80abd/out/librand_core-42c048e955f80abd.rlib" "/opt/rustwide/target/release/build/getrandom/9dc8de02f9259e8a/out/libgetrandom-9dc8de02f9259e8a.rlib" "/opt/rustwide/target/release/build/libc/bbd410ac740d85c0/out/liblibc-bbd410ac740d85c0.rlib" "/opt/rustwide/target/release/build/cfg-if/193575a6b29a3ab9/out/libcfg_if-193575a6b29a3ab9.rlib" "/opt/rustwide/target/release/build/zerocopy/6eedea1feb7d1bad/out/libzerocopy-6eedea1feb7d1bad.rlib" "/opt/rustwide/target/release/build/byteorder/612182941aaee0f7/out/libbyteorder-612182941aaee0f7.rlib" "/opt/rustwide/target/release/build/once_cell/0ec5af3754429b30/out/libonce_cell-0ec5af3754429b30.rlib" "/opt/rustwide/target/release/build/windows/b8fa4ad639a722c1/out/libwindows-b8fa4ad639a722c1.rlib" "/opt/rustwide/target/release/build/windows-core/74117f3cbd0c54df/out/libwindows_core-74117f3cbd0c54df.rlib" "/opt/rustwide/target/release/build/windows-result/23fcdfad3ab2fb9f/out/libwindows_result-23fcdfad3ab2fb9f.rlib" "/opt/rustwide/target/release/build/windows-targets/5ced73415dd19125/out/libwindows_targets-5ced73415dd19125.rlib" "/opt/rustwide/target/release/build/widestring/15e63ae38c888216/out/libwidestring-15e63ae38c888216.rlib" "/opt/rustwide/target/release/build/num-traits/3334f73ee55e0d00/out/libnum_traits-3334f73ee55e0d00.rlib" "/opt/rustwide/target/release/build/bitflags/68973b8086863992/out/libbitflags-68973b8086863992.rlib" "/opt/rustwide/target/release/build/memoffset/eb32682ef5cbcf4e/out/libmemoffset-eb32682ef5cbcf4e.rlib" "<sysroot>/lib/rustlib/x86_64-unknown-linux-gnu/lib/{libstd-*,libpanic_unwind-*,libobject-*,libmemchr-*,libaddr2line-*,libgimli-*,libcfg_if-*,librustc_demangle-*,libstd_detect-*,libhashbrown-*,librustc_std_workspace_alloc-*,libminiz_oxide-*,libadler2-*,libunwind-*,liblibc-*,librustc_std_workspace_core-*,liballoc-*,libcore-*,libcompiler_builtins-*}.rlib" "-Wl,-Bdynamic" "-lc" "-lm" "-lrt" "-lpthread" "-lgcc_s" "-lutil" "-lrt" "-lpthread" "-lm" "-ldl" "-lc" "-L" "/opt/rustwide/target/release/build/ferrisetw/59592afd765fa56c/out/rustcn8r4Uw/raw-dylibs" "-B<sysroot>/lib/rustlib/x86_64-unknown-linux-gnu/bin/gcc-ld" "-fuse-ld=lld" "-Wl,--eh-frame-hdr" "-Wl,-z,noexecstack" "-L" "/opt/rustwide/cargo-home/registry/src/index.crates.io-1949cf8c6b5b557f/windows_x86_64_gnu-0.52.5/lib" "-L" "<sysroot>/lib/rustlib/x86_64-unknown-linux-gnu/lib" "-o" "/opt/rustwide/target/release/build/ferrisetw/59592afd765fa56c/out/ferrisetw-59592afd765fa56c" "-Wl,--gc-sections" "-pie" "-Wl,-z,relro,-z,now" "-Wl,-O1" "-Wl,--strip-debug" "-nodefaultlibs"
[INFO] [stdout]   = note: some arguments are omitted. use `--verbose` to show all linker arguments
[INFO] [stdout]   = note: rust-lld: error: undefined symbol: VerSetConditionMask
[INFO] [stdout]           >>> referenced by ferrisetw.40c04d5f9e82afbd-cgu.0
[INFO] [stdout]           >>>               /opt/rustwide/target/release/build/ferrisetw/59592afd765fa56c/out/ferrisetw-59592afd765fa56c.ferrisetw.40c04d5f9e82afbd-cgu.0.rcgu.o:(ferrisetw::native::version_helper::verify_system_version)
[INFO] [stdout]           
[INFO] [stdout]           rust-lld: error: undefined symbol: VerifyVersionInfoA
[INFO] [stdout]           >>> referenced by ferrisetw.40c04d5f9e82afbd-cgu.0
[INFO] [stdout]           >>>               /opt/rustwide/target/release/build/ferrisetw/59592afd765fa56c/out/ferrisetw-59592afd765fa56c.ferrisetw.40c04d5f9e82afbd-cgu.0.rcgu.o:(ferrisetw::native::version_helper::verify_system_version)
[INFO] [stdout]           
[INFO] [stdout]           rust-lld: error: undefined symbol: GetLastError
[INFO] [stdout]           >>> referenced by ferrisetw.40c04d5f9e82afbd-cgu.0
[INFO] [stdout]           >>>               /opt/rustwide/target/release/build/ferrisetw/59592afd765fa56c/out/ferrisetw-59592afd765fa56c.ferrisetw.40c04d5f9e82afbd-cgu.0.rcgu.o:(ferrisetw::native::version_helper::verify_system_version)
[INFO] [stdout]           >>> referenced by windows_result.bf19725ae49bccb9-cgu.0
[INFO] [stdout]           >>>               windows_result-23fcdfad3ab2fb9f.windows_result.bf19725ae49bccb9-cgu.0.rcgu.o:(<windows_result::error::Error>::from_win32) in archive /opt/rustwide/target/release/build/windows-result/23fcdfad3ab2fb9f/out/libwindows_result-23fcdfad3ab2fb9f.rlib
[INFO] [stdout]           
[INFO] [stdout]           rust-lld: error: undefined symbol: CoInitializeEx
[INFO] [stdout]           >>> referenced by ferrisetw.40c04d5f9e82afbd-cgu.1
[INFO] [stdout]           >>>               /opt/rustwide/target/release/build/ferrisetw/59592afd765fa56c/out/ferrisetw-59592afd765fa56c.ferrisetw.40c04d5f9e82afbd-cgu.1.rcgu.o:(ferrisetw::native::pla::get_provider_guid)
[INFO] [stdout]           
[INFO] [stdout]           rust-lld: error: undefined symbol: CoCreateInstance
[INFO] [stdout]           >>> referenced by ferrisetw.40c04d5f9e82afbd-cgu.1
[INFO] [stdout]           >>>               /opt/rustwide/target/release/build/ferrisetw/59592afd765fa56c/out/ferrisetw-59592afd765fa56c.ferrisetw.40c04d5f9e82afbd-cgu.1.rcgu.o:(ferrisetw::native::pla::get_provider_guid)
[INFO] [stdout]           
[INFO] [stdout]           rust-lld: error: undefined symbol: ConvertSidToStringSidA
[INFO] [stdout]           >>> referenced by ferrisetw.40c04d5f9e82afbd-cgu.1
[INFO] [stdout]           >>>               /opt/rustwide/target/release/build/ferrisetw/59592afd765fa56c/out/ferrisetw-59592afd765fa56c.ferrisetw.40c04d5f9e82afbd-cgu.1.rcgu.o:(ferrisetw::native::sddl::convert_sid_to_string)
[INFO] [stdout]           
[INFO] [stdout]           rust-lld: error: undefined symbol: LocalFree
[INFO] [stdout]           >>> referenced by ferrisetw.40c04d5f9e82afbd-cgu.1
[INFO] [stdout]           >>>               /opt/rustwide/target/release/build/ferrisetw/59592afd765fa56c/out/ferrisetw-59592afd765fa56c.ferrisetw.40c04d5f9e82afbd-cgu.1.rcgu.o:(ferrisetw::native::sddl::convert_sid_to_string)
[INFO] [stdout]           >>> referenced by ferrisetw.40c04d5f9e82afbd-cgu.1
[INFO] [stdout]           >>>               /opt/rustwide/target/release/build/ferrisetw/59592afd765fa56c/out/ferrisetw-59592afd765fa56c.ferrisetw.40c04d5f9e82afbd-cgu.1.rcgu.o:(ferrisetw::native::sddl::convert_sid_to_string)
[INFO] [stdout]           
[INFO] [stdout]           rust-lld: error: undefined symbol: SysStringLen
[INFO] [stdout]           >>> referenced by windows_core.53974dba4e58975c-cgu.1
[INFO] [stdout]           >>>               windows_core-74117f3cbd0c54df.windows_core.53974dba4e58975c-cgu.1.rcgu.o:(<windows_core::strings::bstr::BSTR>::as_wide) in archive /opt/rustwide/target/release/build/windows-core/74117f3cbd0c54df/out/libwindows_core-74117f3cbd0c54df.rlib
[INFO] [stdout]           >>> referenced by windows_result.bf19725ae49bccb9-cgu.0
[INFO] [stdout]           >>>               windows_result-23fcdfad3ab2fb9f.windows_result.bf19725ae49bccb9-cgu.0.rcgu.o:(<windows_result::error::Error>::message) in archive /opt/rustwide/target/release/build/windows-result/23fcdfad3ab2fb9f/out/libwindows_result-23fcdfad3ab2fb9f.rlib
[INFO] [stdout]           >>> referenced by windows_result.bf19725ae49bccb9-cgu.0
[INFO] [stdout]           >>>               windows_result-23fcdfad3ab2fb9f.windows_result.bf19725ae49bccb9-cgu.0.rcgu.o:(<windows_result::error::Error>::message) in archive /opt/rustwide/target/release/build/windows-result/23fcdfad3ab2fb9f/out/libwindows_result-23fcdfad3ab2fb9f.rlib
[INFO] [stdout]           >>> referenced 2 more times
[INFO] [stdout]           
[INFO] [stdout]           rust-lld: error: undefined symbol: VariantClear
[INFO] [stdout]           >>> referenced by windows_core.53974dba4e58975c-cgu.1
[INFO] [stdout]           >>>               windows_core-74117f3cbd0c54df.windows_core.53974dba4e58975c-cgu.1.rcgu.o:(<windows_core::variant::VARIANT as core::ops::drop::Drop>::drop) in archive /opt/rustwide/target/release/build/windows-core/74117f3cbd0c54df/out/libwindows_core-74117f3cbd0c54df.rlib
[INFO] [stdout]           
[INFO] [stdout]           rust-lld: error: undefined symbol: SysFreeString
[INFO] [stdout]           >>> referenced by windows_core.53974dba4e58975c-cgu.1
[INFO] [stdout]           >>>               windows_core-74117f3cbd0c54df.windows_core.53974dba4e58975c-cgu.1.rcgu.o:(<windows_core::strings::bstr::BSTR as core::ops::drop::Drop>::drop) in archive /opt/rustwide/target/release/build/windows-core/74117f3cbd0c54df/out/libwindows_core-74117f3cbd0c54df.rlib
[INFO] [stdout]           >>> referenced by windows_result.bf19725ae49bccb9-cgu.0
[INFO] [stdout]           >>>               windows_result-23fcdfad3ab2fb9f.windows_result.bf19725ae49bccb9-cgu.0.rcgu.o:(<windows_result::error::Error>::message) in archive /opt/rustwide/target/release/build/windows-result/23fcdfad3ab2fb9f/out/libwindows_result-23fcdfad3ab2fb9f.rlib
[INFO] [stdout]           >>> referenced by windows_result.bf19725ae49bccb9-cgu.0
[INFO] [stdout]           >>>               windows_result-23fcdfad3ab2fb9f.windows_result.bf19725ae49bccb9-cgu.0.rcgu.o:(<windows_result::error::Error>::message) in archive /opt/rustwide/target/release/build/windows-result/23fcdfad3ab2fb9f/out/libwindows_result-23fcdfad3ab2fb9f.rlib
[INFO] [stdout]           >>> referenced 3 more times
[INFO] [stdout]           
[INFO] [stdout]           rust-lld: error: undefined symbol: GetProcessHeap
[INFO] [stdout]           >>> referenced by windows_result.bf19725ae49bccb9-cgu.0
[INFO] [stdout]           >>>               windows_result-23fcdfad3ab2fb9f.windows_result.bf19725ae49bccb9-cgu.0.rcgu.o:(core::ptr::drop_glue::<windows_result::strings::HeapString>) in archive /opt/rustwide/target/release/build/windows-result/23fcdfad3ab2fb9f/out/libwindows_result-23fcdfad3ab2fb9f.rlib
[INFO] [stdout]           >>> referenced by windows_result.bf19725ae49bccb9-cgu.0
[INFO] [stdout]           >>>               windows_result-23fcdfad3ab2fb9f.windows_result.bf19725ae49bccb9-cgu.0.rcgu.o:(<windows_result::hresult::HRESULT>::message) in archive /opt/rustwide/target/release/build/windows-result/23fcdfad3ab2fb9f/out/libwindows_result-23fcdfad3ab2fb9f.rlib
[INFO] [stdout]           
[INFO] [stdout]           rust-lld: error: undefined symbol: HeapFree
[INFO] [stdout]           >>> referenced by windows_result.bf19725ae49bccb9-cgu.0
[INFO] [stdout]           >>>               windows_result-23fcdfad3ab2fb9f.windows_result.bf19725ae49bccb9-cgu.0.rcgu.o:(core::ptr::drop_glue::<windows_result::strings::HeapString>) in archive /opt/rustwide/target/release/build/windows-result/23fcdfad3ab2fb9f/out/libwindows_result-23fcdfad3ab2fb9f.rlib
[INFO] [stdout]           >>> referenced by windows_result.bf19725ae49bccb9-cgu.0
[INFO] [stdout]           >>>               windows_result-23fcdfad3ab2fb9f.windows_result.bf19725ae49bccb9-cgu.0.rcgu.o:(<windows_result::hresult::HRESULT>::message) in archive /opt/rustwide/target/release/build/windows-result/23fcdfad3ab2fb9f/out/libwindows_result-23fcdfad3ab2fb9f.rlib
[INFO] [stdout]           
[INFO] [stdout]           rust-lld: error: undefined symbol: LoadLibraryExA
[INFO] [stdout]           >>> referenced by windows_result.bf19725ae49bccb9-cgu.0
[INFO] [stdout]           >>>               windows_result-23fcdfad3ab2fb9f.windows_result.bf19725ae49bccb9-cgu.0.rcgu.o:(<windows_result::hresult::HRESULT>::message) in archive /opt/rustwide/target/release/build/windows-result/23fcdfad3ab2fb9f/out/libwindows_result-23fcdfad3ab2fb9f.rlib
[INFO] [stdout]           
[INFO] [stdout]           rust-lld: error: undefined symbol: FormatMessageW
[INFO] [stdout]           >>> referenced by windows_result.bf19725ae49bccb9-cgu.0
[INFO] [stdout]           >>>               windows_result-23fcdfad3ab2fb9f.windows_result.bf19725ae49bccb9-cgu.0.rcgu.o:(<windows_result::hresult::HRESULT>::message) in archive /opt/rustwide/target/release/build/windows-result/23fcdfad3ab2fb9f/out/libwindows_result-23fcdfad3ab2fb9f.rlib
[INFO] [stdout]           
[INFO] [stdout]           rust-lld: error: undefined symbol: GetErrorInfo
[INFO] [stdout]           >>> referenced by windows_result.bf19725ae49bccb9-cgu.0
[INFO] [stdout]           >>>               windows_result-23fcdfad3ab2fb9f.windows_result.bf19725ae49bccb9-cgu.0.rcgu.o:(<windows_result::error::Error as core::convert::From<windows_result::hresult::HRESULT>>::from) in archive /opt/rustwide/target/release/build/windows-result/23fcdfad3ab2fb9f/out/libwindows_result-23fcdfad3ab2fb9f.rlib
[INFO] [stdout]           collect2: error: ld returned 1 exit status
[INFO] [stdout]           
[INFO] [stdout] 
[INFO] [stdout] 
[INFO] [stderr] error: could not compile `ferrisetw` (lib test) due to 1 previous error; 4 warnings emitted
[INFO] [stderr] warning: unused dependency `num`
[INFO] [stderr]   --> Cargo.toml:10:15
[INFO] [stderr]    |
[INFO] [stderr] 10 | [dependencies.num]
[INFO] [stderr]    |               ^^^^
[INFO] [stderr]    |
[INFO] [stderr]    = note: `cargo::unused_dependencies` is set to `warn` by default
[INFO] [stderr] help: consider removing the dependency on `num`
[INFO] [stderr] warning: `ferrisetw` (manifest) generated 1 warning
[INFO] running `Command { std: "docker" "inspect" "d33912a4699c8d2c5ef69b4ce5c444bc02fb2848f60cce022d50ba2b9c86c73a", kill_on_drop: false }`
[INFO] running `Command { std: "docker" "rm" "-f" "d33912a4699c8d2c5ef69b4ce5c444bc02fb2848f60cce022d50ba2b9c86c73a", kill_on_drop: false }`
[INFO] [stdout] d33912a4699c8d2c5ef69b4ce5c444bc02fb2848f60cce022d50ba2b9c86c73a
