[INFO] fetching crate ferrin-policy 0.2.0...
[INFO] testing ferrin-policy-0.2.0 against 1.100.0-beta.1+cargoflags=--release for beta-release-1.100-2
[INFO] extracting crate ferrin-policy 0.2.0 into /workspace/builds/worker-4-tc2/source
[INFO] started tweaking crates.io crate ferrin-policy 0.2.0
[INFO] removed 0 missing tests
[INFO] finished tweaking crates.io crate ferrin-policy 0.2.0
[INFO] tweaked toml for crates.io crate ferrin-policy 0.2.0 written to /workspace/builds/worker-4-tc2/source/Cargo.toml
[INFO] validating manifest of crates.io crate ferrin-policy 0.2.0 on toolchain 1.100.0-beta.1
[INFO] running `Command { std: CARGO_HOME="/workspace/cargo-home" RUSTUP_HOME="/workspace/rustup-home" "/workspace/cargo-home/bin/cargo" "+1.100.0-beta.1" "metadata" "--manifest-path" "Cargo.toml" "--no-deps", kill_on_drop: false }`
[INFO] crate crates.io crate ferrin-policy 0.2.0 already has a lockfile, it will not be regenerated
[INFO] running `Command { std: CARGO_HOME="/workspace/cargo-home" RUSTUP_HOME="/workspace/rustup-home" "/workspace/cargo-home/bin/cargo" "+1.100.0-beta.1" "fetch" "--manifest-path" "Cargo.toml", kill_on_drop: false }`
[INFO] running `Command { std: "docker" "create" "-v" "/var/lib/crater-agent-workspace/builds/worker-4-tc2/source:/opt/rustwide/workdir:ro,Z" "-v" "/var/lib/crater-agent-workspace/builds/worker-4-tc2/target:/opt/rustwide/target:rw,Z" "-v" "/var/lib/crater-agent-workspace/cargo-home:/opt/rustwide/cargo-home:ro,Z" "-v" "/var/lib/crater-agent-workspace/rustup-home:/opt/rustwide/rustup-home:ro,Z" "-m" "1610612736" "--network" "none" "ghcr.io/rust-lang/crates-build-env/linux@sha256:77db811e55d90add9212f6832c23229e3de5f1c1f9905e8cb07319ea15df73ac" "sleep" "infinity", kill_on_drop: false }`
[INFO] [stdout] 7116fd88f507bfa9ce1ccae4d9494ab669ee865f889716ed1297f84db6b8595a
[INFO] running `Command { std: "docker" "start" "7116fd88f507bfa9ce1ccae4d9494ab669ee865f889716ed1297f84db6b8595a", kill_on_drop: false }`
[INFO] running `Command { std: "docker" "inspect" "7116fd88f507bfa9ce1ccae4d9494ab669ee865f889716ed1297f84db6b8595a", kill_on_drop: false }`
[INFO] running `Command { std: "docker" "exec" "-e" "SOURCE_DIR=/opt/rustwide/workdir" "-e" "CARGO_HOME=/opt/rustwide/cargo-home" "-e" "RUSTUP_HOME=/opt/rustwide/rustup-home" "-e" "CARGO_TARGET_DIR=/opt/rustwide/target" "-w" "/opt/rustwide/workdir" "--user" "0:0" "7116fd88f507bfa9ce1ccae4d9494ab669ee865f889716ed1297f84db6b8595a" "/opt/rustwide/cargo-home/bin/cargo" "+1.100.0-beta.1" "metadata" "--no-deps" "--format-version=1", kill_on_drop: false }`
[INFO] running `Command { std: "docker" "inspect" "7116fd88f507bfa9ce1ccae4d9494ab669ee865f889716ed1297f84db6b8595a", kill_on_drop: false }`
[INFO] running `Command { std: "docker" "exec" "-e" "SOURCE_DIR=/opt/rustwide/workdir" "-e" "CARGO_HOME=/opt/rustwide/cargo-home" "-e" "RUSTUP_HOME=/opt/rustwide/rustup-home" "-e" "CARGO_TARGET_DIR=/opt/rustwide/target" "-e" "CARGO_INCREMENTAL=0" "-e" "RUST_BACKTRACE=full" "-e" "RUSTFLAGS=--cap-lints=warn" "-e" "RUSTDOCFLAGS=--cap-lints=warn" "-w" "/opt/rustwide/workdir" "--user" "0:0" "7116fd88f507bfa9ce1ccae4d9494ab669ee865f889716ed1297f84db6b8595a" "/opt/rustwide/cargo-home/bin/cargo" "+1.100.0-beta.1" "build" "--frozen" "--message-format=json" "--release", kill_on_drop: false }`
[INFO] [stderr]    Compiling syn v3.0.5
[INFO] [stderr]    Compiling indexmap v2.14.2
[INFO] [stderr]    Compiling serde_json v1.0.151
[INFO] [stderr]    Compiling cc v1.4.5
[INFO] [stderr]    Compiling regex-automata v0.4.18
[INFO] [stderr]    Compiling futures-util v0.3.34
[INFO] [stderr]    Compiling tracing v0.1.44
[INFO] [stderr]    Compiling getrandom v0.3.4
[INFO] [stderr]    Compiling parking_lot_core v0.9.12
[INFO] [stderr]    Compiling futures-channel v0.3.34
[INFO] [stderr]    Compiling ctutils v0.4.2
[INFO] [stderr]    Compiling strum_macros v0.28.0
[INFO] [stderr]    Compiling jsonschema-regex v0.56.0
[INFO] [stderr]    Compiling getrandom v0.4.3
[INFO] [stderr]    Compiling chacha20 v0.10.2
[INFO] [stderr]    Compiling secrecy v0.10.3
[INFO] [stderr]    Compiling parking_lot v0.12.5
[INFO] [stderr]    Compiling rand v0.10.2
[INFO] [stderr]    Compiling digest v0.11.3
[INFO] [stderr]    Compiling sha2 v0.11.0
[INFO] [stderr]    Compiling hmac v0.13.0
[INFO] [stderr]    Compiling strum v0.28.0
[INFO] [stderr]    Compiling cmake v0.1.58
[INFO] [stderr]    Compiling aws-lc-sys v0.45.0
[INFO] [stderr]    Compiling serde_derive_internals v0.30.0
[INFO] [stderr]    Compiling regex v1.13.1
[INFO] [stderr]    Compiling fancy-regex v0.19.1
[INFO] [stderr]    Compiling zerovec-derive v0.11.6
[INFO] [stderr]    Compiling displaydoc v0.2.7
[INFO] [stderr]    Compiling serde_derive v1.0.229
[INFO] [stderr]    Compiling tokio-macros v2.7.2
[INFO] [stderr]    Compiling ref-cast-impl v1.0.27
[INFO] [stderr]    Compiling thiserror-impl v2.0.20
[INFO] [stderr]    Compiling schemars_derive v1.2.2
[INFO] [stderr]    Compiling zerotrie v0.2.5
[INFO] [stderr]    Compiling ref-cast v1.0.27
[INFO] [stderr]    Compiling tokio v1.53.1
[INFO] [stderr]    Compiling zerovec v0.11.8
[INFO] [stderr]    Compiling thiserror v2.0.20
[INFO] [stderr]    Compiling tinystr v0.8.4
[INFO] [stderr]    Compiling potential_utf v0.1.6
[INFO] [stderr]    Compiling icu_locale_core v2.3.0
[INFO] [stderr]    Compiling icu_collections v2.3.0
[INFO] [stderr]    Compiling serde v1.0.229
[INFO] [stderr]    Compiling chrono v0.4.45
[INFO] [stderr]    Compiling ahash v0.8.12
[INFO] [stderr]    Compiling fluent-uri v0.4.1
[INFO] [stderr]    Compiling email_address v0.2.9
[INFO] [stderr]    Compiling jsonschema-value v0.56.0
[INFO] [stderr]    Compiling icu_provider v2.3.1
[INFO] [stderr]    Compiling schemars v1.2.2
[INFO] [stderr]    Compiling icu_normalizer v2.3.0
[INFO] [stderr]    Compiling icu_properties v2.3.0
[INFO] [stderr]    Compiling referencing v0.56.0
[INFO] [stderr]    Compiling jsonschema v0.56.0
[INFO] [stderr]    Compiling idna_adapter v1.2.2
[INFO] [stderr]    Compiling idna v1.1.0
[INFO] [stderr]    Compiling tokio-util v0.7.19
[INFO] [stderr]    Compiling tower v0.5.3
[INFO] [stderr]    Compiling tokio-stream v0.1.19
[INFO] [stderr]    Compiling url v2.5.8
[INFO] [stderr]    Compiling h2 v0.4.19
[INFO] [stderr]    Compiling ferrin-spec v0.2.0
[INFO] [stderr]    Compiling tower-http v0.6.11
[INFO] [stderr]    Compiling hyper v1.11.1
[INFO] [stderr]    Compiling hyper-util v0.1.20
[INFO] [stderr]    Compiling ferrin-message v0.2.0
[INFO] [stderr]    Compiling ferrin-schema v0.2.0
[INFO] [stderr]    Compiling ferrin-tool v0.2.0
[INFO] [stderr]    Compiling aws-lc-rs v1.18.1
[INFO] [stderr]    Compiling rustls v0.23.45
[INFO] [stderr]    Compiling rustls-webpki v0.103.15
[INFO] [stderr]    Compiling tokio-rustls v0.26.5
[INFO] [stderr]    Compiling rustls-platform-verifier v0.7.0
[INFO] [stderr]    Compiling hyper-rustls v0.27.9
[INFO] [stderr]    Compiling reqwest v0.13.5
[INFO] [stderr]    Compiling ferrin-provider-util v0.2.0
[INFO] [stderr]    Compiling ferrin-core v0.2.0
[INFO] [stderr]    Compiling ferrin-policy v0.2.0 (/opt/rustwide/workdir)
[INFO] [stderr]     Finished `release` profile [optimized] target(s) in 3m 52s
[INFO] running `Command { std: "docker" "inspect" "7116fd88f507bfa9ce1ccae4d9494ab669ee865f889716ed1297f84db6b8595a", kill_on_drop: false }`
[INFO] running `Command { std: "docker" "exec" "-e" "SOURCE_DIR=/opt/rustwide/workdir" "-e" "CARGO_HOME=/opt/rustwide/cargo-home" "-e" "RUSTUP_HOME=/opt/rustwide/rustup-home" "-e" "CARGO_TARGET_DIR=/opt/rustwide/target" "-e" "CARGO_INCREMENTAL=0" "-e" "RUST_BACKTRACE=full" "-e" "RUSTFLAGS=--cap-lints=warn" "-e" "RUSTDOCFLAGS=--cap-lints=warn" "-w" "/opt/rustwide/workdir" "--user" "0:0" "7116fd88f507bfa9ce1ccae4d9494ab669ee865f889716ed1297f84db6b8595a" "/opt/rustwide/cargo-home/bin/cargo" "+1.100.0-beta.1" "test" "--frozen" "--no-run" "--message-format=json" "--release", kill_on_drop: false }`
[INFO] [stderr]    Compiling tokio v1.53.1
[INFO] [stderr]    Compiling tokio-util v0.7.19
[INFO] [stderr]    Compiling tokio-rustls v0.26.5
[INFO] [stderr]    Compiling tower v0.5.3
[INFO] [stderr]    Compiling tokio-stream v0.1.19
[INFO] [stderr]    Compiling tower-http v0.6.11
[INFO] [stderr]    Compiling h2 v0.4.19
[INFO] [stderr]    Compiling ferrin-spec v0.2.0
[INFO] [stderr]    Compiling hyper v1.11.1
[INFO] [stderr]    Compiling hyper-util v0.1.20
[INFO] [stderr]    Compiling ferrin-message v0.2.0
[INFO] [stderr]    Compiling ferrin-schema v0.2.0
[INFO] [stderr]    Compiling hyper-rustls v0.27.9
[INFO] [stderr]    Compiling reqwest v0.13.5
[INFO] [stderr]    Compiling ferrin-tool v0.2.0
[INFO] [stderr]    Compiling ferrin-provider-util v0.2.0
[INFO] [stderr]    Compiling ferrin-core v0.2.0
[INFO] [stderr]    Compiling ferrin-policy v0.2.0 (/opt/rustwide/workdir)
[INFO] [stdout] error[E0432]: unresolved import `ferrin_testing`
[INFO] [stdout]   --> tests/suite/approval.rs:23:5
[INFO] [stdout]    |
[INFO] [stdout] 23 | use ferrin_testing::MockLanguageModel;
[INFO] [stdout]    |     ^^^^^^^^^^^^^^ use of unresolved module or unlinked crate `ferrin_testing`
[INFO] [stdout]    |
[INFO] [stdout]    = help: if you wanted to use a crate named `ferrin_testing`, use `cargo add ferrin_testing` to add it to your `Cargo.toml`
[INFO] [stdout] 
[INFO] [stdout] 
[INFO] [stdout] error[E0432]: unresolved import `ferrin_testing`
[INFO] [stdout]   --> tests/suite/capability.rs:18:5
[INFO] [stdout]    |
[INFO] [stdout] 18 | use ferrin_testing::MockLanguageModel;
[INFO] [stdout]    |     ^^^^^^^^^^^^^^ use of unresolved module or unlinked crate `ferrin_testing`
[INFO] [stdout]    |
[INFO] [stdout]    = help: if you wanted to use a crate named `ferrin_testing`, use `cargo add ferrin_testing` to add it to your `Cargo.toml`
[INFO] [stdout] 
[INFO] [stdout] 
[INFO] [stdout] error[E0432]: unresolved import `ferrin_testing`
[INFO] [stdout]   --> tests/suite/capability_execution.rs:21:5
[INFO] [stdout]    |
[INFO] [stdout] 21 | use ferrin_testing::MockLanguageModel;
[INFO] [stdout]    |     ^^^^^^^^^^^^^^ use of unresolved module or unlinked crate `ferrin_testing`
[INFO] [stdout]    |
[INFO] [stdout]    = help: if you wanted to use a crate named `ferrin_testing`, use `cargo add ferrin_testing` to add it to your `Cargo.toml`
[INFO] [stdout] 
[INFO] [stdout] 
[INFO] [stdout] error[E0432]: unresolved import `ferrin_testing`
[INFO] [stdout]   --> tests/suite/http.rs:10:5
[INFO] [stdout]    |
[INFO] [stdout] 10 | use ferrin_testing::Fixture;
[INFO] [stdout]    |     ^^^^^^^^^^^^^^ use of unresolved module or unlinked crate `ferrin_testing`
[INFO] [stdout]    |
[INFO] [stdout]    = help: if you wanted to use a crate named `ferrin_testing`, use `cargo add ferrin_testing` to add it to your `Cargo.toml`
[INFO] [stdout] 
[INFO] [stdout] 
[INFO] [stdout] error[E0432]: unresolved import `ferrin_testing`
[INFO] [stdout]   --> tests/suite/http.rs:11:5
[INFO] [stdout]    |
[INFO] [stdout] 11 | use ferrin_testing::FixtureServer;
[INFO] [stdout]    |     ^^^^^^^^^^^^^^ use of unresolved module or unlinked crate `ferrin_testing`
[INFO] [stdout]    |
[INFO] [stdout]    = help: if you wanted to use a crate named `ferrin_testing`, use `cargo add ferrin_testing` to add it to your `Cargo.toml`
[INFO] [stdout] 
[INFO] [stdout] 
[INFO] [stdout] error[E0433]: cannot find module or crate `ferrin_testing` in this scope
[INFO] [stdout]    --> tests/suite/capability_execution.rs:240:25
[INFO] [stdout]     |
[INFO] [stdout] 240 |         .generate_error(ferrin_testing::api_call_error(
[INFO] [stdout]     |                         ^^^^^^^^^^^^^^ use of unresolved module or unlinked crate `ferrin_testing`
[INFO] [stdout]     |
[INFO] [stdout]     = help: if you wanted to use a crate named `ferrin_testing`, use `cargo add ferrin_testing` to add it to your `Cargo.toml`
[INFO] [stdout] 
[INFO] [stdout] 
[INFO] [stdout] error[E0433]: cannot find module or crate `ferrin_testing` in this scope
[INFO] [stdout]    --> tests/suite/capability_execution.rs:248:23
[INFO] [stdout]     |
[INFO] [stdout] 248 |         .stream_error(ferrin_testing::api_call_error(
[INFO] [stdout]     |                       ^^^^^^^^^^^^^^ use of unresolved module or unlinked crate `ferrin_testing`
[INFO] [stdout]     |
[INFO] [stdout]     = help: if you wanted to use a crate named `ferrin_testing`, use `cargo add ferrin_testing` to add it to your `Cargo.toml`
[INFO] [stdout] 
[INFO] [stdout] 
[INFO] [stdout] Some errors have detailed explanations: E0432, E0433.
[INFO] [stdout] 
[INFO] [stdout] For more information about an error, try `rustc --explain E0432`.
[INFO] [stdout] 
[INFO] [stderr] error: could not compile `ferrin-policy` (test "all") due to 7 previous errors
[INFO] running `Command { std: "docker" "inspect" "7116fd88f507bfa9ce1ccae4d9494ab669ee865f889716ed1297f84db6b8595a", kill_on_drop: false }`
[INFO] running `Command { std: "docker" "rm" "-f" "7116fd88f507bfa9ce1ccae4d9494ab669ee865f889716ed1297f84db6b8595a", kill_on_drop: false }`
[INFO] [stdout] 7116fd88f507bfa9ce1ccae4d9494ab669ee865f889716ed1297f84db6b8595a
