[INFO] fetching crate ferric-llama 0.3.0...
[INFO] testing ferric-llama-0.3.0 against 1.100.0-beta.1+cargoflags=--release for beta-release-1.100-2
[INFO] extracting crate ferric-llama 0.3.0 into /workspace/builds/worker-0-tc2/source
[INFO] started tweaking crates.io crate ferric-llama 0.3.0
[INFO] removed 0 missing examples
[INFO] finished tweaking crates.io crate ferric-llama 0.3.0
[INFO] tweaked toml for crates.io crate ferric-llama 0.3.0 written to /workspace/builds/worker-0-tc2/source/Cargo.toml
[INFO] validating manifest of crates.io crate ferric-llama 0.3.0 on toolchain 1.100.0-beta.1
[INFO] running `Command { std: CARGO_HOME="/workspace/cargo-home" RUSTUP_HOME="/workspace/rustup-home" "/workspace/cargo-home/bin/cargo" "+1.100.0-beta.1" "metadata" "--manifest-path" "Cargo.toml" "--no-deps", kill_on_drop: false }`
[INFO] crate crates.io crate ferric-llama 0.3.0 already has a lockfile, it will not be regenerated
[INFO] running `Command { std: CARGO_HOME="/workspace/cargo-home" RUSTUP_HOME="/workspace/rustup-home" "/workspace/cargo-home/bin/cargo" "+1.100.0-beta.1" "fetch" "--manifest-path" "Cargo.toml", kill_on_drop: false }`
[INFO] running `Command { std: "docker" "create" "-v" "/var/lib/crater-agent-workspace/builds/worker-0-tc2/source:/opt/rustwide/workdir:ro,Z" "-v" "/var/lib/crater-agent-workspace/builds/worker-0-tc2/target:/opt/rustwide/target:rw,Z" "-v" "/var/lib/crater-agent-workspace/cargo-home:/opt/rustwide/cargo-home:ro,Z" "-v" "/var/lib/crater-agent-workspace/rustup-home:/opt/rustwide/rustup-home:ro,Z" "-m" "1610612736" "--network" "none" "ghcr.io/rust-lang/crates-build-env/linux@sha256:77db811e55d90add9212f6832c23229e3de5f1c1f9905e8cb07319ea15df73ac" "sleep" "infinity", kill_on_drop: false }`
[INFO] [stdout] be4198fb9a6dff1826f9e1c87f9a39617cd7dc1c28af007c62301ce093c5842d
[INFO] running `Command { std: "docker" "start" "be4198fb9a6dff1826f9e1c87f9a39617cd7dc1c28af007c62301ce093c5842d", kill_on_drop: false }`
[INFO] running `Command { std: "docker" "inspect" "be4198fb9a6dff1826f9e1c87f9a39617cd7dc1c28af007c62301ce093c5842d", kill_on_drop: false }`
[INFO] running `Command { std: "docker" "exec" "-e" "SOURCE_DIR=/opt/rustwide/workdir" "-e" "CARGO_HOME=/opt/rustwide/cargo-home" "-e" "RUSTUP_HOME=/opt/rustwide/rustup-home" "-e" "CARGO_TARGET_DIR=/opt/rustwide/target" "-w" "/opt/rustwide/workdir" "--user" "0:0" "be4198fb9a6dff1826f9e1c87f9a39617cd7dc1c28af007c62301ce093c5842d" "/opt/rustwide/cargo-home/bin/cargo" "+1.100.0-beta.1" "metadata" "--no-deps" "--format-version=1", kill_on_drop: false }`
[INFO] running `Command { std: "docker" "inspect" "be4198fb9a6dff1826f9e1c87f9a39617cd7dc1c28af007c62301ce093c5842d", kill_on_drop: false }`
[INFO] running `Command { std: "docker" "exec" "-e" "SOURCE_DIR=/opt/rustwide/workdir" "-e" "CARGO_HOME=/opt/rustwide/cargo-home" "-e" "RUSTUP_HOME=/opt/rustwide/rustup-home" "-e" "CARGO_TARGET_DIR=/opt/rustwide/target" "-e" "CARGO_INCREMENTAL=0" "-e" "RUST_BACKTRACE=full" "-e" "RUSTFLAGS=--cap-lints=warn" "-e" "RUSTDOCFLAGS=--cap-lints=warn" "-w" "/opt/rustwide/workdir" "--user" "0:0" "be4198fb9a6dff1826f9e1c87f9a39617cd7dc1c28af007c62301ce093c5842d" "/opt/rustwide/cargo-home/bin/cargo" "+1.100.0-beta.1" "build" "--frozen" "--message-format=json" "--release", kill_on_drop: false }`
[INFO] [stderr]    Compiling rustc-hash v1.1.0
[INFO] [stderr]    Compiling num-traits v0.2.19
[INFO] [stderr]    Compiling thiserror v2.0.18
[INFO] [stderr]    Compiling libloading v0.8.9
[INFO] [stderr]    Compiling hashbrown v0.17.1
[INFO] [stderr]    Compiling naga v30.0.0
[INFO] [stderr]    Compiling ash v0.38.0+1.3.281
[INFO] [stderr]    Compiling bit-vec v0.9.1
[INFO] [stderr]    Compiling codespan-reporting v0.13.1
[INFO] [stderr]    Compiling wayland-sys v0.31.11
[INFO] [stderr]    Compiling spirv v0.4.0+sdk-1.4.341.0
[INFO] [stderr]    Compiling raw-window-handle v0.6.2
[INFO] [stderr]    Compiling syn v2.0.118
[INFO] [stderr]    Compiling arrayvec v0.7.8
[INFO] [stderr]    Compiling khronos-egl v6.0.0
[INFO] [stderr]    Compiling smallvec v1.15.2
[INFO] [stderr]    Compiling hashbrown v0.16.1
[INFO] [stderr]    Compiling dlib v0.5.3
[INFO] [stderr]    Compiling wgpu-hal v30.0.0
[INFO] [stderr]    Compiling presser v0.3.1
[INFO] [stderr]    Compiling glow v0.17.0
[INFO] [stderr]    Compiling bit-set v0.10.0
[INFO] [stderr]    Compiling renderdoc-sys v1.1.0
[INFO] [stderr]    Compiling profiling v1.0.18
[INFO] [stderr]    Compiling wgpu-core v30.0.0
[INFO] [stderr]    Compiling parking_lot_core v0.9.12
[INFO] [stderr]    Compiling litrs v1.0.0
[INFO] [stderr]    Compiling wgpu v30.0.0
[INFO] [stderr]    Compiling parking_lot v0.12.5
[INFO] [stderr]    Compiling serde_core v1.0.228
[INFO] [stderr]    Compiling spin v0.9.8
[INFO] [stderr]    Compiling futures-core v0.3.32
[INFO] [stderr]    Compiling fastrand v2.4.1
[INFO] [stderr]    Compiling futures-sink v0.3.32
[INFO] [stderr]    Compiling pollster v1.0.1
[INFO] [stderr]    Compiling ferric-tier v0.3.0
[INFO] [stderr]    Compiling ferric-joule v0.3.0
[INFO] [stderr]    Compiling ferric-kv v0.3.0
[INFO] [stderr]    Compiling document-features v0.2.12
[INFO] [stderr]    Compiling flume v0.12.0
[INFO] [stderr]    Compiling indexmap v2.14.0
[INFO] [stderr]    Compiling ordered-float v5.3.0
[INFO] [stderr]    Compiling zerocopy-derive v0.8.54
[INFO] [stderr]    Compiling thiserror-impl v2.0.18
[INFO] [stderr]    Compiling bytemuck_derive v1.11.0
[INFO] [stderr]    Compiling serde_json v1.0.150
[INFO] [stderr]    Compiling naga-types v30.0.0
[INFO] [stderr]    Compiling bytemuck v1.25.1
[INFO] [stderr]    Compiling wgpu-types v30.0.0
[INFO] [stderr]    Compiling zerocopy v0.8.54
[INFO] [stderr]    Compiling half v2.7.1
[INFO] [stderr]    Compiling ferric-gguf v0.3.0
[INFO] [stderr]    Compiling ferric-load v0.3.0
[INFO] [stderr]    Compiling gpu-allocator v0.28.0
[INFO] [stderr]    Compiling wgpu-naga-bridge v30.0.0
[INFO] [stderr]    Compiling wgpu-core-deps-windows-linux-android v30.0.0
[INFO] [stderr]    Compiling ferric-core v0.3.0
[INFO] [stderr]    Compiling ferric-tensor v0.3.0
[INFO] [stderr]    Compiling ferric-llama v0.3.0 (/opt/rustwide/workdir)
[INFO] [stdout] warning: variable does not need to be mutable
[INFO] [stdout]    --> src/qwen3.rs:658:13
[INFO] [stdout]     |
[INFO] [stdout] 658 |         let mut out;
[INFO] [stdout]     |             ----^^^
[INFO] [stdout]     |             |
[INFO] [stdout]     |             help: remove this `mut`
[INFO] [stdout]     |
[INFO] [stdout]     = note: `#[warn(unused_mut)]` (part of `#[warn(unused)]`) on by default
[INFO] [stdout] 
[INFO] [stdout] 
[INFO] [stdout] warning: type `Proj` is more private than the item `AttnW::wqkv`
[INFO] [stdout]    --> src/qwen35.rs:147:5
[INFO] [stdout]     |
[INFO] [stdout] 147 |     pub wqkv: Proj, // wq | wk | wv stacked: one matmul, then split by q_out/k_out
[INFO] [stdout]     |     ^^^^^^^^^^^^^^ field `AttnW::wqkv` is reachable at visibility `pub`
[INFO] [stdout]     |
[INFO] [stdout] note: but type `Proj` is only usable at visibility `pub(crate)`
[INFO] [stdout]    --> src/qwen3.rs:149:1
[INFO] [stdout]     |
[INFO] [stdout] 149 | pub(crate) enum Proj {
[INFO] [stdout]     | ^^^^^^^^^^^^^^^^^^^^
[INFO] [stdout]     = note: `#[warn(private_interfaces)]` on by default
[INFO] [stdout] 
[INFO] [stdout] 
[INFO] [stdout] warning: type `Proj` is more private than the item `GdnW::in_proj`
[INFO] [stdout]    --> src/qwen35.rs:158:5
[INFO] [stdout]     |
[INFO] [stdout] 158 |     pub in_proj: Proj,
[INFO] [stdout]     |     ^^^^^^^^^^^^^^^^^ field `GdnW::in_proj` is reachable at visibility `pub`
[INFO] [stdout]     |
[INFO] [stdout] note: but type `Proj` is only usable at visibility `pub(crate)`
[INFO] [stdout]    --> src/qwen3.rs:149:1
[INFO] [stdout]     |
[INFO] [stdout] 149 | pub(crate) enum Proj {
[INFO] [stdout]     | ^^^^^^^^^^^^^^^^^^^^
[INFO] [stdout] 
[INFO] [stdout] 
[INFO] [stdout] warning: type `Proj` is more private than the item `Ffn::Dense::gate_up`
[INFO] [stdout]    --> src/qwen35.rs:266:13
[INFO] [stdout]     |
[INFO] [stdout] 266 |     Dense { gate_up: Proj, gate_out: usize, down: QMatrix }, // gate|up fused, then down
[INFO] [stdout]     |             ^^^^^^^^^^^^^ field `Ffn::Dense::gate_up` is reachable at visibility `pub`
[INFO] [stdout]     |
[INFO] [stdout] note: but type `Proj` is only usable at visibility `pub(crate)`
[INFO] [stdout]    --> src/qwen3.rs:149:1
[INFO] [stdout]     |
[INFO] [stdout] 149 | pub(crate) enum Proj {
[INFO] [stdout]     | ^^^^^^^^^^^^^^^^^^^^
[INFO] [stdout] 
[INFO] [stdout] 
[INFO] [stdout] warning: field `k_norm` is never read
[INFO] [stdout]   --> src/cosmos.rs:41:5
[INFO] [stdout]    |
[INFO] [stdout] 35 | struct Layer {
[INFO] [stdout]    |        ----- field in this struct
[INFO] [stdout] ...
[INFO] [stdout] 41 |     k_norm: Tensor,  // k_norm_und_for_gen [hd] — applied per k-head (no q-norm in Cosmos)
[INFO] [stdout]    |     ^^^^^^
[INFO] [stdout]    |
[INFO] [stdout]    = note: `#[warn(dead_code)]` (part of `#[warn(unused)]`) on by default
[INFO] [stdout] 
[INFO] [stdout] 
[INFO] [stdout] warning: function `q2` is never used
[INFO] [stdout]    --> src/qwen35.rs:304:15
[INFO] [stdout]     |
[INFO] [stdout] 304 | pub(crate) fn q2(ctx: &Arc<Context>, g: &impl GgufSource, name: &str) -> Result<Q2_0Weights, String> {
[INFO] [stdout]     |               ^^
[INFO] [stdout] 
[INFO] [stdout] 
[INFO] [stdout] warning: function `q2_cat` is never used
[INFO] [stdout]    --> src/qwen35.rs:316:15
[INFO] [stdout]     |
[INFO] [stdout] 316 | pub(crate) fn q2_cat(ctx: &Arc<Context>, g: &impl GgufSource, names: &[&str]) -> Result<Q2_0Weights, String> {
[INFO] [stdout]     |               ^^^^^^
[INFO] [stdout] 
[INFO] [stdout] 
[INFO] [stderr] warning: unused dependency `ferric-joule`
[INFO] [stderr]  --> Cargo.toml:7:15
[INFO] [stderr]   |
[INFO] [stderr] 7 | [dependencies.ferric-joule]
[INFO] [stderr]   |               ^^^^^^^^^^^^^
[INFO] [stderr]   |
[INFO] [stderr]   = note: `cargo::unused_dependencies` is set to `warn` by default
[INFO] [stderr] help: consider removing the dependency on `ferric-joule`
[INFO] [stderr] warning: `ferric-llama` (manifest) generated 1 warning
[INFO] [stderr]     Finished `release` profile [optimized] target(s) in 1m 33s
[INFO] [stderr] warning: the following packages contain code that will be rejected by a future version of Rust: naga v30.0.0, wgpu v30.0.0, wgpu-core v30.0.0, wgpu-hal v30.0.0
[INFO] [stderr] note: to see what the problems were, use the option `--future-incompat-report`, or run `cargo report future-incompatibilities --id 6`
[INFO] running `Command { std: "docker" "inspect" "be4198fb9a6dff1826f9e1c87f9a39617cd7dc1c28af007c62301ce093c5842d", kill_on_drop: false }`
[INFO] running `Command { std: "docker" "exec" "-e" "SOURCE_DIR=/opt/rustwide/workdir" "-e" "CARGO_HOME=/opt/rustwide/cargo-home" "-e" "RUSTUP_HOME=/opt/rustwide/rustup-home" "-e" "CARGO_TARGET_DIR=/opt/rustwide/target" "-e" "CARGO_INCREMENTAL=0" "-e" "RUST_BACKTRACE=full" "-e" "RUSTFLAGS=--cap-lints=warn" "-e" "RUSTDOCFLAGS=--cap-lints=warn" "-w" "/opt/rustwide/workdir" "--user" "0:0" "be4198fb9a6dff1826f9e1c87f9a39617cd7dc1c28af007c62301ce093c5842d" "/opt/rustwide/cargo-home/bin/cargo" "+1.100.0-beta.1" "test" "--frozen" "--no-run" "--message-format=json" "--release", kill_on_drop: false }`
[INFO] [stdout] warning: variable does not need to be mutable
[INFO] [stdout]    --> src/qwen3.rs:658:13
[INFO] [stdout]     |
[INFO] [stdout] 658 |         let mut out;
[INFO] [stdout]     |             ----^^^
[INFO] [stdout]     |             |
[INFO] [stdout]     |             help: remove this `mut`
[INFO] [stdout]     |
[INFO] [stdout]     = note: `#[warn(unused_mut)]` (part of `#[warn(unused)]`) on by default
[INFO] [stdout] 
[INFO] [stdout] 
[INFO] [stdout] warning: type `Proj` is more private than the item `AttnW::wqkv`
[INFO] [stdout]    --> src/qwen35.rs:147:5
[INFO] [stdout]     |
[INFO] [stdout] 147 |     pub wqkv: Proj, // wq | wk | wv stacked: one matmul, then split by q_out/k_out
[INFO] [stdout]     |     ^^^^^^^^^^^^^^ field `AttnW::wqkv` is reachable at visibility `pub`
[INFO] [stdout]     |
[INFO] [stdout] note: but type `Proj` is only usable at visibility `pub(crate)`
[INFO] [stdout]    --> src/qwen3.rs:149:1
[INFO] [stdout]     |
[INFO] [stdout] 149 | pub(crate) enum Proj {
[INFO] [stdout]     | ^^^^^^^^^^^^^^^^^^^^
[INFO] [stdout]     = note: `#[warn(private_interfaces)]` on by default
[INFO] [stdout] 
[INFO] [stdout] 
[INFO] [stderr]    Compiling ferric-llama v0.3.0 (/opt/rustwide/workdir)
[INFO] [stdout] warning: type `Proj` is more private than the item `GdnW::in_proj`
[INFO] [stdout]    --> src/qwen35.rs:158:5
[INFO] [stdout]     |
[INFO] [stdout] 158 |     pub in_proj: Proj,
[INFO] [stdout]     |     ^^^^^^^^^^^^^^^^^ field `GdnW::in_proj` is reachable at visibility `pub`
[INFO] [stdout]     |
[INFO] [stdout] note: but type `Proj` is only usable at visibility `pub(crate)`
[INFO] [stdout]    --> src/qwen3.rs:149:1
[INFO] [stdout]     |
[INFO] [stdout] 149 | pub(crate) enum Proj {
[INFO] [stdout]     | ^^^^^^^^^^^^^^^^^^^^
[INFO] [stdout] 
[INFO] [stdout] 
[INFO] [stdout] warning: type `Proj` is more private than the item `Ffn::Dense::gate_up`
[INFO] [stdout]    --> src/qwen35.rs:266:13
[INFO] [stdout]     |
[INFO] [stdout] 266 |     Dense { gate_up: Proj, gate_out: usize, down: QMatrix }, // gate|up fused, then down
[INFO] [stdout]     |             ^^^^^^^^^^^^^ field `Ffn::Dense::gate_up` is reachable at visibility `pub`
[INFO] [stdout]     |
[INFO] [stdout] note: but type `Proj` is only usable at visibility `pub(crate)`
[INFO] [stdout]    --> src/qwen3.rs:149:1
[INFO] [stdout]     |
[INFO] [stdout] 149 | pub(crate) enum Proj {
[INFO] [stdout]     | ^^^^^^^^^^^^^^^^^^^^
[INFO] [stdout] 
[INFO] [stdout] 
[INFO] [stdout] warning: field `k_norm` is never read
[INFO] [stdout]   --> src/cosmos.rs:41:5
[INFO] [stdout]    |
[INFO] [stdout] 35 | struct Layer {
[INFO] [stdout]    |        ----- field in this struct
[INFO] [stdout] ...
[INFO] [stdout] 41 |     k_norm: Tensor,  // k_norm_und_for_gen [hd] — applied per k-head (no q-norm in Cosmos)
[INFO] [stdout]    |     ^^^^^^
[INFO] [stdout]    |
[INFO] [stdout]    = note: `#[warn(dead_code)]` (part of `#[warn(unused)]`) on by default
[INFO] [stdout] 
[INFO] [stdout] 
[INFO] [stdout] warning: function `q2` is never used
[INFO] [stdout]    --> src/qwen35.rs:304:15
[INFO] [stdout]     |
[INFO] [stdout] 304 | pub(crate) fn q2(ctx: &Arc<Context>, g: &impl GgufSource, name: &str) -> Result<Q2_0Weights, String> {
[INFO] [stdout]     |               ^^
[INFO] [stdout] 
[INFO] [stdout] 
[INFO] [stdout] warning: function `q2_cat` is never used
[INFO] [stdout]    --> src/qwen35.rs:316:15
[INFO] [stdout]     |
[INFO] [stdout] 316 | pub(crate) fn q2_cat(ctx: &Arc<Context>, g: &impl GgufSource, names: &[&str]) -> Result<Q2_0Weights, String> {
[INFO] [stdout]     |               ^^^^^^
[INFO] [stdout] 
[INFO] [stdout] 
[INFO] [stdout] error[E0432]: unresolved import `ferric_tokenizer`
[INFO] [stdout]  --> examples/ternary_sweep.rs:8:5
[INFO] [stdout]   |
[INFO] [stdout] 8 | use ferric_tokenizer::Bpe;
[INFO] [stdout]   |     ^^^^^^^^^^^^^^^^ use of unresolved module or unlinked crate `ferric_tokenizer`
[INFO] [stdout]   |
[INFO] [stdout] help: there is a crate or module with a similar name
[INFO] [stdout]   |
[INFO] [stdout] 8 - use ferric_tokenizer::Bpe;
[INFO] [stdout] 8 + use ferric_tensor::Bpe;
[INFO] [stdout]   |
[INFO] [stdout] 
[INFO] [stdout] 
[INFO] [stdout] error[E0432]: unresolved import `ferric_tokenizer`
[INFO] [stdout]   --> examples/stream_generate.rs:17:5
[INFO] [stdout]    |
[INFO] [stdout] 17 | use ferric_tokenizer::Bpe;
[INFO] [stdout]    |     ^^^^^^^^^^^^^^^^ use of unresolved module or unlinked crate `ferric_tokenizer`
[INFO] [stdout]    |
[INFO] [stdout] help: there is a crate or module with a similar name
[INFO] [stdout]    |
[INFO] [stdout] 17 - use ferric_tokenizer::Bpe;
[INFO] [stdout] 17 + use ferric_tensor::Bpe;
[INFO] [stdout]    |
[INFO] [stdout] 
[INFO] [stdout] 
[INFO] [stdout] error[E0432]: unresolved import `ferric_tokenizer`
[INFO] [stdout]   --> examples/finetune_qwen3_block.rs:13:5
[INFO] [stdout]    |
[INFO] [stdout] 13 | use ferric_tokenizer::Bpe;
[INFO] [stdout]    |     ^^^^^^^^^^^^^^^^ use of unresolved module or unlinked crate `ferric_tokenizer`
[INFO] [stdout]    |
[INFO] [stdout] help: there is a crate or module with a similar name
[INFO] [stdout]    |
[INFO] [stdout] 13 - use ferric_tokenizer::Bpe;
[INFO] [stdout] 13 + use ferric_tensor::Bpe;
[INFO] [stdout]    |
[INFO] [stdout] 
[INFO] [stdout] 
[INFO] [stdout] warning: unnecessary parentheses around closure body
[INFO] [stdout]   --> examples/cosmos_gen_forward.rs:31:48
[INFO] [stdout]    |
[INFO] [stdout] 31 |     let xa0: Vec<f32> = (0..ta * 2048).map(|i| ((i as f32 * 0.01).sin() * 0.1)).collect();
[INFO] [stdout]    |                                                ^                             ^
[INFO] [stdout]    |
[INFO] [stdout]    = note: `#[warn(unused_parens)]` (part of `#[warn(unused)]`) on by default
[INFO] [stdout] help: remove these parentheses
[INFO] [stdout]    |
[INFO] [stdout] 31 -     let xa0: Vec<f32> = (0..ta * 2048).map(|i| ((i as f32 * 0.01).sin() * 0.1)).collect();
[INFO] [stdout] 31 +     let xa0: Vec<f32> = (0..ta * 2048).map(|i| (i as f32 * 0.01).sin() * 0.1).collect();
[INFO] [stdout]    |
[INFO] [stdout] 
[INFO] [stdout] 
[INFO] [stdout] warning: unnecessary parentheses around closure body
[INFO] [stdout]   --> examples/cosmos_gen_forward.rs:32:47
[INFO] [stdout]    |
[INFO] [stdout] 32 |     let lat: Vec<f32> = (0..td * 192).map(|i| ((i as f32 * 0.03 + 1.0).sin() * 0.2)).collect();
[INFO] [stdout]    |                                               ^                                   ^
[INFO] [stdout]    |
[INFO] [stdout] help: remove these parentheses
[INFO] [stdout]    |
[INFO] [stdout] 32 -     let lat: Vec<f32> = (0..td * 192).map(|i| ((i as f32 * 0.03 + 1.0).sin() * 0.2)).collect();
[INFO] [stdout] 32 +     let lat: Vec<f32> = (0..td * 192).map(|i| (i as f32 * 0.03 + 1.0).sin() * 0.2).collect();
[INFO] [stdout]    |
[INFO] [stdout] 
[INFO] [stdout] 
[INFO] [stdout] error[E0432]: unresolved import `ferric_tokenizer`
[INFO] [stdout]   --> examples/dispatch_budget.rs:30:5
[INFO] [stdout]    |
[INFO] [stdout] 30 | use ferric_tokenizer::Bpe;
[INFO] [stdout]    |     ^^^^^^^^^^^^^^^^ use of unresolved module or unlinked crate `ferric_tokenizer`
[INFO] [stdout]    |
[INFO] [stdout] help: there is a crate or module with a similar name
[INFO] [stdout]    |
[INFO] [stdout] 30 - use ferric_tokenizer::Bpe;
[INFO] [stdout] 30 + use ferric_tensor::Bpe;
[INFO] [stdout]    |
[INFO] [stdout] 
[INFO] [stdout] 
[INFO] [stdout] error[E0432]: unresolved import `ferric_tokenizer`
[INFO] [stdout]   --> examples/chunked_prefill.rs:31:5
[INFO] [stdout]    |
[INFO] [stdout] 31 | use ferric_tokenizer::Bpe;
[INFO] [stdout]    |     ^^^^^^^^^^^^^^^^ use of unresolved module or unlinked crate `ferric_tokenizer`
[INFO] [stdout]    |
[INFO] [stdout] help: there is a crate or module with a similar name
[INFO] [stdout]    |
[INFO] [stdout] 31 - use ferric_tokenizer::Bpe;
[INFO] [stdout] 31 + use ferric_tensor::Bpe;
[INFO] [stdout]    |
[INFO] [stdout] 
[INFO] [stdout] 
[INFO] [stdout] For more information about this error, try `rustc --explain E0432`.
[INFO] [stdout] 
[INFO] [stderr] error: could not compile `ferric-llama` (example "dispatch_budget") due to 1 previous error
[INFO] [stderr] warning: build failed, waiting for other jobs to finish...
[INFO] [stdout] For more information about this error, try `rustc --explain E0432`.
[INFO] [stdout] 
[INFO] [stderr] error: could not compile `ferric-llama` (example "finetune_qwen3_block") due to 1 previous error
[INFO] [stdout] For more information about this error, try `rustc --explain E0432`.
[INFO] [stdout] 
[INFO] [stdout] warning: unused variable: `ctx`
[INFO] [stdout]   --> examples/ternary_sweep.rs:49:14
[INFO] [stdout]    |
[INFO] [stdout] 49 | async fn ppl(ctx: &Arc<Context>, m: &Qwen3, ids: &[u32]) -> f64 {
[INFO] [stdout]    |              ^^^ help: if this is intentional, prefix it with an underscore: `_ctx`
[INFO] [stdout]    |
[INFO] [stdout]    = note: `#[warn(unused_variables)]` (part of `#[warn(unused)]`) on by default
[INFO] [stdout] 
[INFO] [stdout] 
[INFO] [stderr] error: could not compile `ferric-llama` (example "stream_generate") due to 1 previous error
[INFO] [stdout] For more information about this error, try `rustc --explain E0432`.
[INFO] [stdout] 
[INFO] [stderr] error: could not compile `ferric-llama` (example "ternary_sweep") due to 1 previous error; 1 warning emitted
[INFO] [stdout] For more information about this error, try `rustc --explain E0432`.
[INFO] [stdout] 
[INFO] [stderr] error: could not compile `ferric-llama` (example "chunked_prefill") due to 1 previous error
[INFO] [stdout] warning: constant `D` is never used
[INFO] [stdout]   --> examples/run_smollm.rs:12:7
[INFO] [stdout]    |
[INFO] [stdout] 12 | const D: usize = 576;
[INFO] [stdout]    |       ^
[INFO] [stdout]    |
[INFO] [stdout]    = note: `#[warn(dead_code)]` (part of `#[warn(unused)]`) on by default
[INFO] [stdout] 
[INFO] [stdout] 
[INFO] [stdout] warning: unused variable: `hd`
[INFO] [stdout]   --> examples/pi0_vision.rs:22:14
[INFO] [stdout]    |
[INFO] [stdout] 22 |     let (nh, hd, hidden) = (16usize, 72usize, 1152usize);
[INFO] [stdout]    |              ^^ help: if this is intentional, prefix it with an underscore: `_hd`
[INFO] [stdout]    |
[INFO] [stdout]    = note: `#[warn(unused_variables)]` (part of `#[warn(unused)]`) on by default
[INFO] [stdout] 
[INFO] [stdout] 
[INFO] [stdout] warning: variable does not need to be mutable
[INFO] [stdout]    --> src/qwen3.rs:658:13
[INFO] [stdout]     |
[INFO] [stdout] 658 |         let mut out;
[INFO] [stdout]     |             ----^^^
[INFO] [stdout]     |             |
[INFO] [stdout]     |             help: remove this `mut`
[INFO] [stdout]     |
[INFO] [stdout]     = note: `#[warn(unused_mut)]` (part of `#[warn(unused)]`) on by default
[INFO] [stdout] 
[INFO] [stdout] 
[INFO] [stdout] warning: type `Proj` is more private than the item `AttnW::wqkv`
[INFO] [stdout]    --> src/qwen35.rs:147:5
[INFO] [stdout]     |
[INFO] [stdout] 147 |     pub wqkv: Proj, // wq | wk | wv stacked: one matmul, then split by q_out/k_out
[INFO] [stdout]     |     ^^^^^^^^^^^^^^ field `AttnW::wqkv` is reachable at visibility `pub`
[INFO] [stdout]     |
[INFO] [stdout] note: but type `Proj` is only usable at visibility `pub(crate)`
[INFO] [stdout]    --> src/qwen3.rs:149:1
[INFO] [stdout]     |
[INFO] [stdout] 149 | pub(crate) enum Proj {
[INFO] [stdout]     | ^^^^^^^^^^^^^^^^^^^^
[INFO] [stdout]     = note: `#[warn(private_interfaces)]` on by default
[INFO] [stdout] 
[INFO] [stdout] 
[INFO] [stdout] warning: type `Proj` is more private than the item `GdnW::in_proj`
[INFO] [stdout]    --> src/qwen35.rs:158:5
[INFO] [stdout]     |
[INFO] [stdout] 158 |     pub in_proj: Proj,
[INFO] [stdout]     |     ^^^^^^^^^^^^^^^^^ field `GdnW::in_proj` is reachable at visibility `pub`
[INFO] [stdout]     |
[INFO] [stdout] note: but type `Proj` is only usable at visibility `pub(crate)`
[INFO] [stdout]    --> src/qwen3.rs:149:1
[INFO] [stdout]     |
[INFO] [stdout] 149 | pub(crate) enum Proj {
[INFO] [stdout]     | ^^^^^^^^^^^^^^^^^^^^
[INFO] [stdout] 
[INFO] [stdout] 
[INFO] [stdout] warning: type `Proj` is more private than the item `Ffn::Dense::gate_up`
[INFO] [stdout]    --> src/qwen35.rs:266:13
[INFO] [stdout]     |
[INFO] [stdout] 266 |     Dense { gate_up: Proj, gate_out: usize, down: QMatrix }, // gate|up fused, then down
[INFO] [stdout]     |             ^^^^^^^^^^^^^ field `Ffn::Dense::gate_up` is reachable at visibility `pub`
[INFO] [stdout]     |
[INFO] [stdout] note: but type `Proj` is only usable at visibility `pub(crate)`
[INFO] [stdout]    --> src/qwen3.rs:149:1
[INFO] [stdout]     |
[INFO] [stdout] 149 | pub(crate) enum Proj {
[INFO] [stdout]     | ^^^^^^^^^^^^^^^^^^^^
[INFO] [stdout] 
[INFO] [stdout] 
[INFO] [stdout] warning: field `k_norm` is never read
[INFO] [stdout]   --> src/cosmos.rs:41:5
[INFO] [stdout]    |
[INFO] [stdout] 35 | struct Layer {
[INFO] [stdout]    |        ----- field in this struct
[INFO] [stdout] ...
[INFO] [stdout] 41 |     k_norm: Tensor,  // k_norm_und_for_gen [hd] — applied per k-head (no q-norm in Cosmos)
[INFO] [stdout]    |     ^^^^^^
[INFO] [stdout]    |
[INFO] [stdout]    = note: `#[warn(dead_code)]` (part of `#[warn(unused)]`) on by default
[INFO] [stdout] 
[INFO] [stdout] 
[INFO] [stdout] warning: function `q2` is never used
[INFO] [stdout]    --> src/qwen35.rs:304:15
[INFO] [stdout]     |
[INFO] [stdout] 304 | pub(crate) fn q2(ctx: &Arc<Context>, g: &impl GgufSource, name: &str) -> Result<Q2_0Weights, String> {
[INFO] [stdout]     |               ^^
[INFO] [stdout] 
[INFO] [stdout] 
[INFO] [stdout] warning: function `q2_cat` is never used
[INFO] [stdout]    --> src/qwen35.rs:316:15
[INFO] [stdout]     |
[INFO] [stdout] 316 | pub(crate) fn q2_cat(ctx: &Arc<Context>, g: &impl GgufSource, names: &[&str]) -> Result<Q2_0Weights, String> {
[INFO] [stdout]     |               ^^^^^^
[INFO] [stdout] 
[INFO] [stdout] 
[INFO] [stderr] warning: unused dependency `ferric-joule`
[INFO] [stderr]  --> Cargo.toml:7:15
[INFO] [stderr]   |
[INFO] [stderr] 7 | [dependencies.ferric-joule]
[INFO] [stderr]   |               ^^^^^^^^^^^^^
[INFO] [stderr]   |
[INFO] [stderr]   = note: `cargo::unused_dependencies` is set to `warn` by default
[INFO] [stderr] help: consider removing the dependency on `ferric-joule`
[INFO] [stderr] help: to still use for development builds, move to `dev-dependencies`
[INFO] [stderr] warning: `ferric-llama` (manifest) generated 1 warning
[INFO] running `Command { std: "docker" "inspect" "be4198fb9a6dff1826f9e1c87f9a39617cd7dc1c28af007c62301ce093c5842d", kill_on_drop: false }`
[INFO] running `Command { std: "docker" "rm" "-f" "be4198fb9a6dff1826f9e1c87f9a39617cd7dc1c28af007c62301ce093c5842d", kill_on_drop: false }`
[INFO] [stdout] be4198fb9a6dff1826f9e1c87f9a39617cd7dc1c28af007c62301ce093c5842d
