[INFO] fetching crate ferntree 0.7.0...
[INFO] testing ferntree-0.7.0 against 1.100.0-beta.1+cargoflags=--release for beta-release-1.100-2
[INFO] extracting crate ferntree 0.7.0 into /workspace/builds/worker-7-tc2/source
[INFO] started tweaking crates.io crate ferntree 0.7.0
[INFO] removed 0 missing tests
[INFO] finished tweaking crates.io crate ferntree 0.7.0
[INFO] tweaked toml for crates.io crate ferntree 0.7.0 written to /workspace/builds/worker-7-tc2/source/Cargo.toml
[INFO] validating manifest of crates.io crate ferntree 0.7.0 on toolchain 1.100.0-beta.1
[INFO] running `Command { std: CARGO_HOME="/workspace/cargo-home" RUSTUP_HOME="/workspace/rustup-home" "/workspace/cargo-home/bin/cargo" "+1.100.0-beta.1" "metadata" "--manifest-path" "Cargo.toml" "--no-deps", kill_on_drop: false }`
[INFO] crate crates.io crate ferntree 0.7.0 already has a lockfile, it will not be regenerated
[INFO] running `Command { std: CARGO_HOME="/workspace/cargo-home" RUSTUP_HOME="/workspace/rustup-home" "/workspace/cargo-home/bin/cargo" "+1.100.0-beta.1" "fetch" "--manifest-path" "Cargo.toml", kill_on_drop: false }`
[INFO] [stderr] warning: `package.homepage` is redundant with `package.repository`
[INFO] [stderr]   --> Cargo.toml:86:12
[INFO] [stderr]    |
[INFO] [stderr] 86 | homepage = "https://github.com/surrealdb/ferntree"
[INFO] [stderr]    |            ^^^^^^^^^^^^^^^^^^^^^^^^^^^^^^^^^^^^^^^
[INFO] [stderr] ...
[INFO] [stderr] 91 | repository = "https://github.com/surrealdb/ferntree"
[INFO] [stderr]    |              ---------------------------------------
[INFO] [stderr]    |
[INFO] [stderr]    = note: `cargo::redundant_homepage` is set to `warn` by default
[INFO] [stderr] help: consider removing `package.homepage`
[INFO] [stderr] warning: `ferntree` (manifest) generated 1 warning
[INFO] running `Command { std: "docker" "create" "-v" "/var/lib/crater-agent-workspace/builds/worker-7-tc2/source:/opt/rustwide/workdir:ro,Z" "-v" "/var/lib/crater-agent-workspace/builds/worker-7-tc2/target:/opt/rustwide/target:rw,Z" "-v" "/var/lib/crater-agent-workspace/cargo-home:/opt/rustwide/cargo-home:ro,Z" "-v" "/var/lib/crater-agent-workspace/rustup-home:/opt/rustwide/rustup-home:ro,Z" "-m" "1610612736" "--network" "none" "ghcr.io/rust-lang/crates-build-env/linux@sha256:77db811e55d90add9212f6832c23229e3de5f1c1f9905e8cb07319ea15df73ac" "sleep" "infinity", kill_on_drop: false }`
[INFO] [stdout] ca4a1b7fe7e6583c0838837ad2eea6174d8bdd256e59b6790112c6a34ef04fcc
[INFO] running `Command { std: "docker" "start" "ca4a1b7fe7e6583c0838837ad2eea6174d8bdd256e59b6790112c6a34ef04fcc", kill_on_drop: false }`
[INFO] running `Command { std: "docker" "inspect" "ca4a1b7fe7e6583c0838837ad2eea6174d8bdd256e59b6790112c6a34ef04fcc", kill_on_drop: false }`
[INFO] running `Command { std: "docker" "exec" "-e" "SOURCE_DIR=/opt/rustwide/workdir" "-e" "CARGO_HOME=/opt/rustwide/cargo-home" "-e" "RUSTUP_HOME=/opt/rustwide/rustup-home" "-e" "CARGO_TARGET_DIR=/opt/rustwide/target" "-w" "/opt/rustwide/workdir" "--user" "0:0" "ca4a1b7fe7e6583c0838837ad2eea6174d8bdd256e59b6790112c6a34ef04fcc" "/opt/rustwide/cargo-home/bin/cargo" "+1.100.0-beta.1" "metadata" "--no-deps" "--format-version=1", kill_on_drop: false }`
[INFO] running `Command { std: "docker" "inspect" "ca4a1b7fe7e6583c0838837ad2eea6174d8bdd256e59b6790112c6a34ef04fcc", kill_on_drop: false }`
[INFO] running `Command { std: "docker" "exec" "-e" "SOURCE_DIR=/opt/rustwide/workdir" "-e" "CARGO_HOME=/opt/rustwide/cargo-home" "-e" "RUSTUP_HOME=/opt/rustwide/rustup-home" "-e" "CARGO_TARGET_DIR=/opt/rustwide/target" "-e" "CARGO_INCREMENTAL=0" "-e" "RUST_BACKTRACE=full" "-e" "RUSTFLAGS=--cap-lints=warn" "-e" "RUSTDOCFLAGS=--cap-lints=warn" "-w" "/opt/rustwide/workdir" "--user" "0:0" "ca4a1b7fe7e6583c0838837ad2eea6174d8bdd256e59b6790112c6a34ef04fcc" "/opt/rustwide/cargo-home/bin/cargo" "+1.100.0-beta.1" "build" "--frozen" "--message-format=json" "--release", kill_on_drop: false }`
[INFO] [stderr] warning: `package.homepage` is redundant with `package.repository`
[INFO] [stderr]   --> Cargo.toml:86:12
[INFO] [stderr]    |
[INFO] [stderr] 86 | homepage = "https://github.com/surrealdb/ferntree"
[INFO] [stderr]    |            ^^^^^^^^^^^^^^^^^^^^^^^^^^^^^^^^^^^^^^^
[INFO] [stderr] ...
[INFO] [stderr] 91 | repository = "https://github.com/surrealdb/ferntree"
[INFO] [stderr]    |              ---------------------------------------
[INFO] [stderr]    |
[INFO] [stderr]    = note: `cargo::redundant_homepage` is set to `warn` by default
[INFO] [stderr] help: consider removing `package.homepage`
[INFO] [stderr] warning: `ferntree` (manifest) generated 1 warning
[INFO] [stderr]    Compiling proc-macro2 v1.0.106
[INFO] [stderr]    Compiling crossbeam-utils v0.8.21
[INFO] [stderr]    Compiling smallvec v1.15.1
[INFO] [stderr]    Compiling parking_lot_core v0.9.12
[INFO] [stderr]    Compiling quote v1.0.44
[INFO] [stderr]    Compiling syn v2.0.114
[INFO] [stderr]    Compiling crossbeam-epoch v0.9.18
[INFO] [stderr]    Compiling parking_lot v0.12.5
[INFO] [stderr]    Compiling thiserror-impl v2.0.18
[INFO] [stderr]    Compiling thiserror v2.0.18
[INFO] [stderr]    Compiling ferntree v0.7.0 (/opt/rustwide/workdir)
[INFO] [stderr]     Finished `release` profile [optimized] target(s) in 6.38s
[INFO] running `Command { std: "docker" "inspect" "ca4a1b7fe7e6583c0838837ad2eea6174d8bdd256e59b6790112c6a34ef04fcc", kill_on_drop: false }`
[INFO] running `Command { std: "docker" "exec" "-e" "SOURCE_DIR=/opt/rustwide/workdir" "-e" "CARGO_HOME=/opt/rustwide/cargo-home" "-e" "RUSTUP_HOME=/opt/rustwide/rustup-home" "-e" "CARGO_TARGET_DIR=/opt/rustwide/target" "-e" "CARGO_INCREMENTAL=0" "-e" "RUST_BACKTRACE=full" "-e" "RUSTFLAGS=--cap-lints=warn" "-e" "RUSTDOCFLAGS=--cap-lints=warn" "-w" "/opt/rustwide/workdir" "--user" "0:0" "ca4a1b7fe7e6583c0838837ad2eea6174d8bdd256e59b6790112c6a34ef04fcc" "/opt/rustwide/cargo-home/bin/cargo" "+1.100.0-beta.1" "test" "--frozen" "--no-run" "--message-format=json" "--release", kill_on_drop: false }`
[INFO] [stderr] warning: `package.homepage` is redundant with `package.repository`
[INFO] [stderr]   --> Cargo.toml:86:12
[INFO] [stderr]    |
[INFO] [stderr] 86 | homepage = "https://github.com/surrealdb/ferntree"
[INFO] [stderr]    |            ^^^^^^^^^^^^^^^^^^^^^^^^^^^^^^^^^^^^^^^
[INFO] [stderr] ...
[INFO] [stderr] 91 | repository = "https://github.com/surrealdb/ferntree"
[INFO] [stderr]    |              ---------------------------------------
[INFO] [stderr]    |
[INFO] [stderr]    = note: `cargo::redundant_homepage` is set to `warn` by default
[INFO] [stderr] help: consider removing `package.homepage`
[INFO] [stderr] warning: `ferntree` (manifest) generated 1 warning
[INFO] [stderr]    Compiling zerocopy v0.8.37
[INFO] [stderr]    Compiling getrandom v0.3.4
[INFO] [stderr]    Compiling regex-syntax v0.8.8
[INFO] [stderr]    Compiling cc v1.2.55
[INFO] [stderr]    Compiling num-traits v0.2.19
[INFO] [stderr]    Compiling tracing-core v0.1.36
[INFO] [stderr]    Compiling rustix v1.1.3
[INFO] [stderr]    Compiling either v1.15.0
[INFO] [stderr]    Compiling linux-raw-sys v0.11.0
[INFO] [stderr]    Compiling syn v2.0.114
[INFO] [stderr]    Compiling crossbeam-epoch v0.9.18
[INFO] [stderr]    Compiling log v0.4.29
[INFO] [stderr]    Compiling bitflags v2.10.0
[INFO] [stderr]    Compiling clap_lex v0.7.7
[INFO] [stderr]    Compiling plotters-backend v0.3.7
[INFO] [stderr]    Compiling ciborium-io v0.2.2
[INFO] [stderr]    Compiling anstyle v1.0.13
[INFO] [stderr]    Compiling serde_json v1.0.149
[INFO] [stderr]    Compiling plotters-svg v0.3.7
[INFO] [stderr]    Compiling crossbeam-deque v0.8.6
[INFO] [stderr]    Compiling rayon-core v1.13.0
[INFO] [stderr]    Compiling itertools v0.13.0
[INFO] [stderr]    Compiling sharded-slab v0.1.7
[INFO] [stderr]    Compiling tracing-log v0.2.0
[INFO] [stderr]    Compiling rand_core v0.9.5
[INFO] [stderr]    Compiling clap_builder v4.5.56
[INFO] [stderr]    Compiling tracing v0.1.44
[INFO] [stderr]    Compiling wait-timeout v0.2.1
[INFO] [stderr]    Compiling thread_local v1.1.9
[INFO] [stderr]    Compiling quick-error v1.2.3
[INFO] [stderr]    Compiling cast v0.3.0
[INFO] [stderr]    Compiling nu-ansi-term v0.50.3
[INFO] [stderr]    Compiling same-file v1.0.6
[INFO] [stderr]    Compiling bit-vec v0.8.0
[INFO] [stderr]    Compiling rand_xorshift v0.4.0
[INFO] [stderr]    Compiling walkdir v2.5.0
[INFO] [stderr]    Compiling page_size v0.6.0
[INFO] [stderr]    Compiling anes v0.1.6
[INFO] [stderr]    Compiling oorandom v11.1.5
[INFO] [stderr]    Compiling scoped-tls v1.0.1
[INFO] [stderr]    Compiling unarray v0.1.4
[INFO] [stderr]    Compiling generator v0.8.8
[INFO] [stderr]    Compiling alloca v0.4.0
[INFO] [stderr]    Compiling plotters v0.3.7
[INFO] [stderr]    Compiling bit-set v0.8.0
[INFO] [stderr]    Compiling crossbeam-skiplist v0.1.3
[INFO] [stderr]    Compiling rayon v1.11.0
[INFO] [stderr]    Compiling tempfile v3.24.0
[INFO] [stderr]    Compiling rusty-fork v0.3.1
[INFO] [stderr]    Compiling regex-automata v0.4.13
[INFO] [stderr]    Compiling zerocopy-derive v0.8.37
[INFO] [stderr]    Compiling serde_derive v1.0.228
[INFO] [stderr]    Compiling thiserror-impl v2.0.18
[INFO] [stderr]    Compiling criterion-plot v0.8.1
[INFO] [stderr]    Compiling clap v4.5.56
[INFO] [stderr]    Compiling thiserror v2.0.18
[INFO] [stderr]    Compiling ferntree v0.7.0 (/opt/rustwide/workdir)
[INFO] [stderr]    Compiling serde v1.0.228
[INFO] [stderr]    Compiling matchers v0.2.0
[INFO] [stderr]    Compiling regex v1.12.2
[INFO] [stderr]    Compiling tracing-subscriber v0.3.22
[INFO] [stderr]    Compiling tinytemplate v1.2.1
[INFO] [stderr]    Compiling loom v0.7.2
[INFO] [stderr]    Compiling ppv-lite86 v0.2.21
[INFO] [stderr]    Compiling half v2.7.1
[INFO] [stderr]    Compiling ciborium-ll v0.2.2
[INFO] [stderr]    Compiling rand_chacha v0.9.0
[INFO] [stderr]    Compiling rand v0.9.2
[INFO] [stderr]    Compiling ciborium v0.2.2
[INFO] [stderr]    Compiling criterion v0.8.1
[INFO] [stderr]    Compiling proptest v1.9.0
[INFO] [stdout] error[E0599]: no method named `assert_invariants` found for struct `Arc<GenericTree<i32, i32, 64, 64>>` in the current scope
[INFO] [stdout]    --> tests/deadlock_tests.rs:191:8
[INFO] [stdout]     |
[INFO] [stdout] 191 |         tree.assert_invariants();
[INFO] [stdout]     |              ^^^^^^^^^^^^^^^^^ method not found in `Arc<GenericTree<i32, i32, 64, 64>>`
[INFO] [stdout] 
[INFO] [stdout] 
[INFO] [stdout] error[E0599]: no method named `assert_invariants` found for struct `Arc<GenericTree<i32, i32, 64, 64>>` in the current scope
[INFO] [stdout]   --> tests/concurrency.rs:45:7
[INFO] [stdout]    |
[INFO] [stdout] 45 |     tree.assert_invariants();
[INFO] [stdout]    |          ^^^^^^^^^^^^^^^^^ method not found in `Arc<GenericTree<i32, i32, 64, 64>>`
[INFO] [stdout] 
[INFO] [stdout] 
[INFO] [stdout] error[E0599]: no method named `assert_invariants` found for struct `GenericTree<K, V, IC, LC>` in the current scope
[INFO] [stdout]   --> tests/invariants.rs:29:7
[INFO] [stdout]    |
[INFO] [stdout] 29 |     tree.assert_invariants();
[INFO] [stdout]    |          ^^^^^^^^^^^^^^^^^ method not found in `GenericTree<i32, i32, 64, 64>`
[INFO] [stdout] 
[INFO] [stdout] 
[INFO] [stdout] error[E0599]: no method named `assert_invariants` found for struct `Arc<GenericTree<i32, i32, 64, 64>>` in the current scope
[INFO] [stdout]    --> tests/deadlock_tests.rs:266:8
[INFO] [stdout]     |
[INFO] [stdout] 266 |         tree.assert_invariants();
[INFO] [stdout]     |              ^^^^^^^^^^^^^^^^^ method not found in `Arc<GenericTree<i32, i32, 64, 64>>`
[INFO] [stdout] 
[INFO] [stdout] 
[INFO] [stdout] error[E0599]: no method named `assert_invariants` found for struct `GenericTree<K, V, IC, LC>` in the current scope
[INFO] [stdout]    --> tests/functional_coverage.rs:102:7
[INFO] [stdout]     |
[INFO] [stdout] 102 |     tree.assert_invariants();
[INFO] [stdout]     |          ^^^^^^^^^^^^^^^^^ method not found in `GenericTree<u32, u32, 64, 64>`
[INFO] [stdout] 
[INFO] [stdout] 
[INFO] [stdout] error[E0599]: no method named `assert_invariants` found for struct `GenericTree<K, V, IC, LC>` in the current scope
[INFO] [stdout]   --> tests/invariants.rs:35:7
[INFO] [stdout]    |
[INFO] [stdout] 35 |     tree.assert_invariants();
[INFO] [stdout]    |          ^^^^^^^^^^^^^^^^^ method not found in `GenericTree<i32, i32, 64, 64>`
[INFO] [stdout] 
[INFO] [stdout] 
[INFO] [stdout] error[E0599]: no method named `assert_invariants` found for struct `GenericTree<K, V, IC, LC>` in the current scope
[INFO] [stdout]    --> tests/functional_coverage.rs:121:7
[INFO] [stdout]     |
[INFO] [stdout] 121 |     tree.assert_invariants();
[INFO] [stdout]     |          ^^^^^^^^^^^^^^^^^ method not found in `GenericTree<String, u32, 64, 64>`
[INFO] [stdout] 
[INFO] [stdout] 
[INFO] [stdout] error[E0599]: no method named `assert_invariants` found for struct `Arc<GenericTree<i32, i32, 64, 64>>` in the current scope
[INFO] [stdout]    --> tests/deadlock_tests.rs:298:8
[INFO] [stdout]     |
[INFO] [stdout] 298 |         tree.assert_invariants();
[INFO] [stdout]     |              ^^^^^^^^^^^^^^^^^ method not found in `Arc<GenericTree<i32, i32, 64, 64>>`
[INFO] [stdout] 
[INFO] [stdout] 
[INFO] [stdout] error[E0599]: no method named `assert_invariants` found for struct `GenericTree<K, V, IC, LC>` in the current scope
[INFO] [stdout]   --> tests/integration.rs:22:7
[INFO] [stdout]    |
[INFO] [stdout] 22 |     tree.assert_invariants();
[INFO] [stdout]    |          ^^^^^^^^^^^^^^^^^ method not found in `GenericTree<i32, i32, 64, 64>`
[INFO] [stdout] 
[INFO] [stdout] 
[INFO] [stdout] error[E0599]: no method named `assert_invariants` found for struct `GenericTree<K, V, IC, LC>` in the current scope
[INFO] [stdout]   --> tests/invariants.rs:58:7
[INFO] [stdout]    |
[INFO] [stdout] 58 |     tree.assert_invariants();
[INFO] [stdout]    |          ^^^^^^^^^^^^^^^^^ method not found in `GenericTree<i32, i32, 64, 64>`
[INFO] [stdout] 
[INFO] [stdout] 
[INFO] [stdout] error[E0599]: no method named `assert_invariants` found for struct `Arc<GenericTree<i32, i32, 64, 64>>` in the current scope
[INFO] [stdout]   --> tests/concurrency.rs:81:7
[INFO] [stdout]    |
[INFO] [stdout] 81 |     tree.assert_invariants();
[INFO] [stdout]    |          ^^^^^^^^^^^^^^^^^ method not found in `Arc<GenericTree<i32, i32, 64, 64>>`
[INFO] [stdout] 
[INFO] [stdout] 
[INFO] [stdout] error[E0599]: no method named `assert_invariants` found for struct `GenericTree<K, V, IC, LC>` in the current scope
[INFO] [stdout]   --> tests/integration.rs:40:7
[INFO] [stdout]    |
[INFO] [stdout] 40 |     tree.assert_invariants();
[INFO] [stdout]    |          ^^^^^^^^^^^^^^^^^ method not found in `GenericTree<i32, i32, 64, 64>`
[INFO] [stdout] 
[INFO] [stdout] 
[INFO] [stdout] error[E0599]: no method named `assert_invariants` found for struct `GenericTree<K, V, IC, LC>` in the current scope
[INFO] [stdout]   --> tests/invariants.rs:79:8
[INFO] [stdout]    |
[INFO] [stdout] 79 |         tree.assert_invariants();
[INFO] [stdout]    |              ^^^^^^^^^^^^^^^^^ method not found in `GenericTree<i32, i32, 64, 64>`
[INFO] [stdout] 
[INFO] [stdout] 
[INFO] [stdout] error[E0599]: no method named `assert_invariants` found for struct `Arc<GenericTree<i32, i32, 64, 64>>` in the current scope
[INFO] [stdout]    --> tests/concurrency.rs:108:7
[INFO] [stdout]     |
[INFO] [stdout] 108 |     tree.assert_invariants();
[INFO] [stdout]     |          ^^^^^^^^^^^^^^^^^ method not found in `Arc<GenericTree<i32, i32, 64, 64>>`
[INFO] [stdout] 
[INFO] [stdout] 
[INFO] [stdout] error[E0599]: no method named `assert_invariants` found for struct `Arc<GenericTree<i32, i32, 64, 64>>` in the current scope
[INFO] [stdout]    --> tests/deadlock_tests.rs:318:8
[INFO] [stdout]     |
[INFO] [stdout] 318 |         tree.assert_invariants();
[INFO] [stdout]     |              ^^^^^^^^^^^^^^^^^ method not found in `Arc<GenericTree<i32, i32, 64, 64>>`
[INFO] [stdout] 
[INFO] [stdout] 
[INFO] [stdout] error[E0599]: no method named `assert_invariants` found for struct `Arc<GenericTree<u32, u32, 64, 64>>` in the current scope
[INFO] [stdout]   --> tests/concurrent_shapes.rs:64:7
[INFO] [stdout]    |
[INFO] [stdout] 64 |     tree.assert_invariants();
[INFO] [stdout]    |          ^^^^^^^^^^^^^^^^^ method not found in `Arc<GenericTree<u32, u32, 64, 64>>`
[INFO] [stdout] 
[INFO] [stdout] 
[INFO] [stdout] error[E0599]: no method named `assert_invariants` found for struct `GenericTree<K, V, IC, LC>` in the current scope
[INFO] [stdout]   --> tests/invariants.rs:86:7
[INFO] [stdout]    |
[INFO] [stdout] 86 |     tree.assert_invariants();
[INFO] [stdout]    |          ^^^^^^^^^^^^^^^^^ method not found in `GenericTree<i32, i32, 64, 64>`
[INFO] [stdout] 
[INFO] [stdout] 
[INFO] [stdout] error[E0599]: no method named `assert_invariants` found for struct `GenericTree<K, V, IC, LC>` in the current scope
[INFO] [stdout]    --> tests/functional_coverage.rs:295:7
[INFO] [stdout]     |
[INFO] [stdout] 295 |     tree.assert_invariants();
[INFO] [stdout]     |          ^^^^^^^^^^^^^^^^^ method not found in `GenericTree<u32, u32, 64, 64>`
[INFO] [stdout] 
[INFO] [stdout] 
[INFO] [stdout] error[E0599]: no method named `assert_invariants` found for struct `GenericTree<K, V, IC, LC>` in the current scope
[INFO] [stdout]   --> tests/integration.rs:47:7
[INFO] [stdout]    |
[INFO] [stdout] 47 |     tree.assert_invariants();
[INFO] [stdout]    |          ^^^^^^^^^^^^^^^^^ method not found in `GenericTree<i32, i32, 64, 64>`
[INFO] [stdout] 
[INFO] [stdout] 
[INFO] [stdout] error[E0599]: no method named `assert_invariants` found for struct `Arc<GenericTree<i32, i32, 64, 64>>` in the current scope
[INFO] [stdout]    --> tests/concurrency.rs:134:7
[INFO] [stdout]     |
[INFO] [stdout] 134 |     tree.assert_invariants();
[INFO] [stdout]     |          ^^^^^^^^^^^^^^^^^ method not found in `Arc<GenericTree<i32, i32, 64, 64>>`
[INFO] [stdout] 
[INFO] [stdout] 
[INFO] [stdout] error[E0599]: no method named `assert_invariants` found for struct `Arc<GenericTree<u32, u32, 64, 64>>` in the current scope
[INFO] [stdout]   --> tests/concurrent_shapes.rs:77:7
[INFO] [stdout]    |
[INFO] [stdout] 77 |     tree.assert_invariants();
[INFO] [stdout]    |          ^^^^^^^^^^^^^^^^^ method not found in `Arc<GenericTree<u32, u32, 64, 64>>`
[INFO] [stdout] 
[INFO] [stdout] 
[INFO] [stdout] error[E0599]: no method named `assert_invariants` found for struct `Arc<GenericTree<i32, i32, 64, 64>>` in the current scope
[INFO] [stdout]    --> tests/concurrency.rs:151:7
[INFO] [stdout]     |
[INFO] [stdout] 151 |     tree.assert_invariants();
[INFO] [stdout]     |          ^^^^^^^^^^^^^^^^^ method not found in `Arc<GenericTree<i32, i32, 64, 64>>`
[INFO] [stdout] 
[INFO] [stdout] 
[INFO] [stdout] error[E0599]: no method named `assert_invariants` found for struct `GenericTree<K, V, IC, LC>` in the current scope
[INFO] [stdout]    --> tests/functional_coverage.rs:309:7
[INFO] [stdout]     |
[INFO] [stdout] 309 |     tree.assert_invariants();
[INFO] [stdout]     |          ^^^^^^^^^^^^^^^^^ method not found in `GenericTree<u32, u32, 64, 64>`
[INFO] [stdout] 
[INFO] [stdout] 
[INFO] [stdout] error[E0599]: no method named `assert_invariants` found for struct `Arc<GenericTree<u32, u32, 64, 64>>` in the current scope
[INFO] [stdout]    --> tests/concurrent_shapes.rs:107:7
[INFO] [stdout]     |
[INFO] [stdout] 107 |     tree.assert_invariants();
[INFO] [stdout]     |          ^^^^^^^^^^^^^^^^^ method not found in `Arc<GenericTree<u32, u32, 64, 64>>`
[INFO] [stdout] 
[INFO] [stdout] 
[INFO] [stdout] error[E0599]: no method named `assert_invariants` found for struct `Arc<GenericTree<i32, i32, 64, 64>>` in the current scope
[INFO] [stdout]    --> tests/deadlock_tests.rs:340:8
[INFO] [stdout]     |
[INFO] [stdout] 340 |         tree.assert_invariants();
[INFO] [stdout]     |              ^^^^^^^^^^^^^^^^^ method not found in `Arc<GenericTree<i32, i32, 64, 64>>`
[INFO] [stdout] 
[INFO] [stdout] 
[INFO] [stdout] error[E0599]: no method named `assert_invariants` found for struct `GenericTree<K, V, IC, LC>` in the current scope
[INFO] [stdout]    --> tests/invariants.rs:104:7
[INFO] [stdout]     |
[INFO] [stdout] 104 |     tree.assert_invariants();
[INFO] [stdout]     |          ^^^^^^^^^^^^^^^^^ method not found in `GenericTree<i32, i32, 64, 64>`
[INFO] [stdout] 
[INFO] [stdout] 
[INFO] [stdout] error[E0599]: no method named `assert_invariants` found for struct `Arc<GenericTree<i32, i32, 64, 64>>` in the current scope
[INFO] [stdout]    --> tests/concurrency.rs:176:7
[INFO] [stdout]     |
[INFO] [stdout] 176 |     tree.assert_invariants();
[INFO] [stdout]     |          ^^^^^^^^^^^^^^^^^ method not found in `Arc<GenericTree<i32, i32, 64, 64>>`
[INFO] [stdout] 
[INFO] [stdout] 
[INFO] [stdout] error[E0599]: no method named `assert_invariants` found for struct `GenericTree<K, V, IC, LC>` in the current scope
[INFO] [stdout]    --> tests/functional_coverage.rs:335:7
[INFO] [stdout]     |
[INFO] [stdout] 335 |     tree.assert_invariants();
[INFO] [stdout]     |          ^^^^^^^^^^^^^^^^^ method not found in `GenericTree<u32, u32, 64, 64>`
[INFO] [stdout] 
[INFO] [stdout] 
[INFO] [stdout] error[E0599]: no method named `assert_invariants` found for struct `Arc<GenericTree<u32, u32, 64, 64>>` in the current scope
[INFO] [stdout]    --> tests/concurrent_shapes.rs:122:7
[INFO] [stdout]     |
[INFO] [stdout] 122 |     tree.assert_invariants();
[INFO] [stdout]     |          ^^^^^^^^^^^^^^^^^ method not found in `Arc<GenericTree<u32, u32, 64, 64>>`
[INFO] [stdout] 
[INFO] [stdout] 
[INFO] [stdout] error[E0599]: no method named `assert_invariants` found for struct `GenericTree<K, V, IC, LC>` in the current scope
[INFO] [stdout]   --> tests/integration.rs:86:7
[INFO] [stdout]    |
[INFO] [stdout] 86 |     tree.assert_invariants();
[INFO] [stdout]    |          ^^^^^^^^^^^^^^^^^ method not found in `GenericTree<i32, i32, 64, 64>`
[INFO] [stdout] 
[INFO] [stdout] 
[INFO] [stdout] error[E0599]: no method named `assert_invariants` found for struct `Arc<GenericTree<i32, i32, 64, 64>>` in the current scope
[INFO] [stdout]    --> tests/concurrency.rs:196:7
[INFO] [stdout]     |
[INFO] [stdout] 196 |     tree.assert_invariants();
[INFO] [stdout]     |          ^^^^^^^^^^^^^^^^^ method not found in `Arc<GenericTree<i32, i32, 64, 64>>`
[INFO] [stdout] 
[INFO] [stdout] 
[INFO] [stdout] error[E0599]: no method named `assert_invariants` found for struct `GenericTree<K, V, IC, LC>` in the current scope
[INFO] [stdout]    --> tests/functional_coverage.rs:349:7
[INFO] [stdout]     |
[INFO] [stdout] 349 |     tree.assert_invariants();
[INFO] [stdout]     |          ^^^^^^^^^^^^^^^^^ method not found in `GenericTree<u32, u32, 64, 64>`
[INFO] [stdout] 
[INFO] [stdout] 
[INFO] [stdout] error[E0599]: no method named `assert_invariants` found for struct `Arc<GenericTree<u64, (), 64, 64>>` in the current scope
[INFO] [stdout]    --> tests/race_stress.rs:300:7
[INFO] [stdout]     |
[INFO] [stdout] 300 |     tree.assert_invariants();
[INFO] [stdout]     |          ^^^^^^^^^^^^^^^^^ method not found in `Arc<GenericTree<u64, (), 64, 64>>`
[INFO] [stdout] 
[INFO] [stdout] 
[INFO] [stdout] error[E0599]: no method named `assert_invariants` found for struct `Arc<GenericTree<i32, i32, 64, 64>>` in the current scope
[INFO] [stdout]    --> tests/concurrency.rs:226:7
[INFO] [stdout]     |
[INFO] [stdout] 226 |     tree.assert_invariants();
[INFO] [stdout]     |          ^^^^^^^^^^^^^^^^^ method not found in `Arc<GenericTree<i32, i32, 64, 64>>`
[INFO] [stdout] 
[INFO] [stdout] 
[INFO] [stdout] error[E0599]: no method named `assert_invariants` found for struct `Arc<GenericTree<u32, u32, 64, 64>>` in the current scope
[INFO] [stdout]    --> tests/concurrent_shapes.rs:148:7
[INFO] [stdout]     |
[INFO] [stdout] 148 |     tree.assert_invariants();
[INFO] [stdout]     |          ^^^^^^^^^^^^^^^^^ method not found in `Arc<GenericTree<u32, u32, 64, 64>>`
[INFO] [stdout] 
[INFO] [stdout] 
[INFO] [stdout] error[E0599]: no method named `assert_invariants` found for struct `GenericTree<K, V, IC, LC>` in the current scope
[INFO] [stdout]    --> tests/integration.rs:108:7
[INFO] [stdout]     |
[INFO] [stdout] 108 |     tree.assert_invariants();
[INFO] [stdout]     |          ^^^^^^^^^^^^^^^^^ method not found in `GenericTree<i32, i32, 64, 64>`
[INFO] [stdout] 
[INFO] [stdout] 
[INFO] [stdout] error[E0599]: no method named `assert_invariants` found for struct `GenericTree<K, V, IC, LC>` in the current scope
[INFO] [stdout]    --> tests/invariants.rs:123:7
[INFO] [stdout]     |
[INFO] [stdout] 123 |     tree.assert_invariants();
[INFO] [stdout]     |          ^^^^^^^^^^^^^^^^^ method not found in `GenericTree<i32, i32, 64, 64>`
[INFO] [stdout] 
[INFO] [stdout] 
[INFO] [stdout] error[E0599]: no method named `assert_invariants` found for struct `Arc<GenericTree<u32, u32, 64, 64>>` in the current scope
[INFO] [stdout]    --> tests/concurrent_shapes.rs:200:7
[INFO] [stdout]     |
[INFO] [stdout] 200 |     tree.assert_invariants();
[INFO] [stdout]     |          ^^^^^^^^^^^^^^^^^ method not found in `Arc<GenericTree<u32, u32, 64, 64>>`
[INFO] [stdout] 
[INFO] [stdout] 
[INFO] [stdout] error[E0599]: no method named `assert_invariants` found for struct `Arc<GenericTree<i32, i32, 64, 64>>` in the current scope
[INFO] [stdout]    --> tests/concurrency.rs:259:7
[INFO] [stdout]     |
[INFO] [stdout] 259 |     tree.assert_invariants();
[INFO] [stdout]     |          ^^^^^^^^^^^^^^^^^ method not found in `Arc<GenericTree<i32, i32, 64, 64>>`
[INFO] [stdout] 
[INFO] [stdout] 
[INFO] [stdout] error[E0599]: no method named `assert_invariants` found for struct `GenericTree<K, V, IC, LC>` in the current scope
[INFO] [stdout]   --> tests/unsafe_coverage.rs:60:7
[INFO] [stdout]    |
[INFO] [stdout] 60 |     tree.assert_invariants();
[INFO] [stdout]    |          ^^^^^^^^^^^^^^^^^ method not found in `GenericTree<u32, u32, 64, 64>`
[INFO] [stdout] 
[INFO] [stdout] 
[INFO] [stdout] error[E0599]: no method named `assert_invariants` found for struct `Arc<GenericTree<u32, u32, 64, 64>>` in the current scope
[INFO] [stdout]    --> tests/concurrent_shapes.rs:280:7
[INFO] [stdout]     |
[INFO] [stdout] 280 |     tree.assert_invariants();
[INFO] [stdout]     |          ^^^^^^^^^^^^^^^^^ method not found in `Arc<GenericTree<u32, u32, 64, 64>>`
[INFO] [stdout] 
[INFO] [stdout] 
[INFO] [stdout] error[E0599]: no method named `assert_invariants` found for struct `Arc<GenericTree<u32, u32, 64, 64>>` in the current scope
[INFO] [stdout]    --> tests/concurrent_shapes.rs:319:7
[INFO] [stdout]     |
[INFO] [stdout] 319 |     tree.assert_invariants();
[INFO] [stdout]     |          ^^^^^^^^^^^^^^^^^ method not found in `Arc<GenericTree<u32, u32, 64, 64>>`
[INFO] [stdout] 
[INFO] [stdout] 
[INFO] [stdout] error[E0599]: no method named `assert_invariants` found for struct `Arc<GenericTree<u32, Counted, 64, 64>>` in the current scope
[INFO] [stdout]    --> tests/concurrent_shapes.rs:379:8
[INFO] [stdout]     |
[INFO] [stdout] 379 |         tree.assert_invariants();
[INFO] [stdout]     |              ^^^^^^^^^^^^^^^^^ method not found in `Arc<GenericTree<u32, Counted, 64, 64>>`
[INFO] [stdout] 
[INFO] [stdout] 
[INFO] [stdout] error[E0599]: no method named `assert_invariants` found for struct `GenericTree<K, V, IC, LC>` in the current scope
[INFO] [stdout]    --> tests/integration.rs:130:7
[INFO] [stdout]     |
[INFO] [stdout] 130 |     tree.assert_invariants();
[INFO] [stdout]     |          ^^^^^^^^^^^^^^^^^ method not found in `GenericTree<i32, i32, 64, 64>`
[INFO] [stdout] 
[INFO] [stdout] 
[INFO] [stdout] error[E0599]: no method named `assert_invariants` found for struct `GenericTree<K, V, IC, LC>` in the current scope
[INFO] [stdout]   --> tests/unsafe_coverage.rs:72:7
[INFO] [stdout]    |
[INFO] [stdout] 72 |     tree.assert_invariants();
[INFO] [stdout]    |          ^^^^^^^^^^^^^^^^^ method not found in `GenericTree<u32, u32, 64, 64>`
[INFO] [stdout] 
[INFO] [stdout] 
[INFO] [stdout] error[E0599]: no method named `assert_invariants` found for struct `Arc<GenericTree<i32, i32, 64, 64>>` in the current scope
[INFO] [stdout]    --> tests/deadlock_tests.rs:402:8
[INFO] [stdout]     |
[INFO] [stdout] 402 |         tree.assert_invariants();
[INFO] [stdout]     |              ^^^^^^^^^^^^^^^^^ method not found in `Arc<GenericTree<i32, i32, 64, 64>>`
[INFO] [stdout] 
[INFO] [stdout] 
[INFO] [stdout] error[E0599]: no method named `assert_invariants` found for struct `Arc<GenericTree<u64, u64, 64, 64>>` in the current scope
[INFO] [stdout]    --> tests/race_stress.rs:486:7
[INFO] [stdout]     |
[INFO] [stdout] 486 |     tree.assert_invariants();
[INFO] [stdout]     |          ^^^^^^^^^^^^^^^^^ method not found in `Arc<GenericTree<u64, u64, 64, 64>>`
[INFO] [stdout] 
[INFO] [stdout] 
[INFO] [stdout] For more information about this error, try `rustc --explain E0599`.
[INFO] [stdout] 
[INFO] [stdout] error[E0599]: no method named `assert_invariants` found for struct `GenericTree<K, V, IC, LC>` in the current scope
[INFO] [stdout]    --> tests/integration.rs:156:7
[INFO] [stdout]     |
[INFO] [stdout] 156 |     tree.assert_invariants();
[INFO] [stdout]     |          ^^^^^^^^^^^^^^^^^ method not found in `GenericTree<i32, i32, 64, 64>`
[INFO] [stdout] 
[INFO] [stdout] 
[INFO] [stdout] For more information about this error, try `rustc --explain E0599`.
[INFO] [stdout] 
[INFO] [stdout] error[E0599]: no method named `assert_invariants` found for struct `GenericTree<K, V, IC, LC>` in the current scope
[INFO] [stdout]    --> tests/deadlock_tests.rs:423:8
[INFO] [stdout]     |
[INFO] [stdout] 423 |         tree.assert_invariants();
[INFO] [stdout]     |              ^^^^^^^^^^^^^^^^^ method not found in `GenericTree<i32, i32, 64, 64>`
[INFO] [stdout] 
[INFO] [stdout] 
[INFO] [stderr] error: could not compile `ferntree` (test "concurrent_shapes") due to 9 previous errors
[INFO] [stdout] error[E0599]: no method named `assert_invariants` found for struct `Arc<GenericTree<i32, i32, 64, 64>>` in the current scope
[INFO] [stdout]    --> tests/concurrency.rs:288:7
[INFO] [stdout]     |
[INFO] [stdout] 288 |     tree.assert_invariants();
[INFO] [stdout]     |          ^^^^^^^^^^^^^^^^^ method not found in `Arc<GenericTree<i32, i32, 64, 64>>`
[INFO] [stdout] 
[INFO] [stdout] 
[INFO] [stderr] warning: build failed, waiting for other jobs to finish...
[INFO] [stderr] error: could not compile `ferntree` (test "functional_coverage") due to 6 previous errors
[INFO] [stdout] error[E0599]: no method named `assert_invariants` found for struct `GenericTree<K, V, IC, LC>` in the current scope
[INFO] [stdout]   --> tests/unsafe_coverage.rs:85:7
[INFO] [stdout]    |
[INFO] [stdout] 85 |     tree.assert_invariants();
[INFO] [stdout]    |          ^^^^^^^^^^^^^^^^^ method not found in `GenericTree<u32, u32, 64, 64>`
[INFO] [stdout] 
[INFO] [stdout] 
[INFO] [stdout] error[E0599]: no method named `assert_invariants` found for struct `GenericTree<K, V, IC, LC>` in the current scope
[INFO] [stdout]    --> tests/deadlock_tests.rs:442:8
[INFO] [stdout]     |
[INFO] [stdout] 442 |         tree.assert_invariants();
[INFO] [stdout]     |              ^^^^^^^^^^^^^^^^^ method not found in `GenericTree<i32, i32, 64, 64>`
[INFO] [stdout] 
[INFO] [stdout] 
[INFO] [stdout] error[E0599]: no method named `assert_invariants` found for struct `GenericTree<K, V, IC, LC>` in the current scope
[INFO] [stdout]    --> tests/invariants.rs:150:7
[INFO] [stdout]     |
[INFO] [stdout] 150 |     tree.assert_invariants();
[INFO] [stdout]     |          ^^^^^^^^^^^^^^^^^ method not found in `GenericTree<i32, i32, 64, 64>`
[INFO] [stdout] 
[INFO] [stdout] 
[INFO] [stdout] error[E0599]: no method named `assert_invariants` found for struct `Arc<GenericTree<u32, u32, 64, 64>>` in the current scope
[INFO] [stdout]    --> tests/unsafe_coverage.rs:126:7
[INFO] [stdout]     |
[INFO] [stdout] 126 |     tree.assert_invariants();
[INFO] [stdout]     |          ^^^^^^^^^^^^^^^^^ method not found in `Arc<GenericTree<u32, u32, 64, 64>>`
[INFO] [stdout] 
[INFO] [stdout] 
[INFO] [stdout] error[E0599]: no method named `assert_invariants` found for struct `GenericTree<K, V, IC, LC>` in the current scope
[INFO] [stdout]    --> tests/deadlock_tests.rs:458:8
[INFO] [stdout]     |
[INFO] [stdout] 458 |         tree.assert_invariants();
[INFO] [stdout]     |              ^^^^^^^^^^^^^^^^^ method not found in `GenericTree<i32, i32, 64, 64>`
[INFO] [stdout] 
[INFO] [stdout] 
[INFO] [stdout] error[E0599]: no method named `assert_invariants` found for struct `GenericTree<K, V, IC, LC>` in the current scope
[INFO] [stdout]    --> tests/integration.rs:185:7
[INFO] [stdout]     |
[INFO] [stdout] 185 |     tree.assert_invariants();
[INFO] [stdout]     |          ^^^^^^^^^^^^^^^^^ method not found in `GenericTree<i64, i64, 64, 64>`
[INFO] [stdout] 
[INFO] [stdout] 
[INFO] [stdout] error[E0599]: no method named `assert_invariants` found for struct `Arc<GenericTree<i32, i32, 64, 64>>` in the current scope
[INFO] [stdout]    --> tests/concurrency.rs:311:7
[INFO] [stdout]     |
[INFO] [stdout] 311 |     tree.assert_invariants();
[INFO] [stdout]     |          ^^^^^^^^^^^^^^^^^ method not found in `Arc<GenericTree<i32, i32, 64, 64>>`
[INFO] [stdout] 
[INFO] [stdout] 
[INFO] [stdout] error[E0599]: no method named `assert_invariants` found for struct `GenericTree<K, V, IC, LC>` in the current scope
[INFO] [stdout]    --> tests/unsafe_coverage.rs:147:7
[INFO] [stdout]     |
[INFO] [stdout] 147 |     tree.assert_invariants();
[INFO] [stdout]     |          ^^^^^^^^^^^^^^^^^ method not found in `GenericTree<u32, u32, 64, 64>`
[INFO] [stdout] 
[INFO] [stdout] 
[INFO] [stdout] error[E0599]: no method named `assert_invariants` found for struct `GenericTree<K, V, IC, LC>` in the current scope
[INFO] [stdout]    --> tests/unsafe_coverage.rs:154:7
[INFO] [stdout]     |
[INFO] [stdout] 154 |     tree.assert_invariants();
[INFO] [stdout]     |          ^^^^^^^^^^^^^^^^^ method not found in `GenericTree<u32, u32, 64, 64>`
[INFO] [stdout] 
[INFO] [stdout] 
[INFO] [stdout] error[E0599]: no method named `assert_invariants` found for struct `GenericTree<K, V, IC, LC>` in the current scope
[INFO] [stdout]    --> tests/unsafe_coverage.rs:169:7
[INFO] [stdout]     |
[INFO] [stdout] 169 |     tree.assert_invariants();
[INFO] [stdout]     |          ^^^^^^^^^^^^^^^^^ method not found in `GenericTree<u32, u32, 64, 64>`
[INFO] [stdout] 
[INFO] [stdout] 
[INFO] [stdout] error[E0599]: no method named `assert_invariants` found for struct `GenericTree<K, V, IC, LC>` in the current scope
[INFO] [stdout]    --> tests/deadlock_tests.rs:479:8
[INFO] [stdout]     |
[INFO] [stdout] 479 |         tree.assert_invariants();
[INFO] [stdout]     |              ^^^^^^^^^^^^^^^^^ method not found in `GenericTree<i32, i32, 64, 64>`
[INFO] [stdout] 
[INFO] [stdout] 
[INFO] [stdout] error[E0599]: no method named `assert_invariants` found for struct `GenericTree<K, V, IC, LC>` in the current scope
[INFO] [stdout]    --> tests/integration.rs:204:7
[INFO] [stdout]     |
[INFO] [stdout] 204 |     tree.assert_invariants();
[INFO] [stdout]     |          ^^^^^^^^^^^^^^^^^ method not found in `GenericTree<i32, i32, 64, 64>`
[INFO] [stdout] 
[INFO] [stdout] 
[INFO] [stdout] error[E0599]: no method named `assert_invariants` found for struct `GenericTree<K, V, IC, LC>` in the current scope
[INFO] [stdout]    --> tests/unsafe_coverage.rs:174:7
[INFO] [stdout]     |
[INFO] [stdout] 174 |     tree.assert_invariants();
[INFO] [stdout]     |          ^^^^^^^^^^^^^^^^^ method not found in `GenericTree<u32, u32, 64, 64>`
[INFO] [stdout] 
[INFO] [stdout] 
[INFO] [stdout] error[E0599]: no method named `assert_invariants` found for struct `GenericTree<K, V, IC, LC>` in the current scope
[INFO] [stdout]    --> tests/invariants.rs:156:8
[INFO] [stdout]     |
[INFO] [stdout] 156 |         tree.assert_invariants();
[INFO] [stdout]     |              ^^^^^^^^^^^^^^^^^ method not found in `GenericTree<i32, i32, 64, 64>`
[INFO] [stdout] 
[INFO] [stdout] 
[INFO] [stdout] error[E0599]: no method named `assert_invariants` found for struct `GenericTree<K, V, IC, LC>` in the current scope
[INFO] [stdout]    --> tests/deadlock_tests.rs:497:8
[INFO] [stdout]     |
[INFO] [stdout] 497 |         tree.assert_invariants();
[INFO] [stdout]     |              ^^^^^^^^^^^^^^^^^ method not found in `GenericTree<i32, i32, 64, 64>`
[INFO] [stdout] 
[INFO] [stdout] 
[INFO] [stdout] error[E0599]: no method named `assert_invariants` found for struct `GenericTree<K, V, IC, LC>` in the current scope
[INFO] [stdout]    --> tests/unsafe_coverage.rs:194:7
[INFO] [stdout]     |
[INFO] [stdout] 194 |     tree.assert_invariants();
[INFO] [stdout]     |          ^^^^^^^^^^^^^^^^^ method not found in `GenericTree<u32, u32, 64, 64>`
[INFO] [stdout] 
[INFO] [stdout] 
[INFO] [stdout] error[E0599]: no method named `assert_invariants` found for struct `GenericTree<K, V, IC, LC>` in the current scope
[INFO] [stdout]   --> tests/property.rs:71:8
[INFO] [stdout]    |
[INFO] [stdout] 71 |         tree.assert_invariants();
[INFO] [stdout]    |              ^^^^^^^^^^^^^^^^^ method not found in `GenericTree<i32, i32, 64, 64>`
[INFO] [stdout] 
[INFO] [stdout] 
[INFO] [stdout] error[E0599]: no method named `assert_invariants` found for struct `Arc<GenericTree<i32, i32, 64, 64>>` in the current scope
[INFO] [stdout]    --> tests/concurrency.rs:347:7
[INFO] [stdout]     |
[INFO] [stdout] 347 |     tree.assert_invariants();
[INFO] [stdout]     |          ^^^^^^^^^^^^^^^^^ method not found in `Arc<GenericTree<i32, i32, 64, 64>>`
[INFO] [stdout] 
[INFO] [stdout] 
[INFO] [stdout] error[E0599]: no method named `assert_invariants` found for struct `GenericTree<K, V, IC, LC>` in the current scope
[INFO] [stdout]    --> tests/integration.rs:210:7
[INFO] [stdout]     |
[INFO] [stdout] 210 |     tree.assert_invariants();
[INFO] [stdout]     |          ^^^^^^^^^^^^^^^^^ method not found in `GenericTree<i32, i32, 64, 64>`
[INFO] [stdout] 
[INFO] [stdout] 
[INFO] [stdout] For more information about this error, try `rustc --explain E0599`.
[INFO] [stdout] 
[INFO] [stdout] error[E0599]: no method named `assert_invariants` found for struct `GenericTree<K, V, IC, LC>` in the current scope
[INFO] [stdout]    --> tests/deadlock_tests.rs:514:8
[INFO] [stdout]     |
[INFO] [stdout] 514 |         tree.assert_invariants();
[INFO] [stdout]     |              ^^^^^^^^^^^^^^^^^ method not found in `GenericTree<i32, i32, 64, 64>`
[INFO] [stdout] 
[INFO] [stdout] 
[INFO] [stderr] error: could not compile `ferntree` (test "race_stress") due to 2 previous errors
[INFO] [stdout] error[E0599]: no method named `assert_invariants` found for struct `GenericTree<K, V, IC, LC>` in the current scope
[INFO] [stdout]    --> tests/deadlock_tests.rs:532:8
[INFO] [stdout]     |
[INFO] [stdout] 532 |         tree.assert_invariants();
[INFO] [stdout]     |              ^^^^^^^^^^^^^^^^^ method not found in `GenericTree<i32, i32, 64, 64>`
[INFO] [stdout] 
[INFO] [stdout] 
[INFO] [stdout] error[E0599]: no method named `assert_invariants` found for struct `GenericTree<K, V, IC, LC>` in the current scope
[INFO] [stdout]    --> tests/unsafe_coverage.rs:213:8
[INFO] [stdout]     |
[INFO] [stdout] 213 |         tree.assert_invariants();
[INFO] [stdout]     |              ^^^^^^^^^^^^^^^^^ method not found in `GenericTree<u32, u32, 64, 64>`
[INFO] [stdout] 
[INFO] [stdout] 
[INFO] [stdout] error[E0599]: no method named `assert_invariants` found for struct `GenericTree<K, V, IC, LC>` in the current scope
[INFO] [stdout]    --> tests/deadlock_tests.rs:548:8
[INFO] [stdout]     |
[INFO] [stdout] 548 |         tree.assert_invariants();
[INFO] [stdout]     |              ^^^^^^^^^^^^^^^^^ method not found in `GenericTree<i32, i32, 64, 64>`
[INFO] [stdout] 
[INFO] [stdout] 
[INFO] [stdout] error[E0599]: no method named `assert_invariants` found for struct `GenericTree<K, V, IC, LC>` in the current scope
[INFO] [stdout]    --> tests/integration.rs:222:7
[INFO] [stdout]     |
[INFO] [stdout] 222 |     tree.assert_invariants();
[INFO] [stdout]     |          ^^^^^^^^^^^^^^^^^ method not found in `GenericTree<i32, i32, 64, 64>`
[INFO] [stdout] 
[INFO] [stdout] 
[INFO] [stdout] error[E0599]: no method named `assert_invariants` found for struct `GenericTree<K, V, IC, LC>` in the current scope
[INFO] [stdout]    --> tests/invariants.rs:178:7
[INFO] [stdout]     |
[INFO] [stdout] 178 |     tree.assert_invariants();
[INFO] [stdout]     |          ^^^^^^^^^^^^^^^^^ method not found in `GenericTree<i32, i32, 64, 64>`
[INFO] [stdout] 
[INFO] [stdout] 
[INFO] [stdout] error[E0599]: no method named `assert_invariants` found for struct `Arc<GenericTree<i32, i32, 64, 64>>` in the current scope
[INFO] [stdout]    --> tests/deadlock_tests.rs:570:8
[INFO] [stdout]     |
[INFO] [stdout] 570 |         tree.assert_invariants();
[INFO] [stdout]     |              ^^^^^^^^^^^^^^^^^ method not found in `Arc<GenericTree<i32, i32, 64, 64>>`
[INFO] [stdout] 
[INFO] [stdout] 
[INFO] [stdout] error[E0599]: no method named `assert_invariants` found for struct `Arc<GenericTree<i32, i32, 64, 64>>` in the current scope
[INFO] [stdout]    --> tests/concurrency.rs:366:7
[INFO] [stdout]     |
[INFO] [stdout] 366 |     tree.assert_invariants();
[INFO] [stdout]     |          ^^^^^^^^^^^^^^^^^ method not found in `Arc<GenericTree<i32, i32, 64, 64>>`
[INFO] [stdout] 
[INFO] [stdout] 
[INFO] [stdout] error[E0599]: no method named `assert_invariants` found for struct `Arc<GenericTree<i32, i32, 64, 64>>` in the current scope
[INFO] [stdout]    --> tests/deadlock_tests.rs:607:8
[INFO] [stdout]     |
[INFO] [stdout] 607 |         tree.assert_invariants();
[INFO] [stdout]     |              ^^^^^^^^^^^^^^^^^ method not found in `Arc<GenericTree<i32, i32, 64, 64>>`
[INFO] [stdout] 
[INFO] [stdout] 
[INFO] [stdout] error[E0599]: no method named `assert_invariants` found for struct `GenericTree<K, V, IC, LC>` in the current scope
[INFO] [stdout]    --> tests/unsafe_coverage.rs:233:7
[INFO] [stdout]     |
[INFO] [stdout] 233 |     tree.assert_invariants();
[INFO] [stdout]     |          ^^^^^^^^^^^^^^^^^ method not found in `GenericTree<u32, u32, 64, 64>`
[INFO] [stdout] 
[INFO] [stdout] 
[INFO] [stdout] error[E0599]: no method named `assert_invariants` found for struct `Arc<GenericTree<i32, i32, 64, 64>>` in the current scope
[INFO] [stdout]    --> tests/deadlock_tests.rs:624:8
[INFO] [stdout]     |
[INFO] [stdout] 624 |         tree.assert_invariants();
[INFO] [stdout]     |              ^^^^^^^^^^^^^^^^^ method not found in `Arc<GenericTree<i32, i32, 64, 64>>`
[INFO] [stdout] 
[INFO] [stdout] 
[INFO] [stdout] error[E0599]: no method named `assert_invariants` found for struct `Arc<GenericTree<i32, i32, 64, 64>>` in the current scope
[INFO] [stdout]    --> tests/concurrency.rs:399:7
[INFO] [stdout]     |
[INFO] [stdout] 399 |     tree.assert_invariants();
[INFO] [stdout]     |          ^^^^^^^^^^^^^^^^^ method not found in `Arc<GenericTree<i32, i32, 64, 64>>`
[INFO] [stdout] 
[INFO] [stdout] 
[INFO] [stdout] error[E0599]: no method named `assert_invariants` found for struct `GenericTree<K, V, IC, LC>` in the current scope
[INFO] [stdout]    --> tests/invariants.rs:185:7
[INFO] [stdout]     |
[INFO] [stdout] 185 |     tree.assert_invariants();
[INFO] [stdout]     |          ^^^^^^^^^^^^^^^^^ method not found in `GenericTree<i32, i32, 64, 64>`
[INFO] [stdout] 
[INFO] [stdout] 
[INFO] [stdout] error[E0599]: no method named `assert_invariants` found for struct `Arc<GenericTree<i32, i32, 64, 64>>` in the current scope
[INFO] [stdout]    --> tests/deadlock_tests.rs:658:8
[INFO] [stdout]     |
[INFO] [stdout] 658 |         tree.assert_invariants();
[INFO] [stdout]     |              ^^^^^^^^^^^^^^^^^ method not found in `Arc<GenericTree<i32, i32, 64, 64>>`
[INFO] [stdout] 
[INFO] [stdout] 
[INFO] [stdout] error[E0599]: no method named `assert_invariants` found for struct `GenericTree<K, V, IC, LC>` in the current scope
[INFO] [stdout]    --> tests/integration.rs:228:7
[INFO] [stdout]     |
[INFO] [stdout] 228 |     tree.assert_invariants();
[INFO] [stdout]     |          ^^^^^^^^^^^^^^^^^ method not found in `GenericTree<i32, i32, 64, 64>`
[INFO] [stdout] 
[INFO] [stdout] 
[INFO] [stdout] error[E0599]: no method named `assert_invariants` found for struct `GenericTree<K, V, IC, LC>` in the current scope
[INFO] [stdout]   --> tests/property.rs:92:8
[INFO] [stdout]    |
[INFO] [stdout] 92 |         tree.assert_invariants();
[INFO] [stdout]    |              ^^^^^^^^^^^^^^^^^ method not found in `GenericTree<i32, i32, 64, 64>`
[INFO] [stdout] 
[INFO] [stdout] 
[INFO] [stdout] error[E0599]: no method named `assert_invariants` found for struct `Arc<GenericTree<i32, i32, 64, 64>>` in the current scope
[INFO] [stdout]    --> tests/concurrency.rs:435:7
[INFO] [stdout]     |
[INFO] [stdout] 435 |     tree.assert_invariants();
[INFO] [stdout]     |          ^^^^^^^^^^^^^^^^^ method not found in `Arc<GenericTree<i32, i32, 64, 64>>`
[INFO] [stdout] 
[INFO] [stdout] 
[INFO] [stdout] error[E0599]: no method named `assert_invariants` found for struct `Arc<GenericTree<i32, i32, 64, 64>>` in the current scope
[INFO] [stdout]    --> tests/deadlock_tests.rs:673:8
[INFO] [stdout]     |
[INFO] [stdout] 673 |         tree.assert_invariants();
[INFO] [stdout]     |              ^^^^^^^^^^^^^^^^^ method not found in `Arc<GenericTree<i32, i32, 64, 64>>`
[INFO] [stdout] 
[INFO] [stdout] 
[INFO] [stdout] error[E0599]: no method named `assert_invariants` found for struct `GenericTree<K, V, IC, LC>` in the current scope
[INFO] [stdout]    --> tests/unsafe_coverage.rs:318:7
[INFO] [stdout]     |
[INFO] [stdout] 318 |     tree.assert_invariants();
[INFO] [stdout]     |          ^^^^^^^^^^^^^^^^^ method not found in `GenericTree<u32, u32, 64, 64>`
[INFO] [stdout] 
[INFO] [stdout] 
[INFO] [stdout] error[E0599]: no method named `assert_invariants` found for struct `GenericTree<K, V, IC, LC>` in the current scope
[INFO] [stdout]    --> tests/property.rs:118:8
[INFO] [stdout]     |
[INFO] [stdout] 118 |         tree.assert_invariants();
[INFO] [stdout]     |              ^^^^^^^^^^^^^^^^^ method not found in `GenericTree<i32, i32, 64, 64>`
[INFO] [stdout] 
[INFO] [stdout] 
[INFO] [stdout] error[E0599]: no method named `assert_invariants` found for struct `GenericTree<K, V, IC, LC>` in the current scope
[INFO] [stdout]    --> tests/property.rs:127:8
[INFO] [stdout]     |
[INFO] [stdout] 127 |         tree.assert_invariants();
[INFO] [stdout]     |              ^^^^^^^^^^^^^^^^^ method not found in `GenericTree<i32, i32, 64, 64>`
[INFO] [stdout] 
[INFO] [stdout] 
[INFO] [stdout] error[E0599]: no method named `assert_invariants` found for struct `Arc<GenericTree<i32, i32, 64, 64>>` in the current scope
[INFO] [stdout]    --> tests/concurrency.rs:490:7
[INFO] [stdout]     |
[INFO] [stdout] 490 |     tree.assert_invariants();
[INFO] [stdout]     |          ^^^^^^^^^^^^^^^^^ method not found in `Arc<GenericTree<i32, i32, 64, 64>>`
[INFO] [stdout] 
[INFO] [stdout] 
[INFO] [stdout] error[E0599]: no method named `assert_invariants` found for struct `GenericTree<K, V, IC, LC>` in the current scope
[INFO] [stdout]    --> tests/integration.rs:241:7
[INFO] [stdout]     |
[INFO] [stdout] 241 |     tree.assert_invariants();
[INFO] [stdout]     |          ^^^^^^^^^^^^^^^^^ method not found in `GenericTree<i32, i32, 64, 64>`
[INFO] [stdout] 
[INFO] [stdout] 
[INFO] [stdout] error[E0599]: no method named `assert_invariants` found for struct `GenericTree<K, V, IC, LC>` in the current scope
[INFO] [stdout]    --> tests/invariants.rs:213:7
[INFO] [stdout]     |
[INFO] [stdout] 213 |     tree.assert_invariants();
[INFO] [stdout]     |          ^^^^^^^^^^^^^^^^^ method not found in `GenericTree<i32, i32, 64, 64>`
[INFO] [stdout] 
[INFO] [stdout] 
[INFO] [stdout] error[E0599]: no method named `assert_invariants` found for struct `GenericTree<K, V, IC, LC>` in the current scope
[INFO] [stdout]    --> tests/unsafe_coverage.rs:352:7
[INFO] [stdout]     |
[INFO] [stdout] 352 |     tree.assert_invariants();
[INFO] [stdout]     |          ^^^^^^^^^^^^^^^^^ method not found in `GenericTree<u32, u32, 64, 64>`
[INFO] [stdout] 
[INFO] [stdout] 
[INFO] [stdout] error[E0599]: no method named `assert_invariants` found for struct `GenericTree<K, V, IC, LC>` in the current scope
[INFO] [stdout]    --> tests/property.rs:144:8
[INFO] [stdout]     |
[INFO] [stdout] 144 |         tree.assert_invariants();
[INFO] [stdout]     |              ^^^^^^^^^^^^^^^^^ method not found in `GenericTree<i32, i32, 64, 64>`
[INFO] [stdout] 
[INFO] [stdout] 
[INFO] [stdout] error[E0599]: no method named `assert_invariants` found for struct `Arc<GenericTree<i32, i32, 64, 64>>` in the current scope
[INFO] [stdout]    --> tests/deadlock_tests.rs:708:8
[INFO] [stdout]     |
[INFO] [stdout] 708 |         tree.assert_invariants();
[INFO] [stdout]     |              ^^^^^^^^^^^^^^^^^ method not found in `Arc<GenericTree<i32, i32, 64, 64>>`
[INFO] [stdout] 
[INFO] [stdout] 
[INFO] [stdout] error[E0599]: no method named `assert_invariants` found for struct `GenericTree<K, V, IC, LC>` in the current scope
[INFO] [stdout]    --> tests/invariants.rs:221:8
[INFO] [stdout]     |
[INFO] [stdout] 221 |         tree.assert_invariants();
[INFO] [stdout]     |              ^^^^^^^^^^^^^^^^^ method not found in `GenericTree<i32, i32, 64, 64>`
[INFO] [stdout] 
[INFO] [stdout] 
[INFO] [stdout] error[E0599]: no method named `assert_invariants` found for struct `GenericTree<K, V, IC, LC>` in the current scope
[INFO] [stdout]    --> tests/property.rs:154:8
[INFO] [stdout]     |
[INFO] [stdout] 154 |         tree.assert_invariants();
[INFO] [stdout]     |              ^^^^^^^^^^^^^^^^^ method not found in `GenericTree<i32, i32, 64, 64>`
[INFO] [stdout] 
[INFO] [stdout] 
[INFO] [stdout] error[E0599]: no method named `assert_invariants` found for struct `GenericTree<K, V, IC, LC>` in the current scope
[INFO] [stdout]    --> tests/integration.rs:250:7
[INFO] [stdout]     |
[INFO] [stdout] 250 |     tree.assert_invariants();
[INFO] [stdout]     |          ^^^^^^^^^^^^^^^^^ method not found in `GenericTree<i32, i32, 64, 64>`
[INFO] [stdout] 
[INFO] [stdout] 
[INFO] [stdout] error[E0599]: no method named `assert_invariants` found for struct `GenericTree<K, V, IC, LC>` in the current scope
[INFO] [stdout]    --> tests/invariants.rs:227:8
[INFO] [stdout]     |
[INFO] [stdout] 227 |         tree.assert_invariants();
[INFO] [stdout]     |              ^^^^^^^^^^^^^^^^^ method not found in `GenericTree<i32, i32, 64, 64>`
[INFO] [stdout] 
[INFO] [stdout] 
[INFO] [stdout] error[E0599]: no method named `assert_invariants` found for struct `Arc<GenericTree<i32, i32, 64, 64>>` in the current scope
[INFO] [stdout]    --> tests/concurrency.rs:520:7
[INFO] [stdout]     |
[INFO] [stdout] 520 |     tree.assert_invariants();
[INFO] [stdout]     |          ^^^^^^^^^^^^^^^^^ method not found in `Arc<GenericTree<i32, i32, 64, 64>>`
[INFO] [stdout] 
[INFO] [stdout] 
[INFO] [stdout] error[E0599]: no method named `assert_invariants` found for struct `GenericTree<K, V, IC, LC>` in the current scope
[INFO] [stdout]    --> tests/unsafe_coverage.rs:374:7
[INFO] [stdout]     |
[INFO] [stdout] 374 |     tree.assert_invariants();
[INFO] [stdout]     |          ^^^^^^^^^^^^^^^^^ method not found in `GenericTree<u32, u32, 64, 64>`
[INFO] [stdout] 
[INFO] [stdout] 
[INFO] [stdout] error[E0599]: no method named `assert_invariants` found for struct `GenericTree<K, V, IC, LC>` in the current scope
[INFO] [stdout]    --> tests/invariants.rs:245:7
[INFO] [stdout]     |
[INFO] [stdout] 245 |     tree.assert_invariants();
[INFO] [stdout]     |          ^^^^^^^^^^^^^^^^^ method not found in `GenericTree<i32, i32, 64, 64>`
[INFO] [stdout] 
[INFO] [stdout] 
[INFO] [stdout] error[E0599]: no method named `assert_invariants` found for struct `GenericTree<K, V, IC, LC>` in the current scope
[INFO] [stdout]    --> tests/property.rs:172:8
[INFO] [stdout]     |
[INFO] [stdout] 172 |         tree.assert_invariants();
[INFO] [stdout]     |              ^^^^^^^^^^^^^^^^^ method not found in `GenericTree<i32, i32, 64, 64>`
[INFO] [stdout] 
[INFO] [stdout] 
[INFO] [stdout] error[E0599]: no method named `assert_invariants` found for struct `Arc<GenericTree<i32, i32, 64, 64>>` in the current scope
[INFO] [stdout]    --> tests/deadlock_tests.rs:726:8
[INFO] [stdout]     |
[INFO] [stdout] 726 |         tree.assert_invariants();
[INFO] [stdout]     |              ^^^^^^^^^^^^^^^^^ method not found in `Arc<GenericTree<i32, i32, 64, 64>>`
[INFO] [stdout] 
[INFO] [stdout] 
[INFO] [stdout] error[E0599]: no method named `assert_invariants` found for struct `GenericTree<K, V, IC, LC>` in the current scope
[INFO] [stdout]    --> tests/invariants.rs:255:7
[INFO] [stdout]     |
[INFO] [stdout] 255 |     tree.assert_invariants();
[INFO] [stdout]     |          ^^^^^^^^^^^^^^^^^ method not found in `GenericTree<i32, i32, 64, 64>`
[INFO] [stdout] 
[INFO] [stdout] 
[INFO] [stdout] error[E0599]: no method named `assert_invariants` found for struct `GenericTree<K, V, IC, LC>` in the current scope
[INFO] [stdout]    --> tests/invariants.rs:279:7
[INFO] [stdout]     |
[INFO] [stdout] 279 |     tree.assert_invariants();
[INFO] [stdout]     |          ^^^^^^^^^^^^^^^^^ method not found in `GenericTree<i32, i32, 64, 64>`
[INFO] [stdout] 
[INFO] [stdout] 
[INFO] [stdout] error[E0599]: no method named `assert_invariants` found for struct `GenericTree<K, V, IC, LC>` in the current scope
[INFO] [stdout]    --> tests/integration.rs:262:7
[INFO] [stdout]     |
[INFO] [stdout] 262 |     tree.assert_invariants();
[INFO] [stdout]     |          ^^^^^^^^^^^^^^^^^ method not found in `GenericTree<i32, i32, 64, 64>`
[INFO] [stdout] 
[INFO] [stdout] 
[INFO] [stdout] error[E0599]: no method named `assert_invariants` found for struct `GenericTree<K, V, IC, LC>` in the current scope
[INFO] [stdout]    --> tests/invariants.rs:342:9
[INFO] [stdout]     |
[INFO] [stdout] 342 |             tree.assert_invariants();
[INFO] [stdout]     |                  ^^^^^^^^^^^^^^^^^ method not found in `GenericTree<i32, i32, 64, 64>`
[INFO] [stdout] 
[INFO] [stdout] 
[INFO] [stdout] error[E0599]: no method named `assert_invariants` found for struct `GenericTree<K, V, IC, LC>` in the current scope
[INFO] [stdout]    --> tests/property.rs:198:8
[INFO] [stdout]     |
[INFO] [stdout] 198 |         tree.assert_invariants();
[INFO] [stdout]     |              ^^^^^^^^^^^^^^^^^ method not found in `GenericTree<i32, i32, 64, 64>`
[INFO] [stdout] 
[INFO] [stdout] 
[INFO] [stdout] error[E0599]: no method named `assert_invariants` found for struct `GenericTree<K, V, IC, LC>` in the current scope
[INFO] [stdout]    --> tests/invariants.rs:348:7
[INFO] [stdout]     |
[INFO] [stdout] 348 |     tree.assert_invariants();
[INFO] [stdout]     |          ^^^^^^^^^^^^^^^^^ method not found in `GenericTree<i32, i32, 64, 64>`
[INFO] [stdout] 
[INFO] [stdout] 
[INFO] [stdout] error[E0599]: no method named `assert_invariants` found for struct `GenericTree<K, V, IC, LC>` in the current scope
[INFO] [stdout]    --> tests/property.rs:230:8
[INFO] [stdout]     |
[INFO] [stdout] 230 |         tree.assert_invariants();
[INFO] [stdout]     |              ^^^^^^^^^^^^^^^^^ method not found in `GenericTree<i32, i32, 64, 64>`
[INFO] [stdout] 
[INFO] [stdout] 
[INFO] [stdout] error[E0599]: no method named `assert_invariants` found for struct `Arc<GenericTree<i32, i32, 64, 64>>` in the current scope
[INFO] [stdout]    --> tests/concurrency.rs:579:7
[INFO] [stdout]     |
[INFO] [stdout] 579 |     tree.assert_invariants();
[INFO] [stdout]     |          ^^^^^^^^^^^^^^^^^ method not found in `Arc<GenericTree<i32, i32, 64, 64>>`
[INFO] [stdout] 
[INFO] [stdout] 
[INFO] [stdout] error[E0599]: no method named `assert_invariants` found for struct `GenericTree<K, V, IC, LC>` in the current scope
[INFO] [stdout]    --> tests/invariants.rs:368:7
[INFO] [stdout]     |
[INFO] [stdout] 368 |     tree.assert_invariants();
[INFO] [stdout]     |          ^^^^^^^^^^^^^^^^^ method not found in `GenericTree<i32, i32, 64, 64>`
[INFO] [stdout] 
[INFO] [stdout] 
[INFO] [stdout] error[E0599]: no method named `assert_invariants` found for struct `Arc<GenericTree<i32, i32, 64, 64>>` in the current scope
[INFO] [stdout]    --> tests/deadlock_tests.rs:782:8
[INFO] [stdout]     |
[INFO] [stdout] 782 |         tree.assert_invariants();
[INFO] [stdout]     |              ^^^^^^^^^^^^^^^^^ method not found in `Arc<GenericTree<i32, i32, 64, 64>>`
[INFO] [stdout] 
[INFO] [stdout] 
[INFO] [stdout] error[E0599]: no method named `assert_invariants` found for struct `GenericTree<K, V, IC, LC>` in the current scope
[INFO] [stdout]    --> tests/integration.rs:269:7
[INFO] [stdout]     |
[INFO] [stdout] 269 |     tree.assert_invariants();
[INFO] [stdout]     |          ^^^^^^^^^^^^^^^^^ method not found in `GenericTree<i32, i32, 64, 64>`
[INFO] [stdout] 
[INFO] [stdout] 
[INFO] [stdout] error[E0599]: no method named `assert_invariants` found for struct `GenericTree<K, V, IC, LC>` in the current scope
[INFO] [stdout]    --> tests/invariants.rs:379:7
[INFO] [stdout]     |
[INFO] [stdout] 379 |     tree.assert_invariants();
[INFO] [stdout]     |          ^^^^^^^^^^^^^^^^^ method not found in `GenericTree<i32, i32, 64, 64>`
[INFO] [stdout] 
[INFO] [stdout] 
[INFO] [stdout] error[E0599]: no method named `assert_invariants` found for struct `GenericTree<K, V, IC, LC>` in the current scope
[INFO] [stdout]    --> tests/property.rs:269:8
[INFO] [stdout]     |
[INFO] [stdout] 269 |         tree.assert_invariants();
[INFO] [stdout]     |              ^^^^^^^^^^^^^^^^^ method not found in `GenericTree<i32, i32, 64, 64>`
[INFO] [stdout] 
[INFO] [stdout] 
[INFO] [stdout] error[E0599]: no method named `assert_invariants` found for struct `GenericTree<K, V, IC, LC>` in the current scope
[INFO] [stdout]    --> tests/invariants.rs:386:7
[INFO] [stdout]     |
[INFO] [stdout] 386 |     tree.assert_invariants();
[INFO] [stdout]     |          ^^^^^^^^^^^^^^^^^ method not found in `GenericTree<i32, i32, 64, 64>`
[INFO] [stdout] 
[INFO] [stdout] 
[INFO] [stdout] error[E0599]: no method named `assert_invariants` found for struct `GenericTree<K, V, IC, LC>` in the current scope
[INFO] [stdout]    --> tests/property.rs:295:8
[INFO] [stdout]     |
[INFO] [stdout] 295 |         tree.assert_invariants();
[INFO] [stdout]     |              ^^^^^^^^^^^^^^^^^ method not found in `GenericTree<i32, i32, 64, 64>`
[INFO] [stdout] 
[INFO] [stdout] 
[INFO] [stdout] error[E0599]: no method named `assert_invariants` found for struct `GenericTree<K, V, IC, LC>` in the current scope
[INFO] [stdout]    --> tests/integration.rs:294:7
[INFO] [stdout]     |
[INFO] [stdout] 294 |     tree.assert_invariants();
[INFO] [stdout]     |          ^^^^^^^^^^^^^^^^^ method not found in `GenericTree<i32, i32, 64, 64>`
[INFO] [stdout] 
[INFO] [stdout] 
[INFO] [stdout] error[E0599]: no method named `assert_invariants` found for struct `GenericTree<K, V, IC, LC>` in the current scope
[INFO] [stdout]    --> tests/invariants.rs:413:7
[INFO] [stdout]     |
[INFO] [stdout] 413 |     tree.assert_invariants();
[INFO] [stdout]     |          ^^^^^^^^^^^^^^^^^ method not found in `GenericTree<i32, i32, 64, 64>`
[INFO] [stdout] 
[INFO] [stdout] 
[INFO] [stdout] error[E0599]: no method named `assert_invariants` found for struct `GenericTree<K, V, IC, LC>` in the current scope
[INFO] [stdout]    --> tests/property.rs:326:8
[INFO] [stdout]     |
[INFO] [stdout] 326 |         tree.assert_invariants();
[INFO] [stdout]     |              ^^^^^^^^^^^^^^^^^ method not found in `GenericTree<i32, i32, 64, 64>`
[INFO] [stdout] 
[INFO] [stdout] 
[INFO] [stdout] error[E0599]: no method named `assert_invariants` found for struct `GenericTree<K, V, IC, LC>` in the current scope
[INFO] [stdout]    --> tests/invariants.rs:423:7
[INFO] [stdout]     |
[INFO] [stdout] 423 |     tree.assert_invariants();
[INFO] [stdout]     |          ^^^^^^^^^^^^^^^^^ method not found in `GenericTree<i32, i32, 64, 64>`
[INFO] [stdout] 
[INFO] [stdout] 
[INFO] [stdout] error[E0599]: no method named `assert_invariants` found for struct `Arc<GenericTree<u32, u32, 64, 64>>` in the current scope
[INFO] [stdout]    --> tests/unsafe_coverage.rs:544:7
[INFO] [stdout]     |
[INFO] [stdout] 544 |     tree.assert_invariants();
[INFO] [stdout]     |          ^^^^^^^^^^^^^^^^^ method not found in `Arc<GenericTree<u32, u32, 64, 64>>`
[INFO] [stdout] 
[INFO] [stdout] 
[INFO] [stdout] error[E0599]: no method named `assert_invariants` found for struct `Arc<GenericTree<i32, i32, 64, 64>>` in the current scope
[INFO] [stdout]    --> tests/deadlock_tests.rs:837:8
[INFO] [stdout]     |
[INFO] [stdout] 837 |         tree.assert_invariants();
[INFO] [stdout]     |              ^^^^^^^^^^^^^^^^^ method not found in `Arc<GenericTree<i32, i32, 64, 64>>`
[INFO] [stdout] 
[INFO] [stdout] 
[INFO] [stdout] error[E0599]: no method named `assert_invariants` found for struct `GenericTree<K, V, IC, LC>` in the current scope
[INFO] [stdout]    --> tests/invariants.rs:441:7
[INFO] [stdout]     |
[INFO] [stdout] 441 |     tree.assert_invariants();
[INFO] [stdout]     |          ^^^^^^^^^^^^^^^^^ method not found in `GenericTree<i32, i32, 64, 64>`
[INFO] [stdout] 
[INFO] [stdout] 
[INFO] [stdout] error[E0599]: no method named `assert_invariants` found for struct `GenericTree<K, V, IC, LC>` in the current scope
[INFO] [stdout]    --> tests/property.rs:370:8
[INFO] [stdout]     |
[INFO] [stdout] 370 |         tree.assert_invariants();
[INFO] [stdout]     |              ^^^^^^^^^^^^^^^^^ method not found in `GenericTree<i32, i32, 64, 64>`
[INFO] [stdout] 
[INFO] [stdout] 
[INFO] [stdout] error[E0599]: no method named `assert_invariants` found for struct `Arc<GenericTree<u32, Vec<u64>, 64, 64>>` in the current scope
[INFO] [stdout]    --> tests/concurrency.rs:666:7
[INFO] [stdout]     |
[INFO] [stdout] 666 |     tree.assert_invariants();
[INFO] [stdout]     |          ^^^^^^^^^^^^^^^^^ method not found in `Arc<GenericTree<u32, Vec<u64>, 64, 64>>`
[INFO] [stdout] 
[INFO] [stdout] 
[INFO] [stdout] error[E0599]: no method named `assert_invariants` found for struct `GenericTree<K, V, IC, LC>` in the current scope
[INFO] [stdout]    --> tests/integration.rs:316:7
[INFO] [stdout]     |
[INFO] [stdout] 316 |     tree.assert_invariants();
[INFO] [stdout]     |          ^^^^^^^^^^^^^^^^^ method not found in `GenericTree<i32, i32, 64, 64>`
[INFO] [stdout] 
[INFO] [stdout] 
[INFO] [stdout] error[E0599]: no method named `assert_invariants` found for struct `GenericTree<K, V, IC, LC>` in the current scope
[INFO] [stdout]    --> tests/invariants.rs:455:7
[INFO] [stdout]     |
[INFO] [stdout] 455 |     tree.assert_invariants();
[INFO] [stdout]     |          ^^^^^^^^^^^^^^^^^ method not found in `GenericTree<i32, i32, 64, 64>`
[INFO] [stdout] 
[INFO] [stdout] 
[INFO] [stdout] error[E0599]: no method named `assert_invariants` found for struct `GenericTree<K, V, IC, LC>` in the current scope
[INFO] [stdout]    --> tests/integration.rs:338:7
[INFO] [stdout]     |
[INFO] [stdout] 338 |     tree.assert_invariants();
[INFO] [stdout]     |          ^^^^^^^^^^^^^^^^^ method not found in `GenericTree<i32, i32, 64, 64>`
[INFO] [stdout] 
[INFO] [stdout] 
[INFO] [stdout] error[E0599]: no method named `assert_invariants` found for struct `GenericTree<K, V, IC, LC>` in the current scope
[INFO] [stdout]    --> tests/invariants.rs:480:7
[INFO] [stdout]     |
[INFO] [stdout] 480 |     tree.assert_invariants();
[INFO] [stdout]     |          ^^^^^^^^^^^^^^^^^ method not found in `GenericTree<i32, i32, 64, 64>`
[INFO] [stdout] 
[INFO] [stdout] 
[INFO] [stdout] error[E0599]: no method named `assert_invariants` found for struct `GenericTree<K, V, IC, LC>` in the current scope
[INFO] [stdout]    --> tests/property.rs:413:8
[INFO] [stdout]     |
[INFO] [stdout] 413 |         tree.assert_invariants();
[INFO] [stdout]     |              ^^^^^^^^^^^^^^^^^ method not found in `GenericTree<i32, i32, 64, 64>`
[INFO] [stdout] 
[INFO] [stdout] 
[INFO] [stdout] error[E0599]: no method named `assert_invariants` found for struct `GenericTree<K, V, IC, LC>` in the current scope
[INFO] [stdout]    --> tests/integration.rs:372:7
[INFO] [stdout]     |
[INFO] [stdout] 372 |     tree.assert_invariants();
[INFO] [stdout]     |          ^^^^^^^^^^^^^^^^^ method not found in `GenericTree<i32, i32, 64, 64>`
[INFO] [stdout] 
[INFO] [stdout] 
[INFO] [stdout] error[E0599]: no method named `assert_invariants` found for struct `Arc<GenericTree<i32, i32, 64, 64>>` in the current scope
[INFO] [stdout]    --> tests/deadlock_tests.rs:893:8
[INFO] [stdout]     |
[INFO] [stdout] 893 |         tree.assert_invariants();
[INFO] [stdout]     |              ^^^^^^^^^^^^^^^^^ method not found in `Arc<GenericTree<i32, i32, 64, 64>>`
[INFO] [stdout] 
[INFO] [stdout] 
[INFO] [stdout] error[E0599]: no method named `assert_invariants` found for struct `GenericTree<K, V, IC, LC>` in the current scope
[INFO] [stdout]    --> tests/invariants.rs:488:7
[INFO] [stdout]     |
[INFO] [stdout] 488 |     tree.assert_invariants();
[INFO] [stdout]     |          ^^^^^^^^^^^^^^^^^ method not found in `GenericTree<i32, i32, 64, 64>`
[INFO] [stdout] 
[INFO] [stdout] 
[INFO] [stdout] error[E0599]: no method named `assert_invariants` found for struct `GenericTree<K, V, IC, LC>` in the current scope
[INFO] [stdout]    --> tests/integration.rs:399:7
[INFO] [stdout]     |
[INFO] [stdout] 399 |     tree.assert_invariants();
[INFO] [stdout]     |          ^^^^^^^^^^^^^^^^^ method not found in `GenericTree<i32, i32, 64, 64>`
[INFO] [stdout] 
[INFO] [stdout] 
[INFO] [stdout] For more information about this error, try `rustc --explain E0599`.
[INFO] [stdout] 
[INFO] [stdout] error[E0599]: no method named `assert_invariants` found for struct `Arc<GenericTree<i32, i32, 64, 64>>` in the current scope
[INFO] [stdout]    --> tests/deadlock_tests.rs:934:8
[INFO] [stdout]     |
[INFO] [stdout] 934 |         tree.assert_invariants();
[INFO] [stdout]     |              ^^^^^^^^^^^^^^^^^ method not found in `Arc<GenericTree<i32, i32, 64, 64>>`
[INFO] [stdout] 
[INFO] [stdout] 
[INFO] [stdout] error[E0599]: no method named `assert_invariants` found for struct `GenericTree<K, V, IC, LC>` in the current scope
[INFO] [stdout]    --> tests/integration.rs:428:7
[INFO] [stdout]     |
[INFO] [stdout] 428 |     tree.assert_invariants();
[INFO] [stdout]     |          ^^^^^^^^^^^^^^^^^ method not found in `GenericTree<i32, i32, 64, 64>`
[INFO] [stdout] 
[INFO] [stdout] 
[INFO] [stdout] error[E0599]: no method named `assert_invariants` found for struct `GenericTree<K, V, IC, LC>` in the current scope
[INFO] [stdout]    --> tests/invariants.rs:501:7
[INFO] [stdout]     |
[INFO] [stdout] 501 |     tree.assert_invariants();
[INFO] [stdout]     |          ^^^^^^^^^^^^^^^^^ method not found in `GenericTree<i32, i32, 64, 64>`
[INFO] [stdout] 
[INFO] [stdout] 
[INFO] [stdout] error[E0599]: no method named `assert_invariants` found for struct `GenericTree<K, V, IC, LC>` in the current scope
[INFO] [stdout]    --> tests/property.rs:427:8
[INFO] [stdout]     |
[INFO] [stdout] 427 |         tree.assert_invariants();
[INFO] [stdout]     |              ^^^^^^^^^^^^^^^^^ method not found in `GenericTree<i32, i32, 64, 64>`
[INFO] [stdout] 
[INFO] [stdout] 
[INFO] [stdout] error[E0599]: no method named `assert_invariants` found for struct `GenericTree<K, V, IC, LC>` in the current scope
[INFO] [stdout]    --> tests/integration.rs:450:7
[INFO] [stdout]     |
[INFO] [stdout] 450 |     tree.assert_invariants();
[INFO] [stdout]     |          ^^^^^^^^^^^^^^^^^ method not found in `GenericTree<i32, i32, 64, 64>`
[INFO] [stdout] 
[INFO] [stdout] 
[INFO] [stdout] error[E0599]: no method named `assert_invariants` found for struct `GenericTree<K, V, IC, LC>` in the current scope
[INFO] [stdout]    --> tests/invariants.rs:508:7
[INFO] [stdout]     |
[INFO] [stdout] 508 |     tree.assert_invariants();
[INFO] [stdout]     |          ^^^^^^^^^^^^^^^^^ method not found in `GenericTree<i32, i32, 64, 64>`
[INFO] [stdout] 
[INFO] [stdout] 
[INFO] [stdout] error[E0599]: no method named `assert_invariants` found for struct `Arc<GenericTree<i32, i32, 64, 64>>` in the current scope
[INFO] [stdout]    --> tests/deadlock_tests.rs:981:9
[INFO] [stdout]     |
[INFO] [stdout] 981 |             tree.assert_invariants();
[INFO] [stdout]     |                  ^^^^^^^^^^^^^^^^^ method not found in `Arc<GenericTree<i32, i32, 64, 64>>`
[INFO] [stdout] 
[INFO] [stdout] 
[INFO] [stdout] error[E0599]: no method named `assert_invariants` found for struct `GenericTree<K, V, IC, LC>` in the current scope
[INFO] [stdout]    --> tests/integration.rs:460:7
[INFO] [stdout]     |
[INFO] [stdout] 460 |     tree.assert_invariants();
[INFO] [stdout]     |          ^^^^^^^^^^^^^^^^^ method not found in `GenericTree<i32, i32, 64, 64>`
[INFO] [stdout] 
[INFO] [stdout] 
[INFO] [stdout] error[E0599]: no method named `assert_invariants` found for struct `GenericTree<K, V, IC, LC>` in the current scope
[INFO] [stdout]    --> tests/invariants.rs:513:7
[INFO] [stdout]     |
[INFO] [stdout] 513 |     tree.assert_invariants();
[INFO] [stdout]     |          ^^^^^^^^^^^^^^^^^ method not found in `GenericTree<i32, i32, 64, 64>`
[INFO] [stdout] 
[INFO] [stdout] 
[INFO] [stderr] error: could not compile `ferntree` (test "concurrency") due to 19 previous errors
[INFO] [stderr] error: could not compile `ferntree` (test "unsafe_coverage") due to 15 previous errors
[INFO] [stdout] For more information about this error, try `rustc --explain E0599`.
[INFO] [stdout] 
[INFO] [stdout] error[E0599]: no method named `assert_invariants` found for struct `GenericTree<K, V, IC, LC>` in the current scope
[INFO] [stdout]    --> tests/property.rs:434:8
[INFO] [stdout]     |
[INFO] [stdout] 434 |         tree.assert_invariants();
[INFO] [stdout]     |              ^^^^^^^^^^^^^^^^^ method not found in `GenericTree<i32, i32, 64, 64>`
[INFO] [stdout] 
[INFO] [stdout] 
[INFO] [stdout] error[E0599]: no method named `assert_invariants` found for struct `GenericTree<K, V, IC, LC>` in the current scope
[INFO] [stdout]    --> tests/integration.rs:484:7
[INFO] [stdout]     |
[INFO] [stdout] 484 |     tree.assert_invariants();
[INFO] [stdout]     |          ^^^^^^^^^^^^^^^^^ method not found in `GenericTree<i32, i32, 64, 64>`
[INFO] [stdout] 
[INFO] [stdout] 
[INFO] [stdout] error[E0599]: no method named `assert_invariants` found for struct `Arc<GenericTree<i32, i32, 64, 64>>` in the current scope
[INFO] [stdout]     --> tests/deadlock_tests.rs:1073:8
[INFO] [stdout]      |
[INFO] [stdout] 1073 |         tree.assert_invariants();
[INFO] [stdout]      |              ^^^^^^^^^^^^^^^^^ method not found in `Arc<GenericTree<i32, i32, 64, 64>>`
[INFO] [stdout] 
[INFO] [stdout] 
[INFO] [stdout] error[E0599]: no method named `assert_invariants` found for struct `GenericTree<K, V, IC, LC>` in the current scope
[INFO] [stdout]    --> tests/invariants.rs:532:7
[INFO] [stdout]     |
[INFO] [stdout] 532 |     tree.assert_invariants();
[INFO] [stdout]     |          ^^^^^^^^^^^^^^^^^ method not found in `GenericTree<i32, i32, 64, 64>`
[INFO] [stdout] 
[INFO] [stdout] 
[INFO] [stdout] error[E0599]: no method named `assert_invariants` found for struct `GenericTree<K, V, IC, LC>` in the current scope
[INFO] [stdout]    --> tests/integration.rs:501:7
[INFO] [stdout]     |
[INFO] [stdout] 501 |     tree.assert_invariants();
[INFO] [stdout]     |          ^^^^^^^^^^^^^^^^^ method not found in `GenericTree<i32, i32, 64, 64>`
[INFO] [stdout] 
[INFO] [stdout] 
[INFO] [stdout] error[E0599]: no method named `assert_invariants` found for struct `GenericTree<K, V, IC, LC>` in the current scope
[INFO] [stdout]    --> tests/property.rs:446:8
[INFO] [stdout]     |
[INFO] [stdout] 446 |         tree.assert_invariants();
[INFO] [stdout]     |              ^^^^^^^^^^^^^^^^^ method not found in `GenericTree<i32, i32, 64, 64>`
[INFO] [stdout] 
[INFO] [stdout] 
[INFO] [stdout] error[E0599]: no method named `assert_invariants` found for struct `GenericTree<K, V, IC, LC>` in the current scope
[INFO] [stdout]    --> tests/invariants.rs:542:7
[INFO] [stdout]     |
[INFO] [stdout] 542 |     tree.assert_invariants();
[INFO] [stdout]     |          ^^^^^^^^^^^^^^^^^ method not found in `GenericTree<i32, i32, 64, 64>`
[INFO] [stdout] 
[INFO] [stdout] 
[INFO] [stdout] error[E0599]: no method named `assert_invariants` found for struct `GenericTree<K, V, IC, LC>` in the current scope
[INFO] [stdout]    --> tests/integration.rs:507:7
[INFO] [stdout]     |
[INFO] [stdout] 507 |     tree.assert_invariants();
[INFO] [stdout]     |          ^^^^^^^^^^^^^^^^^ method not found in `GenericTree<i32, i32, 64, 64>`
[INFO] [stdout] 
[INFO] [stdout] 
[INFO] [stdout] error[E0599]: no method named `assert_invariants` found for struct `Arc<GenericTree<i32, i32, 64, 64>>` in the current scope
[INFO] [stdout]     --> tests/deadlock_tests.rs:1177:8
[INFO] [stdout]      |
[INFO] [stdout] 1177 |         tree.assert_invariants();
[INFO] [stdout]      |              ^^^^^^^^^^^^^^^^^ method not found in `Arc<GenericTree<i32, i32, 64, 64>>`
[INFO] [stdout] 
[INFO] [stdout] 
[INFO] [stdout] error[E0599]: no method named `assert_invariants` found for struct `GenericTree<K, V, IC, LC>` in the current scope
[INFO] [stdout]    --> tests/invariants.rs:555:7
[INFO] [stdout]     |
[INFO] [stdout] 555 |     tree.assert_invariants();
[INFO] [stdout]     |          ^^^^^^^^^^^^^^^^^ method not found in `GenericTree<i32, i32, 64, 64>`
[INFO] [stdout] 
[INFO] [stdout] 
[INFO] [stdout] error[E0599]: no method named `assert_invariants` found for struct `GenericTree<K, V, IC, LC>` in the current scope
[INFO] [stdout]    --> tests/property.rs:482:8
[INFO] [stdout]     |
[INFO] [stdout] 482 |         tree.assert_invariants();
[INFO] [stdout]     |              ^^^^^^^^^^^^^^^^^ method not found in `GenericTree<i32, i32, 64, 64>`
[INFO] [stdout] 
[INFO] [stdout] 
[INFO] [stdout] error[E0599]: no method named `assert_invariants` found for struct `GenericTree<K, V, IC, LC>` in the current scope
[INFO] [stdout]    --> tests/integration.rs:517:7
[INFO] [stdout]     |
[INFO] [stdout] 517 |     tree.assert_invariants();
[INFO] [stdout]     |          ^^^^^^^^^^^^^^^^^ method not found in `GenericTree<i32, i32, 64, 64>`
[INFO] [stdout] 
[INFO] [stdout] 
[INFO] [stdout] error[E0599]: no method named `assert_invariants` found for struct `GenericTree<K, V, IC, LC>` in the current scope
[INFO] [stdout]    --> tests/invariants.rs:567:7
[INFO] [stdout]     |
[INFO] [stdout] 567 |     tree.assert_invariants();
[INFO] [stdout]     |          ^^^^^^^^^^^^^^^^^ method not found in `GenericTree<i32, i32, 64, 64>`
[INFO] [stdout] 
[INFO] [stdout] 
[INFO] [stdout] For more information about this error, try `rustc --explain E0599`.
[INFO] [stdout] 
[INFO] [stdout] error[E0599]: no method named `assert_invariants` found for struct `GenericTree<K, V, IC, LC>` in the current scope
[INFO] [stdout]    --> tests/property.rs:510:8
[INFO] [stdout]     |
[INFO] [stdout] 510 |         tree.assert_invariants();
[INFO] [stdout]     |              ^^^^^^^^^^^^^^^^^ method not found in `GenericTree<i32, i32, 64, 64>`
[INFO] [stdout] 
[INFO] [stdout] 
[INFO] [stdout] error[E0599]: no method named `assert_invariants` found for struct `Arc<GenericTree<i32, i32, 64, 64>>` in the current scope
[INFO] [stdout]     --> tests/deadlock_tests.rs:1284:8
[INFO] [stdout]      |
[INFO] [stdout] 1284 |         tree.assert_invariants();
[INFO] [stdout]      |              ^^^^^^^^^^^^^^^^^ method not found in `Arc<GenericTree<i32, i32, 64, 64>>`
[INFO] [stdout] 
[INFO] [stdout] 
[INFO] [stderr] error: could not compile `ferntree` (test "invariants") due to 35 previous errors
[INFO] [stdout] For more information about this error, try `rustc --explain E0599`.
[INFO] [stdout] 
[INFO] [stdout] error[E0599]: no method named `assert_invariants` found for struct `Arc<GenericTree<i32, i32, 64, 64>>` in the current scope
[INFO] [stdout]     --> tests/deadlock_tests.rs:1360:8
[INFO] [stdout]      |
[INFO] [stdout] 1360 |         tree.assert_invariants();
[INFO] [stdout]      |              ^^^^^^^^^^^^^^^^^ method not found in `Arc<GenericTree<i32, i32, 64, 64>>`
[INFO] [stdout] 
[INFO] [stdout] 
[INFO] [stderr] error: could not compile `ferntree` (test "property") due to 19 previous errors
[INFO] [stdout] error[E0599]: no method named `assert_invariants` found for struct `GenericTree<K, V, IC, LC>` in the current scope
[INFO] [stdout]    --> tests/integration.rs:541:7
[INFO] [stdout]     |
[INFO] [stdout] 541 |     tree.assert_invariants();
[INFO] [stdout]     |          ^^^^^^^^^^^^^^^^^ method not found in `GenericTree<i32, i32, 64, 64>`
[INFO] [stdout] 
[INFO] [stdout] 
[INFO] [stdout] For more information about this error, try `rustc --explain E0599`.
[INFO] [stdout] 
[INFO] [stderr] error: could not compile `ferntree` (test "deadlock_tests") due to 30 previous errors
[INFO] [stdout] error[E0599]: no method named `assert_invariants` found for struct `GenericTree<K, V, IC, LC>` in the current scope
[INFO] [stdout]    --> tests/integration.rs:572:7
[INFO] [stdout]     |
[INFO] [stdout] 572 |     tree.assert_invariants();
[INFO] [stdout]     |          ^^^^^^^^^^^^^^^^^ method not found in `GenericTree<String, i32, 64, 64>`
[INFO] [stdout] 
[INFO] [stdout] 
[INFO] [stdout] error[E0599]: no method named `assert_invariants` found for struct `GenericTree<K, V, IC, LC>` in the current scope
[INFO] [stdout]    --> tests/integration.rs:588:7
[INFO] [stdout]     |
[INFO] [stdout] 588 |     tree.assert_invariants();
[INFO] [stdout]     |          ^^^^^^^^^^^^^^^^^ method not found in `GenericTree<i32, i32, 64, 64>`
[INFO] [stdout] 
[INFO] [stdout] 
[INFO] [stdout] error[E0599]: no method named `assert_invariants` found for struct `GenericTree<K, V, IC, LC>` in the current scope
[INFO] [stdout]    --> tests/integration.rs:603:7
[INFO] [stdout]     |
[INFO] [stdout] 603 |     tree.assert_invariants();
[INFO] [stdout]     |          ^^^^^^^^^^^^^^^^^ method not found in `GenericTree<i32, i32, 64, 64>`
[INFO] [stdout] 
[INFO] [stdout] 
[INFO] [stdout] error[E0599]: no method named `assert_invariants` found for struct `GenericTree<K, V, IC, LC>` in the current scope
[INFO] [stdout]    --> tests/integration.rs:611:7
[INFO] [stdout]     |
[INFO] [stdout] 611 |     tree.assert_invariants();
[INFO] [stdout]     |          ^^^^^^^^^^^^^^^^^ method not found in `GenericTree<i32, i32, 64, 64>`
[INFO] [stdout] 
[INFO] [stdout] 
[INFO] [stdout] error[E0599]: no method named `assert_invariants` found for struct `GenericTree<K, V, IC, LC>` in the current scope
[INFO] [stdout]    --> tests/integration.rs:624:7
[INFO] [stdout]     |
[INFO] [stdout] 624 |     tree.assert_invariants();
[INFO] [stdout]     |          ^^^^^^^^^^^^^^^^^ method not found in `GenericTree<i32, i32, 64, 64>`
[INFO] [stdout] 
[INFO] [stdout] 
[INFO] [stdout] error[E0599]: no method named `assert_invariants` found for struct `GenericTree<K, V, IC, LC>` in the current scope
[INFO] [stdout]    --> tests/integration.rs:666:7
[INFO] [stdout]     |
[INFO] [stdout] 666 |     tree.assert_invariants();
[INFO] [stdout]     |          ^^^^^^^^^^^^^^^^^ method not found in `GenericTree<i32, ComplexValue, 64, 64>`
[INFO] [stdout] 
[INFO] [stdout] 
[INFO] [stdout] error[E0599]: no method named `assert_invariants` found for struct `GenericTree<K, V, IC, LC>` in the current scope
[INFO] [stdout]    --> tests/integration.rs:684:7
[INFO] [stdout]     |
[INFO] [stdout] 684 |     tree.assert_invariants();
[INFO] [stdout]     |          ^^^^^^^^^^^^^^^^^ method not found in `GenericTree<i32, (), 64, 64>`
[INFO] [stdout] 
[INFO] [stdout] 
[INFO] [stdout] For more information about this error, try `rustc --explain E0599`.
[INFO] [stdout] 
[INFO] [stderr] error: could not compile `ferntree` (test "integration") due to 36 previous errors
[INFO] running `Command { std: "docker" "inspect" "ca4a1b7fe7e6583c0838837ad2eea6174d8bdd256e59b6790112c6a34ef04fcc", kill_on_drop: false }`
[INFO] running `Command { std: "docker" "rm" "-f" "ca4a1b7fe7e6583c0838837ad2eea6174d8bdd256e59b6790112c6a34ef04fcc", kill_on_drop: false }`
[INFO] [stdout] ca4a1b7fe7e6583c0838837ad2eea6174d8bdd256e59b6790112c6a34ef04fcc
