[INFO] fetching crate fedimint-aleph-bft 0.36.0...
[INFO] testing fedimint-aleph-bft-0.36.0 against 1.99.0-beta.8+cargoflags=--release for beta-release-1.100-2
[INFO] extracting crate fedimint-aleph-bft 0.36.0 into /workspace/builds/worker-1-tc1/source
[INFO] started tweaking crates.io crate fedimint-aleph-bft 0.36.0
[INFO] finished tweaking crates.io crate fedimint-aleph-bft 0.36.0
[INFO] tweaked toml for crates.io crate fedimint-aleph-bft 0.36.0 written to /workspace/builds/worker-1-tc1/source/Cargo.toml
[INFO] validating manifest of crates.io crate fedimint-aleph-bft 0.36.0 on toolchain 1.99.0-beta.8
[INFO] running `Command { std: CARGO_HOME="/workspace/cargo-home" RUSTUP_HOME="/workspace/rustup-home" "/workspace/cargo-home/bin/cargo" "+1.99.0-beta.8" "metadata" "--manifest-path" "Cargo.toml" "--no-deps", kill_on_drop: false }`
[INFO] running `Command { std: CARGO_HOME="/workspace/cargo-home" RUSTUP_HOME="/workspace/rustup-home" "/workspace/cargo-home/bin/cargo" "+1.99.0-beta.8" "generate-lockfile" "--manifest-path" "Cargo.toml", kill_on_drop: false }`
[INFO] [stderr]     Updating crates.io index
[INFO] [stderr]     Blocking waiting for file lock on package cache
[INFO] [stderr]      Locking 107 packages to highest compatible versions
[INFO] [stderr]       Adding aleph-bft-rmc v0.12.0 (available: v0.16.0)
[INFO] [stderr]       Adding aleph-bft-types v0.13.0 (available: v0.16.0)
[INFO] [stderr]       Adding itertools v0.12.1 (available: v0.15.0)
[INFO] [stderr]       Adding rand v0.8.8 (available: v0.10.3)
[INFO] [stderr]       Adding serial_test v3.5.0 (available: v4.0.1)
[INFO] [stderr]       Adding thiserror v1.0.69 (available: v2.0.21)
[INFO] running `Command { std: CARGO_HOME="/workspace/cargo-home" RUSTUP_HOME="/workspace/rustup-home" "/workspace/cargo-home/bin/cargo" "+1.99.0-beta.8" "fetch" "--manifest-path" "Cargo.toml", kill_on_drop: false }`
[INFO] [stderr]     Blocking waiting for file lock on package cache
[INFO] [stderr]     Blocking waiting for file lock on package cache
[INFO] [stderr]  Downloading crates ...
[INFO] [stderr]   Downloaded serial_test v3.5.0
[INFO] [stderr]   Downloaded serial_test_derive v3.5.0
[INFO] [stderr]   Downloaded aleph-bft-types v0.13.0
[INFO] [stderr]   Downloaded aleph-bft-crypto v0.9.1
[INFO] [stderr]   Downloaded aleph-bft-types v0.12.0
[INFO] [stderr]   Downloaded aleph-bft-rmc v0.12.0
[INFO] running `Command { std: "docker" "create" "-v" "/var/lib/crater-agent-workspace/builds/worker-1-tc1/source:/opt/rustwide/workdir:ro,Z" "-v" "/var/lib/crater-agent-workspace/builds/worker-1-tc1/target:/opt/rustwide/target:rw,Z" "-v" "/var/lib/crater-agent-workspace/cargo-home:/opt/rustwide/cargo-home:ro,Z" "-v" "/var/lib/crater-agent-workspace/rustup-home:/opt/rustwide/rustup-home:ro,Z" "-m" "1610612736" "--network" "none" "ghcr.io/rust-lang/crates-build-env/linux@sha256:77db811e55d90add9212f6832c23229e3de5f1c1f9905e8cb07319ea15df73ac" "sleep" "infinity", kill_on_drop: false }`
[INFO] [stdout] b105560d4ae4d354c2388bd2383841d0fbe7b75399ea915501354093cee4e8eb
[INFO] running `Command { std: "docker" "start" "b105560d4ae4d354c2388bd2383841d0fbe7b75399ea915501354093cee4e8eb", kill_on_drop: false }`
[INFO] running `Command { std: "docker" "inspect" "b105560d4ae4d354c2388bd2383841d0fbe7b75399ea915501354093cee4e8eb", kill_on_drop: false }`
[INFO] running `Command { std: "docker" "exec" "-e" "SOURCE_DIR=/opt/rustwide/workdir" "-e" "CARGO_HOME=/opt/rustwide/cargo-home" "-e" "RUSTUP_HOME=/opt/rustwide/rustup-home" "-e" "CARGO_TARGET_DIR=/opt/rustwide/target" "-w" "/opt/rustwide/workdir" "--user" "0:0" "b105560d4ae4d354c2388bd2383841d0fbe7b75399ea915501354093cee4e8eb" "/opt/rustwide/cargo-home/bin/cargo" "+1.99.0-beta.8" "metadata" "--no-deps" "--format-version=1", kill_on_drop: false }`
[INFO] running `Command { std: "docker" "inspect" "b105560d4ae4d354c2388bd2383841d0fbe7b75399ea915501354093cee4e8eb", kill_on_drop: false }`
[INFO] running `Command { std: "docker" "exec" "-e" "SOURCE_DIR=/opt/rustwide/workdir" "-e" "CARGO_HOME=/opt/rustwide/cargo-home" "-e" "RUSTUP_HOME=/opt/rustwide/rustup-home" "-e" "CARGO_TARGET_DIR=/opt/rustwide/target" "-e" "CARGO_INCREMENTAL=0" "-e" "RUST_BACKTRACE=full" "-e" "RUSTFLAGS=--cap-lints=warn" "-e" "RUSTDOCFLAGS=--cap-lints=warn" "-w" "/opt/rustwide/workdir" "--user" "0:0" "b105560d4ae4d354c2388bd2383841d0fbe7b75399ea915501354093cee4e8eb" "/opt/rustwide/cargo-home/bin/cargo" "+1.99.0-beta.8" "build" "--frozen" "--message-format=json" "--release", kill_on_drop: false }`
[INFO] [stderr]    Compiling rustversion v1.0.23
[INFO] [stderr]    Compiling winnow v1.0.4
[INFO] [stderr]    Compiling toml_datetime v1.1.2+spec-1.1.0
[INFO] [stderr]    Compiling futures-sink v0.3.34
[INFO] [stderr]    Compiling konst_macro_rules v0.2.19
[INFO] [stderr]    Compiling unicode-segmentation v1.13.3
[INFO] [stderr]    Compiling futures-core v0.3.34
[INFO] [stderr]    Compiling slab v0.4.12
[INFO] [stderr]    Compiling byte-slice-cast v1.2.3
[INFO] [stderr]    Compiling arrayvec v0.7.8
[INFO] [stderr]    Compiling syn v2.0.119
[INFO] [stderr]    Compiling syn v3.0.9
[INFO] [stderr]    Compiling const_format_proc_macros v0.2.34
[INFO] [stderr]    Compiling getrandom v0.2.17
[INFO] [stderr]    Compiling syn v1.0.109
[INFO] [stderr]    Compiling smallvec v1.16.3
[INFO] [stderr]    Compiling either v1.19.0
[INFO] [stderr]    Compiling futures-channel v0.3.34
[INFO] [stderr]    Compiling konst v0.2.20
[INFO] [stderr]    Compiling futures-timer v3.0.4
[INFO] [stderr]    Compiling rand_core v0.6.4
[INFO] [stderr]    Compiling parking_lot_core v0.9.12
[INFO] [stderr]    Compiling convert_case v0.6.0
[INFO] [stderr]    Compiling itertools v0.12.1
[INFO] [stderr]    Compiling rand_chacha v0.3.1
[INFO] [stderr]    Compiling parking_lot v0.12.5
[INFO] [stderr]    Compiling rand v0.8.8
[INFO] [stderr]    Compiling parity-scale-codec v3.7.5
[INFO] [stderr]    Compiling const_format v0.2.36
[INFO] [stderr]    Compiling toml_parser v1.1.5+spec-1.1.0
[INFO] [stderr]    Compiling toml_edit v0.25.17+spec-1.1.0
[INFO] [stderr]    Compiling proc-macro-crate v3.5.0
[INFO] [stderr]    Compiling derivative v2.2.0
[INFO] [stderr]    Compiling futures-macro v0.3.34
[INFO] [stderr]    Compiling async-trait v0.1.92
[INFO] [stderr]    Compiling futures-util v0.3.34
[INFO] [stderr]    Compiling impl-trait-for-tuples v0.2.3
[INFO] [stderr]    Compiling parity-scale-codec-derive v3.7.5
[INFO] [stderr]    Compiling derive_more-impl v1.0.0
[INFO] [stderr]    Compiling thiserror-impl v1.0.69
[INFO] [stderr]    Compiling thiserror v1.0.69
[INFO] [stderr]    Compiling futures-executor v0.3.34
[INFO] [stderr]    Compiling derive_more v1.0.0
[INFO] [stderr]    Compiling futures v0.3.34
[INFO] [stderr]    Compiling aleph-bft-crypto v0.9.1
[INFO] [stderr]    Compiling aleph-bft-types v0.12.0
[INFO] [stderr]    Compiling aleph-bft-types v0.13.0
[INFO] [stderr]    Compiling aleph-bft-rmc v0.12.0
[INFO] [stderr]    Compiling fedimint-aleph-bft v0.36.0 (/opt/rustwide/workdir)
[INFO] [stdout] warning: enum `AlertData` is never used
[INFO] [stdout]    --> src/alerts/mod.rs:133:10
[INFO] [stdout]     |
[INFO] [stdout] 133 | pub enum AlertData<H: Hasher, D: Data, MK: MultiKeychain> {
[INFO] [stdout]     |          ^^^^^^^^^
[INFO] [stdout]     |
[INFO] [stdout]     = note: `#[warn(dead_code)]` (part of `#[warn(unused)]`) on by default
[INFO] [stdout] 
[INFO] [stdout] 
[INFO] [stdout] warning: hiding a lifetime that's elided elsewhere is confusing
[INFO] [stdout]   --> src/units/store.rs:86:26
[INFO] [stdout]    |
[INFO] [stdout] 86 |     pub fn get_status_of(&self, node: NodeIndex) -> UnitStoreStatus {
[INFO] [stdout]    |                          ^^^^^                      ^^^^^^^^^^^^^^^ the same lifetime is hidden here
[INFO] [stdout]    |                          |
[INFO] [stdout]    |                          the lifetime is elided here
[INFO] [stdout]    |
[INFO] [stdout]    = help: the same lifetime is referred to in inconsistent ways, making the signature confusing
[INFO] [stdout]    = note: `#[warn(mismatched_lifetime_syntaxes)]` on by default
[INFO] [stdout] help: use `'_` for type paths
[INFO] [stdout]    |
[INFO] [stdout] 86 |     pub fn get_status_of(&self, node: NodeIndex) -> UnitStoreStatus<'_> {
[INFO] [stdout]    |                                                                    ++++
[INFO] [stdout] 
[INFO] [stdout] 
[INFO] [stderr]     Finished `release` profile [optimized] target(s) in 24.50s
[INFO] running `Command { std: "docker" "inspect" "b105560d4ae4d354c2388bd2383841d0fbe7b75399ea915501354093cee4e8eb", kill_on_drop: false }`
[INFO] running `Command { std: "docker" "exec" "-e" "SOURCE_DIR=/opt/rustwide/workdir" "-e" "CARGO_HOME=/opt/rustwide/cargo-home" "-e" "RUSTUP_HOME=/opt/rustwide/rustup-home" "-e" "CARGO_TARGET_DIR=/opt/rustwide/target" "-e" "CARGO_INCREMENTAL=0" "-e" "RUST_BACKTRACE=full" "-e" "RUSTFLAGS=--cap-lints=warn" "-e" "RUSTDOCFLAGS=--cap-lints=warn" "-w" "/opt/rustwide/workdir" "--user" "0:0" "b105560d4ae4d354c2388bd2383841d0fbe7b75399ea915501354093cee4e8eb" "/opt/rustwide/cargo-home/bin/cargo" "+1.99.0-beta.8" "test" "--frozen" "--no-run" "--message-format=json" "--release", kill_on_drop: false }`
[INFO] [stderr]    Compiling regex-automata v0.4.18
[INFO] [stderr]    Compiling anstyle-parse v1.0.0
[INFO] [stderr]    Compiling jiff-core v0.1.1
[INFO] [stderr]    Compiling anstyle v1.0.14
[INFO] [stderr]    Compiling colorchoice v1.0.5
[INFO] [stderr]    Compiling tokio-macros v2.7.2
[INFO] [stderr]    Compiling serial_test_derive v3.5.0
[INFO] [stderr]    Compiling once_cell v1.21.4
[INFO] [stdout] warning: enum `AlertData` is never used
[INFO] [stdout]    --> src/alerts/mod.rs:133:10
[INFO] [stdout]     |
[INFO] [stdout] 133 | pub enum AlertData<H: Hasher, D: Data, MK: MultiKeychain> {
[INFO] [stdout]     |          ^^^^^^^^^
[INFO] [stdout]     |
[INFO] [stdout]     = note: `#[warn(dead_code)]` (part of `#[warn(unused)]`) on by default
[INFO] [stdout] 
[INFO] [stdout] 
[INFO] [stdout] warning: hiding a lifetime that's elided elsewhere is confusing
[INFO] [stdout]   --> src/units/store.rs:86:26
[INFO] [stdout]    |
[INFO] [stdout] 86 |     pub fn get_status_of(&self, node: NodeIndex) -> UnitStoreStatus {
[INFO] [stdout]    |                          ^^^^^                      ^^^^^^^^^^^^^^^ the same lifetime is hidden here
[INFO] [stdout]    |                          |
[INFO] [stdout]    |                          the lifetime is elided here
[INFO] [stdout]    |
[INFO] [stdout]    = help: the same lifetime is referred to in inconsistent ways, making the signature confusing
[INFO] [stdout]    = note: `#[warn(mismatched_lifetime_syntaxes)]` on by default
[INFO] [stdout] help: use `'_` for type paths
[INFO] [stdout]    |
[INFO] [stdout] 86 |     pub fn get_status_of(&self, node: NodeIndex) -> UnitStoreStatus<'_> {
[INFO] [stdout]    |                                                                    ++++
[INFO] [stdout] 
[INFO] [stdout] 
[INFO] [stderr]    Compiling anstream v1.0.0
[INFO] [stderr]    Compiling serial_test v3.5.0
[INFO] [stderr]    Compiling tokio v1.53.3
[INFO] [stderr]    Compiling jiff v0.2.38
[INFO] [stderr]    Compiling regex v1.13.1
[INFO] [stderr]    Compiling env_filter v2.0.0
[INFO] [stderr]    Compiling env_logger v0.11.11
[INFO] [stderr]    Compiling fedimint-aleph-bft v0.36.0 (/opt/rustwide/workdir)
[INFO] [stdout] error[E0432]: unresolved import `aleph_bft_mock`
[INFO] [stdout]  --> src/units/testing.rs:9:5
[INFO] [stdout]   |
[INFO] [stdout] 9 | use aleph_bft_mock::{Data, Hasher64, Keychain, Signature};
[INFO] [stdout]   |     ^^^^^^^^^^^^^^ use of unresolved module or unlinked crate `aleph_bft_mock`
[INFO] [stdout]   |
[INFO] [stdout] help: there is a crate or module with a similar name
[INFO] [stdout]   |
[INFO] [stdout] 9 - use aleph_bft_mock::{Data, Hasher64, Keychain, Signature};
[INFO] [stdout] 9 + use aleph_bft_rmc::{Data, Hasher64, Keychain, Signature};
[INFO] [stdout]   |
[INFO] [stdout] 
[INFO] [stdout] 
[INFO] [stdout] error[E0432]: unresolved import `aleph_bft_mock`
[INFO] [stdout]   --> src/testing/mod.rs:15:5
[INFO] [stdout]    |
[INFO] [stdout] 15 | use aleph_bft_mock::{
[INFO] [stdout]    |     ^^^^^^^^^^^^^^ use of unresolved module or unlinked crate `aleph_bft_mock`
[INFO] [stdout]    |
[INFO] [stdout] help: there is a crate or module with a similar name
[INFO] [stdout]    |
[INFO] [stdout] 15 - use aleph_bft_mock::{
[INFO] [stdout] 15 + use aleph_bft_rmc::{
[INFO] [stdout]    |
[INFO] [stdout] 
[INFO] [stdout] 
[INFO] [stdout] error[E0432]: unresolved import `aleph_bft_mock`
[INFO] [stdout]    --> src/alerts/handler.rs:287:9
[INFO] [stdout]     |
[INFO] [stdout] 287 |     use aleph_bft_mock::{Data, Hasher64, Keychain, Signature};
[INFO] [stdout]     |         ^^^^^^^^^^^^^^ use of unresolved module or unlinked crate `aleph_bft_mock`
[INFO] [stdout]     |
[INFO] [stdout] help: there is a crate or module with a similar name
[INFO] [stdout]     |
[INFO] [stdout] 287 -     use aleph_bft_mock::{Data, Hasher64, Keychain, Signature};
[INFO] [stdout] 287 +     use aleph_bft_rmc::{Data, Hasher64, Keychain, Signature};
[INFO] [stdout]     |
[INFO] [stdout] 
[INFO] [stdout] 
[INFO] [stdout] error[E0432]: unresolved import `aleph_bft_mock`
[INFO] [stdout]    --> src/creation/creator.rs:128:9
[INFO] [stdout]     |
[INFO] [stdout] 128 |     use aleph_bft_mock::Hasher64;
[INFO] [stdout]     |         ^^^^^^^^^^^^^^ use of unresolved module or unlinked crate `aleph_bft_mock`
[INFO] [stdout]     |
[INFO] [stdout] help: there is a crate or module with a similar name
[INFO] [stdout]     |
[INFO] [stdout] 128 -     use aleph_bft_mock::Hasher64;
[INFO] [stdout] 128 +     use aleph_bft_rmc::Hasher64;
[INFO] [stdout]     |
[INFO] [stdout] 
[INFO] [stdout] 
[INFO] [stdout] error[E0432]: unresolved import `aleph_bft_mock`
[INFO] [stdout]    --> src/extension/election.rs:221:9
[INFO] [stdout]     |
[INFO] [stdout] 221 |     use aleph_bft_mock::Hasher64;
[INFO] [stdout]     |         ^^^^^^^^^^^^^^ use of unresolved module or unlinked crate `aleph_bft_mock`
[INFO] [stdout]     |
[INFO] [stdout] help: there is a crate or module with a similar name
[INFO] [stdout]     |
[INFO] [stdout] 221 -     use aleph_bft_mock::Hasher64;
[INFO] [stdout] 221 +     use aleph_bft_rmc::Hasher64;
[INFO] [stdout]     |
[INFO] [stdout] 
[INFO] [stdout] 
[INFO] [stdout] error[E0432]: unresolved import `aleph_bft_mock`
[INFO] [stdout]   --> src/extension/units.rs:85:9
[INFO] [stdout]    |
[INFO] [stdout] 85 |     use aleph_bft_mock::Hasher64;
[INFO] [stdout]    |         ^^^^^^^^^^^^^^ use of unresolved module or unlinked crate `aleph_bft_mock`
[INFO] [stdout]    |
[INFO] [stdout] help: there is a crate or module with a similar name
[INFO] [stdout]    |
[INFO] [stdout] 85 -     use aleph_bft_mock::Hasher64;
[INFO] [stdout] 85 +     use aleph_bft_rmc::Hasher64;
[INFO] [stdout]    |
[INFO] [stdout] 
[INFO] [stdout] 
[INFO] [stdout] error[E0432]: unresolved import `aleph_bft_mock`
[INFO] [stdout]    --> src/extension/mod.rs:110:9
[INFO] [stdout]     |
[INFO] [stdout] 110 |     use aleph_bft_mock::Hasher64;
[INFO] [stdout]     |         ^^^^^^^^^^^^^^ use of unresolved module or unlinked crate `aleph_bft_mock`
[INFO] [stdout]     |
[INFO] [stdout] help: there is a crate or module with a similar name
[INFO] [stdout]     |
[INFO] [stdout] 110 -     use aleph_bft_mock::Hasher64;
[INFO] [stdout] 110 +     use aleph_bft_rmc::Hasher64;
[INFO] [stdout]     |
[INFO] [stdout] 
[INFO] [stdout] 
[INFO] [stdout] error[E0432]: unresolved import `aleph_bft_mock`
[INFO] [stdout]    --> src/member.rs:718:9
[INFO] [stdout]     |
[INFO] [stdout] 718 |     use aleph_bft_mock::{Hasher64, Signature};
[INFO] [stdout]     |         ^^^^^^^^^^^^^^ use of unresolved module or unlinked crate `aleph_bft_mock`
[INFO] [stdout]     |
[INFO] [stdout] help: there is a crate or module with a similar name
[INFO] [stdout]     |
[INFO] [stdout] 718 -     use aleph_bft_mock::{Hasher64, Signature};
[INFO] [stdout] 718 +     use aleph_bft_rmc::{Hasher64, Signature};
[INFO] [stdout]     |
[INFO] [stdout] 
[INFO] [stdout] 
[INFO] [stdout] error[E0432]: unresolved import `aleph_bft_mock`
[INFO] [stdout]    --> src/network.rs:171:9
[INFO] [stdout]     |
[INFO] [stdout] 171 |     use aleph_bft_mock::{Data, Hasher64, Keychain, PartialMultisignature, Signature};
[INFO] [stdout]     |         ^^^^^^^^^^^^^^ use of unresolved module or unlinked crate `aleph_bft_mock`
[INFO] [stdout]     |
[INFO] [stdout] help: there is a crate or module with a similar name
[INFO] [stdout]     |
[INFO] [stdout] 171 -     use aleph_bft_mock::{Data, Hasher64, Keychain, PartialMultisignature, Signature};
[INFO] [stdout] 171 +     use aleph_bft_rmc::{Data, Hasher64, Keychain, PartialMultisignature, Signature};
[INFO] [stdout]     |
[INFO] [stdout] 
[INFO] [stdout] 
[INFO] [stdout] error[E0432]: unresolved import `aleph_bft_mock`
[INFO] [stdout]    --> src/reconstruction/dag.rs:129:9
[INFO] [stdout]     |
[INFO] [stdout] 129 |     use aleph_bft_mock::{Data, Hasher64};
[INFO] [stdout]     |         ^^^^^^^^^^^^^^ use of unresolved module or unlinked crate `aleph_bft_mock`
[INFO] [stdout]     |
[INFO] [stdout] help: there is a crate or module with a similar name
[INFO] [stdout]     |
[INFO] [stdout] 129 -     use aleph_bft_mock::{Data, Hasher64};
[INFO] [stdout] 129 +     use aleph_bft_rmc::{Data, Hasher64};
[INFO] [stdout]     |
[INFO] [stdout] 
[INFO] [stdout] 
[INFO] [stdout] error[E0432]: unresolved import `aleph_bft_mock`
[INFO] [stdout]    --> src/runway/packer.rs:105:9
[INFO] [stdout]     |
[INFO] [stdout] 105 |     use aleph_bft_mock::{Data, DataProvider, Hasher64, Keychain, StalledDataProvider};
[INFO] [stdout]     |         ^^^^^^^^^^^^^^ use of unresolved module or unlinked crate `aleph_bft_mock`
[INFO] [stdout]     |
[INFO] [stdout] help: there is a crate or module with a similar name
[INFO] [stdout]     |
[INFO] [stdout] 105 -     use aleph_bft_mock::{Data, DataProvider, Hasher64, Keychain, StalledDataProvider};
[INFO] [stdout] 105 +     use aleph_bft_rmc::{Data, DataProvider, Hasher64, Keychain, StalledDataProvider};
[INFO] [stdout]     |
[INFO] [stdout] 
[INFO] [stdout] 
[INFO] [stdout] error[E0432]: unresolved import `aleph_bft_mock`
[INFO] [stdout]     --> src/runway/mod.rs:1133:9
[INFO] [stdout]      |
[INFO] [stdout] 1133 |     use aleph_bft_mock::Hasher64;
[INFO] [stdout]      |         ^^^^^^^^^^^^^^ use of unresolved module or unlinked crate `aleph_bft_mock`
[INFO] [stdout]      |
[INFO] [stdout] help: there is a crate or module with a similar name
[INFO] [stdout]      |
[INFO] [stdout] 1133 -     use aleph_bft_mock::Hasher64;
[INFO] [stdout] 1133 +     use aleph_bft_rmc::Hasher64;
[INFO] [stdout]      |
[INFO] [stdout] 
[INFO] [stdout] 
[INFO] [stdout] error[E0432]: unresolved import `aleph_bft_mock`
[INFO] [stdout]    --> src/units/store.rs:214:9
[INFO] [stdout]     |
[INFO] [stdout] 214 |     use aleph_bft_mock::{Data, Hasher64, Keychain};
[INFO] [stdout]     |         ^^^^^^^^^^^^^^ use of unresolved module or unlinked crate `aleph_bft_mock`
[INFO] [stdout]     |
[INFO] [stdout] help: there is a crate or module with a similar name
[INFO] [stdout]     |
[INFO] [stdout] 214 -     use aleph_bft_mock::{Data, Hasher64, Keychain};
[INFO] [stdout] 214 +     use aleph_bft_rmc::{Data, Hasher64, Keychain};
[INFO] [stdout]     |
[INFO] [stdout] 
[INFO] [stdout] 
[INFO] [stdout] error[E0432]: unresolved import `aleph_bft_mock`
[INFO] [stdout]    --> src/units/mod.rs:233:9
[INFO] [stdout]     |
[INFO] [stdout] 233 |     use aleph_bft_mock::{Data, Hasher64};
[INFO] [stdout]     |         ^^^^^^^^^^^^^^ use of unresolved module or unlinked crate `aleph_bft_mock`
[INFO] [stdout]     |
[INFO] [stdout] help: there is a crate or module with a similar name
[INFO] [stdout]     |
[INFO] [stdout] 233 -     use aleph_bft_mock::{Data, Hasher64};
[INFO] [stdout] 233 +     use aleph_bft_rmc::{Data, Hasher64};
[INFO] [stdout]     |
[INFO] [stdout] 
[INFO] [stdout] 
[INFO] [stdout] error[E0432]: unresolved import `aleph_bft_mock`
[INFO] [stdout]    --> src/backup/loader.rs:258:9
[INFO] [stdout]     |
[INFO] [stdout] 258 |     use aleph_bft_mock::{Data, Hasher64, Keychain, Loader, Signature};
[INFO] [stdout]     |         ^^^^^^^^^^^^^^ use of unresolved module or unlinked crate `aleph_bft_mock`
[INFO] [stdout]     |
[INFO] [stdout] help: there is a crate or module with a similar name
[INFO] [stdout]     |
[INFO] [stdout] 258 -     use aleph_bft_mock::{Data, Hasher64, Keychain, Loader, Signature};
[INFO] [stdout] 258 +     use aleph_bft_rmc::{Data, Hasher64, Keychain, Loader, Signature};
[INFO] [stdout]     |
[INFO] [stdout] 
[INFO] [stdout] 
[INFO] [stdout] error[E0432]: unresolved import `aleph_bft_mock`
[INFO] [stdout]   --> src/backup/saver.rs:97:9
[INFO] [stdout]    |
[INFO] [stdout] 97 |     use aleph_bft_mock::{Data, Hasher64, Keychain, Saver, Signature};
[INFO] [stdout]    |         ^^^^^^^^^^^^^^ use of unresolved module or unlinked crate `aleph_bft_mock`
[INFO] [stdout]    |
[INFO] [stdout] help: there is a crate or module with a similar name
[INFO] [stdout]    |
[INFO] [stdout] 97 -     use aleph_bft_mock::{Data, Hasher64, Keychain, Saver, Signature};
[INFO] [stdout] 97 +     use aleph_bft_rmc::{Data, Hasher64, Keychain, Saver, Signature};
[INFO] [stdout]    |
[INFO] [stdout] 
[INFO] [stdout] 
[INFO] [stdout] error[E0432]: unresolved import `aleph_bft_mock`
[INFO] [stdout]  --> src/testing/alerts.rs:7:5
[INFO] [stdout]   |
[INFO] [stdout] 7 | use aleph_bft_mock::{Data, Hasher64, Keychain, PartialMultisignature, Signature};
[INFO] [stdout]   |     ^^^^^^^^^^^^^^ use of unresolved module or unlinked crate `aleph_bft_mock`
[INFO] [stdout]   |
[INFO] [stdout] help: there is a crate or module with a similar name
[INFO] [stdout]   |
[INFO] [stdout] 7 - use aleph_bft_mock::{Data, Hasher64, Keychain, PartialMultisignature, Signature};
[INFO] [stdout] 7 + use aleph_bft_rmc::{Data, Hasher64, Keychain, PartialMultisignature, Signature};
[INFO] [stdout]   |
[INFO] [stdout] 
[INFO] [stdout] 
[INFO] [stdout] error[E0432]: unresolved import `aleph_bft_mock`
[INFO] [stdout]  --> src/testing/byzantine.rs:9:5
[INFO] [stdout]   |
[INFO] [stdout] 9 | use aleph_bft_mock::{Data, Hash64, Hasher64, Keychain, NetworkHook, Router, Spawner};
[INFO] [stdout]   |     ^^^^^^^^^^^^^^ use of unresolved module or unlinked crate `aleph_bft_mock`
[INFO] [stdout]   |
[INFO] [stdout] help: there is a crate or module with a similar name
[INFO] [stdout]   |
[INFO] [stdout] 9 - use aleph_bft_mock::{Data, Hash64, Hasher64, Keychain, NetworkHook, Router, Spawner};
[INFO] [stdout] 9 + use aleph_bft_rmc::{Data, Hash64, Hasher64, Keychain, NetworkHook, Router, Spawner};
[INFO] [stdout]   |
[INFO] [stdout] 
[INFO] [stdout] 
[INFO] [stdout] error[E0432]: unresolved import `aleph_bft_mock`
[INFO] [stdout]  --> src/testing/consensus.rs:8:5
[INFO] [stdout]   |
[INFO] [stdout] 8 | use aleph_bft_mock::{Hasher64, Spawner};
[INFO] [stdout]   |     ^^^^^^^^^^^^^^ use of unresolved module or unlinked crate `aleph_bft_mock`
[INFO] [stdout]   |
[INFO] [stdout] help: there is a crate or module with a similar name
[INFO] [stdout]   |
[INFO] [stdout] 8 - use aleph_bft_mock::{Hasher64, Spawner};
[INFO] [stdout] 8 + use aleph_bft_rmc::{Hasher64, Spawner};
[INFO] [stdout]   |
[INFO] [stdout] 
[INFO] [stdout] 
[INFO] [stdout] error[E0432]: unresolved import `aleph_bft_mock`
[INFO] [stdout]  --> src/testing/crash.rs:5:5
[INFO] [stdout]   |
[INFO] [stdout] 5 | use aleph_bft_mock::{Router, Spawner};
[INFO] [stdout]   |     ^^^^^^^^^^^^^^ use of unresolved module or unlinked crate `aleph_bft_mock`
[INFO] [stdout]   |
[INFO] [stdout] help: there is a crate or module with a similar name
[INFO] [stdout]   |
[INFO] [stdout] 5 - use aleph_bft_mock::{Router, Spawner};
[INFO] [stdout] 5 + use aleph_bft_rmc::{Router, Spawner};
[INFO] [stdout]   |
[INFO] [stdout] 
[INFO] [stdout] 
[INFO] [stdout] error[E0432]: unresolved import `aleph_bft_mock`
[INFO] [stdout]  --> src/testing/crash_recovery.rs:6:5
[INFO] [stdout]   |
[INFO] [stdout] 6 | use aleph_bft_mock::{Data, Hasher64, Router, Signature, Spawner};
[INFO] [stdout]   |     ^^^^^^^^^^^^^^ use of unresolved module or unlinked crate `aleph_bft_mock`
[INFO] [stdout]   |
[INFO] [stdout] help: there is a crate or module with a similar name
[INFO] [stdout]   |
[INFO] [stdout] 6 - use aleph_bft_mock::{Data, Hasher64, Router, Signature, Spawner};
[INFO] [stdout] 6 + use aleph_bft_rmc::{Data, Hasher64, Router, Signature, Spawner};
[INFO] [stdout]   |
[INFO] [stdout] 
[INFO] [stdout] 
[INFO] [stdout] error[E0432]: unresolved import `aleph_bft_mock`
[INFO] [stdout]  --> src/testing/creation.rs:8:5
[INFO] [stdout]   |
[INFO] [stdout] 8 | use aleph_bft_mock::{Data, Hasher64};
[INFO] [stdout]   |     ^^^^^^^^^^^^^^ use of unresolved module or unlinked crate `aleph_bft_mock`
[INFO] [stdout]   |
[INFO] [stdout] help: there is a crate or module with a similar name
[INFO] [stdout]   |
[INFO] [stdout] 8 - use aleph_bft_mock::{Data, Hasher64};
[INFO] [stdout] 8 + use aleph_bft_rmc::{Data, Hasher64};
[INFO] [stdout]   |
[INFO] [stdout] 
[INFO] [stdout] 
[INFO] [stdout] error[E0432]: unresolved import `aleph_bft_mock`
[INFO] [stdout]  --> src/testing/dag.rs:8:5
[INFO] [stdout]   |
[INFO] [stdout] 8 | use aleph_bft_mock::{Hash64, Hasher64, Spawner};
[INFO] [stdout]   |     ^^^^^^^^^^^^^^ use of unresolved module or unlinked crate `aleph_bft_mock`
[INFO] [stdout]   |
[INFO] [stdout] help: there is a crate or module with a similar name
[INFO] [stdout]   |
[INFO] [stdout] 8 - use aleph_bft_mock::{Hash64, Hasher64, Spawner};
[INFO] [stdout] 8 + use aleph_bft_rmc::{Hash64, Hasher64, Spawner};
[INFO] [stdout]   |
[INFO] [stdout] 
[INFO] [stdout] 
[INFO] [stdout] error[E0432]: unresolved import `aleph_bft_mock`
[INFO] [stdout]  --> src/testing/unreliable.rs:7:5
[INFO] [stdout]   |
[INFO] [stdout] 7 | use aleph_bft_mock::{BadSigning, Keychain, NetworkHook, Router, Spawner};
[INFO] [stdout]   |     ^^^^^^^^^^^^^^ use of unresolved module or unlinked crate `aleph_bft_mock`
[INFO] [stdout]   |
[INFO] [stdout] help: there is a crate or module with a similar name
[INFO] [stdout]   |
[INFO] [stdout] 7 - use aleph_bft_mock::{BadSigning, Keychain, NetworkHook, Router, Spawner};
[INFO] [stdout] 7 + use aleph_bft_rmc::{BadSigning, Keychain, NetworkHook, Router, Spawner};
[INFO] [stdout]   |
[INFO] [stdout] 
[INFO] [stdout] 
[INFO] [stdout] error[E0432]: unresolved import `aleph_bft_mock`
[INFO] [stdout]    --> src/runway/collection.rs:326:9
[INFO] [stdout]     |
[INFO] [stdout] 326 |     use aleph_bft_mock::{Data, Hasher64, Keychain, Signature};
[INFO] [stdout]     |         ^^^^^^^^^^^^^^ use of unresolved module or unlinked crate `aleph_bft_mock`
[INFO] [stdout]     |
[INFO] [stdout] help: there is a crate or module with a similar name
[INFO] [stdout]     |
[INFO] [stdout] 326 -     use aleph_bft_mock::{Data, Hasher64, Keychain, Signature};
[INFO] [stdout] 326 +     use aleph_bft_rmc::{Data, Hasher64, Keychain, Signature};
[INFO] [stdout]     |
[INFO] [stdout] 
[INFO] [stdout] 
[INFO] [stdout] error[E0432]: unresolved import `aleph_bft_mock`
[INFO] [stdout]    --> src/units/validator.rs:153:9
[INFO] [stdout]     |
[INFO] [stdout] 153 |     use aleph_bft_mock::Keychain;
[INFO] [stdout]     |         ^^^^^^^^^^^^^^ use of unresolved module or unlinked crate `aleph_bft_mock`
[INFO] [stdout]     |
[INFO] [stdout] help: there is a crate or module with a similar name
[INFO] [stdout]     |
[INFO] [stdout] 153 -     use aleph_bft_mock::Keychain;
[INFO] [stdout] 153 +     use aleph_bft_rmc::Keychain;
[INFO] [stdout]     |
[INFO] [stdout] 
[INFO] [stdout] 
[INFO] [stdout] warning: unused import: `Hasher`
[INFO] [stdout]    --> src/network.rs:169:9
[INFO] [stdout]     |
[INFO] [stdout] 169 |         Hasher, NodeIndex, NodeSubset, Round, Signed,
[INFO] [stdout]     |         ^^^^^^
[INFO] [stdout]     |
[INFO] [stdout]     = note: `#[warn(unused_imports)]` (part of `#[warn(unused)]`) on by default
[INFO] [stdout] 
[INFO] [stdout] 
[INFO] [stdout] error[E0782]: expected a type, found a trait
[INFO] [stdout]    --> src/member.rs:728:32
[INFO] [stdout]     |
[INFO] [stdout] 728 |     ) -> Member<Hasher64, u32, Signature> {
[INFO] [stdout]     |                                ^^^^^^^^^
[INFO] [stdout]     |
[INFO] [stdout] help: you can add the `dyn` keyword if you want a trait object
[INFO] [stdout]     |
[INFO] [stdout] 728 |     ) -> Member<Hasher64, u32, dyn Signature> {
[INFO] [stdout]     |                                +++
[INFO] [stdout] 
[INFO] [stdout] 
[INFO] [stdout] Some errors have detailed explanations: E0432, E0782.
[INFO] [stdout] 
[INFO] [stdout] For more information about an error, try `rustc --explain E0432`.
[INFO] [stdout] 
[INFO] [stderr] error: could not compile `fedimint-aleph-bft` (lib test) due to 27 previous errors; 1 warning emitted
[INFO] running `Command { std: "docker" "inspect" "b105560d4ae4d354c2388bd2383841d0fbe7b75399ea915501354093cee4e8eb", kill_on_drop: false }`
[INFO] running `Command { std: "docker" "rm" "-f" "b105560d4ae4d354c2388bd2383841d0fbe7b75399ea915501354093cee4e8eb", kill_on_drop: false }`
[INFO] [stdout] b105560d4ae4d354c2388bd2383841d0fbe7b75399ea915501354093cee4e8eb
