[INFO] fetching crate fc-gpui-macros 0.11.2...
[INFO] testing fc-gpui-macros-0.11.2 against 1.100.0-beta.1+cargoflags=--release for beta-release-1.100-2
[INFO] extracting crate fc-gpui-macros 0.11.2 into /workspace/builds/worker-5-tc2/source
[INFO] started tweaking crates.io crate fc-gpui-macros 0.11.2
[INFO] removed 0 missing tests
[INFO] finished tweaking crates.io crate fc-gpui-macros 0.11.2
[INFO] tweaked toml for crates.io crate fc-gpui-macros 0.11.2 written to /workspace/builds/worker-5-tc2/source/Cargo.toml
[INFO] validating manifest of crates.io crate fc-gpui-macros 0.11.2 on toolchain 1.100.0-beta.1
[INFO] running `Command { std: CARGO_HOME="/workspace/cargo-home" RUSTUP_HOME="/workspace/rustup-home" "/workspace/cargo-home/bin/cargo" "+1.100.0-beta.1" "metadata" "--manifest-path" "Cargo.toml" "--no-deps", kill_on_drop: false }`
[INFO] crate crates.io crate fc-gpui-macros 0.11.2 already has a lockfile, it will not be regenerated
[INFO] running `Command { std: CARGO_HOME="/workspace/cargo-home" RUSTUP_HOME="/workspace/rustup-home" "/workspace/cargo-home/bin/cargo" "+1.100.0-beta.1" "fetch" "--manifest-path" "Cargo.toml", kill_on_drop: false }`
[INFO] [stderr]     Blocking waiting for file lock on package cache
[INFO] [stderr]     Blocking waiting for file lock on package cache
[INFO] running `Command { std: "docker" "create" "-v" "/var/lib/crater-agent-workspace/builds/worker-5-tc2/source:/opt/rustwide/workdir:ro,Z" "-v" "/var/lib/crater-agent-workspace/builds/worker-5-tc2/target:/opt/rustwide/target:rw,Z" "-v" "/var/lib/crater-agent-workspace/cargo-home:/opt/rustwide/cargo-home:ro,Z" "-v" "/var/lib/crater-agent-workspace/rustup-home:/opt/rustwide/rustup-home:ro,Z" "-m" "1610612736" "--network" "none" "ghcr.io/rust-lang/crates-build-env/linux@sha256:77db811e55d90add9212f6832c23229e3de5f1c1f9905e8cb07319ea15df73ac" "sleep" "infinity", kill_on_drop: false }`
[INFO] [stdout] 375f6e77e000e38bb0f013d7f033d628169be2a2798e34cd2acbcc824ed0489c
[INFO] running `Command { std: "docker" "start" "375f6e77e000e38bb0f013d7f033d628169be2a2798e34cd2acbcc824ed0489c", kill_on_drop: false }`
[INFO] running `Command { std: "docker" "inspect" "375f6e77e000e38bb0f013d7f033d628169be2a2798e34cd2acbcc824ed0489c", kill_on_drop: false }`
[INFO] running `Command { std: "docker" "exec" "-e" "SOURCE_DIR=/opt/rustwide/workdir" "-e" "CARGO_HOME=/opt/rustwide/cargo-home" "-e" "RUSTUP_HOME=/opt/rustwide/rustup-home" "-e" "CARGO_TARGET_DIR=/opt/rustwide/target" "-w" "/opt/rustwide/workdir" "--user" "0:0" "375f6e77e000e38bb0f013d7f033d628169be2a2798e34cd2acbcc824ed0489c" "/opt/rustwide/cargo-home/bin/cargo" "+1.100.0-beta.1" "metadata" "--no-deps" "--format-version=1", kill_on_drop: false }`
[INFO] running `Command { std: "docker" "inspect" "375f6e77e000e38bb0f013d7f033d628169be2a2798e34cd2acbcc824ed0489c", kill_on_drop: false }`
[INFO] running `Command { std: "docker" "exec" "-e" "SOURCE_DIR=/opt/rustwide/workdir" "-e" "CARGO_HOME=/opt/rustwide/cargo-home" "-e" "RUSTUP_HOME=/opt/rustwide/rustup-home" "-e" "CARGO_TARGET_DIR=/opt/rustwide/target" "-e" "CARGO_INCREMENTAL=0" "-e" "RUST_BACKTRACE=full" "-e" "RUSTFLAGS=--cap-lints=warn" "-e" "RUSTDOCFLAGS=--cap-lints=warn" "-w" "/opt/rustwide/workdir" "--user" "0:0" "375f6e77e000e38bb0f013d7f033d628169be2a2798e34cd2acbcc824ed0489c" "/opt/rustwide/cargo-home/bin/cargo" "+1.100.0-beta.1" "build" "--frozen" "--message-format=json" "--release", kill_on_drop: false }`
[INFO] [stderr]    Compiling equivalent v1.0.2
[INFO] [stderr]    Compiling hashbrown v0.17.1
[INFO] [stderr]    Compiling winnow v1.0.4
[INFO] [stderr]    Compiling toml_datetime v1.1.1+spec-1.1.0
[INFO] [stderr]    Compiling syn v2.0.119
[INFO] [stderr]    Compiling indexmap v2.14.2
[INFO] [stderr]    Compiling toml_parser v1.1.3+spec-1.1.0
[INFO] [stderr]    Compiling toml_edit v0.25.15+spec-1.1.0
[INFO] [stderr]    Compiling proc-macro-crate v3.5.0
[INFO] [stderr]    Compiling fc-gpui-macros v0.11.2 (/opt/rustwide/workdir)
[INFO] [stderr] warning: unused dependency `heck`
[INFO] [stderr]  --> Cargo.toml:1:15
[INFO] [stderr]   |
[INFO] [stderr] 1 | [dependencies.heck]
[INFO] [stderr]   |               ^^^^^
[INFO] [stderr]   |
[INFO] [stderr]   = note: `cargo::unused_dependencies` is set to `warn` by default
[INFO] [stderr] help: consider removing the dependency on `heck`
[INFO] [stderr] warning: `fc-gpui-macros` (manifest) generated 1 warning
[INFO] [stderr]     Finished `release` profile [optimized] target(s) in 14.00s
[INFO] running `Command { std: "docker" "inspect" "375f6e77e000e38bb0f013d7f033d628169be2a2798e34cd2acbcc824ed0489c", kill_on_drop: false }`
[INFO] running `Command { std: "docker" "exec" "-e" "SOURCE_DIR=/opt/rustwide/workdir" "-e" "CARGO_HOME=/opt/rustwide/cargo-home" "-e" "RUSTUP_HOME=/opt/rustwide/rustup-home" "-e" "CARGO_TARGET_DIR=/opt/rustwide/target" "-e" "CARGO_INCREMENTAL=0" "-e" "RUST_BACKTRACE=full" "-e" "RUSTFLAGS=--cap-lints=warn" "-e" "RUSTDOCFLAGS=--cap-lints=warn" "-w" "/opt/rustwide/workdir" "--user" "0:0" "375f6e77e000e38bb0f013d7f033d628169be2a2798e34cd2acbcc824ed0489c" "/opt/rustwide/cargo-home/bin/cargo" "+1.100.0-beta.1" "test" "--frozen" "--no-run" "--message-format=json" "--release", kill_on_drop: false }`
[INFO] [stderr]    Compiling proc-macro2 v1.0.107
[INFO] [stderr]    Compiling unicode-ident v1.0.26
[INFO] [stderr]    Compiling winnow v1.0.4
[INFO] [stderr]    Compiling hashbrown v0.17.1
[INFO] [stderr]    Compiling toml_datetime v1.1.1+spec-1.1.0
[INFO] [stderr]    Compiling quote v1.0.47
[INFO] [stderr]    Compiling heck v0.5.0
[INFO] [stderr]    Compiling fc-gpui-macros v0.11.2 (/opt/rustwide/workdir)
[INFO] [stderr]    Compiling syn v2.0.119
[INFO] [stderr]    Compiling toml_parser v1.1.3+spec-1.1.0
[INFO] [stderr]    Compiling indexmap v2.14.2
[INFO] [stderr]    Compiling toml_edit v0.25.15+spec-1.1.0
[INFO] [stderr]    Compiling proc-macro-crate v3.5.0
[INFO] [stdout] error[E0432]: unresolved import `gpui`
[INFO] [stdout]  --> tests/derive_context.rs:4:9
[INFO] [stdout]   |
[INFO] [stdout] 4 |     use gpui::{App, Window};
[INFO] [stdout]   |         ^^^^ use of unresolved module or unlinked crate `gpui`
[INFO] [stdout]   |
[INFO] [stdout]   = help: if you wanted to use a crate named `gpui`, use `cargo add gpui` to add it to your `Cargo.toml`
[INFO] [stdout] 
[INFO] [stdout] 
[INFO] [stdout] error[E0433]: cannot find `gpui` in the list of imported crates
[INFO] [stdout]  --> tests/derive_context.rs:6:14
[INFO] [stdout]   |
[INFO] [stdout] 6 |     #[derive(AppContext, VisualContext)]
[INFO] [stdout]   |              ^^^^^^^^^^ could not find `gpui` in the list of imported crates
[INFO] [stdout]   |
[INFO] [stdout]   = note: this error originates in the derive macro `AppContext` (in Nightly builds, run with -Z macro-backtrace for more info)
[INFO] [stdout] 
[INFO] [stdout] 
[INFO] [stdout] error[E0433]: cannot find `gpui` in the list of imported crates
[INFO] [stdout]  --> tests/render_test.rs:5:14
[INFO] [stdout]   |
[INFO] [stdout] 5 |     #[derive(Render)]
[INFO] [stdout]   |              ^^^^^^ could not find `gpui` in the list of imported crates
[INFO] [stdout]   |
[INFO] [stdout]   = note: this error originates in the derive macro `Render` (in Nightly builds, run with -Z macro-backtrace for more info)
[INFO] [stdout] 
[INFO] [stdout] 
[INFO] [stdout] For more information about this error, try `rustc --explain E0433`.
[INFO] [stdout] 
[INFO] [stderr] error: could not compile `fc-gpui-macros` (test "render_test") due to 1 previous error
[INFO] [stderr] warning: build failed, waiting for other jobs to finish...
[INFO] [stdout] error[E0433]: cannot find `gpui` in the list of imported crates
[INFO] [stdout]  --> tests/derive_context.rs:6:26
[INFO] [stdout]   |
[INFO] [stdout] 6 |     #[derive(AppContext, VisualContext)]
[INFO] [stdout]   |                          ^^^^^^^^^^^^^ could not find `gpui` in the list of imported crates
[INFO] [stdout]   |
[INFO] [stdout]   = note: this error originates in the derive macro `VisualContext` (in Nightly builds, run with -Z macro-backtrace for more info)
[INFO] [stdout] 
[INFO] [stdout] 
[INFO] [stdout] error[E0432]: unresolved import `fc_gpui_macros::derive_inspector_reflection`
[INFO] [stdout]    --> tests/derive_inspector_reflection.rs:3:5
[INFO] [stdout]     |
[INFO] [stdout]   3 | use fc_gpui_macros::derive_inspector_reflection;
[INFO] [stdout]     |     ^^^^^^^^^^^^^^^^---------------------------
[INFO] [stdout]     |                     |
[INFO] [stdout]     |                     no `derive_inspector_reflection` in the root
[INFO] [stdout]     |
[INFO] [stdout] note: found an item that was configured out
[INFO] [stdout]    --> src/gpui_macros.rs:13:5
[INFO] [stdout]     |
[INFO] [stdout]  12 | #[cfg(any(feature = "inspector", debug_assertions))]
[INFO] [stdout]     |          ----------------------------------------- the item is gated here
[INFO] [stdout]  13 | mod derive_inspector_reflection;
[INFO] [stdout]     |     ^^^^^^^^^^^^^^^^^^^^^^^^^^^
[INFO] [stdout] note: found an item that was configured out
[INFO] [stdout]    --> src/gpui_macros.rs:223:8
[INFO] [stdout]     |
[INFO] [stdout] 221 | #[cfg(any(feature = "inspector", debug_assertions))]
[INFO] [stdout]     |          ----------------------------------------- the item is gated here
[INFO] [stdout] 222 | #[proc_macro_attribute]
[INFO] [stdout] 223 | pub fn derive_inspector_reflection(_args: TokenStream, input: TokenStream) -> TokenStream {
[INFO] [stdout]     |        ^^^^^^^^^^^^^^^^^^^^^^^^^^^
[INFO] [stdout] 
[INFO] [stdout] 
[INFO] [stdout] error[E0432]: unresolved import `transform_reflection`
[INFO] [stdout]   --> tests/derive_inspector_reflection.rs:70:9
[INFO] [stdout]    |
[INFO] [stdout] 70 |     use transform_reflection::*;
[INFO] [stdout]    |         ^^^^^^^^^^^^^^^^^^^^ use of unresolved module or unlinked crate `transform_reflection`
[INFO] [stdout]    |
[INFO] [stdout]    = help: if you wanted to use a crate named `transform_reflection`, use `cargo add transform_reflection` to add it to your `Cargo.toml`
[INFO] [stdout] 
[INFO] [stdout] 
[INFO] [stdout] For more information about this error, try `rustc --explain E0432`.
[INFO] [stdout] 
[INFO] [stderr] error: could not compile `fc-gpui-macros` (test "derive_inspector_reflection") due to 2 previous errors
[INFO] [stdout] error[E0223]: ambiguous associated type
[INFO] [stdout]  --> tests/derive_context.rs:6:14
[INFO] [stdout]   |
[INFO] [stdout] 6 |     #[derive(AppContext, VisualContext)]
[INFO] [stdout]   |              ^^^^^^^^^^
[INFO] [stdout]   |
[INFO] [stdout]   = note: this error originates in the derive macro `AppContext` (in Nightly builds, run with -Z macro-backtrace for more info)
[INFO] [stdout] 
[INFO] [stdout] 
[INFO] [stdout] error[E0223]: ambiguous associated type
[INFO] [stdout]  --> tests/derive_context.rs:6:26
[INFO] [stdout]   |
[INFO] [stdout] 6 |     #[derive(AppContext, VisualContext)]
[INFO] [stdout]   |                          ^^^^^^^^^^^^^
[INFO] [stdout]   |
[INFO] [stdout]   = note: this error originates in the derive macro `VisualContext` (in Nightly builds, run with -Z macro-backtrace for more info)
[INFO] [stdout] 
[INFO] [stdout] 
[INFO] [stdout] Some errors have detailed explanations: E0223, E0432, E0433.
[INFO] [stdout] 
[INFO] [stdout] For more information about an error, try `rustc --explain E0223`.
[INFO] [stdout] 
[INFO] [stderr] error: could not compile `fc-gpui-macros` (test "derive_context") due to 5 previous errors
[INFO] running `Command { std: "docker" "inspect" "375f6e77e000e38bb0f013d7f033d628169be2a2798e34cd2acbcc824ed0489c", kill_on_drop: false }`
[INFO] running `Command { std: "docker" "rm" "-f" "375f6e77e000e38bb0f013d7f033d628169be2a2798e34cd2acbcc824ed0489c", kill_on_drop: false }`
[INFO] [stdout] 375f6e77e000e38bb0f013d7f033d628169be2a2798e34cd2acbcc824ed0489c
