[INFO] fetching crate fawkes-crypto-keccak256 0.1.1...
[INFO] testing fawkes-crypto-keccak256-0.1.1 against 1.99.0-beta.8+cargoflags=--release for beta-release-1.100-2
[INFO] extracting crate fawkes-crypto-keccak256 0.1.1 into /workspace/builds/worker-6-tc1/source
[INFO] started tweaking crates.io crate fawkes-crypto-keccak256 0.1.1
[INFO] finished tweaking crates.io crate fawkes-crypto-keccak256 0.1.1
[INFO] tweaked toml for crates.io crate fawkes-crypto-keccak256 0.1.1 written to /workspace/builds/worker-6-tc1/source/Cargo.toml
[INFO] validating manifest of crates.io crate fawkes-crypto-keccak256 0.1.1 on toolchain 1.99.0-beta.8
[INFO] running `Command { std: CARGO_HOME="/workspace/cargo-home" RUSTUP_HOME="/workspace/rustup-home" "/workspace/cargo-home/bin/cargo" "+1.99.0-beta.8" "metadata" "--manifest-path" "Cargo.toml" "--no-deps", kill_on_drop: false }`
[INFO] running `Command { std: CARGO_HOME="/workspace/cargo-home" RUSTUP_HOME="/workspace/rustup-home" "/workspace/cargo-home/bin/cargo" "+1.99.0-beta.8" "generate-lockfile" "--manifest-path" "Cargo.toml", kill_on_drop: false }`
[INFO] [stderr]     Updating crates.io index
[INFO] [stderr]      Locking 92 packages to highest compatible versions
[INFO] [stderr]       Adding hex v0.3.2 (available: v0.4.3)
[INFO] [stderr]       Adding itertools v0.10.5 (available: v0.15.0)
[INFO] running `Command { std: CARGO_HOME="/workspace/cargo-home" RUSTUP_HOME="/workspace/rustup-home" "/workspace/cargo-home/bin/cargo" "+1.99.0-beta.8" "fetch" "--manifest-path" "Cargo.toml", kill_on_drop: false }`
[INFO] [stderr]  Downloading crates ...
[INFO] [stderr]   Downloaded impl-trait-for-tuples v0.1.3
[INFO] [stderr]   Downloaded fawkes-crypto v4.4.0
[INFO] [stderr]   Downloaded linked-list v0.0.3
[INFO] [stderr]   Downloaded ff-uint v0.2.4
[INFO] [stderr]   Downloaded hex v0.3.2
[INFO] [stderr]   Downloaded borsh-derive v0.9.3
[INFO] [stderr]   Downloaded concat-idents v1.1.5
[INFO] [stderr]   Downloaded fawkes-crypto_derive v4.3.0
[INFO] [stderr]   Downloaded block-padding v0.2.1
[INFO] [stderr]   Downloaded borsh v0.9.3
[INFO] [stderr]   Downloaded proc-macro-crate v0.1.5
[INFO] [stderr]   Downloaded ff-uint_derive v0.2.4
[INFO] [stderr]   Downloaded borsh-derive-internal v0.9.3
[INFO] [stderr]   Downloaded ff_derive_ce v0.5.1
[INFO] [stderr]   Downloaded blake2-rfc_bellman_edition v0.0.1
[INFO] [stderr]   Downloaded borsh-schema-derive-internal v0.9.3
[INFO] [stderr]   Downloaded seedbox v0.2.0
[INFO] [stderr]   Downloaded ff_ce v0.7.1
[INFO] [stderr]   Downloaded syn v0.14.9
[INFO] [stderr]   Downloaded fawkes-crypto-bellman_ce v0.3.5
[INFO] [stderr]   Downloaded sha3 v0.9.1
[INFO] [stderr]   Downloaded fawkes-crypto-pairing_ce v0.18.1
[INFO] running `Command { std: "docker" "create" "-v" "/var/lib/crater-agent-workspace/builds/worker-6-tc1/source:/opt/rustwide/workdir:ro,Z" "-v" "/var/lib/crater-agent-workspace/builds/worker-6-tc1/target:/opt/rustwide/target:rw,Z" "-v" "/var/lib/crater-agent-workspace/cargo-home:/opt/rustwide/cargo-home:ro,Z" "-v" "/var/lib/crater-agent-workspace/rustup-home:/opt/rustwide/rustup-home:ro,Z" "-m" "1610612736" "--network" "none" "ghcr.io/rust-lang/crates-build-env/linux@sha256:77db811e55d90add9212f6832c23229e3de5f1c1f9905e8cb07319ea15df73ac" "sleep" "infinity", kill_on_drop: false }`
[INFO] [stdout] 3e4acf864f5744d68021f25b6e8d168faf744e4d1c749b1e8d0ef2a43af0af5e
[INFO] running `Command { std: "docker" "start" "3e4acf864f5744d68021f25b6e8d168faf744e4d1c749b1e8d0ef2a43af0af5e", kill_on_drop: false }`
[INFO] running `Command { std: "docker" "inspect" "3e4acf864f5744d68021f25b6e8d168faf744e4d1c749b1e8d0ef2a43af0af5e", kill_on_drop: false }`
[INFO] running `Command { std: "docker" "exec" "-e" "SOURCE_DIR=/opt/rustwide/workdir" "-e" "CARGO_HOME=/opt/rustwide/cargo-home" "-e" "RUSTUP_HOME=/opt/rustwide/rustup-home" "-e" "CARGO_TARGET_DIR=/opt/rustwide/target" "-w" "/opt/rustwide/workdir" "--user" "0:0" "3e4acf864f5744d68021f25b6e8d168faf744e4d1c749b1e8d0ef2a43af0af5e" "/opt/rustwide/cargo-home/bin/cargo" "+1.99.0-beta.8" "metadata" "--no-deps" "--format-version=1", kill_on_drop: false }`
[INFO] running `Command { std: "docker" "inspect" "3e4acf864f5744d68021f25b6e8d168faf744e4d1c749b1e8d0ef2a43af0af5e", kill_on_drop: false }`
[INFO] running `Command { std: "docker" "exec" "-e" "SOURCE_DIR=/opt/rustwide/workdir" "-e" "CARGO_HOME=/opt/rustwide/cargo-home" "-e" "RUSTUP_HOME=/opt/rustwide/rustup-home" "-e" "CARGO_TARGET_DIR=/opt/rustwide/target" "-e" "CARGO_INCREMENTAL=0" "-e" "RUST_BACKTRACE=full" "-e" "RUSTFLAGS=--cap-lints=warn" "-e" "RUSTDOCFLAGS=--cap-lints=warn" "-w" "/opt/rustwide/workdir" "--user" "0:0" "3e4acf864f5744d68021f25b6e8d168faf744e4d1c749b1e8d0ef2a43af0af5e" "/opt/rustwide/cargo-home/bin/cargo" "+1.99.0-beta.8" "build" "--frozen" "--message-format=json" "--release", kill_on_drop: false }`
[INFO] [stderr]    Compiling syn v1.0.109
[INFO] [stderr]    Compiling serde_core v1.0.229
[INFO] [stderr]    Compiling proc-macro2 v0.4.30
[INFO] [stderr]    Compiling serde v1.0.229
[INFO] [stderr]    Compiling generic-array v0.14.9
[INFO] [stderr]    Compiling unicode-xid v0.1.0
[INFO] [stderr]    Compiling num-bigint v0.2.6
[INFO] [stderr]    Compiling getrandom v0.1.16
[INFO] [stderr]    Compiling ahash v0.7.8
[INFO] [stderr]    Compiling syn v3.0.9
[INFO] [stderr]    Compiling num-bigint v0.3.3
[INFO] [stderr]    Compiling num-traits v0.2.19
[INFO] [stderr]    Compiling getrandom v0.2.17
[INFO] [stderr]    Compiling block-padding v0.2.1
[INFO] [stderr]    Compiling once_cell v1.21.4
[INFO] [stderr]    Compiling rand v0.4.6
[INFO] [stderr]    Compiling alloc-no-stdlib v2.0.4
[INFO] [stderr]    Compiling hex v0.3.2
[INFO] [stderr]    Compiling arrayvec v0.4.12
[INFO] [stderr]    Compiling rand_core v0.6.4
[INFO] [stderr]    Compiling crunchy v0.2.4
[INFO] [stderr]    Compiling opaque-debug v0.3.1
[INFO] [stderr]    Compiling alloc-stdlib v0.2.4
[INFO] [stderr]    Compiling rand_chacha v0.3.1
[INFO] [stderr]    Compiling syn v2.0.119
[INFO] [stderr]    Compiling brotli-decompressor v2.5.1
[INFO] [stderr]    Compiling rustc-hex v2.1.0
[INFO] [stderr]    Compiling rand_core v0.5.1
[INFO] [stderr]    Compiling hashbrown v0.11.2
[INFO] [stderr]    Compiling constant_time_eq v0.1.5
[INFO] [stderr]    Compiling futures v0.1.31
[INFO] [stderr]    Compiling digest v0.9.0
[INFO] [stderr]    Compiling block-buffer v0.9.0
[INFO] [stderr]    Compiling bit-vec v0.6.3
[INFO] [stderr]    Compiling quote v0.6.13
[INFO] [stderr]    Compiling syn v0.14.9
[INFO] [stderr]    Compiling rand_chacha v0.2.2
[INFO] [stderr]    Compiling sha3 v0.9.1
[INFO] [stderr]    Compiling blake2-rfc_bellman_edition v0.0.1
[INFO] [stderr]    Compiling linked-list v0.0.3
[INFO] [stderr]    Compiling num-integer v0.1.47
[INFO] [stderr]    Compiling rand v0.7.3
[INFO] [stderr]    Compiling seedbox v0.2.0
[INFO] [stderr]    Compiling brotli v3.5.0
[INFO] [stderr]    Compiling ref-cast-impl v1.0.27
[INFO] [stderr]    Compiling serde_derive v1.0.229
[INFO] [stderr]    Compiling ref-cast v1.0.27
[INFO] [stderr]    Compiling ff_derive_ce v0.5.1
[INFO] [stderr]    Compiling concat-idents v1.1.5
[INFO] [stderr]    Compiling ff_ce v0.7.1
[INFO] [stderr]    Compiling toml v0.5.11
[INFO] [stderr]    Compiling fawkes-crypto-pairing_ce v0.18.1
[INFO] [stderr]    Compiling proc-macro-crate v0.1.5
[INFO] [stderr]    Compiling borsh-derive-internal v0.9.3
[INFO] [stderr]    Compiling borsh-schema-derive-internal v0.9.3
[INFO] [stderr]    Compiling borsh-derive v0.9.3
[INFO] [stderr]    Compiling ff-uint_derive v0.2.4
[INFO] [stderr]    Compiling impl-trait-for-tuples v0.1.3
[INFO] [stderr]    Compiling fawkes-crypto_derive v4.3.0
[INFO] [stderr]    Compiling borsh v0.9.3
[INFO] [stderr]    Compiling ff-uint v0.2.4
[INFO] [stderr]    Compiling fawkes-crypto-bellman_ce v0.3.5
[INFO] [stderr]    Compiling fawkes-crypto v4.4.0
[INFO] [stderr]    Compiling fawkes-crypto-keccak256 v0.1.1 (/opt/rustwide/workdir)
[INFO] [stderr]     Finished `release` profile [optimized] target(s) in 43.62s
[INFO] [stderr] warning: the following packages contain code that will be rejected by a future version of Rust: syn v0.14.9
[INFO] [stderr] note: to see what the problems were, use the option `--future-incompat-report`, or run `cargo report future-incompatibilities --id 1`
[INFO] running `Command { std: "docker" "inspect" "3e4acf864f5744d68021f25b6e8d168faf744e4d1c749b1e8d0ef2a43af0af5e", kill_on_drop: false }`
[INFO] running `Command { std: "docker" "exec" "-e" "SOURCE_DIR=/opt/rustwide/workdir" "-e" "CARGO_HOME=/opt/rustwide/cargo-home" "-e" "RUSTUP_HOME=/opt/rustwide/rustup-home" "-e" "CARGO_TARGET_DIR=/opt/rustwide/target" "-e" "CARGO_INCREMENTAL=0" "-e" "RUST_BACKTRACE=full" "-e" "RUSTFLAGS=--cap-lints=warn" "-e" "RUSTDOCFLAGS=--cap-lints=warn" "-w" "/opt/rustwide/workdir" "--user" "0:0" "3e4acf864f5744d68021f25b6e8d168faf744e4d1c749b1e8d0ef2a43af0af5e" "/opt/rustwide/cargo-home/bin/cargo" "+1.99.0-beta.8" "test" "--frozen" "--no-run" "--message-format=json" "--release", kill_on_drop: false }`
[INFO] [stderr]    Compiling fawkes-crypto-keccak256 v0.1.1 (/opt/rustwide/workdir)
[INFO] [stdout] error[E0433]: cannot find module or crate `keccak256` in this scope
[INFO] [stdout]  --> tests/hash.rs:1:5
[INFO] [stdout]   |
[INFO] [stdout] 1 | use keccak256::native::hash::keccak256;
[INFO] [stdout]   |     ^^^^^^^^^ use of unresolved module or unlinked crate `keccak256`
[INFO] [stdout]   |
[INFO] [stdout]   = help: if you wanted to use a crate named `keccak256`, use `cargo add keccak256` to add it to your `Cargo.toml`
[INFO] [stdout] 
[INFO] [stdout] 
[INFO] [stdout] error[E0433]: cannot find module or crate `keccak256` in this scope
[INFO] [stdout]   --> tests/bitifyex.rs:12:5
[INFO] [stdout]    |
[INFO] [stdout] 12 | use keccak256::circuit::bitifyex::{c_from_bits_le_ex, c_into_bits_le_ex};
[INFO] [stdout]    |     ^^^^^^^^^ use of unresolved module or unlinked crate `keccak256`
[INFO] [stdout]    |
[INFO] [stdout]    = help: if you wanted to use a crate named `keccak256`, use `cargo add keccak256` to add it to your `Cargo.toml`
[INFO] [stdout] 
[INFO] [stdout] 
[INFO] [stdout] error[E0433]: cannot find module or crate `keccak256` in this scope
[INFO] [stdout]  --> tests/circuit_hash.rs:9:5
[INFO] [stdout]   |
[INFO] [stdout] 9 | use keccak256::native::hash::keccak256;
[INFO] [stdout]   |     ^^^^^^^^^ use of unresolved module or unlinked crate `keccak256`
[INFO] [stdout]   |
[INFO] [stdout]   = help: if you wanted to use a crate named `keccak256`, use `cargo add keccak256` to add it to your `Cargo.toml`
[INFO] [stdout] 
[INFO] [stdout] 
[INFO] [stdout] error[E0432]: unresolved import `keccak256::circuit::hash::c_keccak256`
[INFO] [stdout]   --> tests/circuit_hash.rs:10:32
[INFO] [stdout]    |
[INFO] [stdout] 10 | use keccak256::circuit::hash::{c_keccak256};
[INFO] [stdout]    |                                ^^^^^^^^^^^
[INFO] [stdout] 
[INFO] [stdout] 
[INFO] [stdout] For more information about this error, try `rustc --explain E0433`.
[INFO] [stdout] 
[INFO] [stderr] error: could not compile `fawkes-crypto-keccak256` (test "hash") due to 1 previous error
[INFO] [stderr] warning: build failed, waiting for other jobs to finish...
[INFO] [stdout] Some errors have detailed explanations: E0432, E0433.
[INFO] [stdout] 
[INFO] [stdout] For more information about an error, try `rustc --explain E0432`.
[INFO] [stdout] 
[INFO] [stderr] error: could not compile `fawkes-crypto-keccak256` (test "circuit_hash") due to 2 previous errors
[INFO] [stdout] For more information about this error, try `rustc --explain E0433`.
[INFO] [stdout] 
[INFO] [stderr] error: could not compile `fawkes-crypto-keccak256` (test "bitifyex") due to 1 previous error
[INFO] running `Command { std: "docker" "inspect" "3e4acf864f5744d68021f25b6e8d168faf744e4d1c749b1e8d0ef2a43af0af5e", kill_on_drop: false }`
[INFO] running `Command { std: "docker" "rm" "-f" "3e4acf864f5744d68021f25b6e8d168faf744e4d1c749b1e8d0ef2a43af0af5e", kill_on_drop: false }`
[INFO] [stdout] 3e4acf864f5744d68021f25b6e8d168faf744e4d1c749b1e8d0ef2a43af0af5e
