[INFO] fetching crate faucet-sink-spanner 1.2.1...
[INFO] testing faucet-sink-spanner-1.2.1 against 1.100.0-beta.1+cargoflags=--release for beta-release-1.100-2
[INFO] extracting crate faucet-sink-spanner 1.2.1 into /workspace/builds/worker-5-tc2/source
[INFO] started tweaking crates.io crate faucet-sink-spanner 1.2.1
[INFO] removed 0 missing tests
[INFO] finished tweaking crates.io crate faucet-sink-spanner 1.2.1
[INFO] tweaked toml for crates.io crate faucet-sink-spanner 1.2.1 written to /workspace/builds/worker-5-tc2/source/Cargo.toml
[INFO] validating manifest of crates.io crate faucet-sink-spanner 1.2.1 on toolchain 1.100.0-beta.1
[INFO] running `Command { std: CARGO_HOME="/workspace/cargo-home" RUSTUP_HOME="/workspace/rustup-home" "/workspace/cargo-home/bin/cargo" "+1.100.0-beta.1" "metadata" "--manifest-path" "Cargo.toml" "--no-deps", kill_on_drop: false }`
[INFO] crate crates.io crate faucet-sink-spanner 1.2.1 already has a lockfile, it will not be regenerated
[INFO] running `Command { std: CARGO_HOME="/workspace/cargo-home" RUSTUP_HOME="/workspace/rustup-home" "/workspace/cargo-home/bin/cargo" "+1.100.0-beta.1" "fetch" "--manifest-path" "Cargo.toml", kill_on_drop: false }`
[INFO] running `Command { std: "docker" "create" "-v" "/var/lib/crater-agent-workspace/builds/worker-5-tc2/source:/opt/rustwide/workdir:ro,Z" "-v" "/var/lib/crater-agent-workspace/builds/worker-5-tc2/target:/opt/rustwide/target:rw,Z" "-v" "/var/lib/crater-agent-workspace/cargo-home:/opt/rustwide/cargo-home:ro,Z" "-v" "/var/lib/crater-agent-workspace/rustup-home:/opt/rustwide/rustup-home:ro,Z" "-m" "1610612736" "--network" "none" "ghcr.io/rust-lang/crates-build-env/linux@sha256:77db811e55d90add9212f6832c23229e3de5f1c1f9905e8cb07319ea15df73ac" "sleep" "infinity", kill_on_drop: false }`
[INFO] [stdout] 2465eca9bd3ce8a37ea9e6ab2568dea99225bdc74ff4a3ce3d33004faf623873
[INFO] running `Command { std: "docker" "start" "2465eca9bd3ce8a37ea9e6ab2568dea99225bdc74ff4a3ce3d33004faf623873", kill_on_drop: false }`
[INFO] running `Command { std: "docker" "inspect" "2465eca9bd3ce8a37ea9e6ab2568dea99225bdc74ff4a3ce3d33004faf623873", kill_on_drop: false }`
[INFO] running `Command { std: "docker" "exec" "-e" "SOURCE_DIR=/opt/rustwide/workdir" "-e" "CARGO_HOME=/opt/rustwide/cargo-home" "-e" "RUSTUP_HOME=/opt/rustwide/rustup-home" "-e" "CARGO_TARGET_DIR=/opt/rustwide/target" "-w" "/opt/rustwide/workdir" "--user" "0:0" "2465eca9bd3ce8a37ea9e6ab2568dea99225bdc74ff4a3ce3d33004faf623873" "/opt/rustwide/cargo-home/bin/cargo" "+1.100.0-beta.1" "metadata" "--no-deps" "--format-version=1", kill_on_drop: false }`
[INFO] running `Command { std: "docker" "inspect" "2465eca9bd3ce8a37ea9e6ab2568dea99225bdc74ff4a3ce3d33004faf623873", kill_on_drop: false }`
[INFO] running `Command { std: "docker" "exec" "-e" "SOURCE_DIR=/opt/rustwide/workdir" "-e" "CARGO_HOME=/opt/rustwide/cargo-home" "-e" "RUSTUP_HOME=/opt/rustwide/rustup-home" "-e" "CARGO_TARGET_DIR=/opt/rustwide/target" "-e" "CARGO_INCREMENTAL=0" "-e" "RUST_BACKTRACE=full" "-e" "RUSTFLAGS=--cap-lints=warn" "-e" "RUSTDOCFLAGS=--cap-lints=warn" "-w" "/opt/rustwide/workdir" "--user" "0:0" "2465eca9bd3ce8a37ea9e6ab2568dea99225bdc74ff4a3ce3d33004faf623873" "/opt/rustwide/cargo-home/bin/cargo" "+1.100.0-beta.1" "build" "--frozen" "--message-format=json" "--release", kill_on_drop: false }`
[INFO] [stderr]    Compiling syn v2.0.117
[INFO] [stderr]    Compiling subtle v2.6.1
[INFO] [stderr]    Compiling futures-core v0.3.32
[INFO] [stderr]    Compiling typenum v1.20.0
[INFO] [stderr]    Compiling const-oid v0.9.6
[INFO] [stderr]    Compiling generic-array v0.14.7
[INFO] [stderr]    Compiling futures-sink v0.3.32
[INFO] [stderr]    Compiling pkg-config v0.3.33
[INFO] [stderr]    Compiling parking_lot_core v0.9.12
[INFO] [stderr]    Compiling socket2 v0.6.3
[INFO] [stderr]    Compiling mio v1.2.0
[INFO] [stderr]    Compiling slab v0.4.12
[INFO] [stderr]    Compiling getrandom v0.2.17
[INFO] [stderr]    Compiling cc v1.2.62
[INFO] [stderr]    Compiling http v1.4.0
[INFO] [stderr]    Compiling hashbrown v0.17.1
[INFO] [stderr]    Compiling futures-channel v0.3.32
[INFO] [stderr]    Compiling base64ct v1.8.3
[INFO] [stderr]    Compiling rustls v0.23.45
[INFO] [stderr]    Compiling num-traits v0.2.19
[INFO] [stderr]    Compiling serde v1.0.228
[INFO] [stderr]    Compiling rand_core v0.6.4
[INFO] [stderr]    Compiling litemap v0.8.2
[INFO] [stderr]    Compiling ipnet v2.12.0
[INFO] [stderr]    Compiling parking_lot v0.12.5
[INFO] [stderr]    Compiling writeable v0.6.3
[INFO] [stderr]    Compiling indexmap v2.14.0
[INFO] [stderr]    Compiling sync_wrapper v1.0.2
[INFO] [stderr]    Compiling pem-rfc7468 v0.7.0
[INFO] [stderr]    Compiling icu_normalizer_data v2.2.0
[INFO] [stderr]    Compiling icu_properties_data v2.2.0
[INFO] [stderr]    Compiling serde_json v1.0.151
[INFO] [stderr]    Compiling zerocopy v0.8.48
[INFO] [stderr]    Compiling ff v0.13.1
[INFO] [stderr]    Compiling base16ct v0.2.0
[INFO] [stderr]    Compiling group v0.13.0
[INFO] [stderr]    Compiling anyhow v1.0.104
[INFO] [stderr]    Compiling semver v1.0.28
[INFO] [stderr]    Compiling either v1.15.0
[INFO] [stderr]    Compiling simd-adler32 v0.3.9
[INFO] [stderr]    Compiling http-body v1.0.1
[INFO] [stderr]    Compiling miniz_oxide v0.8.9
[INFO] [stderr]    Compiling http-body-util v0.1.3
[INFO] [stderr]    Compiling itertools v0.14.0
[INFO] [stderr]    Compiling rustc_version v0.4.1
[INFO] [stderr]    Compiling crc32fast v1.5.0
[INFO] [stderr]    Compiling openssl-probe v0.2.1
[INFO] [stderr]    Compiling curve25519-dalek v4.1.3
[INFO] [stderr]    Compiling flate2 v1.1.9
[INFO] [stderr]    Compiling num-conv v0.2.2
[INFO] [stderr]    Compiling spin v0.9.9
[INFO] [stderr]    Compiling bitflags v2.13.0
[INFO] [stderr]    Compiling time-core v0.1.9
[INFO] [stderr]    Compiling cmake v0.1.58
[INFO] [stderr]    Compiling num-bigint-dig v0.8.6
[INFO] [stderr]    Compiling lazy_static v1.5.0
[INFO] [stderr]    Compiling time-macros v0.2.31
[INFO] [stderr]    Compiling rustversion v1.0.22
[INFO] [stderr]    Compiling deranged v0.5.8
[INFO] [stderr]    Compiling num-integer v0.1.46
[INFO] [stderr]    Compiling aho-corasick v1.1.4
[INFO] [stderr]    Compiling ref-cast v1.0.25
[INFO] [stderr]    Compiling regex-syntax v0.8.10
[INFO] [stderr]    Compiling getrandom v0.4.2
[INFO] [stderr]    Compiling gcloud-googleapis v1.3.0
[INFO] [stderr]    Compiling pem v3.0.6
[INFO] [stderr]    Compiling bigdecimal v0.4.10
[INFO] [stderr]    Compiling aws-lc-sys v0.45.0
[INFO] [stderr]    Compiling dyn-clone v1.0.20
[INFO] [stderr]    Compiling home v0.5.12
[INFO] [stderr]    Compiling urlencoding v2.1.3
[INFO] [stderr]    Compiling num-bigint v0.4.8
[INFO] [stderr]    Compiling num-iter v0.1.45
[INFO] [stderr]    Compiling uuid v1.26.1
[INFO] [stderr]    Compiling dotenvy v0.15.7
[INFO] [stderr]    Compiling rapidhash v4.4.1
[INFO] [stderr]    Compiling metrics v0.24.6
[INFO] [stderr]    Compiling synstructure v0.13.2
[INFO] [stderr]    Compiling time v0.3.53
[INFO] [stderr]    Compiling regex-automata v0.4.14
[INFO] [stderr]    Compiling serde_derive_internals v0.29.1
[INFO] [stderr]    Compiling pest_generator v2.8.6
[INFO] [stderr]    Compiling zeroize_derive v1.5.0
[INFO] [stderr]    Compiling tokio-macros v2.7.0
[INFO] [stderr]    Compiling zerofrom-derive v0.1.7
[INFO] [stderr]    Compiling zeroize v1.9.0
[INFO] [stderr]    Compiling yoke-derive v0.8.2
[INFO] [stderr]    Compiling futures-macro v0.3.32
[INFO] [stderr]    Compiling tracing-attributes v0.1.31
[INFO] [stderr]    Compiling rustls-pki-types v1.14.1
[INFO] [stderr]    Compiling tokio v1.52.3
[INFO] [stderr]    Compiling zerovec-derive v0.11.3
[INFO] [stderr]    Compiling displaydoc v0.2.5
[INFO] [stderr]    Compiling der v0.7.10
[INFO] [stderr]    Compiling serde_derive v1.0.228
[INFO] [stderr]    Compiling thiserror-impl v2.0.18
[INFO] [stderr]    Compiling async-trait v0.1.89
[INFO] [stderr]    Compiling pin-project-internal v1.1.13
[INFO] [stderr]    Compiling futures-util v0.3.32
[INFO] [stderr]    Compiling ppv-lite86 v0.2.21
[INFO] [stderr]    Compiling crypto-common v0.1.7
[INFO] [stderr]    Compiling block-buffer v0.10.4
[INFO] [stderr]    Compiling crypto-bigint v0.5.5
[INFO] [stderr]    Compiling rustls-native-certs v0.8.3
[INFO] [stderr]    Compiling digest v0.10.7
[INFO] [stderr]    Compiling tracing v0.1.44
[INFO] [stderr]    Compiling zerofrom v0.1.8
[INFO] [stderr]    Compiling yoke v0.8.2
[INFO] [stderr]    Compiling rand_chacha v0.3.1
[INFO] [stderr]    Compiling webpki-roots v1.0.7
[INFO] [stderr]    Compiling hmac v0.12.1
[INFO] [stderr]    Compiling signature v2.2.0
[INFO] [stderr]    Compiling sha2 v0.10.9
[INFO] [stderr]    Compiling zerovec v0.11.6
[INFO] [stderr]    Compiling zerotrie v0.2.4
[INFO] [stderr]    Compiling hkdf v0.12.4
[INFO] [stderr]    Compiling rfc6979 v0.4.0
[INFO] [stderr]    Compiling prost-derive v0.14.3
[INFO] [stderr]    Compiling curve25519-dalek-derive v0.1.1
[INFO] [stderr]    Compiling spki v0.7.3
[INFO] [stderr]    Compiling pin-project v1.1.13
[INFO] [stderr]    Compiling rand v0.8.6
[INFO] [stderr]    Compiling thiserror v2.0.18
[INFO] [stderr]    Compiling token-source v1.0.0
[INFO] [stderr]    Compiling simple_asn1 v0.6.4
[INFO] [stderr]    Compiling pkcs8 v0.10.2
[INFO] [stderr]    Compiling ref-cast-impl v1.0.25
[INFO] [stderr]    Compiling sec1 v0.7.3
[INFO] [stderr]    Compiling tinystr v0.8.3
[INFO] [stderr]    Compiling potential_utf v0.1.5
[INFO] [stderr]    Compiling icu_collections v2.2.0
[INFO] [stderr]    Compiling elliptic-curve v0.13.8
[INFO] [stderr]    Compiling icu_locale_core v2.2.0
[INFO] [stderr]    Compiling ecdsa v0.16.9
[INFO] [stderr]    Compiling primeorder v0.13.6
[INFO] [stderr]    Compiling pkcs1 v0.7.5
[INFO] [stderr]    Compiling prost v0.14.3
[INFO] [stderr]    Compiling icu_provider v2.2.0
[INFO] [stderr]    Compiling ed25519 v2.2.3
[INFO] [stderr]    Compiling p384 v0.13.1
[INFO] [stderr]    Compiling p256 v0.13.2
[INFO] [stderr]    Compiling icu_properties v2.2.0
[INFO] [stderr]    Compiling icu_normalizer v2.2.0
[INFO] [stderr]    Compiling prost-types v0.14.3
[INFO] [stderr]    Compiling ed25519-dalek v2.2.0
[INFO] [stderr]    Compiling rsa v0.9.10
[INFO] [stderr]    Compiling futures-executor v0.3.32
[INFO] [stderr]    Compiling regex v1.12.3
[INFO] [stderr]    Compiling schemars_derive v1.2.1
[INFO] [stderr]    Compiling pest_derive v2.8.6
[INFO] [stderr]    Compiling serde_urlencoded v0.7.1
[INFO] [stderr]    Compiling async-stream-impl v0.3.6
[INFO] [stderr]    Compiling tokio-util v0.7.18
[INFO] [stderr]    Compiling idna_adapter v1.2.2
[INFO] [stderr]    Compiling tokio-stream v0.1.18
[INFO] [stderr]    Compiling idna v1.1.0
[INFO] [stderr]    Compiling tokio-retry2 v0.6.2
[INFO] [stderr]    Compiling jsonwebtoken v10.4.0
[INFO] [stderr]    Compiling async-stream v0.3.6
[INFO] [stderr]    Compiling jsonpath-rust v1.0.4
[INFO] [stderr]    Compiling chrono v0.4.44
[INFO] [stderr]    Compiling h2 v0.4.20
[INFO] [stderr]    Compiling tower v0.5.3
[INFO] [stderr]    Compiling url v2.5.8
[INFO] [stderr]    Compiling schemars v1.2.1
[INFO] [stderr]    Compiling envy v0.4.2
[INFO] [stderr]    Compiling futures v0.3.32
[INFO] [stderr]    Compiling tower-http v0.6.10
[INFO] [stderr]    Compiling hyper v1.9.0
[INFO] [stderr]    Compiling hyper-util v0.1.20
[INFO] [stderr]    Compiling hyper-timeout v0.5.2
[INFO] [stderr]    Compiling aws-lc-rs v1.18.1
[INFO] [stderr]    Compiling rustls-webpki v0.103.15
[INFO] [stderr]    Compiling tokio-rustls v0.26.4
[INFO] [stderr]    Compiling rustls-platform-verifier v0.7.0
[INFO] [stderr]    Compiling tonic v0.14.6
[INFO] [stderr]    Compiling hyper-rustls v0.27.9
[INFO] [stderr]    Compiling reqwest v0.13.3
[INFO] [stderr]    Compiling gcloud-metadata v1.0.2
[INFO] [stderr]    Compiling faucet-core v1.13.2
[INFO] [stderr]    Compiling gcloud-auth v1.3.0
[INFO] [stderr]    Compiling tonic-prost v0.14.6
[INFO] [stderr]    Compiling gcloud-gax v1.4.0
[INFO] [stderr]    Compiling gcloud-longrunning v1.4.0
[INFO] [stderr]    Compiling gcloud-spanner v1.8.1
[INFO] [stderr]    Compiling faucet-common-spanner v1.1.1
[INFO] [stderr]    Compiling faucet-sink-spanner v1.2.1 (/opt/rustwide/workdir)
[INFO] [stderr]     Finished `release` profile [optimized] target(s) in 3m 50s
[INFO] running `Command { std: "docker" "inspect" "2465eca9bd3ce8a37ea9e6ab2568dea99225bdc74ff4a3ce3d33004faf623873", kill_on_drop: false }`
[INFO] running `Command { std: "docker" "exec" "-e" "SOURCE_DIR=/opt/rustwide/workdir" "-e" "CARGO_HOME=/opt/rustwide/cargo-home" "-e" "RUSTUP_HOME=/opt/rustwide/rustup-home" "-e" "CARGO_TARGET_DIR=/opt/rustwide/target" "-e" "CARGO_INCREMENTAL=0" "-e" "RUST_BACKTRACE=full" "-e" "RUSTFLAGS=--cap-lints=warn" "-e" "RUSTDOCFLAGS=--cap-lints=warn" "-w" "/opt/rustwide/workdir" "--user" "0:0" "2465eca9bd3ce8a37ea9e6ab2568dea99225bdc74ff4a3ce3d33004faf623873" "/opt/rustwide/cargo-home/bin/cargo" "+1.100.0-beta.1" "test" "--frozen" "--no-run" "--message-format=json" "--release", kill_on_drop: false }`
[INFO] [stderr]    Compiling serde_core v1.0.228
[INFO] [stderr]    Compiling errno v0.3.14
[INFO] [stderr]    Compiling ring v0.17.14
[INFO] [stderr]    Compiling futures-util v0.3.32
[INFO] [stderr]    Compiling rustls v0.23.45
[INFO] [stderr]    Compiling httpdate v1.0.3
[INFO] [stderr]    Compiling axum-core v0.5.6
[INFO] [stderr]    Compiling bitflags v2.13.0
[INFO] [stderr]    Compiling matchit v0.8.4
[INFO] [stderr]    Compiling time-macros v0.2.31
[INFO] [stderr]    Compiling num-iter v0.1.45
[INFO] [stderr]    Compiling getrandom v0.4.2
[INFO] [stderr]    Compiling signal-hook-registry v1.4.8
[INFO] [stderr]    Compiling strsim v0.11.1
[INFO] [stderr]    Compiling ident_case v1.0.1
[INFO] [stderr]    Compiling aho-corasick v1.1.4
[INFO] [stderr]    Compiling ureq-proto v0.6.0
[INFO] [stderr]    Compiling utf8-zero v0.8.1
[INFO] [stderr]    Compiling num-bigint-dig v0.8.6
[INFO] [stderr]    Compiling rustix v1.1.4
[INFO] [stderr]    Compiling tokio v1.52.3
[INFO] [stderr]    Compiling darling_core v0.23.0
[INFO] [stderr]    Compiling regex-syntax v0.8.10
[INFO] [stderr]    Compiling portable-atomic v1.13.1
[INFO] [stderr]    Compiling bollard-buildkit-proto v0.7.0
[INFO] [stderr]    Compiling structmeta-derive v0.3.0
[INFO] [stderr]    Compiling cpufeatures v0.3.0
[INFO] [stderr]    Compiling chacha20 v0.10.2
[INFO] [stderr]    Compiling rand_chacha v0.9.0
[INFO] [stderr]    Compiling uuid v1.26.1
[INFO] [stderr]    Compiling num-rational v0.4.2
[INFO] [stderr]    Compiling num-complex v0.4.6
[INFO] [stderr]    Compiling structmeta v0.3.0
[INFO] [stderr]    Compiling serde_repr v0.1.20
[INFO] [stderr]    Compiling hex v0.4.3
[INFO] [stderr]    Compiling rand v0.10.1
[INFO] [stderr]    Compiling rand v0.9.4
[INFO] [stderr]    Compiling filetime v0.2.29
[INFO] [stderr]    Compiling rsa v0.9.10
[INFO] [stderr]    Compiling either v1.15.0
[INFO] [stderr]    Compiling num v0.4.3
[INFO] [stderr]    Compiling etcetera v0.11.0
[INFO] [stderr]    Compiling itertools v0.14.0
[INFO] [stderr]    Compiling ferroid v2.0.0
[INFO] [stderr]    Compiling xattr v1.6.1
[INFO] [stderr]    Compiling serde v1.0.228
[INFO] [stderr]    Compiling serde_json v1.0.151
[INFO] [stderr]    Compiling deranged v0.5.8
[INFO] [stderr]    Compiling darling_macro v0.23.0
[INFO] [stderr]    Compiling regex-automata v0.4.14
[INFO] [stderr]    Compiling darling v0.23.0
[INFO] [stderr]    Compiling serde_with_macros v3.20.0
[INFO] [stderr]    Compiling url v2.5.8
[INFO] [stderr]    Compiling serde_urlencoded v0.7.1
[INFO] [stderr]    Compiling envy v0.4.2
[INFO] [stderr]    Compiling chrono v0.4.44
[INFO] [stderr]    Compiling bigdecimal v0.4.10
[INFO] [stderr]    Compiling serde_with v3.20.0
[INFO] [stderr]    Compiling futures-executor v0.3.32
[INFO] [stderr]    Compiling time v0.3.53
[INFO] [stderr]    Compiling futures v0.3.32
[INFO] [stderr]    Compiling jsonpath-rust v1.0.4
[INFO] [stderr]    Compiling schemars v1.2.1
[INFO] [stderr]    Compiling docker_credential v1.3.3
[INFO] [stderr]    Compiling regex v1.12.3
[INFO] [stderr]    Compiling parse-display-derive v0.9.1
[INFO] [stderr]    Compiling tokio-util v0.7.18
[INFO] [stderr]    Compiling tokio-stream v0.1.18
[INFO] [stderr]    Compiling tokio-retry2 v0.6.2
[INFO] [stderr]    Compiling astral-tokio-tar v0.6.2
[INFO] [stderr]    Compiling parse-display v0.9.1
[INFO] [stderr]    Compiling h2 v0.4.20
[INFO] [stderr]    Compiling tower v0.5.3
[INFO] [stderr]    Compiling rustls-webpki v0.103.15
[INFO] [stderr]    Compiling axum v0.8.9
[INFO] [stderr]    Compiling tower-http v0.6.10
[INFO] [stderr]    Compiling simple_asn1 v0.6.4
[INFO] [stderr]    Compiling jsonwebtoken v10.4.0
[INFO] [stderr]    Compiling hyper v1.9.0
[INFO] [stderr]    Compiling hyper-util v0.1.20
[INFO] [stderr]    Compiling tokio-rustls v0.26.4
[INFO] [stderr]    Compiling rustls-platform-verifier v0.7.0
[INFO] [stderr]    Compiling ureq v3.3.0
[INFO] [stderr]    Compiling hyper-timeout v0.5.2
[INFO] [stderr]    Compiling tonic v0.14.6
[INFO] [stderr]    Compiling hyper-rustls v0.27.9
[INFO] [stderr]    Compiling hyperlocal v0.9.1
[INFO] [stderr]    Compiling reqwest v0.13.3
[INFO] [stderr]    Compiling gcloud-metadata v1.0.2
[INFO] [stderr]    Compiling faucet-core v1.13.2
[INFO] [stderr]    Compiling gcloud-auth v1.3.0
[INFO] [stderr]    Compiling tonic-prost v0.14.6
[INFO] [stderr]    Compiling gcloud-gax v1.4.0
[INFO] [stderr]    Compiling gcloud-googleapis v1.3.0
[INFO] [stderr]    Compiling gcloud-longrunning v1.4.0
[INFO] [stderr]    Compiling gcloud-spanner v1.8.1
[INFO] [stderr]    Compiling bollard-stubs v1.52.1-rc.29.1.3
[INFO] [stderr]    Compiling faucet-common-spanner v1.1.1
[INFO] [stderr]    Compiling faucet-sink-spanner v1.2.1 (/opt/rustwide/workdir)
[INFO] [stderr]    Compiling bollard v0.20.2
[INFO] [stderr]    Compiling testcontainers v0.27.3
[INFO] [stdout] error[E0432]: unresolved import `faucet_conformance`
[INFO] [stdout]   --> tests/conformance.rs:14:5
[INFO] [stdout]    |
[INFO] [stdout] 14 | use faucet_conformance::assert_config_schema_valid_value;
[INFO] [stdout]    |     ^^^^^^^^^^^^^^^^^^ use of unresolved module or unlinked crate `faucet_conformance`
[INFO] [stdout]    |
[INFO] [stdout]    = help: if you wanted to use a crate named `faucet_conformance`, use `cargo add faucet_conformance` to add it to your `Cargo.toml`
[INFO] [stdout] 
[INFO] [stdout] 
[INFO] [stdout] error[E0433]: cannot find module or crate `faucet_conformance` in this scope
[INFO] [stdout]   --> tests/conformance.rs:73:20
[INFO] [stdout]    |
[INFO] [stdout] 73 |             field: faucet_conformance::doubles::DELETE_MARKER_FIELD.to_string(),
[INFO] [stdout]    |                    ^^^^^^^^^^^^^^^^^^ use of unresolved module or unlinked crate `faucet_conformance`
[INFO] [stdout]    |
[INFO] [stdout]    = help: if you wanted to use a crate named `faucet_conformance`, use `cargo add faucet_conformance` to add it to your `Cargo.toml`
[INFO] [stdout] 
[INFO] [stdout] 
[INFO] [stdout] error[E0433]: cannot find module or crate `faucet_conformance` in this scope
[INFO] [stdout]   --> tests/conformance.rs:74:26
[INFO] [stdout]    |
[INFO] [stdout] 74 |             values: vec![faucet_conformance::doubles::DELETE_MARKER_VALUE.to_string()],
[INFO] [stdout]    |                          ^^^^^^^^^^^^^^^^^^ use of unresolved module or unlinked crate `faucet_conformance`
[INFO] [stdout]    |
[INFO] [stdout]    = help: if you wanted to use a crate named `faucet_conformance`, use `cargo add faucet_conformance` to add it to your `Cargo.toml`
[INFO] [stdout] 
[INFO] [stdout] 
[INFO] [stdout] error[E0433]: cannot find module or crate `faucet_conformance` in this scope
[INFO] [stdout]   --> tests/conformance.rs:85:5
[INFO] [stdout]    |
[INFO] [stdout] 85 |     faucet_conformance::assert_batch_atomicity_declared(&sink);
[INFO] [stdout]    |     ^^^^^^^^^^^^^^^^^^ use of unresolved module or unlinked crate `faucet_conformance`
[INFO] [stdout]    |
[INFO] [stdout]    = help: if you wanted to use a crate named `faucet_conformance`, use `cargo add faucet_conformance` to add it to your `Cargo.toml`
[INFO] [stdout] 
[INFO] [stdout] 
[INFO] [stdout] error[E0433]: cannot find module or crate `faucet_conformance` in this scope
[INFO] [stdout]   --> tests/conformance.rs:87:5
[INFO] [stdout]    |
[INFO] [stdout] 87 |     faucet_conformance::assert_idempotent_replay(&sink, || {
[INFO] [stdout]    |     ^^^^^^^^^^^^^^^^^^ use of unresolved module or unlinked crate `faucet_conformance`
[INFO] [stdout]    |
[INFO] [stdout]    = help: if you wanted to use a crate named `faucet_conformance`, use `cargo add faucet_conformance` to add it to your `Cargo.toml`
[INFO] [stdout] 
[INFO] [stdout] 
[INFO] [stdout] error[E0433]: cannot find module or crate `faucet_conformance` in this scope
[INFO] [stdout]   --> tests/conformance.rs:99:5
[INFO] [stdout]    |
[INFO] [stdout] 99 |     faucet_conformance::assert_connector_name_nonempty_value(
[INFO] [stdout]    |     ^^^^^^^^^^^^^^^^^^ use of unresolved module or unlinked crate `faucet_conformance`
[INFO] [stdout]    |
[INFO] [stdout]    = help: if you wanted to use a crate named `faucet_conformance`, use `cargo add faucet_conformance` to add it to your `Cargo.toml`
[INFO] [stdout] 
[INFO] [stdout] 
[INFO] [stdout] error[E0433]: cannot find module or crate `faucet_conformance` in this scope
[INFO] [stdout]    --> tests/conformance.rs:104:5
[INFO] [stdout]     |
[INFO] [stdout] 104 |     faucet_conformance::assert_capabilities_truthful(&sink, || {
[INFO] [stdout]     |     ^^^^^^^^^^^^^^^^^^ use of unresolved module or unlinked crate `faucet_conformance`
[INFO] [stdout]     |
[INFO] [stdout]     = help: if you wanted to use a crate named `faucet_conformance`, use `cargo add faucet_conformance` to add it to your `Cargo.toml`
[INFO] [stdout] 
[INFO] [stdout] 
[INFO] [stdout] error[E0433]: cannot find module or crate `faucet_conformance` in this scope
[INFO] [stdout]    --> tests/conformance.rs:116:5
[INFO] [stdout]     |
[INFO] [stdout] 116 |     faucet_conformance::assert_schema_evolution_effective(&sink).await;
[INFO] [stdout]     |     ^^^^^^^^^^^^^^^^^^ use of unresolved module or unlinked crate `faucet_conformance`
[INFO] [stdout]     |
[INFO] [stdout]     = help: if you wanted to use a crate named `faucet_conformance`, use `cargo add faucet_conformance` to add it to your `Cargo.toml`
[INFO] [stdout] 
[INFO] [stdout] 
[INFO] [stdout] error[E0433]: cannot find module or crate `faucet_conformance` in this scope
[INFO] [stdout]    --> tests/conformance.rs:125:5
[INFO] [stdout]     |
[INFO] [stdout] 125 |     faucet_conformance::assert_write_modes_truthful(&sink, || {
[INFO] [stdout]     |     ^^^^^^^^^^^^^^^^^^ use of unresolved module or unlinked crate `faucet_conformance`
[INFO] [stdout]     |
[INFO] [stdout]     = help: if you wanted to use a crate named `faucet_conformance`, use `cargo add faucet_conformance` to add it to your `Cargo.toml`
[INFO] [stdout] 
[INFO] [stdout] 
[INFO] [stdout] Some errors have detailed explanations: E0432, E0433.
[INFO] [stdout] 
[INFO] [stdout] For more information about an error, try `rustc --explain E0432`.
[INFO] [stdout] 
[INFO] [stderr] error: could not compile `faucet-sink-spanner` (test "conformance") due to 9 previous errors
[INFO] [stderr] warning: build failed, waiting for other jobs to finish...
[INFO] running `Command { std: "docker" "inspect" "2465eca9bd3ce8a37ea9e6ab2568dea99225bdc74ff4a3ce3d33004faf623873", kill_on_drop: false }`
[INFO] running `Command { std: "docker" "rm" "-f" "2465eca9bd3ce8a37ea9e6ab2568dea99225bdc74ff4a3ce3d33004faf623873", kill_on_drop: false }`
[INFO] [stdout] 2465eca9bd3ce8a37ea9e6ab2568dea99225bdc74ff4a3ce3d33004faf623873
