[INFO] fetching crate fathomable-core 0.1.1...
[INFO] testing fathomable-core-0.1.1 against 1.100.0-beta.1+cargoflags=--release for beta-release-1.100-2
[INFO] extracting crate fathomable-core 0.1.1 into /workspace/builds/worker-6-tc2/source
[INFO] started tweaking crates.io crate fathomable-core 0.1.1
[INFO] removed 0 missing tests
[INFO] finished tweaking crates.io crate fathomable-core 0.1.1
[INFO] tweaked toml for crates.io crate fathomable-core 0.1.1 written to /workspace/builds/worker-6-tc2/source/Cargo.toml
[INFO] validating manifest of crates.io crate fathomable-core 0.1.1 on toolchain 1.100.0-beta.1
[INFO] running `Command { std: CARGO_HOME="/workspace/cargo-home" RUSTUP_HOME="/workspace/rustup-home" "/workspace/cargo-home/bin/cargo" "+1.100.0-beta.1" "metadata" "--manifest-path" "Cargo.toml" "--no-deps", kill_on_drop: false }`
[INFO] crate crates.io crate fathomable-core 0.1.1 already has a lockfile, it will not be regenerated
[INFO] running `Command { std: CARGO_HOME="/workspace/cargo-home" RUSTUP_HOME="/workspace/rustup-home" "/workspace/cargo-home/bin/cargo" "+1.100.0-beta.1" "fetch" "--manifest-path" "Cargo.toml", kill_on_drop: false }`
[INFO] [stderr] warning: Cargo.toml: only one of `license` or `license-file` is necessary
[INFO] [stderr] `license` should be used if the package license can be expressed with a standard SPDX expression.
[INFO] [stderr] `license-file` should be used if the package uses a non-standard license.
[INFO] [stderr] See https://doc.rust-lang.org/cargo/reference/manifest.html#the-license-and-license-file-fields for more information.
[INFO] [stderr] warning: `package.homepage` is redundant with `package.repository`
[INFO] [stderr]    --> Cargo.toml:129:12
[INFO] [stderr]     |
[INFO] [stderr] 129 | homepage = "https://github.com/hbeberman/fathomable"
[INFO] [stderr]     |            ^^^^^^^^^^^^^^^^^^^^^^^^^^^^^^^^^^^^^^^^^
[INFO] [stderr] ...
[INFO] [stderr] 136 | repository = "https://github.com/hbeberman/fathomable"
[INFO] [stderr]     |              -----------------------------------------
[INFO] [stderr]     |
[INFO] [stderr]     = note: `cargo::redundant_homepage` is set to `warn` by default
[INFO] [stderr] help: consider removing `package.homepage`
[INFO] [stderr] warning: `fathomable-core` (manifest) generated 2 warnings
[INFO] running `Command { std: "docker" "create" "-v" "/var/lib/crater-agent-workspace/builds/worker-6-tc2/source:/opt/rustwide/workdir:ro,Z" "-v" "/var/lib/crater-agent-workspace/builds/worker-6-tc2/target:/opt/rustwide/target:rw,Z" "-v" "/var/lib/crater-agent-workspace/cargo-home:/opt/rustwide/cargo-home:ro,Z" "-v" "/var/lib/crater-agent-workspace/rustup-home:/opt/rustwide/rustup-home:ro,Z" "-m" "1610612736" "--network" "none" "ghcr.io/rust-lang/crates-build-env/linux@sha256:77db811e55d90add9212f6832c23229e3de5f1c1f9905e8cb07319ea15df73ac" "sleep" "infinity", kill_on_drop: false }`
[INFO] [stdout] 3010bc8adc6e0b7e257c923561c00890ce79be91c6c0d1db9f72f1d9c5bd766c
[INFO] running `Command { std: "docker" "start" "3010bc8adc6e0b7e257c923561c00890ce79be91c6c0d1db9f72f1d9c5bd766c", kill_on_drop: false }`
[INFO] running `Command { std: "docker" "inspect" "3010bc8adc6e0b7e257c923561c00890ce79be91c6c0d1db9f72f1d9c5bd766c", kill_on_drop: false }`
[INFO] running `Command { std: "docker" "exec" "-e" "SOURCE_DIR=/opt/rustwide/workdir" "-e" "CARGO_HOME=/opt/rustwide/cargo-home" "-e" "RUSTUP_HOME=/opt/rustwide/rustup-home" "-e" "CARGO_TARGET_DIR=/opt/rustwide/target" "-w" "/opt/rustwide/workdir" "--user" "0:0" "3010bc8adc6e0b7e257c923561c00890ce79be91c6c0d1db9f72f1d9c5bd766c" "/opt/rustwide/cargo-home/bin/cargo" "+1.100.0-beta.1" "metadata" "--no-deps" "--format-version=1", kill_on_drop: false }`
[INFO] running `Command { std: "docker" "inspect" "3010bc8adc6e0b7e257c923561c00890ce79be91c6c0d1db9f72f1d9c5bd766c", kill_on_drop: false }`
[INFO] running `Command { std: "docker" "exec" "-e" "SOURCE_DIR=/opt/rustwide/workdir" "-e" "CARGO_HOME=/opt/rustwide/cargo-home" "-e" "RUSTUP_HOME=/opt/rustwide/rustup-home" "-e" "CARGO_TARGET_DIR=/opt/rustwide/target" "-e" "CARGO_INCREMENTAL=0" "-e" "RUST_BACKTRACE=full" "-e" "RUSTFLAGS=--cap-lints=warn" "-e" "RUSTDOCFLAGS=--cap-lints=warn" "-w" "/opt/rustwide/workdir" "--user" "0:0" "3010bc8adc6e0b7e257c923561c00890ce79be91c6c0d1db9f72f1d9c5bd766c" "/opt/rustwide/cargo-home/bin/cargo" "+1.100.0-beta.1" "build" "--frozen" "--message-format=json" "--release", kill_on_drop: false }`
[INFO] [stderr] warning: Cargo.toml: only one of `license` or `license-file` is necessary
[INFO] [stderr] `license` should be used if the package license can be expressed with a standard SPDX expression.
[INFO] [stderr] `license-file` should be used if the package uses a non-standard license.
[INFO] [stderr] See https://doc.rust-lang.org/cargo/reference/manifest.html#the-license-and-license-file-fields for more information.
[INFO] [stderr] warning: `package.homepage` is redundant with `package.repository`
[INFO] [stderr]    --> Cargo.toml:129:12
[INFO] [stderr]     |
[INFO] [stderr] 129 | homepage = "https://github.com/hbeberman/fathomable"
[INFO] [stderr]     |            ^^^^^^^^^^^^^^^^^^^^^^^^^^^^^^^^^^^^^^^^^
[INFO] [stderr] ...
[INFO] [stderr] 136 | repository = "https://github.com/hbeberman/fathomable"
[INFO] [stderr]     |              -----------------------------------------
[INFO] [stderr]     |
[INFO] [stderr]     = note: `cargo::redundant_homepage` is set to `warn` by default
[INFO] [stderr] help: consider removing `package.homepage`
[INFO] [stderr] warning: `fathomable-core` (manifest) generated 2 warnings
[INFO] [stderr]    Compiling thiserror v2.0.20
[INFO] [stderr]    Compiling gix-trace v0.1.21
[INFO] [stderr]    Compiling smallvec v1.15.2
[INFO] [stderr]    Compiling crc32fast v1.5.1
[INFO] [stderr]    Compiling regex-automata v0.4.18
[INFO] [stderr]    Compiling unicode-normalization v0.1.25
[INFO] [stderr]    Compiling syn v3.0.4
[INFO] [stderr]    Compiling getrandom v0.4.3
[INFO] [stderr]    Compiling heapless v0.8.0
[INFO] [stderr]    Compiling generic-array v0.14.7
[INFO] [stderr]    Compiling jiff-core v0.1.0
[INFO] [stderr]    Compiling shell-words v1.1.1
[INFO] [stderr]    Compiling memmap2 v0.9.11
[INFO] [stderr]    Compiling nonempty v0.12.0
[INFO] [stderr]    Compiling unicode-bom v2.0.3
[INFO] [stderr]    Compiling gix-sec v0.14.2
[INFO] [stderr]    Compiling syn v2.0.119
[INFO] [stderr]    Compiling hybrid-array v0.4.15
[INFO] [stderr]    Compiling parking_lot_core v0.9.12
[INFO] [stderr]    Compiling tempfile v3.27.0
[INFO] [stderr]    Compiling zlib-rs v0.6.7
[INFO] [stderr]    Compiling clru v0.6.3
[INFO] [stderr]    Compiling filetime v0.2.29
[INFO] [stderr]    Compiling bit-vec v0.8.0
[INFO] [stderr]    Compiling miniz_oxide v0.8.9
[INFO] [stderr]    Compiling parking_lot v0.12.5
[INFO] [stderr]    Compiling dashmap v6.2.1
[INFO] [stderr]    Compiling arc-swap v1.9.2
[INFO] [stderr]    Compiling bit-set v0.8.0
[INFO] [stderr]    Compiling prodash v31.0.0
[INFO] [stderr]    Compiling serde_json v1.0.151
[INFO] [stderr]    Compiling crypto-common v0.1.7
[INFO] [stderr]    Compiling block-buffer v0.10.4
[INFO] [stderr]    Compiling pulldown-cmark v0.13.4
[INFO] [stderr]    Compiling faster-hex v0.10.0
[INFO] [stderr]    Compiling miette v7.6.0
[INFO] [stderr]    Compiling winnow v0.7.15
[INFO] [stderr]    Compiling flate2 v1.1.9
[INFO] [stderr]    Compiling digest v0.10.7
[INFO] [stderr]    Compiling block-buffer v0.12.1
[INFO] [stderr]    Compiling sha1 v0.10.7
[INFO] [stderr]    Compiling crypto-common v0.2.2
[INFO] [stderr]    Compiling nucleo-matcher v0.3.1
[INFO] [stderr]    Compiling sha1-checked v0.10.0
[INFO] [stderr]    Compiling jiff v0.2.35
[INFO] [stderr]    Compiling digest v0.11.3
[INFO] [stderr]    Compiling sha2 v0.11.0
[INFO] [stderr]    Compiling thiserror-impl v2.0.20
[INFO] [stderr]    Compiling serde_derive v1.0.229
[INFO] [stderr]    Compiling kdl v6.7.1
[INFO] [stderr]    Compiling gix-zlib v0.1.0
[INFO] [stderr]    Compiling bstr v1.13.1
[INFO] [stderr]    Compiling fancy-regex v0.16.2
[INFO] [stderr]    Compiling gix-macros v0.1.6
[INFO] [stderr]    Compiling tracing-attributes v0.1.31
[INFO] [stderr]    Compiling gix-validate v0.11.4
[INFO] [stderr]    Compiling gix-utils v0.3.6
[INFO] [stderr]    Compiling gix-error v0.3.1
[INFO] [stderr]    Compiling gix-packetline v0.22.2
[INFO] [stderr]    Compiling gix-path v0.12.5
[INFO] [stderr]    Compiling gix-quote v0.8.0
[INFO] [stderr]    Compiling gix-date v0.16.0
[INFO] [stderr]    Compiling gix-chunk v0.8.0
[INFO] [stderr]    Compiling gix-bitmap v0.4.0
[INFO] [stderr]    Compiling serde v1.0.229
[INFO] [stderr]    Compiling gix-features v0.49.1
[INFO] [stderr]    Compiling gix-command v0.10.0
[INFO] [stderr]    Compiling gix-url v0.38.0
[INFO] [stderr]    Compiling gix-hash v0.26.2
[INFO] [stderr]    Compiling gix-fs v0.22.1
[INFO] [stderr]    Compiling gix-actor v0.42.0
[INFO] [stderr]    Compiling gix-glob v0.27.1
[INFO] [stderr]    Compiling gix-config-value v0.19.1
[INFO] [stderr]    Compiling gix-hashtable v0.16.0
[INFO] [stderr]    Compiling gix-tempfile v24.0.0
[INFO] [stderr]    Compiling gix-commitgraph v0.39.0
[INFO] [stderr]    Compiling gix-attributes v0.35.0
[INFO] [stderr]    Compiling gix-object v0.64.1
[INFO] [stderr]    Compiling gix-lock v24.0.0
[INFO] [stderr]    Compiling gix-ignore v0.22.1
[INFO] [stderr]    Compiling gix-shallow v0.13.0
[INFO] [stderr]    Compiling gix-pathspec v0.20.0
[INFO] [stderr]    Compiling gix-transport v0.59.1
[INFO] [stderr]    Compiling gix-refspec v0.45.1
[INFO] [stderr]    Compiling bincode v1.3.3
[INFO] [stderr]    Compiling tracing v0.1.44
[INFO] [stderr]    Compiling gix-revwalk v0.35.0
[INFO] [stderr]    Compiling gix-ref v0.67.1
[INFO] [stderr]    Compiling gix-pack v0.74.2
[INFO] [stderr]    Compiling gix-traverse v0.61.0
[INFO] [stderr]    Compiling gix-revision v0.49.1
[INFO] [stderr]    Compiling gix-filter v0.34.0
[INFO] [stderr]    Compiling gix-diff v0.67.1
[INFO] [stderr]    Compiling gix-index v0.55.0
[INFO] [stderr]    Compiling syntect v5.3.0
[INFO] [stderr]    Compiling gix-config v0.60.0
[INFO] [stderr]    Compiling gix-odb v0.84.0
[INFO] [stderr]    Compiling gix-discover v0.55.0
[INFO] [stderr]    Compiling gix-worktree v0.56.0
[INFO] [stderr]    Compiling gix-protocol v0.65.1
[INFO] [stderr]    Compiling gix-submodule v0.34.0
[INFO] [stderr]    Compiling gix v0.87.1
[INFO] [stderr]    Compiling fathomable-core v0.1.1 (/opt/rustwide/workdir)
[INFO] [stderr]     Finished `release` profile [optimized] target(s) in 2m 12s
[INFO] running `Command { std: "docker" "inspect" "3010bc8adc6e0b7e257c923561c00890ce79be91c6c0d1db9f72f1d9c5bd766c", kill_on_drop: false }`
[INFO] running `Command { std: "docker" "exec" "-e" "SOURCE_DIR=/opt/rustwide/workdir" "-e" "CARGO_HOME=/opt/rustwide/cargo-home" "-e" "RUSTUP_HOME=/opt/rustwide/rustup-home" "-e" "CARGO_TARGET_DIR=/opt/rustwide/target" "-e" "CARGO_INCREMENTAL=0" "-e" "RUST_BACKTRACE=full" "-e" "RUSTFLAGS=--cap-lints=warn" "-e" "RUSTDOCFLAGS=--cap-lints=warn" "-w" "/opt/rustwide/workdir" "--user" "0:0" "3010bc8adc6e0b7e257c923561c00890ce79be91c6c0d1db9f72f1d9c5bd766c" "/opt/rustwide/cargo-home/bin/cargo" "+1.100.0-beta.1" "test" "--frozen" "--no-run" "--message-format=json" "--release", kill_on_drop: false }`
[INFO] [stderr] warning: Cargo.toml: only one of `license` or `license-file` is necessary
[INFO] [stderr] `license` should be used if the package license can be expressed with a standard SPDX expression.
[INFO] [stderr] `license-file` should be used if the package uses a non-standard license.
[INFO] [stderr] See https://doc.rust-lang.org/cargo/reference/manifest.html#the-license-and-license-file-fields for more information.
[INFO] [stderr] warning: `package.homepage` is redundant with `package.repository`
[INFO] [stderr]    --> Cargo.toml:129:12
[INFO] [stderr]     |
[INFO] [stderr] 129 | homepage = "https://github.com/hbeberman/fathomable"
[INFO] [stderr]     |            ^^^^^^^^^^^^^^^^^^^^^^^^^^^^^^^^^^^^^^^^^
[INFO] [stderr] ...
[INFO] [stderr] 136 | repository = "https://github.com/hbeberman/fathomable"
[INFO] [stderr]     |              -----------------------------------------
[INFO] [stderr]     |
[INFO] [stderr]     = note: `cargo::redundant_homepage` is set to `warn` by default
[INFO] [stderr] help: consider removing `package.homepage`
[INFO] [stderr] warning: `fathomable-core` (manifest) generated 2 warnings
[INFO] [stderr]    Compiling fathomable-core v0.1.1 (/opt/rustwide/workdir)
[INFO] [stdout] error[E0432]: unresolved import `fathomable_testing`
[INFO] [stdout]   --> tests/private_state.rs:16:5
[INFO] [stdout]    |
[INFO] [stdout] 16 | use fathomable_testing::TempDir;
[INFO] [stdout]    |     ^^^^^^^^^^^^^^^^^^ use of unresolved module or unlinked crate `fathomable_testing`
[INFO] [stdout]    |
[INFO] [stdout]    = help: if you wanted to use a crate named `fathomable_testing`, use `cargo add fathomable_testing` to add it to your `Cargo.toml`
[INFO] [stdout] 
[INFO] [stdout] 
[INFO] [stdout] error[E0432]: unresolved import `fathomable_testing`
[INFO] [stdout]  --> tests/workspace_limits.rs:9:5
[INFO] [stdout]   |
[INFO] [stdout] 9 | use fathomable_testing::TempDir;
[INFO] [stdout]   |     ^^^^^^^^^^^^^^^^^^ use of unresolved module or unlinked crate `fathomable_testing`
[INFO] [stdout]   |
[INFO] [stdout]   = help: if you wanted to use a crate named `fathomable_testing`, use `cargo add fathomable_testing` to add it to your `Cargo.toml`
[INFO] [stdout] 
[INFO] [stdout] 
[INFO] [stdout] error[E0433]: cannot find module or crate `fathomable_testing` in this scope
[INFO] [stdout]   --> tests/git.rs:20:5
[INFO] [stdout]    |
[INFO] [stdout] 20 | use fathomable_testing::git::{
[INFO] [stdout]    |     ^^^^^^^^^^^^^^^^^^ use of unresolved module or unlinked crate `fathomable_testing`
[INFO] [stdout]    |
[INFO] [stdout]    = help: if you wanted to use a crate named `fathomable_testing`, use `cargo add fathomable_testing` to add it to your `Cargo.toml`
[INFO] [stdout] 
[INFO] [stdout] 
[INFO] [stdout] error[E0432]: unresolved import `fathomable_testing`
[INFO] [stdout]   --> tests/git.rs:19:5
[INFO] [stdout]    |
[INFO] [stdout] 19 | use fathomable_testing::TempDir;
[INFO] [stdout]    |     ^^^^^^^^^^^^^^^^^^ use of unresolved module or unlinked crate `fathomable_testing`
[INFO] [stdout]    |
[INFO] [stdout]    = help: if you wanted to use a crate named `fathomable_testing`, use `cargo add fathomable_testing` to add it to your `Cargo.toml`
[INFO] [stdout] 
[INFO] [stdout] 
[INFO] [stdout] error[E0432]: unresolved import `fathomable_testing`
[INFO] [stdout]   --> tests/annotations.rs:11:5
[INFO] [stdout]    |
[INFO] [stdout] 11 | use fathomable_testing::TempDir;
[INFO] [stdout]    |     ^^^^^^^^^^^^^^^^^^ use of unresolved module or unlinked crate `fathomable_testing`
[INFO] [stdout]    |
[INFO] [stdout]    = help: if you wanted to use a crate named `fathomable_testing`, use `cargo add fathomable_testing` to add it to your `Cargo.toml`
[INFO] [stdout] 
[INFO] [stdout] 
[INFO] [stdout] error[E0432]: unresolved import `fathomable_testing`
[INFO] [stdout]  --> tests/tree.rs:6:5
[INFO] [stdout]   |
[INFO] [stdout] 6 | use fathomable_testing::{TempDir, git};
[INFO] [stdout]   |     ^^^^^^^^^^^^^^^^^^ use of unresolved module or unlinked crate `fathomable_testing`
[INFO] [stdout]   |
[INFO] [stdout]   = help: if you wanted to use a crate named `fathomable_testing`, use `cargo add fathomable_testing` to add it to your `Cargo.toml`
[INFO] [stdout] 
[INFO] [stdout] 
[INFO] [stdout] error[E0433]: cannot find module or crate `fathomable_testing` in this scope
[INFO] [stdout]     --> tests/git.rs:1128:5
[INFO] [stdout]      |
[INFO] [stdout] 1128 |     fathomable_testing::git::worktree_add(&main, &linked, "feature")?;
[INFO] [stdout]      |     ^^^^^^^^^^^^^^^^^^ use of unresolved module or unlinked crate `fathomable_testing`
[INFO] [stdout]      |
[INFO] [stdout]      = help: if you wanted to use a crate named `fathomable_testing`, use `cargo add fathomable_testing` to add it to your `Cargo.toml`
[INFO] [stdout] 
[INFO] [stdout] 
[INFO] [stdout] error[E0433]: cannot find module or crate `fathomable_testing` in this scope
[INFO] [stdout]    --> tests/workspace_limits.rs:171:5
[INFO] [stdout]     |
[INFO] [stdout] 171 |     fathomable_testing::git::init(&dir.0)?;
[INFO] [stdout]     |     ^^^^^^^^^^^^^^^^^^ use of unresolved module or unlinked crate `fathomable_testing`
[INFO] [stdout]     |
[INFO] [stdout]     = help: if you wanted to use a crate named `fathomable_testing`, use `cargo add fathomable_testing` to add it to your `Cargo.toml`
[INFO] [stdout] 
[INFO] [stdout] 
[INFO] [stdout] error[E0433]: cannot find module or crate `fathomable_testing` in this scope
[INFO] [stdout]     --> tests/git.rs:1186:5
[INFO] [stdout]      |
[INFO] [stdout] 1186 |     fathomable_testing::git::worktree_add(&main, &linked, "feature")?;
[INFO] [stdout]      |     ^^^^^^^^^^^^^^^^^^ use of unresolved module or unlinked crate `fathomable_testing`
[INFO] [stdout]      |
[INFO] [stdout]      = help: if you wanted to use a crate named `fathomable_testing`, use `cargo add fathomable_testing` to add it to your `Cargo.toml`
[INFO] [stdout] 
[INFO] [stdout] 
[INFO] [stdout] error[E0433]: cannot find module or crate `fathomable_testing` in this scope
[INFO] [stdout]    --> tests/workspace_limits.rs:173:5
[INFO] [stdout]     |
[INFO] [stdout] 173 |     fathomable_testing::git::commit_and_stage(
[INFO] [stdout]     |     ^^^^^^^^^^^^^^^^^^ use of unresolved module or unlinked crate `fathomable_testing`
[INFO] [stdout]     |
[INFO] [stdout]     = help: if you wanted to use a crate named `fathomable_testing`, use `cargo add fathomable_testing` to add it to your `Cargo.toml`
[INFO] [stdout] 
[INFO] [stdout] 
[INFO] [stdout] For more information about this error, try `rustc --explain E0432`.
[INFO] [stdout] 
[INFO] [stderr] error: could not compile `fathomable-core` (test "private_state") due to 1 previous error
[INFO] [stderr] warning: build failed, waiting for other jobs to finish...
[INFO] [stdout] error[E0433]: cannot find module or crate `fathomable_testing` in this scope
[INFO] [stdout]    --> tests/workspace_limits.rs:180:5
[INFO] [stdout]     |
[INFO] [stdout] 180 |     fathomable_testing::git::commit_and_stage(
[INFO] [stdout]     |     ^^^^^^^^^^^^^^^^^^ use of unresolved module or unlinked crate `fathomable_testing`
[INFO] [stdout]     |
[INFO] [stdout]     = help: if you wanted to use a crate named `fathomable_testing`, use `cargo add fathomable_testing` to add it to your `Cargo.toml`
[INFO] [stdout] 
[INFO] [stdout] 
[INFO] [stdout] error[E0433]: cannot find module or crate `fathomable_testing` in this scope
[INFO] [stdout]    --> tests/workspace_limits.rs:252:5
[INFO] [stdout]     |
[INFO] [stdout] 252 |     fathomable_testing::git::init(&dir.0)?;
[INFO] [stdout]     |     ^^^^^^^^^^^^^^^^^^ use of unresolved module or unlinked crate `fathomable_testing`
[INFO] [stdout]     |
[INFO] [stdout]     = help: if you wanted to use a crate named `fathomable_testing`, use `cargo add fathomable_testing` to add it to your `Cargo.toml`
[INFO] [stdout] 
[INFO] [stdout] 
[INFO] [stdout] error[E0433]: cannot find module or crate `fathomable_testing` in this scope
[INFO] [stdout]    --> tests/config.rs:286:41
[INFO] [stdout]     |
[INFO] [stdout] 286 |     let guide = std::fs::read_to_string(fathomable_testing::repo_file("docs/guide.md"))?;
[INFO] [stdout]     |                                         ^^^^^^^^^^^^^^^^^^ use of unresolved module or unlinked crate `fathomable_testing`
[INFO] [stdout]     |
[INFO] [stdout]     = help: if you wanted to use a crate named `fathomable_testing`, use `cargo add fathomable_testing` to add it to your `Cargo.toml`
[INFO] [stdout] 
[INFO] [stdout] 
[INFO] [stdout] error[E0433]: cannot find module or crate `fathomable_testing` in this scope
[INFO] [stdout]    --> tests/workspace_limits.rs:253:5
[INFO] [stdout]     |
[INFO] [stdout] 253 |     fathomable_testing::git::commit_and_stage(&dir.0, &[("tracked", "base\n")])?;
[INFO] [stdout]     |     ^^^^^^^^^^^^^^^^^^ use of unresolved module or unlinked crate `fathomable_testing`
[INFO] [stdout]     |
[INFO] [stdout]     = help: if you wanted to use a crate named `fathomable_testing`, use `cargo add fathomable_testing` to add it to your `Cargo.toml`
[INFO] [stdout] 
[INFO] [stdout] 
[INFO] [stdout] error[E0433]: cannot find module or crate `fathomable_testing` in this scope
[INFO] [stdout]   --> tests/document.rs:31:15
[INFO] [stdout]    |
[INFO] [stdout] 31 |     let dir = fathomable_testing::TempDir::new("missing-document")?;
[INFO] [stdout]    |               ^^^^^^^^^^^^^^^^^^ use of unresolved module or unlinked crate `fathomable_testing`
[INFO] [stdout]    |
[INFO] [stdout]    = help: if you wanted to use a crate named `fathomable_testing`, use `cargo add fathomable_testing` to add it to your `Cargo.toml`
[INFO] [stdout] 
[INFO] [stdout] 
[INFO] [stdout] For more information about this error, try `rustc --explain E0432`.
[INFO] [stdout] 
[INFO] [stdout] For more information about this error, try `rustc --explain E0433`.
[INFO] [stdout] 
[INFO] [stderr] error: could not compile `fathomable-core` (test "annotations") due to 1 previous error
[INFO] [stderr] error: could not compile `fathomable-core` (test "config") due to 1 previous error
[INFO] [stdout] error[E0433]: cannot find module or crate `fathomable_testing` in this scope
[INFO] [stdout]    --> tests/workspace_limits.rs:273:5
[INFO] [stdout]     |
[INFO] [stdout] 273 |     fathomable_testing::git::init(&dir.0)?;
[INFO] [stdout]     |     ^^^^^^^^^^^^^^^^^^ use of unresolved module or unlinked crate `fathomable_testing`
[INFO] [stdout]     |
[INFO] [stdout]     = help: if you wanted to use a crate named `fathomable_testing`, use `cargo add fathomable_testing` to add it to your `Cargo.toml`
[INFO] [stdout] 
[INFO] [stdout] 
[INFO] [stdout] error[E0433]: cannot find module or crate `fathomable_testing` in this scope
[INFO] [stdout]   --> tests/document.rs:60:15
[INFO] [stdout]    |
[INFO] [stdout] 60 |     let dir = fathomable_testing::TempDir::new("snapshot-document")?;
[INFO] [stdout]    |               ^^^^^^^^^^^^^^^^^^ use of unresolved module or unlinked crate `fathomable_testing`
[INFO] [stdout]    |
[INFO] [stdout]    = help: if you wanted to use a crate named `fathomable_testing`, use `cargo add fathomable_testing` to add it to your `Cargo.toml`
[INFO] [stdout] 
[INFO] [stdout] 
[INFO] [stdout] error[E0433]: cannot find module or crate `fathomable_testing` in this scope
[INFO] [stdout]    --> tests/workspace_limits.rs:274:5
[INFO] [stdout]     |
[INFO] [stdout] 274 |     fathomable_testing::git::commit_and_stage(&dir.0, &[("tracked", "base\n")])?;
[INFO] [stdout]     |     ^^^^^^^^^^^^^^^^^^ use of unresolved module or unlinked crate `fathomable_testing`
[INFO] [stdout]     |
[INFO] [stdout]     = help: if you wanted to use a crate named `fathomable_testing`, use `cargo add fathomable_testing` to add it to your `Cargo.toml`
[INFO] [stdout] 
[INFO] [stdout] 
[INFO] [stdout] error[E0433]: cannot find module or crate `fathomable_testing` in this scope
[INFO] [stdout]   --> tests/document.rs:76:15
[INFO] [stdout]    |
[INFO] [stdout] 76 |     let dir = fathomable_testing::TempDir::new("snapshot-policy")?;
[INFO] [stdout]    |               ^^^^^^^^^^^^^^^^^^ use of unresolved module or unlinked crate `fathomable_testing`
[INFO] [stdout]    |
[INFO] [stdout]    = help: if you wanted to use a crate named `fathomable_testing`, use `cargo add fathomable_testing` to add it to your `Cargo.toml`
[INFO] [stdout] 
[INFO] [stdout] 
[INFO] [stdout] error[E0433]: cannot find module or crate `fathomable_testing` in this scope
[INFO] [stdout]    --> tests/workspace_limits.rs:292:5
[INFO] [stdout]     |
[INFO] [stdout] 292 |     fathomable_testing::git::init(&dir.0)?;
[INFO] [stdout]     |     ^^^^^^^^^^^^^^^^^^ use of unresolved module or unlinked crate `fathomable_testing`
[INFO] [stdout]     |
[INFO] [stdout]     = help: if you wanted to use a crate named `fathomable_testing`, use `cargo add fathomable_testing` to add it to your `Cargo.toml`
[INFO] [stdout] 
[INFO] [stdout] 
[INFO] [stdout] Some errors have detailed explanations: E0432, E0433.
[INFO] [stdout] 
[INFO] [stdout] For more information about an error, try `rustc --explain E0432`.
[INFO] [stdout] 
[INFO] [stdout] For more information about this error, try `rustc --explain E0433`.
[INFO] [stdout] 
[INFO] [stderr] error: could not compile `fathomable-core` (test "git") due to 4 previous errors
[INFO] [stderr] error: could not compile `fathomable-core` (test "document") due to 3 previous errors
[INFO] [stdout] For more information about this error, try `rustc --explain E0432`.
[INFO] [stdout] 
[INFO] [stderr] error: could not compile `fathomable-core` (test "tree") due to 1 previous error
[INFO] [stdout] Some errors have detailed explanations: E0432, E0433.
[INFO] [stdout] 
[INFO] [stdout] For more information about an error, try `rustc --explain E0432`.
[INFO] [stdout] 
[INFO] [stderr] error: could not compile `fathomable-core` (test "workspace_limits") due to 9 previous errors
[INFO] [stdout] error[E0432]: unresolved import `fathomable_testing`
[INFO] [stdout]  --> src/annotations/tests.rs:5:5
[INFO] [stdout]   |
[INFO] [stdout] 5 | use fathomable_testing::TempDir;
[INFO] [stdout]   |     ^^^^^^^^^^^^^^^^^^ use of unresolved module or unlinked crate `fathomable_testing`
[INFO] [stdout]   |
[INFO] [stdout]   = help: if you wanted to use a crate named `fathomable_testing`, use `cargo add fathomable_testing` to add it to your `Cargo.toml`
[INFO] [stdout] 
[INFO] [stdout] 
[INFO] [stdout] error[E0433]: cannot find module or crate `fathomable_testing` in this scope
[INFO] [stdout]     --> src/review_points.rs:1777:9
[INFO] [stdout]      |
[INFO] [stdout] 1777 |     use fathomable_testing::git::{commit_and_stage, init};
[INFO] [stdout]      |         ^^^^^^^^^^^^^^^^^^ use of unresolved module or unlinked crate `fathomable_testing`
[INFO] [stdout]      |
[INFO] [stdout]      = help: if you wanted to use a crate named `fathomable_testing`, use `cargo add fathomable_testing` to add it to your `Cargo.toml`
[INFO] [stdout] 
[INFO] [stdout] 
[INFO] [stdout] error[E0432]: unresolved import `fathomable_testing`
[INFO] [stdout]     --> src/review_points.rs:1774:9
[INFO] [stdout]      |
[INFO] [stdout] 1774 |     use fathomable_testing::TempDir;
[INFO] [stdout]      |         ^^^^^^^^^^^^^^^^^^ use of unresolved module or unlinked crate `fathomable_testing`
[INFO] [stdout]      |
[INFO] [stdout]      = help: if you wanted to use a crate named `fathomable_testing`, use `cargo add fathomable_testing` to add it to your `Cargo.toml`
[INFO] [stdout] 
[INFO] [stdout] 
[INFO] [stdout] error[E0433]: cannot find module or crate `fathomable_testing` in this scope
[INFO] [stdout]     --> src/workspace.rs:4970:9
[INFO] [stdout]      |
[INFO] [stdout] 4970 |     use fathomable_testing::git::{commit_and_stage, init, stage};
[INFO] [stdout]      |         ^^^^^^^^^^^^^^^^^^ use of unresolved module or unlinked crate `fathomable_testing`
[INFO] [stdout]      |
[INFO] [stdout]      = help: if you wanted to use a crate named `fathomable_testing`, use `cargo add fathomable_testing` to add it to your `Cargo.toml`
[INFO] [stdout] 
[INFO] [stdout] 
[INFO] [stdout] error[E0432]: unresolved import `fathomable_testing`
[INFO] [stdout]     --> src/workspace.rs:4967:9
[INFO] [stdout]      |
[INFO] [stdout] 4967 |     use fathomable_testing::TempDir;
[INFO] [stdout]      |         ^^^^^^^^^^^^^^^^^^ use of unresolved module or unlinked crate `fathomable_testing`
[INFO] [stdout]      |
[INFO] [stdout]      = help: if you wanted to use a crate named `fathomable_testing`, use `cargo add fathomable_testing` to add it to your `Cargo.toml`
[INFO] [stdout] 
[INFO] [stdout] 
[INFO] [stdout] error[E0432]: unresolved import `fathomable_testing`
[INFO] [stdout]    --> src/worktrees.rs:161:9
[INFO] [stdout]     |
[INFO] [stdout] 161 |     use fathomable_testing::TempDir;
[INFO] [stdout]     |         ^^^^^^^^^^^^^^^^^^ use of unresolved module or unlinked crate `fathomable_testing`
[INFO] [stdout]     |
[INFO] [stdout]     = help: if you wanted to use a crate named `fathomable_testing`, use `cargo add fathomable_testing` to add it to your `Cargo.toml`
[INFO] [stdout] 
[INFO] [stdout] 
[INFO] [stdout] error[E0432]: unresolved import `fathomable_testing`
[INFO] [stdout]    --> src/worktrees.rs:162:9
[INFO] [stdout]     |
[INFO] [stdout] 162 |     use fathomable_testing::git;
[INFO] [stdout]     |         ^^^^^^^^^^^^^^^^^^ use of unresolved module or unlinked crate `fathomable_testing`
[INFO] [stdout]     |
[INFO] [stdout]     = help: if you wanted to use a crate named `fathomable_testing`, use `cargo add fathomable_testing` to add it to your `Cargo.toml`
[INFO] [stdout] 
[INFO] [stdout] 
[INFO] [stdout] error[E0433]: cannot find module or crate `fathomable_testing` in this scope
[INFO] [stdout]    --> src/reach.rs:158:19
[INFO] [stdout]     |
[INFO] [stdout] 158 |         let dir = fathomable_testing::TempDir::new(&format!("reach-{name}"))?;
[INFO] [stdout]     |                   ^^^^^^^^^^^^^^^^^^ use of unresolved module or unlinked crate `fathomable_testing`
[INFO] [stdout]     |
[INFO] [stdout]     = help: if you wanted to use a crate named `fathomable_testing`, use `cargo add fathomable_testing` to add it to your `Cargo.toml`
[INFO] [stdout] 
[INFO] [stdout] 
[INFO] [stdout] Some errors have detailed explanations: E0432, E0433.
[INFO] [stdout] 
[INFO] [stdout] For more information about an error, try `rustc --explain E0432`.
[INFO] [stdout] 
[INFO] [stderr] error: could not compile `fathomable-core` (lib test) due to 8 previous errors
[INFO] running `Command { std: "docker" "inspect" "3010bc8adc6e0b7e257c923561c00890ce79be91c6c0d1db9f72f1d9c5bd766c", kill_on_drop: false }`
[INFO] running `Command { std: "docker" "rm" "-f" "3010bc8adc6e0b7e257c923561c00890ce79be91c6c0d1db9f72f1d9c5bd766c", kill_on_drop: false }`
[INFO] [stdout] 3010bc8adc6e0b7e257c923561c00890ce79be91c6c0d1db9f72f1d9c5bd766c
