[INFO] fetching crate fastnoise2-sys 0.2.0...
[INFO] testing fastnoise2-sys-0.2.0 against 1.100.0-beta.1+cargoflags=--release for beta-release-1.100-2
[INFO] extracting crate fastnoise2-sys 0.2.0 into /workspace/builds/worker-1-tc2/source
[INFO] started tweaking crates.io crate fastnoise2-sys 0.2.0
[INFO] finished tweaking crates.io crate fastnoise2-sys 0.2.0
[INFO] tweaked toml for crates.io crate fastnoise2-sys 0.2.0 written to /workspace/builds/worker-1-tc2/source/Cargo.toml
[INFO] validating manifest of crates.io crate fastnoise2-sys 0.2.0 on toolchain 1.100.0-beta.1
[INFO] running `Command { std: CARGO_HOME="/workspace/cargo-home" RUSTUP_HOME="/workspace/rustup-home" "/workspace/cargo-home/bin/cargo" "+1.100.0-beta.1" "metadata" "--manifest-path" "Cargo.toml" "--no-deps", kill_on_drop: false }`
[INFO] crate crates.io crate fastnoise2-sys 0.2.0 already has a lockfile, it will not be regenerated
[INFO] running `Command { std: CARGO_HOME="/workspace/cargo-home" RUSTUP_HOME="/workspace/rustup-home" "/workspace/cargo-home/bin/cargo" "+1.100.0-beta.1" "fetch" "--manifest-path" "Cargo.toml", kill_on_drop: false }`
[INFO] running `Command { std: "docker" "create" "-v" "/var/lib/crater-agent-workspace/builds/worker-1-tc2/source:/opt/rustwide/workdir:ro,Z" "-v" "/var/lib/crater-agent-workspace/builds/worker-1-tc2/target:/opt/rustwide/target:rw,Z" "-v" "/var/lib/crater-agent-workspace/cargo-home:/opt/rustwide/cargo-home:ro,Z" "-v" "/var/lib/crater-agent-workspace/rustup-home:/opt/rustwide/rustup-home:ro,Z" "-m" "1610612736" "--network" "none" "ghcr.io/rust-lang/crates-build-env/linux@sha256:77db811e55d90add9212f6832c23229e3de5f1c1f9905e8cb07319ea15df73ac" "sleep" "infinity", kill_on_drop: false }`
[INFO] [stdout] d7ab2947c29f1710ad36f4fc47ca11806e78d915d8225fdec7b7c31d2d75df0b
[INFO] running `Command { std: "docker" "start" "d7ab2947c29f1710ad36f4fc47ca11806e78d915d8225fdec7b7c31d2d75df0b", kill_on_drop: false }`
[INFO] running `Command { std: "docker" "inspect" "d7ab2947c29f1710ad36f4fc47ca11806e78d915d8225fdec7b7c31d2d75df0b", kill_on_drop: false }`
[INFO] running `Command { std: "docker" "exec" "-e" "SOURCE_DIR=/opt/rustwide/workdir" "-e" "CARGO_HOME=/opt/rustwide/cargo-home" "-e" "RUSTUP_HOME=/opt/rustwide/rustup-home" "-e" "CARGO_TARGET_DIR=/opt/rustwide/target" "-w" "/opt/rustwide/workdir" "--user" "0:0" "d7ab2947c29f1710ad36f4fc47ca11806e78d915d8225fdec7b7c31d2d75df0b" "/opt/rustwide/cargo-home/bin/cargo" "+1.100.0-beta.1" "metadata" "--no-deps" "--format-version=1", kill_on_drop: false }`
[INFO] running `Command { std: "docker" "inspect" "d7ab2947c29f1710ad36f4fc47ca11806e78d915d8225fdec7b7c31d2d75df0b", kill_on_drop: false }`
[INFO] running `Command { std: "docker" "exec" "-e" "SOURCE_DIR=/opt/rustwide/workdir" "-e" "CARGO_HOME=/opt/rustwide/cargo-home" "-e" "RUSTUP_HOME=/opt/rustwide/rustup-home" "-e" "CARGO_TARGET_DIR=/opt/rustwide/target" "-e" "CARGO_INCREMENTAL=0" "-e" "RUST_BACKTRACE=full" "-e" "RUSTFLAGS=--cap-lints=warn" "-e" "RUSTDOCFLAGS=--cap-lints=warn" "-w" "/opt/rustwide/workdir" "--user" "0:0" "d7ab2947c29f1710ad36f4fc47ca11806e78d915d8225fdec7b7c31d2d75df0b" "/opt/rustwide/cargo-home/bin/cargo" "+1.100.0-beta.1" "build" "--frozen" "--message-format=json" "--release", kill_on_drop: false }`
[INFO] [stderr]    Compiling proc-macro2 v1.0.101
[INFO] [stderr]    Compiling glob v0.3.3
[INFO] [stderr]    Compiling unicode-ident v1.0.19
[INFO] [stderr]    Compiling prettyplease v0.2.37
[INFO] [stderr]    Compiling libc v0.2.176
[INFO] [stderr]    Compiling cfg-if v1.0.3
[INFO] [stderr]    Compiling regex-syntax v0.8.6
[INFO] [stderr]    Compiling bindgen v0.72.1
[INFO] [stderr]    Compiling either v1.15.0
[INFO] [stderr]    Compiling find-msvc-tools v0.1.2
[INFO] [stderr]    Compiling log v0.4.28
[INFO] [stderr]    Compiling rustc-hash v2.1.1
[INFO] [stderr]    Compiling bitflags v2.9.4
[INFO] [stderr]    Compiling nom v7.1.3
[INFO] [stderr]    Compiling libloading v0.8.9
[INFO] [stderr]    Compiling cc v1.2.38
[INFO] [stderr]    Compiling itertools v0.13.0
[INFO] [stderr]    Compiling quote v1.0.40
[INFO] [stderr]    Compiling clang-sys v1.8.1
[INFO] [stderr]    Compiling syn v2.0.106
[INFO] [stderr]    Compiling regex-automata v0.4.11
[INFO] [stderr]    Compiling cmake v0.1.54
[INFO] [stderr]    Compiling regex v1.11.3
[INFO] [stderr]    Compiling cexpr v0.6.0
[INFO] [stderr]    Compiling fastnoise2-sys v0.2.0 (/opt/rustwide/workdir)
[INFO] [stderr] warning: fastnoise2-sys@0.2.0: FASTNOISE2_LIB_DIR is not set; falling back to building from source
[INFO] [stderr] warning: fastnoise2-sys@0.2.0: building from source files located in '/opt/rustwide/workdir/build/FastNoise2'
[INFO] [stderr] warning: fastnoise2-sys@0.2.0: CARGO_CFG_TARGET_OS='linux' and CARGO_CFG_TARGET_ENV='gnu' => CMAKE_CXX_FLAGS_RELEASE='-O3 -DNDEBUG'
[INFO] [stderr] error: failed to run custom build command for `fastnoise2-sys v0.2.0 (/opt/rustwide/workdir)`
[INFO] [stderr] note: To improve backtraces for build dependencies, set the CARGO_PROFILE_RELEASE_BUILD_OVERRIDE_DEBUG=true environment variable to enable debug information generation.
[INFO] [stderr] 
[INFO] [stderr] Caused by:
[INFO] [stderr]   process didn't exit successfully: `/opt/rustwide/target/release/build/fastnoise2-sys/06307ab041f55f92/out/build_script_main` (exit status: 101)
[INFO] [stderr]   --- stdout
[INFO] [stderr]   cargo:rerun-if-env-changed=FASTNOISE2_SOURCE_DIR
[INFO] [stderr]   cargo:rerun-if-env-changed=FASTNOISE2_LIB_DIR
[INFO] [stderr]   cargo:rerun-if-env-changed=FASTNOISE2_BINDINGS_DIR
[INFO] [stderr]   cargo:rerun-if-env-changed=EMSDK
[INFO] [stderr]   cargo:warning=FASTNOISE2_LIB_DIR is not set; falling back to building from source
[INFO] [stderr]   cargo:warning=building from source files located in '/opt/rustwide/workdir/build/FastNoise2'
[INFO] [stderr]   cargo:rerun-if-changed=/opt/rustwide/workdir/build/FastNoise2/include/FastNoise
[INFO] [stderr]   cargo:warning=CARGO_CFG_TARGET_OS='linux' and CARGO_CFG_TARGET_ENV='gnu' => CMAKE_CXX_FLAGS_RELEASE='-O3 -DNDEBUG'
[INFO] [stderr]   CMAKE_TOOLCHAIN_FILE_x86_64-unknown-linux-gnu = None
[INFO] [stderr]   CMAKE_TOOLCHAIN_FILE_x86_64_unknown_linux_gnu = None
[INFO] [stderr]   HOST_CMAKE_TOOLCHAIN_FILE = None
[INFO] [stderr]   CMAKE_TOOLCHAIN_FILE = None
[INFO] [stderr]   CMAKE_GENERATOR_x86_64-unknown-linux-gnu = None
[INFO] [stderr]   CMAKE_GENERATOR_x86_64_unknown_linux_gnu = None
[INFO] [stderr]   HOST_CMAKE_GENERATOR = None
[INFO] [stderr]   CMAKE_GENERATOR = None
[INFO] [stderr]   CMAKE_PREFIX_PATH_x86_64-unknown-linux-gnu = None
[INFO] [stderr]   CMAKE_PREFIX_PATH_x86_64_unknown_linux_gnu = None
[INFO] [stderr]   HOST_CMAKE_PREFIX_PATH = None
[INFO] [stderr]   CMAKE_PREFIX_PATH = None
[INFO] [stderr]   CMAKE_x86_64-unknown-linux-gnu = None
[INFO] [stderr]   CMAKE_x86_64_unknown_linux_gnu = None
[INFO] [stderr]   HOST_CMAKE = None
[INFO] [stderr]   CMAKE = None
[INFO] [stderr]   running: cd "/opt/rustwide/target/release/build/fastnoise2-sys/80d6851095240cce/out/build" && CMAKE_PREFIX_PATH="" LC_ALL="C" "cmake" "/opt/rustwide/workdir/build/FastNoise2" "-DFASTNOISE2_TOOLS=OFF" "-DFASTNOISE2_TESTS=OFF" "-DFASTNOISE2_UTILITY=OFF" "-DBUILD_SHARED_LIBS=OFF" "-DCMAKE_CXX_FLAGS_RELEASE=-O3 -DNDEBUG" "-DCMAKE_INSTALL_PREFIX=/opt/rustwide/target/release/build/fastnoise2-sys/80d6851095240cce/out" "-DCMAKE_C_FLAGS= -ffunction-sections -fdata-sections -fPIC -m64" "-DCMAKE_C_COMPILER=/usr/bin/cc" "-DCMAKE_CXX_FLAGS= -ffunction-sections -fdata-sections -fPIC -m64" "-DCMAKE_CXX_COMPILER=/usr/bin/c++" "-DCMAKE_ASM_FLAGS= -ffunction-sections -fdata-sections -fPIC -m64" "-DCMAKE_ASM_COMPILER=/usr/bin/cc" "-DCMAKE_BUILD_TYPE=Release"
[INFO] [stderr]   -- The C compiler identification is GNU 15.2.0
[INFO] [stderr]   -- The CXX compiler identification is GNU 15.2.0
[INFO] [stderr]   -- Detecting C compiler ABI info
[INFO] [stderr]   -- Detecting C compiler ABI info - done
[INFO] [stderr]   -- Check for working C compiler: /usr/bin/cc - skipped
[INFO] [stderr]   -- Detecting C compile features
[INFO] [stderr]   -- Detecting C compile features - done
[INFO] [stderr]   -- Detecting CXX compiler ABI info
[INFO] [stderr]   -- Detecting CXX compiler ABI info - done
[INFO] [stderr]   -- Check for working CXX compiler: /usr/bin/c++ - skipped
[INFO] [stderr]   -- Detecting CXX compile features
[INFO] [stderr]   -- Detecting CXX compile features - done
[INFO] [stderr]   -- CPM: Adding package FastSIMD@0 (16450dae9528727e500e7254f635a671f9c7ee2d)
[INFO] [stderr]   -- Configuring incomplete, errors occurred!
[INFO] [stderr] 
[INFO] [stderr]   --- stderr
[INFO] [stderr]   [ 11%] Creating directories for 'fastsimd-populate'
[INFO] [stderr]   [ 22%] Performing download step (git clone) for 'fastsimd-populate'
[INFO] [stderr]   Cloning into 'fastsimd-src'...
[INFO] [stderr]   fatal: unable to access 'https://github.com/Auburn/FastSIMD.git/': Could not resolve host: github.com
[INFO] [stderr]   Cloning into 'fastsimd-src'...
[INFO] [stderr]   fatal: unable to access 'https://github.com/Auburn/FastSIMD.git/': Could not resolve host: github.com
[INFO] [stderr]   Cloning into 'fastsimd-src'...
[INFO] [stderr]   fatal: unable to access 'https://github.com/Auburn/FastSIMD.git/': Could not resolve host: github.com
[INFO] [stderr]   Had to git clone more than once: 3 times.
[INFO] [stderr]   CMake Error at fastsimd-subbuild/fastsimd-populate-prefix/tmp/fastsimd-populate-gitclone.cmake:50 (message):
[INFO] [stderr]     Failed to clone repository: 'https://github.com/Auburn/FastSIMD.git'
[INFO] [stderr] 
[INFO] [stderr] 
[INFO] [stderr]   gmake[2]: *** [CMakeFiles/fastsimd-populate.dir/build.make:102: fastsimd-populate-prefix/src/fastsimd-populate-stamp/fastsimd-populate-download] Error 1
[INFO] [stderr]   gmake[1]: *** [CMakeFiles/Makefile2:87: CMakeFiles/fastsimd-populate.dir/all] Error 2
[INFO] [stderr]   gmake: *** [Makefile:91: all] Error 2
[INFO] [stderr] 
[INFO] [stderr]   CMake Error at /usr/share/cmake-4.2/Modules/FetchContent.cmake:1928 (message):
[INFO] [stderr]     Build step for fastsimd failed: 2
[INFO] [stderr]   Call Stack (most recent call first):
[INFO] [stderr]     /usr/share/cmake-4.2/Modules/FetchContent.cmake:1619 (__FetchContent_populateSubbuild)
[INFO] [stderr]     /usr/share/cmake-4.2/Modules/FetchContent.cmake:2155:EVAL:2 (__FetchContent_doPopulation)
[INFO] [stderr]     /usr/share/cmake-4.2/Modules/FetchContent.cmake:2155 (cmake_language)
[INFO] [stderr]     /usr/share/cmake-4.2/Modules/FetchContent.cmake:2394 (__FetchContent_Populate)
[INFO] [stderr]     cmake/CPM.cmake:1114 (FetchContent_MakeAvailable)
[INFO] [stderr]     cmake/CPM.cmake:895 (cpm_fetch_package)
[INFO] [stderr]     src/CMakeLists.txt:2 (CPMAddPackage)
[INFO] [stderr] 
[INFO] [stderr] 
[INFO] [stderr] 
[INFO] [stderr]   thread 'main' (507) panicked at /opt/rustwide/cargo-home/registry/src/index.crates.io-1949cf8c6b5b557f/cmake-0.1.54/src/lib.rs:1119:5:
[INFO] [stderr] 
[INFO] [stderr]   command did not execute successfully, got: exit status: 1
[INFO] [stderr] 
[INFO] [stderr]   build script failed, must exit now
[INFO] [stderr]   stack backtrace:
[INFO] [stderr]      0:     0x58d6920d13e1 - <<std[617be2ca0a6fd877]::sys::backtrace::BacktraceLock>::print::DisplayBacktrace as core[a373ad73a504971]::fmt::Display>::fmt
[INFO] [stderr]      1:     0x58d6920e91ca - core[a373ad73a504971]::fmt::write
[INFO] [stderr]      2:     0x58d6920d758c - <std[617be2ca0a6fd877]::sys::stdio::unix::Stderr as core[a373ad73a504971]::io::write::Write>::write_fmt
[INFO] [stderr]      3:     0x58d6920ad656 - std[617be2ca0a6fd877]::panicking::default_hook::{closure#0}
[INFO] [stderr]      4:     0x58d6920ca411 - std[617be2ca0a6fd877]::panicking::default_hook
[INFO] [stderr]      5:     0x58d6920ca73b - std[617be2ca0a6fd877]::panicking::panic_with_hook
[INFO] [stderr]      6:     0x58d6920ad702 - std[617be2ca0a6fd877]::panicking::panic_handler::{closure#0}
[INFO] [stderr]      7:     0x58d6920a6229 - std[617be2ca0a6fd877]::sys::backtrace::__rust_end_short_backtrace::<std[617be2ca0a6fd877]::panicking::panic_handler::{closure#0}, !>
[INFO] [stderr]      8:     0x58d6920adf3d - __rustc[ea4f61d10b84890b]::rust_begin_unwind
[INFO] [stderr]      9:     0x58d6920e99ec - core[a373ad73a504971]::panicking::panic_fmt
[INFO] [stderr]     10:     0x58d69203c5b7 - cmake[b4413476c0e6856]::fail
[INFO] [stderr]     11:     0x58d69203c243 - cmake[b4413476c0e6856]::run
[INFO] [stderr]     12:     0x58d692041975 - <cmake[b4413476c0e6856]::Config>::build
[INFO] [stderr]     13:     0x58d691b4dd86 - build_script_main[9e19e2bfec4fefcc]::build_from_source
[INFO] [stderr]     14:     0x58d691b50a19 - build_script_main[9e19e2bfec4fefcc]::main
[INFO] [stderr]     15:     0x58d691b5239b - <fn() as core[a373ad73a504971]::ops::function::FnOnce<()>>::call_once
[INFO] [stderr]     16:     0x58d691b4bcae - std[617be2ca0a6fd877]::sys::backtrace::__rust_begin_short_backtrace::<fn(), ()>
[INFO] [stderr]     17:     0x58d691b4bcb9 - std[617be2ca0a6fd877]::rt::lang_start::<()>::{closure#0}
[INFO] [stderr]     18:     0x58d6920c9708 - std[617be2ca0a6fd877]::rt::lang_start_internal
[INFO] [stderr]     19:     0x58d691b4b671 - std[617be2ca0a6fd877]::rt::lang_start::<()>
[INFO] [stderr]     20:     0x58d691b52565 - main
[INFO] [stderr]     21:     0x74e3baa77601 - <unknown>
[INFO] [stderr]     22:     0x74e3baa77718 - __libc_start_main
[INFO] [stderr]     23:     0x58d691b49bb5 - _start
[INFO] [stderr]     24:                0x0 - <unknown>
[INFO] running `Command { std: "docker" "inspect" "d7ab2947c29f1710ad36f4fc47ca11806e78d915d8225fdec7b7c31d2d75df0b", kill_on_drop: false }`
[INFO] running `Command { std: "docker" "rm" "-f" "d7ab2947c29f1710ad36f4fc47ca11806e78d915d8225fdec7b7c31d2d75df0b", kill_on_drop: false }`
[INFO] [stdout] d7ab2947c29f1710ad36f4fc47ca11806e78d915d8225fdec7b7c31d2d75df0b
