[INFO] fetching crate fastmurmur3 0.2.0...
[INFO] testing fastmurmur3-0.2.0 against 1.100.0-beta.1+cargoflags=--release for beta-release-1.100-2
[INFO] extracting crate fastmurmur3 0.2.0 into /workspace/builds/worker-3-tc2/source
[INFO] started tweaking crates.io crate fastmurmur3 0.2.0
[INFO] finished tweaking crates.io crate fastmurmur3 0.2.0
[INFO] tweaked toml for crates.io crate fastmurmur3 0.2.0 written to /workspace/builds/worker-3-tc2/source/Cargo.toml
[INFO] validating manifest of crates.io crate fastmurmur3 0.2.0 on toolchain 1.100.0-beta.1
[INFO] running `Command { std: CARGO_HOME="/workspace/cargo-home" RUSTUP_HOME="/workspace/rustup-home" "/workspace/cargo-home/bin/cargo" "+1.100.0-beta.1" "metadata" "--manifest-path" "Cargo.toml" "--no-deps", kill_on_drop: false }`
[INFO] running `Command { std: CARGO_HOME="/workspace/cargo-home" RUSTUP_HOME="/workspace/rustup-home" "/workspace/cargo-home/bin/cargo" "+1.100.0-beta.1" "generate-lockfile" "--manifest-path" "Cargo.toml", kill_on_drop: false }`
[INFO] [stderr]     Blocking waiting for file lock on package cache
[INFO] [stderr]     Updating crates.io index
[INFO] [stderr]      Locking 101 packages to highest compatible versions
[INFO] [stderr]       Adding criterion v0.3.6 (available: v0.8.2)
[INFO] [stderr]       Adding generic-array v0.14.7 (available: v0.14.9)
[INFO] [stderr]       Adding rand v0.8.8 (available: v0.10.3)
[INFO] [stderr]       Adding rustc-hash v1.1.0 (available: v2.1.3)
[INFO] [stderr]       Adding twox-hash v1.6.3 (available: v2.1.5)
[INFO] running `Command { std: CARGO_HOME="/workspace/cargo-home" RUSTUP_HOME="/workspace/rustup-home" "/workspace/cargo-home/bin/cargo" "+1.100.0-beta.1" "fetch" "--manifest-path" "Cargo.toml", kill_on_drop: false }`
[INFO] [stderr]     Blocking waiting for file lock on package cache
[INFO] running `Command { std: "docker" "create" "-v" "/var/lib/crater-agent-workspace/builds/worker-3-tc2/source:/opt/rustwide/workdir:ro,Z" "-v" "/var/lib/crater-agent-workspace/builds/worker-3-tc2/target:/opt/rustwide/target:rw,Z" "-v" "/var/lib/crater-agent-workspace/cargo-home:/opt/rustwide/cargo-home:ro,Z" "-v" "/var/lib/crater-agent-workspace/rustup-home:/opt/rustwide/rustup-home:ro,Z" "-m" "1610612736" "--network" "none" "ghcr.io/rust-lang/crates-build-env/linux@sha256:77db811e55d90add9212f6832c23229e3de5f1c1f9905e8cb07319ea15df73ac" "sleep" "infinity", kill_on_drop: false }`
[INFO] [stdout] 6a874c3555dbe56b0669faf44af164bd52a40cd158610ac2ee6af8149227aa9a
[INFO] running `Command { std: "docker" "start" "6a874c3555dbe56b0669faf44af164bd52a40cd158610ac2ee6af8149227aa9a", kill_on_drop: false }`
[INFO] running `Command { std: "docker" "inspect" "6a874c3555dbe56b0669faf44af164bd52a40cd158610ac2ee6af8149227aa9a", kill_on_drop: false }`
[INFO] running `Command { std: "docker" "exec" "-e" "SOURCE_DIR=/opt/rustwide/workdir" "-e" "CARGO_HOME=/opt/rustwide/cargo-home" "-e" "RUSTUP_HOME=/opt/rustwide/rustup-home" "-e" "CARGO_TARGET_DIR=/opt/rustwide/target" "-w" "/opt/rustwide/workdir" "--user" "0:0" "6a874c3555dbe56b0669faf44af164bd52a40cd158610ac2ee6af8149227aa9a" "/opt/rustwide/cargo-home/bin/cargo" "+1.100.0-beta.1" "metadata" "--no-deps" "--format-version=1", kill_on_drop: false }`
[INFO] running `Command { std: "docker" "inspect" "6a874c3555dbe56b0669faf44af164bd52a40cd158610ac2ee6af8149227aa9a", kill_on_drop: false }`
[INFO] running `Command { std: "docker" "exec" "-e" "SOURCE_DIR=/opt/rustwide/workdir" "-e" "CARGO_HOME=/opt/rustwide/cargo-home" "-e" "RUSTUP_HOME=/opt/rustwide/rustup-home" "-e" "CARGO_TARGET_DIR=/opt/rustwide/target" "-e" "CARGO_INCREMENTAL=0" "-e" "RUST_BACKTRACE=full" "-e" "RUSTFLAGS=--cap-lints=warn" "-e" "RUSTDOCFLAGS=--cap-lints=warn" "-w" "/opt/rustwide/workdir" "--user" "0:0" "6a874c3555dbe56b0669faf44af164bd52a40cd158610ac2ee6af8149227aa9a" "/opt/rustwide/cargo-home/bin/cargo" "+1.100.0-beta.1" "build" "--frozen" "--message-format=json" "--release", kill_on_drop: false }`
[INFO] [stderr]    Compiling fastmurmur3 v0.2.0 (/opt/rustwide/workdir)
[INFO] [stdout] warning: unused macro definition: `test_println`
[INFO] [stdout]   --> src/murmur3rs.rs:17:14
[INFO] [stdout]    |
[INFO] [stdout] 17 | macro_rules! test_println {
[INFO] [stdout]    |              ^^^^^^^^^^^^
[INFO] [stdout]    |
[INFO] [stdout]    = note: `#[warn(unused_macros)]` (part of `#[warn(unused)]`) on by default
[INFO] [stdout] 
[INFO] [stdout] 
[INFO] [stderr]     Finished `release` profile [optimized] target(s) in 0.16s
[INFO] running `Command { std: "docker" "inspect" "6a874c3555dbe56b0669faf44af164bd52a40cd158610ac2ee6af8149227aa9a", kill_on_drop: false }`
[INFO] running `Command { std: "docker" "exec" "-e" "SOURCE_DIR=/opt/rustwide/workdir" "-e" "CARGO_HOME=/opt/rustwide/cargo-home" "-e" "RUSTUP_HOME=/opt/rustwide/rustup-home" "-e" "CARGO_TARGET_DIR=/opt/rustwide/target" "-e" "CARGO_INCREMENTAL=0" "-e" "RUST_BACKTRACE=full" "-e" "RUSTFLAGS=--cap-lints=warn" "-e" "RUSTDOCFLAGS=--cap-lints=warn" "-w" "/opt/rustwide/workdir" "--user" "0:0" "6a874c3555dbe56b0669faf44af164bd52a40cd158610ac2ee6af8149227aa9a" "/opt/rustwide/cargo-home/bin/cargo" "+1.100.0-beta.1" "test" "--frozen" "--no-run" "--message-format=json" "--release", kill_on_drop: false }`
[INFO] [stderr]    Compiling serde_core v1.0.229
[INFO] [stderr]    Compiling serde v1.0.229
[INFO] [stderr]    Compiling fasthash-sys v0.3.2
[INFO] [stderr]    Compiling itertools v0.10.5
[INFO] [stderr]    Compiling textwrap v0.11.0
[INFO] [stderr]    Compiling csv-core v0.1.13
[INFO] [stderr]    Compiling rand_chacha v0.3.1
[INFO] [stderr]    Compiling half v1.8.3
[INFO] [stderr]    Compiling xoroshiro128 v0.3.0
[INFO] [stderr]    Compiling rayon v1.12.0
[INFO] [stderr]    Compiling atty v0.2.14
[INFO] [stderr]    Compiling seahash v3.0.7
[INFO] [stderr]    Compiling sha-1 v0.10.1
[INFO] [stderr]    Compiling murmur3 v0.5.2
[INFO] [stderr]    Compiling xxhash-rust v0.8.19
[INFO] [stdout] warning: unused macro definition: `test_println`
[INFO] [stdout]   --> src/murmur3rs.rs:17:14
[INFO] [stdout]    |
[INFO] [stdout] 17 | macro_rules! test_println {
[INFO] [stdout]    |              ^^^^^^^^^^^^
[INFO] [stdout]    |
[INFO] [stdout]    = note: `#[warn(unused_macros)]` (part of `#[warn(unused)]`) on by default
[INFO] [stdout] 
[INFO] [stdout] 
[INFO] [stderr]    Compiling clap v2.34.0
[INFO] [stderr]    Compiling rand v0.8.8
[INFO] [stderr]    Compiling twox-hash v1.6.3
[INFO] [stderr]    Compiling criterion-plot v0.4.5
[INFO] [stderr]    Compiling serde_json v1.0.154
[INFO] [stderr]    Compiling csv v1.4.0
[INFO] [stderr]    Compiling serde_cbor v0.11.2
[INFO] [stderr]    Compiling tinytemplate v1.2.1
[INFO] [stderr]    Compiling criterion v0.3.6
[INFO] [stderr]    Compiling fasthash v0.4.0
[INFO] [stderr]    Compiling fastmurmur3 v0.2.0 (/opt/rustwide/workdir)
[INFO] [stdout] warning: unused macro definition: `test_println`
[INFO] [stdout]   --> src/murmur3rs.rs:17:14
[INFO] [stdout]    |
[INFO] [stdout] 17 | macro_rules! test_println {
[INFO] [stdout]    |              ^^^^^^^^^^^^
[INFO] [stdout]    |
[INFO] [stdout]    = note: `#[warn(unused_macros)]` (part of `#[warn(unused)]`) on by default
[INFO] [stdout] 
[INFO] [stdout] 
[INFO] [stdout] error[E0433]: cannot find module or crate `murmur3c` in this scope
[INFO] [stdout]   --> src/lib.rs:20:17
[INFO] [stdout]    |
[INFO] [stdout] 20 |         let b = murmur3c::hash(SOURCE);
[INFO] [stdout]    |                 ^^^^^^^^ use of unresolved module or unlinked crate `murmur3c`
[INFO] [stdout]    |
[INFO] [stdout] note: found an item that was configured out
[INFO] [stdout]   --> src/lib.rs:7:9
[INFO] [stdout]    |
[INFO] [stdout]  6 | #[cfg(feature = "murmur3c")]
[INFO] [stdout]    |       -------------------- the item is gated behind the `murmur3c` feature
[INFO] [stdout]  7 | pub mod murmur3c;
[INFO] [stdout]    |         ^^^^^^^^
[INFO] [stdout] help: there is a crate or module with a similar name
[INFO] [stdout]    |
[INFO] [stdout] 20 -         let b = murmur3c::hash(SOURCE);
[INFO] [stdout] 20 +         let b = murmur3::hash(SOURCE);
[INFO] [stdout]    |
[INFO] [stdout] 
[INFO] [stdout] 
[INFO] [stdout] error[E0308]: mismatched types
[INFO] [stdout]   --> src/lib.rs:33:54
[INFO] [stdout]    |
[INFO] [stdout] 33 |             let a = murmur3rs::murmur3_x64_128(&buf, salt);
[INFO] [stdout]    |                     --------------------------       ^^^^ expected `u64`, found `u32`
[INFO] [stdout]    |                     |
[INFO] [stdout]    |                     arguments to this function are incorrect
[INFO] [stdout]    |
[INFO] [stdout] note: function defined here
[INFO] [stdout]   --> src/murmur3rs.rs:27:8
[INFO] [stdout]    |
[INFO] [stdout] 27 | pub fn murmur3_x64_128(data: &[u8], seed: u64) -> u128 {
[INFO] [stdout]    |        ^^^^^^^^^^^^^^^              ---------
[INFO] [stdout] help: you can convert a `u32` to a `u64`
[INFO] [stdout]    |
[INFO] [stdout] 33 |             let a = murmur3rs::murmur3_x64_128(&buf, salt.into());
[INFO] [stdout]    |                                                          +++++++
[INFO] [stdout] 
[INFO] [stdout] 
[INFO] [stdout] error[E0433]: cannot find module or crate `murmur3c` in this scope
[INFO] [stdout]   --> src/lib.rs:34:21
[INFO] [stdout]    |
[INFO] [stdout] 34 |             let b = murmur3c::murmur3_x64_128(&buf, salt);
[INFO] [stdout]    |                     ^^^^^^^^ use of unresolved module or unlinked crate `murmur3c`
[INFO] [stdout]    |
[INFO] [stdout] note: found an item that was configured out
[INFO] [stdout]   --> src/lib.rs:7:9
[INFO] [stdout]    |
[INFO] [stdout]  6 | #[cfg(feature = "murmur3c")]
[INFO] [stdout]    |       -------------------- the item is gated behind the `murmur3c` feature
[INFO] [stdout]  7 | pub mod murmur3c;
[INFO] [stdout]    |         ^^^^^^^^
[INFO] [stdout] help: there is a crate or module with a similar name
[INFO] [stdout]    |
[INFO] [stdout] 34 -             let b = murmur3c::murmur3_x64_128(&buf, salt);
[INFO] [stdout] 34 +             let b = murmur3::murmur3_x64_128(&buf, salt);
[INFO] [stdout]    |
[INFO] [stdout] 
[INFO] [stdout] 
[INFO] [stdout] Some errors have detailed explanations: E0308, E0433.
[INFO] [stdout] 
[INFO] [stdout] For more information about an error, try `rustc --explain E0308`.
[INFO] [stdout] 
[INFO] [stderr] error: could not compile `fastmurmur3` (lib test) due to 3 previous errors; 1 warning emitted
[INFO] running `Command { std: "docker" "inspect" "6a874c3555dbe56b0669faf44af164bd52a40cd158610ac2ee6af8149227aa9a", kill_on_drop: false }`
[INFO] running `Command { std: "docker" "rm" "-f" "6a874c3555dbe56b0669faf44af164bd52a40cd158610ac2ee6af8149227aa9a", kill_on_drop: false }`
[INFO] [stdout] 6a874c3555dbe56b0669faf44af164bd52a40cd158610ac2ee6af8149227aa9a
