[INFO] fetching crate fastcgi-sdk 0.0.5...
[INFO] testing fastcgi-sdk-0.0.5 against 1.100.0-beta.1+cargoflags=--release for beta-release-1.100-2
[INFO] extracting crate fastcgi-sdk 0.0.5 into /workspace/builds/worker-3-tc2/source
[INFO] started tweaking crates.io crate fastcgi-sdk 0.0.5
[INFO] finished tweaking crates.io crate fastcgi-sdk 0.0.5
[INFO] tweaked toml for crates.io crate fastcgi-sdk 0.0.5 written to /workspace/builds/worker-3-tc2/source/Cargo.toml
[INFO] validating manifest of crates.io crate fastcgi-sdk 0.0.5 on toolchain 1.100.0-beta.1
[INFO] running `Command { std: CARGO_HOME="/workspace/cargo-home" RUSTUP_HOME="/workspace/rustup-home" "/workspace/cargo-home/bin/cargo" "+1.100.0-beta.1" "metadata" "--manifest-path" "Cargo.toml" "--no-deps", kill_on_drop: false }`
[INFO] running `Command { std: CARGO_HOME="/workspace/cargo-home" RUSTUP_HOME="/workspace/rustup-home" "/workspace/cargo-home/bin/cargo" "+1.100.0-beta.1" "generate-lockfile" "--manifest-path" "Cargo.toml", kill_on_drop: false }`
[INFO] [stderr]     Updating crates.io index
[INFO] [stderr]      Locking 2 packages to highest compatible versions
[INFO] running `Command { std: CARGO_HOME="/workspace/cargo-home" RUSTUP_HOME="/workspace/rustup-home" "/workspace/cargo-home/bin/cargo" "+1.100.0-beta.1" "fetch" "--manifest-path" "Cargo.toml", kill_on_drop: false }`
[INFO] [stderr] warning: Cargo.toml: `package.edition` is unspecified, defaulting to `2015` while the latest is `2024`
[INFO] [stderr] warning: `fastcgi-sdk` (manifest) generated 1 warning
[INFO] running `Command { std: "docker" "create" "-v" "/var/lib/crater-agent-workspace/builds/worker-3-tc2/source:/opt/rustwide/workdir:ro,Z" "-v" "/var/lib/crater-agent-workspace/builds/worker-3-tc2/target:/opt/rustwide/target:rw,Z" "-v" "/var/lib/crater-agent-workspace/cargo-home:/opt/rustwide/cargo-home:ro,Z" "-v" "/var/lib/crater-agent-workspace/rustup-home:/opt/rustwide/rustup-home:ro,Z" "-m" "1610612736" "--network" "none" "ghcr.io/rust-lang/crates-build-env/linux@sha256:77db811e55d90add9212f6832c23229e3de5f1c1f9905e8cb07319ea15df73ac" "sleep" "infinity", kill_on_drop: false }`
[INFO] [stdout] 3bf2476f28aefc3323f39d3f5e5bb014b2551a0465e840e7f7901ea98c41bae6
[INFO] running `Command { std: "docker" "start" "3bf2476f28aefc3323f39d3f5e5bb014b2551a0465e840e7f7901ea98c41bae6", kill_on_drop: false }`
[INFO] running `Command { std: "docker" "inspect" "3bf2476f28aefc3323f39d3f5e5bb014b2551a0465e840e7f7901ea98c41bae6", kill_on_drop: false }`
[INFO] running `Command { std: "docker" "exec" "-e" "SOURCE_DIR=/opt/rustwide/workdir" "-e" "CARGO_HOME=/opt/rustwide/cargo-home" "-e" "RUSTUP_HOME=/opt/rustwide/rustup-home" "-e" "CARGO_TARGET_DIR=/opt/rustwide/target" "-w" "/opt/rustwide/workdir" "--user" "0:0" "3bf2476f28aefc3323f39d3f5e5bb014b2551a0465e840e7f7901ea98c41bae6" "/opt/rustwide/cargo-home/bin/cargo" "+1.100.0-beta.1" "metadata" "--no-deps" "--format-version=1", kill_on_drop: false }`
[INFO] running `Command { std: "docker" "inspect" "3bf2476f28aefc3323f39d3f5e5bb014b2551a0465e840e7f7901ea98c41bae6", kill_on_drop: false }`
[INFO] running `Command { std: "docker" "exec" "-e" "SOURCE_DIR=/opt/rustwide/workdir" "-e" "CARGO_HOME=/opt/rustwide/cargo-home" "-e" "RUSTUP_HOME=/opt/rustwide/rustup-home" "-e" "CARGO_TARGET_DIR=/opt/rustwide/target" "-e" "CARGO_INCREMENTAL=0" "-e" "RUST_BACKTRACE=full" "-e" "RUSTFLAGS=--cap-lints=warn" "-e" "RUSTDOCFLAGS=--cap-lints=warn" "-w" "/opt/rustwide/workdir" "--user" "0:0" "3bf2476f28aefc3323f39d3f5e5bb014b2551a0465e840e7f7901ea98c41bae6" "/opt/rustwide/cargo-home/bin/cargo" "+1.100.0-beta.1" "build" "--frozen" "--message-format=json" "--release", kill_on_drop: false }`
[INFO] [stderr] warning: Cargo.toml: `package.edition` is unspecified, defaulting to `2015` while the latest is `2024`
[INFO] [stderr] warning: `fastcgi-sdk` (manifest) generated 1 warning
[INFO] [stderr]    Compiling fastcgi-sdk v0.0.5 (/opt/rustwide/workdir)
[INFO] [stdout] warning: use of deprecated struct `gcc::Build`: crate has been renamed to `cc`, the `gcc` name is not maintained
[INFO] [stdout]  --> build.rs:4:10
[INFO] [stdout]   |
[INFO] [stdout] 4 |     gcc::Build::new()
[INFO] [stdout]   |          ^^^^^
[INFO] [stdout]   |
[INFO] [stdout]   = note: `#[warn(deprecated)]` on by default
[INFO] [stdout] 
[INFO] [stdout] 
[INFO] [stdout] warning: use of deprecated associated function `gcc::Build::new`: crate has been renamed to `cc`, the `gcc` name is not maintained
[INFO] [stdout]  --> build.rs:4:17
[INFO] [stdout]   |
[INFO] [stdout] 4 |     gcc::Build::new()
[INFO] [stdout]   |                 ^^^
[INFO] [stdout] 
[INFO] [stdout] 
[INFO] [stderr] warning: fastcgi-sdk@0.0.5: src/fcgi_abi_compat.c:25:2: warning: #warning Header <fcgiapp.h> is not available. You may get linker errors. [-Wcpp]
[INFO] [stderr] warning: fastcgi-sdk@0.0.5:    25 | #warning Header <fcgiapp.h> is not available. You may get linker errors.
[INFO] [stderr] warning: fastcgi-sdk@0.0.5:       |  ^~~~~~~
[INFO] [stdout] warning: use of deprecated constant `std::sync::ONCE_INIT`: the `Once::new()` function is now preferred
[INFO] [stdout]   --> src/lib.rs:25:17
[INFO] [stdout]    |
[INFO] [stdout] 25 | use std::sync::{ONCE_INIT, Once};
[INFO] [stdout]    |                 ^^^^^^^^^
[INFO] [stdout]    |
[INFO] [stdout]    = note: `#[warn(deprecated)]` on by default
[INFO] [stdout] 
[INFO] [stdout] 
[INFO] [stdout] warning: use of deprecated constant `std::sync::ONCE_INIT`: the `Once::new()` function is now preferred
[INFO] [stdout]   --> src/lib.rs:27:26
[INFO] [stdout]    |
[INFO] [stdout] 27 | static FCGX_INIT: Once = ONCE_INIT;
[INFO] [stdout]    |                          ^^^^^^^^^
[INFO] [stdout]    |
[INFO] [stdout] help: replace the use of the deprecated constant
[INFO] [stdout]    |
[INFO] [stdout] 27 - static FCGX_INIT: Once = ONCE_INIT;
[INFO] [stdout] 27 + static FCGX_INIT: Once = Once::new();
[INFO] [stdout]    |
[INFO] [stdout] 
[INFO] [stdout] 
[INFO] [stdout] warning: hiding a lifetime that's elided elsewhere is confusing
[INFO] [stdout]   --> src/lib.rs:85:24
[INFO] [stdout]    |
[INFO] [stdout] 85 |     pub fn environment(&self) -> Environment {
[INFO] [stdout]    |                        ^^^^^     ^^^^^^^^^^^ the same lifetime is hidden here
[INFO] [stdout]    |                        |
[INFO] [stdout]    |                        the lifetime is elided here
[INFO] [stdout]    |
[INFO] [stdout]    = help: the same lifetime is referred to in inconsistent ways, making the signature confusing
[INFO] [stdout]    = note: `#[warn(mismatched_lifetime_syntaxes)]` on by default
[INFO] [stdout] help: use `'_` for type paths
[INFO] [stdout]    |
[INFO] [stdout] 85 |     pub fn environment(&self) -> Environment<'_> {
[INFO] [stdout]    |                                             ++++
[INFO] [stdout] 
[INFO] [stdout] 
[INFO] [stdout] warning: hiding a lifetime that's elided elsewhere is confusing
[INFO] [stdout]   --> src/lib.rs:92:25
[INFO] [stdout]    |
[INFO] [stdout] 92 |     pub fn request_body(&self) -> RequestBody {
[INFO] [stdout]    |                         ^^^^^     ^^^^^^^^^^^ the same lifetime is hidden here
[INFO] [stdout]    |                         |
[INFO] [stdout]    |                         the lifetime is elided here
[INFO] [stdout]    |
[INFO] [stdout]    = help: the same lifetime is referred to in inconsistent ways, making the signature confusing
[INFO] [stdout] help: use `'_` for type paths
[INFO] [stdout]    |
[INFO] [stdout] 92 |     pub fn request_body(&self) -> RequestBody<'_> {
[INFO] [stdout]    |                                              ++++
[INFO] [stdout] 
[INFO] [stdout] 
[INFO] [stdout] warning: hiding a lifetime that's elided elsewhere is confusing
[INFO] [stdout]   --> src/lib.rs:99:21
[INFO] [stdout]    |
[INFO] [stdout] 99 |     pub fn response(&self) -> Response {
[INFO] [stdout]    |                     ^^^^^     ^^^^^^^^ the same lifetime is hidden here
[INFO] [stdout]    |                     |
[INFO] [stdout]    |                     the lifetime is elided here
[INFO] [stdout]    |
[INFO] [stdout]    = help: the same lifetime is referred to in inconsistent ways, making the signature confusing
[INFO] [stdout] help: use `'_` for type paths
[INFO] [stdout]    |
[INFO] [stdout] 99 |     pub fn response(&self) -> Response<'_> {
[INFO] [stdout]    |                                       ++++
[INFO] [stdout] 
[INFO] [stdout] 
[INFO] [stdout] warning: trait objects without an explicit `dyn` are deprecated
[INFO] [stdout]   --> src/bin/environment.rs:14:34
[INFO] [stdout]    |
[INFO] [stdout] 14 | fn safe_main() -> Result<(), Box<'static + Error>> {
[INFO] [stdout]    |                                  ^^^^^^^^^^^^^^^
[INFO] [stdout]    |
[INFO] [stdout]    = warning: this is accepted in the current edition (Rust 2015) but is a hard error in Rust 2021!
[INFO] [stdout]    = note: for more information, see <https://doc.rust-lang.org/edition-guide/rust-2021/warnings-promoted-to-error.html>
[INFO] [stdout]    = note: `#[warn(bare_trait_objects)]` (part of `#[warn(rust_2021_compatibility)]`) on by default
[INFO] [stdout] help: if this is a dyn-compatible trait, use `dyn`
[INFO] [stdout]    |
[INFO] [stdout] 14 | fn safe_main() -> Result<(), Box<dyn 'static + Error>> {
[INFO] [stdout]    |                                  +++
[INFO] [stdout] 
[INFO] [stdout] 
[INFO] [stdout] warning: trait objects without an explicit `dyn` are deprecated
[INFO] [stdout]   --> src/bin/echo.rs:15:34
[INFO] [stdout]    |
[INFO] [stdout] 15 | fn safe_main() -> Result<(), Box<'static + Error>> {
[INFO] [stdout]    |                                  ^^^^^^^^^^^^^^^
[INFO] [stdout]    |
[INFO] [stdout]    = warning: this is accepted in the current edition (Rust 2015) but is a hard error in Rust 2021!
[INFO] [stdout]    = note: for more information, see <https://doc.rust-lang.org/edition-guide/rust-2021/warnings-promoted-to-error.html>
[INFO] [stdout]    = note: `#[warn(bare_trait_objects)]` (part of `#[warn(rust_2021_compatibility)]`) on by default
[INFO] [stdout] help: if this is a dyn-compatible trait, use `dyn`
[INFO] [stdout]    |
[INFO] [stdout] 15 | fn safe_main() -> Result<(), Box<dyn 'static + Error>> {
[INFO] [stdout]    |                                  +++
[INFO] [stdout] 
[INFO] [stdout] 
[INFO] [stdout] error: linking with `cc` failed: exit status: 1
[INFO] [stdout]   |
[INFO] [stdout]   = note:  "cc" "-m64" "/opt/rustwide/target/release/build/fastcgi-sdk/ad262e3136631bb1/out/rustcgAwgeh/symbols.o" "<2 object files omitted>" "-Wl,--as-needed" "-Wl,-Bstatic" "/opt/rustwide/target/release/build/fastcgi-sdk/b90155e4188a9827/out/libfastcgi_sdk-b90155e4188a9827.rlib" "/opt/rustwide/target/release/build/libc/a0a6e54f1566fa83/out/liblibc-a0a6e54f1566fa83.rlib" "<sysroot>/lib/rustlib/x86_64-unknown-linux-gnu/lib/{libstd-*,libpanic_unwind-*,libobject-*,libmemchr-*,libaddr2line-*,libgimli-*,libcfg_if-*,librustc_demangle-*,libstd_detect-*,libhashbrown-*,librustc_std_workspace_alloc-*,libminiz_oxide-*,libadler2-*,libunwind-*,liblibc-*,librustc_std_workspace_core-*,liballoc-*,libcore-*,libcompiler_builtins-*}.rlib" "-Wl,-Bdynamic" "-lfcgi" "-lgcc_s" "-lutil" "-lrt" "-lpthread" "-lm" "-ldl" "-lc" "-L" "/opt/rustwide/target/release/build/fastcgi-sdk/ad262e3136631bb1/out/rustcgAwgeh/raw-dylibs" "-B<sysroot>/lib/rustlib/x86_64-unknown-linux-gnu/bin/gcc-ld" "-fuse-ld=lld" "-Wl,--eh-frame-hdr" "-Wl,-z,noexecstack" "-L" "/opt/rustwide/target/release/build/fastcgi-sdk/b22d556c1e2e15ac/out" "-L" "<sysroot>/lib/rustlib/x86_64-unknown-linux-gnu/lib" "-o" "/opt/rustwide/target/release/build/fastcgi-sdk/ad262e3136631bb1/out/environment" "-Wl,--gc-sections" "-pie" "-Wl,-z,relro,-z,now" "-Wl,-O1" "-Wl,--strip-debug" "-nodefaultlibs"
[INFO] [stdout]   = note: some arguments are omitted. use `--verbose` to show all linker arguments
[INFO] [stdout]   = note: rust-lld: error: unable to find library -lfcgi
[INFO] [stdout]           collect2: error: ld returned 1 exit status
[INFO] [stdout]           
[INFO] [stdout] 
[INFO] [stdout] 
[INFO] [stderr] warning: fastcgi-sdk@0.0.5: src/fcgi_abi_compat.c:25:2: warning: #warning Header <fcgiapp.h> is not available. You may get linker errors. [-Wcpp]
[INFO] [stderr] warning: fastcgi-sdk@0.0.5:    25 | #warning Header <fcgiapp.h> is not available. You may get linker errors.
[INFO] [stderr] warning: fastcgi-sdk@0.0.5:       |  ^~~~~~~
[INFO] [stderr] error: could not compile `fastcgi-sdk` (bin "environment") due to 1 previous error; 1 warning emitted
[INFO] [stderr] warning: build failed, waiting for other jobs to finish...
[INFO] [stdout] error: linking with `cc` failed: exit status: 1
[INFO] [stdout]   |
[INFO] [stdout]   = note:  "cc" "-m64" "/opt/rustwide/target/release/build/fastcgi-sdk/9d867d74e5c82ecb/out/rustczYLTbq/symbols.o" "<2 object files omitted>" "-Wl,--as-needed" "-Wl,-Bstatic" "/opt/rustwide/target/release/build/fastcgi-sdk/b90155e4188a9827/out/libfastcgi_sdk-b90155e4188a9827.rlib" "/opt/rustwide/target/release/build/libc/a0a6e54f1566fa83/out/liblibc-a0a6e54f1566fa83.rlib" "<sysroot>/lib/rustlib/x86_64-unknown-linux-gnu/lib/{libstd-*,libpanic_unwind-*,libobject-*,libmemchr-*,libaddr2line-*,libgimli-*,libcfg_if-*,librustc_demangle-*,libstd_detect-*,libhashbrown-*,librustc_std_workspace_alloc-*,libminiz_oxide-*,libadler2-*,libunwind-*,liblibc-*,librustc_std_workspace_core-*,liballoc-*,libcore-*,libcompiler_builtins-*}.rlib" "-Wl,-Bdynamic" "-lfcgi" "-lgcc_s" "-lutil" "-lrt" "-lpthread" "-lm" "-ldl" "-lc" "-L" "/opt/rustwide/target/release/build/fastcgi-sdk/9d867d74e5c82ecb/out/rustczYLTbq/raw-dylibs" "-B<sysroot>/lib/rustlib/x86_64-unknown-linux-gnu/bin/gcc-ld" "-fuse-ld=lld" "-Wl,--eh-frame-hdr" "-Wl,-z,noexecstack" "-L" "/opt/rustwide/target/release/build/fastcgi-sdk/b22d556c1e2e15ac/out" "-L" "<sysroot>/lib/rustlib/x86_64-unknown-linux-gnu/lib" "-o" "/opt/rustwide/target/release/build/fastcgi-sdk/9d867d74e5c82ecb/out/echo" "-Wl,--gc-sections" "-pie" "-Wl,-z,relro,-z,now" "-Wl,-O1" "-Wl,--strip-debug" "-nodefaultlibs"
[INFO] [stdout]   = note: some arguments are omitted. use `--verbose` to show all linker arguments
[INFO] [stdout]   = note: rust-lld: error: unable to find library -lfcgi
[INFO] [stdout]           collect2: error: ld returned 1 exit status
[INFO] [stdout]           
[INFO] [stdout] 
[INFO] [stdout] 
[INFO] [stderr] warning: fastcgi-sdk@0.0.5: src/fcgi_abi_compat.c:25:2: warning: #warning Header <fcgiapp.h> is not available. You may get linker errors. [-Wcpp]
[INFO] [stderr] warning: fastcgi-sdk@0.0.5:    25 | #warning Header <fcgiapp.h> is not available. You may get linker errors.
[INFO] [stderr] warning: fastcgi-sdk@0.0.5:       |  ^~~~~~~
[INFO] [stderr] error: could not compile `fastcgi-sdk` (bin "echo") due to 1 previous error; 1 warning emitted
[INFO] running `Command { std: "docker" "inspect" "3bf2476f28aefc3323f39d3f5e5bb014b2551a0465e840e7f7901ea98c41bae6", kill_on_drop: false }`
[INFO] running `Command { std: "docker" "rm" "-f" "3bf2476f28aefc3323f39d3f5e5bb014b2551a0465e840e7f7901ea98c41bae6", kill_on_drop: false }`
[INFO] [stdout] 3bf2476f28aefc3323f39d3f5e5bb014b2551a0465e840e7f7901ea98c41bae6
