[INFO] fetching crate fandhe-ai-onnx-interop 0.11.0...
[INFO] testing fandhe-ai-onnx-interop-0.11.0 against 1.100.0-beta.1+cargoflags=--release for beta-release-1.100-2
[INFO] extracting crate fandhe-ai-onnx-interop 0.11.0 into /workspace/builds/worker-6-tc2/source
[INFO] started tweaking crates.io crate fandhe-ai-onnx-interop 0.11.0
[INFO] removed 0 missing examples
[INFO] removed 0 missing tests
[INFO] finished tweaking crates.io crate fandhe-ai-onnx-interop 0.11.0
[INFO] tweaked toml for crates.io crate fandhe-ai-onnx-interop 0.11.0 written to /workspace/builds/worker-6-tc2/source/Cargo.toml
[INFO] validating manifest of crates.io crate fandhe-ai-onnx-interop 0.11.0 on toolchain 1.100.0-beta.1
[INFO] running `Command { std: CARGO_HOME="/workspace/cargo-home" RUSTUP_HOME="/workspace/rustup-home" "/workspace/cargo-home/bin/cargo" "+1.100.0-beta.1" "metadata" "--manifest-path" "Cargo.toml" "--no-deps", kill_on_drop: false }`
[INFO] crate crates.io crate fandhe-ai-onnx-interop 0.11.0 already has a lockfile, it will not be regenerated
[INFO] running `Command { std: CARGO_HOME="/workspace/cargo-home" RUSTUP_HOME="/workspace/rustup-home" "/workspace/cargo-home/bin/cargo" "+1.100.0-beta.1" "fetch" "--manifest-path" "Cargo.toml", kill_on_drop: false }`
[INFO] running `Command { std: "docker" "create" "-v" "/var/lib/crater-agent-workspace/builds/worker-6-tc2/source:/opt/rustwide/workdir:ro,Z" "-v" "/var/lib/crater-agent-workspace/builds/worker-6-tc2/target:/opt/rustwide/target:rw,Z" "-v" "/var/lib/crater-agent-workspace/cargo-home:/opt/rustwide/cargo-home:ro,Z" "-v" "/var/lib/crater-agent-workspace/rustup-home:/opt/rustwide/rustup-home:ro,Z" "-m" "1610612736" "--network" "none" "ghcr.io/rust-lang/crates-build-env/linux@sha256:77db811e55d90add9212f6832c23229e3de5f1c1f9905e8cb07319ea15df73ac" "sleep" "infinity", kill_on_drop: false }`
[INFO] [stdout] 2ffd060d884e02de85c6430ba005a8f3da42472c4a346baf64e662f6afa42feb
[INFO] running `Command { std: "docker" "start" "2ffd060d884e02de85c6430ba005a8f3da42472c4a346baf64e662f6afa42feb", kill_on_drop: false }`
[INFO] running `Command { std: "docker" "inspect" "2ffd060d884e02de85c6430ba005a8f3da42472c4a346baf64e662f6afa42feb", kill_on_drop: false }`
[INFO] running `Command { std: "docker" "exec" "-e" "SOURCE_DIR=/opt/rustwide/workdir" "-e" "CARGO_HOME=/opt/rustwide/cargo-home" "-e" "RUSTUP_HOME=/opt/rustwide/rustup-home" "-e" "CARGO_TARGET_DIR=/opt/rustwide/target" "-w" "/opt/rustwide/workdir" "--user" "0:0" "2ffd060d884e02de85c6430ba005a8f3da42472c4a346baf64e662f6afa42feb" "/opt/rustwide/cargo-home/bin/cargo" "+1.100.0-beta.1" "metadata" "--no-deps" "--format-version=1", kill_on_drop: false }`
[INFO] running `Command { std: "docker" "inspect" "2ffd060d884e02de85c6430ba005a8f3da42472c4a346baf64e662f6afa42feb", kill_on_drop: false }`
[INFO] running `Command { std: "docker" "exec" "-e" "SOURCE_DIR=/opt/rustwide/workdir" "-e" "CARGO_HOME=/opt/rustwide/cargo-home" "-e" "RUSTUP_HOME=/opt/rustwide/rustup-home" "-e" "CARGO_TARGET_DIR=/opt/rustwide/target" "-e" "CARGO_INCREMENTAL=0" "-e" "RUST_BACKTRACE=full" "-e" "RUSTFLAGS=--cap-lints=warn" "-e" "RUSTDOCFLAGS=--cap-lints=warn" "-w" "/opt/rustwide/workdir" "--user" "0:0" "2ffd060d884e02de85c6430ba005a8f3da42472c4a346baf64e662f6afa42feb" "/opt/rustwide/cargo-home/bin/cargo" "+1.100.0-beta.1" "build" "--frozen" "--message-format=json" "--release", kill_on_drop: false }`
[INFO] [stderr]    Compiling zerocopy v0.8.56
[INFO] [stderr]    Compiling either v1.17.0
[INFO] [stderr]    Compiling serde_json v1.0.151
[INFO] [stderr]    Compiling bytes v1.12.1
[INFO] [stderr]    Compiling syn v2.0.119
[INFO] [stderr]    Compiling syn v3.0.3
[INFO] [stderr]    Compiling hashbrown v0.16.1
[INFO] [stderr]    Compiling itertools v0.14.0
[INFO] [stderr]    Compiling serde_derive v1.0.229
[INFO] [stderr]    Compiling zerocopy-derive v0.8.56
[INFO] [stderr]    Compiling prost-derive v0.14.4
[INFO] [stderr]    Compiling serde v1.0.229
[INFO] [stderr]    Compiling prost v0.14.4
[INFO] [stderr]    Compiling safetensors v0.7.0
[INFO] [stderr]    Compiling half v2.7.1
[INFO] [stderr]    Compiling fandhe-ai-tensor-core v0.11.0
[INFO] [stderr]    Compiling fandhe-ai-autodiff v0.11.0
[INFO] [stderr]    Compiling fandhe-ai-onnx-interop v0.11.0 (/opt/rustwide/workdir)
[INFO] [stderr]     Finished `release` profile [optimized] target(s) in 1m 12s
[INFO] running `Command { std: "docker" "inspect" "2ffd060d884e02de85c6430ba005a8f3da42472c4a346baf64e662f6afa42feb", kill_on_drop: false }`
[INFO] running `Command { std: "docker" "exec" "-e" "SOURCE_DIR=/opt/rustwide/workdir" "-e" "CARGO_HOME=/opt/rustwide/cargo-home" "-e" "RUSTUP_HOME=/opt/rustwide/rustup-home" "-e" "CARGO_TARGET_DIR=/opt/rustwide/target" "-e" "CARGO_INCREMENTAL=0" "-e" "RUST_BACKTRACE=full" "-e" "RUSTFLAGS=--cap-lints=warn" "-e" "RUSTDOCFLAGS=--cap-lints=warn" "-w" "/opt/rustwide/workdir" "--user" "0:0" "2ffd060d884e02de85c6430ba005a8f3da42472c4a346baf64e662f6afa42feb" "/opt/rustwide/cargo-home/bin/cargo" "+1.100.0-beta.1" "test" "--frozen" "--no-run" "--message-format=json" "--release", kill_on_drop: false }`
[INFO] [stderr]    Compiling fandhe-ai-onnx-interop v0.11.0 (/opt/rustwide/workdir)
[INFO] [stdout] error[E0433]: cannot find module or crate `fandhe_ai_backend_cpu` in this scope
[INFO] [stdout]   --> tests/cpu_row_kernel_naive_parity.rs:32:5
[INFO] [stdout]    |
[INFO] [stdout] 32 | use fandhe_ai_backend_cpu::parity::assert_parity;
[INFO] [stdout]    |     ^^^^^^^^^^^^^^^^^^^^^ use of unresolved module or unlinked crate `fandhe_ai_backend_cpu`
[INFO] [stdout]    |
[INFO] [stdout]    = help: if you wanted to use a crate named `fandhe_ai_backend_cpu`, use `cargo add fandhe_ai_backend_cpu` to add it to your `Cargo.toml`
[INFO] [stdout] 
[INFO] [stdout] 
[INFO] [stdout] error[E0433]: cannot find module or crate `fandhe_ai_backend_cpu` in this scope
[INFO] [stdout]   --> tests/cpu_row_kernel_naive_parity.rs:33:5
[INFO] [stdout]    |
[INFO] [stdout] 33 | use fandhe_ai_backend_cpu::rmsnorm::run_rmsnorm_f32;
[INFO] [stdout]    |     ^^^^^^^^^^^^^^^^^^^^^ use of unresolved module or unlinked crate `fandhe_ai_backend_cpu`
[INFO] [stdout]    |
[INFO] [stdout]    = help: if you wanted to use a crate named `fandhe_ai_backend_cpu`, use `cargo add fandhe_ai_backend_cpu` to add it to your `Cargo.toml`
[INFO] [stdout] 
[INFO] [stdout] 
[INFO] [stdout] error[E0433]: cannot find module or crate `fandhe_ai_backend_cpu` in this scope
[INFO] [stdout]   --> tests/cpu_row_kernel_naive_parity.rs:34:5
[INFO] [stdout]    |
[INFO] [stdout] 34 | use fandhe_ai_backend_cpu::softmax::run_softmax_f32;
[INFO] [stdout]    |     ^^^^^^^^^^^^^^^^^^^^^ use of unresolved module or unlinked crate `fandhe_ai_backend_cpu`
[INFO] [stdout]    |
[INFO] [stdout]    = help: if you wanted to use a crate named `fandhe_ai_backend_cpu`, use `cargo add fandhe_ai_backend_cpu` to add it to your `Cargo.toml`
[INFO] [stdout] 
[INFO] [stdout] 
[INFO] [stdout] error[E0433]: cannot find module or crate `fandhe_ai_backend_cpu` in this scope
[INFO] [stdout]   --> tests/onnx_interp_conv_pool.rs:43:5
[INFO] [stdout]    |
[INFO] [stdout] 43 | use fandhe_ai_backend_cpu::parity::assert_parity;
[INFO] [stdout]    |     ^^^^^^^^^^^^^^^^^^^^^ use of unresolved module or unlinked crate `fandhe_ai_backend_cpu`
[INFO] [stdout]    |
[INFO] [stdout]    = help: if you wanted to use a crate named `fandhe_ai_backend_cpu`, use `cargo add fandhe_ai_backend_cpu` to add it to your `Cargo.toml`
[INFO] [stdout] 
[INFO] [stdout] 
[INFO] [stdout] error[E0432]: unresolved import `fandhe_ai_backend_cpu`
[INFO] [stdout]   --> tests/onnx_interp_conv_pool.rs:42:5
[INFO] [stdout]    |
[INFO] [stdout] 42 | use fandhe_ai_backend_cpu::CpuBackendOps;
[INFO] [stdout]    |     ^^^^^^^^^^^^^^^^^^^^^ use of unresolved module or unlinked crate `fandhe_ai_backend_cpu`
[INFO] [stdout]    |
[INFO] [stdout]    = help: if you wanted to use a crate named `fandhe_ai_backend_cpu`, use `cargo add fandhe_ai_backend_cpu` to add it to your `Cargo.toml`
[INFO] [stdout] 
[INFO] [stdout] 
[INFO] [stdout] error[E0433]: cannot find module or crate `fandhe_ai_backend_cpu` in this scope
[INFO] [stdout]   --> tests/onnx_interp_backend_dispatch.rs:36:5
[INFO] [stdout]    |
[INFO] [stdout] 36 | use fandhe_ai_backend_cpu::parity::assert_parity;
[INFO] [stdout]    |     ^^^^^^^^^^^^^^^^^^^^^ use of unresolved module or unlinked crate `fandhe_ai_backend_cpu`
[INFO] [stdout]    |
[INFO] [stdout]    = help: if you wanted to use a crate named `fandhe_ai_backend_cpu`, use `cargo add fandhe_ai_backend_cpu` to add it to your `Cargo.toml`
[INFO] [stdout] 
[INFO] [stdout] 
[INFO] [stdout] error[E0432]: unresolved import `fandhe_ai_backend_cpu`
[INFO] [stdout]   --> tests/onnx_interp_backend_dispatch.rs:35:5
[INFO] [stdout]    |
[INFO] [stdout] 35 | use fandhe_ai_backend_cpu::CpuBackendOps;
[INFO] [stdout]    |     ^^^^^^^^^^^^^^^^^^^^^ use of unresolved module or unlinked crate `fandhe_ai_backend_cpu`
[INFO] [stdout]    |
[INFO] [stdout]    = help: if you wanted to use a crate named `fandhe_ai_backend_cpu`, use `cargo add fandhe_ai_backend_cpu` to add it to your `Cargo.toml`
[INFO] [stdout] 
[INFO] [stdout] 
[INFO] [stdout] error[E0432]: unresolved import `fandhe_ai_backend_cpu`
[INFO] [stdout]   --> tests/onnx_export_nn.rs:34:5
[INFO] [stdout]    |
[INFO] [stdout] 34 | use fandhe_ai_backend_cpu::CpuBackendOps;
[INFO] [stdout]    |     ^^^^^^^^^^^^^^^^^^^^^ use of unresolved module or unlinked crate `fandhe_ai_backend_cpu`
[INFO] [stdout]    |
[INFO] [stdout]    = help: if you wanted to use a crate named `fandhe_ai_backend_cpu`, use `cargo add fandhe_ai_backend_cpu` to add it to your `Cargo.toml`
[INFO] [stdout] 
[INFO] [stdout] 
[INFO] [stdout] error[E0432]: unresolved import `fandhe_ai_backend_cpu`
[INFO] [stdout]   --> tests/onnx_autograd.rs:14:5
[INFO] [stdout]    |
[INFO] [stdout] 14 | use fandhe_ai_backend_cpu::CpuBackendOps;
[INFO] [stdout]    |     ^^^^^^^^^^^^^^^^^^^^^ use of unresolved module or unlinked crate `fandhe_ai_backend_cpu`
[INFO] [stdout]    |
[INFO] [stdout]    = help: if you wanted to use a crate named `fandhe_ai_backend_cpu`, use `cargo add fandhe_ai_backend_cpu` to add it to your `Cargo.toml`
[INFO] [stdout] 
[INFO] [stdout] 
[INFO] [stdout] error[E0433]: cannot find module or crate `fandhe_ai_backend_cpu` in this scope
[INFO] [stdout]    --> tests/st_checkpoint.rs:113:48
[INFO] [stdout]     |
[INFO] [stdout] 113 |         let tape = Tape::new_with_ops(Box::new(fandhe_ai_backend_cpu::CpuBackendOps::new()));
[INFO] [stdout]     |                                                ^^^^^^^^^^^^^^^^^^^^^ use of unresolved module or unlinked crate `fandhe_ai_backend_cpu`
[INFO] [stdout]     |
[INFO] [stdout]     = help: if you wanted to use a crate named `fandhe_ai_backend_cpu`, use `cargo add fandhe_ai_backend_cpu` to add it to your `Cargo.toml`
[INFO] [stdout] 
[INFO] [stdout] 
[INFO] [stdout] For more information about this error, try `rustc --explain E0433`.
[INFO] [stdout] 
[INFO] [stdout] Some errors have detailed explanations: E0432, E0433.
[INFO] [stdout] 
[INFO] [stdout] For more information about an error, try `rustc --explain E0432`.
[INFO] [stdout] 
[INFO] [stdout] For more information about this error, try `rustc --explain E0432`.
[INFO] [stdout] 
[INFO] [stderr] error: could not compile `fandhe-ai-onnx-interop` (test "cpu_row_kernel_naive_parity") due to 3 previous errors
[INFO] [stderr] warning: build failed, waiting for other jobs to finish...
[INFO] [stderr] error: could not compile `fandhe-ai-onnx-interop` (test "onnx_interp_conv_pool") due to 2 previous errors
[INFO] [stderr] error: could not compile `fandhe-ai-onnx-interop` (test "onnx_export_nn") due to 1 previous error
[INFO] [stdout] For more information about this error, try `rustc --explain E0433`.
[INFO] [stdout] 
[INFO] [stderr] error: could not compile `fandhe-ai-onnx-interop` (test "st_checkpoint") due to 1 previous error
[INFO] [stdout] Some errors have detailed explanations: E0432, E0433.
[INFO] [stdout] 
[INFO] [stdout] For more information about an error, try `rustc --explain E0432`.
[INFO] [stdout] 
[INFO] [stderr] error: could not compile `fandhe-ai-onnx-interop` (test "onnx_interp_backend_dispatch") due to 2 previous errors
[INFO] [stdout] For more information about this error, try `rustc --explain E0432`.
[INFO] [stdout] 
[INFO] [stderr] error: could not compile `fandhe-ai-onnx-interop` (test "onnx_autograd") due to 1 previous error
[INFO] running `Command { std: "docker" "inspect" "2ffd060d884e02de85c6430ba005a8f3da42472c4a346baf64e662f6afa42feb", kill_on_drop: false }`
[INFO] running `Command { std: "docker" "rm" "-f" "2ffd060d884e02de85c6430ba005a8f3da42472c4a346baf64e662f6afa42feb", kill_on_drop: false }`
[INFO] [stdout] 2ffd060d884e02de85c6430ba005a8f3da42472c4a346baf64e662f6afa42feb
