[INFO] fetching crate fandhe-ai-backend-cuda 0.11.0...
[INFO] testing fandhe-ai-backend-cuda-0.11.0 against 1.100.0-beta.1+cargoflags=--release for beta-release-1.100-2
[INFO] extracting crate fandhe-ai-backend-cuda 0.11.0 into /workspace/builds/worker-5-tc2/source
[INFO] started tweaking crates.io crate fandhe-ai-backend-cuda 0.11.0
[INFO] removed 0 missing examples
[INFO] removed 0 missing tests
[INFO] finished tweaking crates.io crate fandhe-ai-backend-cuda 0.11.0
[INFO] tweaked toml for crates.io crate fandhe-ai-backend-cuda 0.11.0 written to /workspace/builds/worker-5-tc2/source/Cargo.toml
[INFO] validating manifest of crates.io crate fandhe-ai-backend-cuda 0.11.0 on toolchain 1.100.0-beta.1
[INFO] running `Command { std: CARGO_HOME="/workspace/cargo-home" RUSTUP_HOME="/workspace/rustup-home" "/workspace/cargo-home/bin/cargo" "+1.100.0-beta.1" "metadata" "--manifest-path" "Cargo.toml" "--no-deps", kill_on_drop: false }`
[INFO] crate crates.io crate fandhe-ai-backend-cuda 0.11.0 already has a lockfile, it will not be regenerated
[INFO] running `Command { std: CARGO_HOME="/workspace/cargo-home" RUSTUP_HOME="/workspace/rustup-home" "/workspace/cargo-home/bin/cargo" "+1.100.0-beta.1" "fetch" "--manifest-path" "Cargo.toml", kill_on_drop: false }`
[INFO] running `Command { std: "docker" "create" "-v" "/var/lib/crater-agent-workspace/builds/worker-5-tc2/source:/opt/rustwide/workdir:ro,Z" "-v" "/var/lib/crater-agent-workspace/builds/worker-5-tc2/target:/opt/rustwide/target:rw,Z" "-v" "/var/lib/crater-agent-workspace/cargo-home:/opt/rustwide/cargo-home:ro,Z" "-v" "/var/lib/crater-agent-workspace/rustup-home:/opt/rustwide/rustup-home:ro,Z" "-m" "1610612736" "--network" "none" "ghcr.io/rust-lang/crates-build-env/linux@sha256:77db811e55d90add9212f6832c23229e3de5f1c1f9905e8cb07319ea15df73ac" "sleep" "infinity", kill_on_drop: false }`
[INFO] [stdout] 758df68e732bb9778977b29e2966bdcb0a0df7d347f83fd23d6fb6021654a57f
[INFO] running `Command { std: "docker" "start" "758df68e732bb9778977b29e2966bdcb0a0df7d347f83fd23d6fb6021654a57f", kill_on_drop: false }`
[INFO] running `Command { std: "docker" "inspect" "758df68e732bb9778977b29e2966bdcb0a0df7d347f83fd23d6fb6021654a57f", kill_on_drop: false }`
[INFO] running `Command { std: "docker" "exec" "-e" "SOURCE_DIR=/opt/rustwide/workdir" "-e" "CARGO_HOME=/opt/rustwide/cargo-home" "-e" "RUSTUP_HOME=/opt/rustwide/rustup-home" "-e" "CARGO_TARGET_DIR=/opt/rustwide/target" "-w" "/opt/rustwide/workdir" "--user" "0:0" "758df68e732bb9778977b29e2966bdcb0a0df7d347f83fd23d6fb6021654a57f" "/opt/rustwide/cargo-home/bin/cargo" "+1.100.0-beta.1" "metadata" "--no-deps" "--format-version=1", kill_on_drop: false }`
[INFO] running `Command { std: "docker" "inspect" "758df68e732bb9778977b29e2966bdcb0a0df7d347f83fd23d6fb6021654a57f", kill_on_drop: false }`
[INFO] running `Command { std: "docker" "exec" "-e" "SOURCE_DIR=/opt/rustwide/workdir" "-e" "CARGO_HOME=/opt/rustwide/cargo-home" "-e" "RUSTUP_HOME=/opt/rustwide/rustup-home" "-e" "CARGO_TARGET_DIR=/opt/rustwide/target" "-e" "CARGO_INCREMENTAL=0" "-e" "RUST_BACKTRACE=full" "-e" "RUSTFLAGS=--cap-lints=warn" "-e" "RUSTDOCFLAGS=--cap-lints=warn" "-w" "/opt/rustwide/workdir" "--user" "0:0" "758df68e732bb9778977b29e2966bdcb0a0df7d347f83fd23d6fb6021654a57f" "/opt/rustwide/cargo-home/bin/cargo" "+1.100.0-beta.1" "build" "--frozen" "--message-format=json" "--release", kill_on_drop: false }`
[INFO] [stderr]    Compiling syn v2.0.119
[INFO] [stderr]    Compiling cudarc v0.19.8
[INFO] [stderr]    Compiling libloading v0.9.0
[INFO] [stderr]    Compiling num-traits v0.2.19
[INFO] [stderr]    Compiling getrandom v0.3.4
[INFO] [stderr]    Compiling rand_core v0.9.5
[INFO] [stderr]    Compiling zerocopy-derive v0.8.56
[INFO] [stderr]    Compiling zerocopy v0.8.56
[INFO] [stderr]    Compiling ppv-lite86 v0.2.21
[INFO] [stderr]    Compiling rand_chacha v0.9.0
[INFO] [stderr]    Compiling rand v0.9.5
[INFO] [stderr]    Compiling rand_distr v0.5.1
[INFO] [stderr]    Compiling half v2.7.1
[INFO] [stderr]    Compiling fandhe-ai-tensor-core v0.11.0
[INFO] [stderr]    Compiling fandhe-ai-backend-cuda v0.11.0 (/opt/rustwide/workdir)
[INFO] [stderr]     Finished `release` profile [optimized] target(s) in 49.79s
[INFO] running `Command { std: "docker" "inspect" "758df68e732bb9778977b29e2966bdcb0a0df7d347f83fd23d6fb6021654a57f", kill_on_drop: false }`
[INFO] running `Command { std: "docker" "exec" "-e" "SOURCE_DIR=/opt/rustwide/workdir" "-e" "CARGO_HOME=/opt/rustwide/cargo-home" "-e" "RUSTUP_HOME=/opt/rustwide/rustup-home" "-e" "CARGO_TARGET_DIR=/opt/rustwide/target" "-e" "CARGO_INCREMENTAL=0" "-e" "RUST_BACKTRACE=full" "-e" "RUSTFLAGS=--cap-lints=warn" "-e" "RUSTDOCFLAGS=--cap-lints=warn" "-w" "/opt/rustwide/workdir" "--user" "0:0" "758df68e732bb9778977b29e2966bdcb0a0df7d347f83fd23d6fb6021654a57f" "/opt/rustwide/cargo-home/bin/cargo" "+1.100.0-beta.1" "test" "--frozen" "--no-run" "--message-format=json" "--release", kill_on_drop: false }`
[INFO] [stderr]    Compiling fandhe-ai-backend-cuda v0.11.0 (/opt/rustwide/workdir)
[INFO] [stdout] error[E0433]: cannot find module or crate `bench_harness` in this scope
[INFO] [stdout]   --> tests/log_softmax_parity.rs:25:5
[INFO] [stdout]    |
[INFO] [stdout] 25 | use bench_harness::rng::Xorshift64Star;
[INFO] [stdout]    |     ^^^^^^^^^^^^^ use of unresolved module or unlinked crate `bench_harness`
[INFO] [stdout]    |
[INFO] [stdout]    = help: if you wanted to use a crate named `bench_harness`, use `cargo add bench_harness` to add it to your `Cargo.toml`
[INFO] [stdout] 
[INFO] [stdout] 
[INFO] [stdout] error[E0433]: cannot find module or crate `bench_harness` in this scope
[INFO] [stdout]   --> tests/interpolate_parity.rs:21:5
[INFO] [stdout]    |
[INFO] [stdout] 21 | use bench_harness::rng::Xorshift64Star;
[INFO] [stdout]    |     ^^^^^^^^^^^^^ use of unresolved module or unlinked crate `bench_harness`
[INFO] [stdout]    |
[INFO] [stdout]    = help: if you wanted to use a crate named `bench_harness`, use `cargo add bench_harness` to add it to your `Cargo.toml`
[INFO] [stdout] 
[INFO] [stdout] 
[INFO] [stdout] error[E0433]: cannot find module or crate `bench_harness` in this scope
[INFO] [stdout]   --> tests/im2col_col2im_parity.rs:26:5
[INFO] [stdout]    |
[INFO] [stdout] 26 | use bench_harness::rng::Xorshift64Star;
[INFO] [stdout]    |     ^^^^^^^^^^^^^ use of unresolved module or unlinked crate `bench_harness`
[INFO] [stdout]    |
[INFO] [stdout]    = help: if you wanted to use a crate named `bench_harness`, use `cargo add bench_harness` to add it to your `Cargo.toml`
[INFO] [stdout] 
[INFO] [stdout] 
[INFO] [stdout] error[E0432]: unresolved import `fandhe_ai_backend_cpu`
[INFO] [stdout]   --> tests/im2col_col2im_parity.rs:27:5
[INFO] [stdout]    |
[INFO] [stdout] 27 | use fandhe_ai_backend_cpu::CpuBackendOps;
[INFO] [stdout]    |     ^^^^^^^^^^^^^^^^^^^^^ use of unresolved module or unlinked crate `fandhe_ai_backend_cpu`
[INFO] [stdout]    |
[INFO] [stdout] help: there is a crate or module with a similar name
[INFO] [stdout]    |
[INFO] [stdout] 27 - use fandhe_ai_backend_cpu::CpuBackendOps;
[INFO] [stdout] 27 + use fandhe_ai_backend_cuda::CpuBackendOps;
[INFO] [stdout]    |
[INFO] [stdout] 
[INFO] [stdout] 
[INFO] [stdout] error[E0432]: unresolved import `fandhe_ai_backend_cpu`
[INFO] [stdout]   --> tests/interpolate_parity.rs:22:5
[INFO] [stdout]    |
[INFO] [stdout] 22 | use fandhe_ai_backend_cpu::CpuBackendOps;
[INFO] [stdout]    |     ^^^^^^^^^^^^^^^^^^^^^ use of unresolved module or unlinked crate `fandhe_ai_backend_cpu`
[INFO] [stdout]    |
[INFO] [stdout] help: there is a crate or module with a similar name
[INFO] [stdout]    |
[INFO] [stdout] 22 - use fandhe_ai_backend_cpu::CpuBackendOps;
[INFO] [stdout] 22 + use fandhe_ai_backend_cuda::CpuBackendOps;
[INFO] [stdout]    |
[INFO] [stdout] 
[INFO] [stdout] 
[INFO] [stdout] error[E0433]: cannot find module or crate `bench_harness` in this scope
[INFO] [stdout]   --> tests/layer_norm_parity.rs:23:5
[INFO] [stdout]    |
[INFO] [stdout] 23 | use bench_harness::rng::Xorshift64Star;
[INFO] [stdout]    |     ^^^^^^^^^^^^^ use of unresolved module or unlinked crate `bench_harness`
[INFO] [stdout]    |
[INFO] [stdout]    = help: if you wanted to use a crate named `bench_harness`, use `cargo add bench_harness` to add it to your `Cargo.toml`
[INFO] [stdout] 
[INFO] [stdout] 
[INFO] [stdout] error[E0432]: unresolved import `fandhe_ai_backend_cpu`
[INFO] [stdout]    --> tests/layer_norm_parity.rs:282:9
[INFO] [stdout]     |
[INFO] [stdout] 282 |     use fandhe_ai_backend_cpu::CpuBackendOps;
[INFO] [stdout]     |         ^^^^^^^^^^^^^^^^^^^^^ use of unresolved module or unlinked crate `fandhe_ai_backend_cpu`
[INFO] [stdout]     |
[INFO] [stdout] help: there is a crate or module with a similar name
[INFO] [stdout]     |
[INFO] [stdout] 282 -     use fandhe_ai_backend_cpu::CpuBackendOps;
[INFO] [stdout] 282 +     use fandhe_ai_backend_cuda::CpuBackendOps;
[INFO] [stdout]     |
[INFO] [stdout] 
[INFO] [stdout] 
[INFO] [stdout] error[E0433]: cannot find module or crate `bench_harness` in this scope
[INFO] [stdout]   --> tests/norm_backward_parity.rs:34:5
[INFO] [stdout]    |
[INFO] [stdout] 34 | use bench_harness::rng::Xorshift64Star;
[INFO] [stdout]    |     ^^^^^^^^^^^^^ use of unresolved module or unlinked crate `bench_harness`
[INFO] [stdout]    |
[INFO] [stdout]    = help: if you wanted to use a crate named `bench_harness`, use `cargo add bench_harness` to add it to your `Cargo.toml`
[INFO] [stdout] 
[INFO] [stdout] 
[INFO] [stdout] error[E0433]: cannot find module or crate `bench_harness` in this scope
[INFO] [stdout]   --> tests/log_softmax_backward_parity.rs:28:5
[INFO] [stdout]    |
[INFO] [stdout] 28 | use bench_harness::rng::Xorshift64Star;
[INFO] [stdout]    |     ^^^^^^^^^^^^^ use of unresolved module or unlinked crate `bench_harness`
[INFO] [stdout]    |
[INFO] [stdout]    = help: if you wanted to use a crate named `bench_harness`, use `cargo add bench_harness` to add it to your `Cargo.toml`
[INFO] [stdout] 
[INFO] [stdout] 
[INFO] [stdout] error[E0433]: cannot find module or crate `bench_harness` in this scope
[INFO] [stdout]   --> tests/kl_div_parity.rs:23:5
[INFO] [stdout]    |
[INFO] [stdout] 23 | use bench_harness::rng::Xorshift64Star;
[INFO] [stdout]    |     ^^^^^^^^^^^^^ use of unresolved module or unlinked crate `bench_harness`
[INFO] [stdout]    |
[INFO] [stdout]    = help: if you wanted to use a crate named `bench_harness`, use `cargo add bench_harness` to add it to your `Cargo.toml`
[INFO] [stdout] 
[INFO] [stdout] 
[INFO] [stdout] error[E0433]: cannot find module or crate `bench_harness` in this scope
[INFO] [stdout]   --> tests/nll_parity.rs:23:5
[INFO] [stdout]    |
[INFO] [stdout] 23 | use bench_harness::rng::Xorshift64Star;
[INFO] [stdout]    |     ^^^^^^^^^^^^^ use of unresolved module or unlinked crate `bench_harness`
[INFO] [stdout]    |
[INFO] [stdout]    = help: if you wanted to use a crate named `bench_harness`, use `cargo add bench_harness` to add it to your `Cargo.toml`
[INFO] [stdout] 
[INFO] [stdout] 
[INFO] [stdout] error[E0433]: cannot find module or crate `fandhe_ai_backend_cpu` in this scope
[INFO] [stdout]   --> tests/interpolate_parity.rs:92:5
[INFO] [stdout]    |
[INFO] [stdout] 92 |     fandhe_ai_backend_cpu::parity::assert_parity(
[INFO] [stdout]    |     ^^^^^^^^^^^^^^^^^^^^^ use of unresolved module or unlinked crate `fandhe_ai_backend_cpu`
[INFO] [stdout]    |
[INFO] [stdout] help: there is a crate or module with a similar name
[INFO] [stdout]    |
[INFO] [stdout] 92 -     fandhe_ai_backend_cpu::parity::assert_parity(
[INFO] [stdout] 92 +     fandhe_ai_backend_cuda::parity::assert_parity(
[INFO] [stdout]    |
[INFO] [stdout] 
[INFO] [stdout] 
[INFO] [stdout] error[E0433]: cannot find module or crate `bench_harness` in this scope
[INFO] [stdout]   --> tests/huber_parity.rs:17:5
[INFO] [stdout]    |
[INFO] [stdout] 17 | use bench_harness::rng::Xorshift64Star;
[INFO] [stdout]    |     ^^^^^^^^^^^^^ use of unresolved module or unlinked crate `bench_harness`
[INFO] [stdout]    |
[INFO] [stdout]    = help: if you wanted to use a crate named `bench_harness`, use `cargo add bench_harness` to add it to your `Cargo.toml`
[INFO] [stdout] 
[INFO] [stdout] 
[INFO] [stdout] error[E0433]: cannot find module or crate `fandhe_ai_backend_cpu` in this scope
[INFO] [stdout]   --> tests/log_softmax_backward_parity.rs:76:5
[INFO] [stdout]    |
[INFO] [stdout] 76 |     fandhe_ai_backend_cpu::parity::assert_parity(
[INFO] [stdout]    |     ^^^^^^^^^^^^^^^^^^^^^ use of unresolved module or unlinked crate `fandhe_ai_backend_cpu`
[INFO] [stdout]    |
[INFO] [stdout] help: there is a crate or module with a similar name
[INFO] [stdout]    |
[INFO] [stdout] 76 -     fandhe_ai_backend_cpu::parity::assert_parity(
[INFO] [stdout] 76 +     fandhe_ai_backend_cuda::parity::assert_parity(
[INFO] [stdout]    |
[INFO] [stdout] 
[INFO] [stdout] 
[INFO] [stdout] error[E0433]: cannot find module or crate `fandhe_ai_backend_cpu` in this scope
[INFO] [stdout]    --> tests/log_softmax_backward_parity.rs:164:5
[INFO] [stdout]     |
[INFO] [stdout] 164 |     fandhe_ai_backend_cpu::parity::assert_parity(
[INFO] [stdout]     |     ^^^^^^^^^^^^^^^^^^^^^ use of unresolved module or unlinked crate `fandhe_ai_backend_cpu`
[INFO] [stdout]     |
[INFO] [stdout] help: there is a crate or module with a similar name
[INFO] [stdout]     |
[INFO] [stdout] 164 -     fandhe_ai_backend_cpu::parity::assert_parity(
[INFO] [stdout] 164 +     fandhe_ai_backend_cuda::parity::assert_parity(
[INFO] [stdout]     |
[INFO] [stdout] 
[INFO] [stdout] 
[INFO] [stdout] error[E0433]: cannot find module or crate `fandhe_ai_backend_cpu` in this scope
[INFO] [stdout]    --> tests/log_softmax_backward_parity.rs:258:13
[INFO] [stdout]     |
[INFO] [stdout] 258 |             fandhe_ai_backend_cpu::parity::assert_parity(
[INFO] [stdout]     |             ^^^^^^^^^^^^^^^^^^^^^ use of unresolved module or unlinked crate `fandhe_ai_backend_cpu`
[INFO] [stdout]     |
[INFO] [stdout] help: there is a crate or module with a similar name
[INFO] [stdout]     |
[INFO] [stdout] 258 -             fandhe_ai_backend_cpu::parity::assert_parity(
[INFO] [stdout] 258 +             fandhe_ai_backend_cuda::parity::assert_parity(
[INFO] [stdout]     |
[INFO] [stdout] 
[INFO] [stdout] 
[INFO] [stdout] Some errors have detailed explanations: E0432, E0433.
[INFO] [stdout] 
[INFO] [stdout] For more information about an error, try `rustc --explain E0432`.
[INFO] [stdout] 
[INFO] [stdout] error[E0433]: cannot find module or crate `fandhe_ai_backend_cpu` in this scope
[INFO] [stdout]   --> tests/log_softmax_parity.rs:36:19
[INFO] [stdout]    |
[INFO] [stdout] 36 |     let cpu_out = fandhe_ai_backend_cpu::softmax::run_log_softmax_f32(&x_data, rows, cols)
[INFO] [stdout]    |                   ^^^^^^^^^^^^^^^^^^^^^ use of unresolved module or unlinked crate `fandhe_ai_backend_cpu`
[INFO] [stdout]    |
[INFO] [stdout] help: there is a crate or module with a similar name
[INFO] [stdout]    |
[INFO] [stdout] 36 -     let cpu_out = fandhe_ai_backend_cpu::softmax::run_log_softmax_f32(&x_data, rows, cols)
[INFO] [stdout] 36 +     let cpu_out = fandhe_ai_backend_cuda::softmax::run_log_softmax_f32(&x_data, rows, cols)
[INFO] [stdout]    |
[INFO] [stdout] 
[INFO] [stdout] 
[INFO] [stdout] error[E0433]: cannot find module or crate `fandhe_ai_backend_cpu` in this scope
[INFO] [stdout]    --> tests/log_softmax_backward_parity.rs:334:13
[INFO] [stdout]     |
[INFO] [stdout] 334 |             fandhe_ai_backend_cpu::parity::assert_parity(
[INFO] [stdout]     |             ^^^^^^^^^^^^^^^^^^^^^ use of unresolved module or unlinked crate `fandhe_ai_backend_cpu`
[INFO] [stdout]     |
[INFO] [stdout] help: there is a crate or module with a similar name
[INFO] [stdout]     |
[INFO] [stdout] 334 -             fandhe_ai_backend_cpu::parity::assert_parity(
[INFO] [stdout] 334 +             fandhe_ai_backend_cuda::parity::assert_parity(
[INFO] [stdout]     |
[INFO] [stdout] 
[INFO] [stdout] 
[INFO] [stderr] error: could not compile `fandhe-ai-backend-cuda` (test "im2col_col2im_parity") due to 2 previous errors
[INFO] [stderr] warning: build failed, waiting for other jobs to finish...
[INFO] [stdout] error[E0433]: cannot find module or crate `fandhe_ai_backend_cpu` in this scope
[INFO] [stdout]   --> tests/log_softmax_parity.rs:40:5
[INFO] [stdout]    |
[INFO] [stdout] 40 |     fandhe_ai_backend_cpu::parity::assert_parity(
[INFO] [stdout]    |     ^^^^^^^^^^^^^^^^^^^^^ use of unresolved module or unlinked crate `fandhe_ai_backend_cpu`
[INFO] [stdout]    |
[INFO] [stdout] help: there is a crate or module with a similar name
[INFO] [stdout]    |
[INFO] [stdout] 40 -     fandhe_ai_backend_cpu::parity::assert_parity(
[INFO] [stdout] 40 +     fandhe_ai_backend_cuda::parity::assert_parity(
[INFO] [stdout]    |
[INFO] [stdout] 
[INFO] [stdout] 
[INFO] [stdout] error[E0432]: unresolved import `bench_harness`
[INFO] [stdout]   --> tests/linear_forward_device_real_device.rs:12:5
[INFO] [stdout]    |
[INFO] [stdout] 12 | use bench_harness::median_q1_q3;
[INFO] [stdout]    |     ^^^^^^^^^^^^^ use of unresolved module or unlinked crate `bench_harness`
[INFO] [stdout]    |
[INFO] [stdout]    = help: if you wanted to use a crate named `bench_harness`, use `cargo add bench_harness` to add it to your `Cargo.toml`
[INFO] [stdout] 
[INFO] [stdout] 
[INFO] [stdout] Some errors have detailed explanations: E0432, E0433.
[INFO] [stdout] 
[INFO] [stdout] For more information about an error, try `rustc --explain E0432`.
[INFO] [stdout] 
[INFO] [stderr] error: could not compile `fandhe-ai-backend-cuda` (test "interpolate_parity") due to 3 previous errors
[INFO] [stdout] error[E0433]: cannot find module or crate `fandhe_ai_backend_cpu` in this scope
[INFO] [stdout]    --> tests/log_softmax_parity.rs:131:19
[INFO] [stdout]     |
[INFO] [stdout] 131 |     let cpu_out = fandhe_ai_backend_cpu::softmax::run_log_softmax_f32(&x_data, rows, cols)
[INFO] [stdout]     |                   ^^^^^^^^^^^^^^^^^^^^^ use of unresolved module or unlinked crate `fandhe_ai_backend_cpu`
[INFO] [stdout]     |
[INFO] [stdout] help: there is a crate or module with a similar name
[INFO] [stdout]     |
[INFO] [stdout] 131 -     let cpu_out = fandhe_ai_backend_cpu::softmax::run_log_softmax_f32(&x_data, rows, cols)
[INFO] [stdout] 131 +     let cpu_out = fandhe_ai_backend_cuda::softmax::run_log_softmax_f32(&x_data, rows, cols)
[INFO] [stdout]     |
[INFO] [stdout] 
[INFO] [stdout] 
[INFO] [stdout] error[E0433]: cannot find module or crate `fandhe_ai_backend_cpu` in this scope
[INFO] [stdout]     --> tests/common/parity_baseline.rs:1292:9
[INFO] [stdout]      |
[INFO] [stdout] 1292 |         fandhe_ai_backend_cpu::RELATIVE_TOLERANCE,
[INFO] [stdout]      |         ^^^^^^^^^^^^^^^^^^^^^ use of unresolved module or unlinked crate `fandhe_ai_backend_cpu`
[INFO] [stdout]      |
[INFO] [stdout] help: there is a crate or module with a similar name
[INFO] [stdout]      |
[INFO] [stdout] 1292 -         fandhe_ai_backend_cpu::RELATIVE_TOLERANCE,
[INFO] [stdout] 1292 +         fandhe_ai_backend_cuda::RELATIVE_TOLERANCE,
[INFO] [stdout]      |
[INFO] [stdout] 
[INFO] [stdout] 
[INFO] [stdout] error[E0433]: cannot find module or crate `fandhe_ai_backend_cpu` in this scope
[INFO] [stdout]     --> tests/common/parity_baseline.rs:1298:9
[INFO] [stdout]      |
[INFO] [stdout] 1298 |         fandhe_ai_backend_cpu::ABSOLUTE_RESCUE_THRESHOLD,
[INFO] [stdout]      |         ^^^^^^^^^^^^^^^^^^^^^ use of unresolved module or unlinked crate `fandhe_ai_backend_cpu`
[INFO] [stdout]      |
[INFO] [stdout] help: there is a crate or module with a similar name
[INFO] [stdout]      |
[INFO] [stdout] 1298 -         fandhe_ai_backend_cpu::ABSOLUTE_RESCUE_THRESHOLD,
[INFO] [stdout] 1298 +         fandhe_ai_backend_cuda::ABSOLUTE_RESCUE_THRESHOLD,
[INFO] [stdout]      |
[INFO] [stdout] 
[INFO] [stdout] 
[INFO] [stdout] error[E0433]: cannot find module or crate `fandhe_ai_backend_cpu` in this scope
[INFO] [stdout]    --> tests/norm_backward_parity.rs:273:5
[INFO] [stdout]     |
[INFO] [stdout] 273 |     fandhe_ai_backend_cpu::parity::assert_parity(&label, &gpu_dx, &cpu_dx);
[INFO] [stdout]     |     ^^^^^^^^^^^^^^^^^^^^^ use of unresolved module or unlinked crate `fandhe_ai_backend_cpu`
[INFO] [stdout]     |
[INFO] [stdout] help: there is a crate or module with a similar name
[INFO] [stdout]     |
[INFO] [stdout] 273 -     fandhe_ai_backend_cpu::parity::assert_parity(&label, &gpu_dx, &cpu_dx);
[INFO] [stdout] 273 +     fandhe_ai_backend_cuda::parity::assert_parity(&label, &gpu_dx, &cpu_dx);
[INFO] [stdout]     |
[INFO] [stdout] 
[INFO] [stdout] 
[INFO] [stdout] error[E0433]: cannot find module or crate `fandhe_ai_backend_cpu` in this scope
[INFO] [stdout]   --> tests/nll_parity.rs:85:5
[INFO] [stdout]    |
[INFO] [stdout] 85 |     fandhe_ai_backend_cpu::parity::assert_parity(
[INFO] [stdout]    |     ^^^^^^^^^^^^^^^^^^^^^ use of unresolved module or unlinked crate `fandhe_ai_backend_cpu`
[INFO] [stdout]    |
[INFO] [stdout] help: there is a crate or module with a similar name
[INFO] [stdout]    |
[INFO] [stdout] 85 -     fandhe_ai_backend_cpu::parity::assert_parity(
[INFO] [stdout] 85 +     fandhe_ai_backend_cuda::parity::assert_parity(
[INFO] [stdout]    |
[INFO] [stdout] 
[INFO] [stdout] 
[INFO] [stdout] error[E0433]: cannot find module or crate `fandhe_ai_backend_cpu` in this scope
[INFO] [stdout]    --> tests/nll_parity.rs:102:5
[INFO] [stdout]     |
[INFO] [stdout] 102 |     fandhe_ai_backend_cpu::parity::assert_parity(
[INFO] [stdout]     |     ^^^^^^^^^^^^^^^^^^^^^ use of unresolved module or unlinked crate `fandhe_ai_backend_cpu`
[INFO] [stdout]     |
[INFO] [stdout] help: there is a crate or module with a similar name
[INFO] [stdout]     |
[INFO] [stdout] 102 -     fandhe_ai_backend_cpu::parity::assert_parity(
[INFO] [stdout] 102 +     fandhe_ai_backend_cuda::parity::assert_parity(
[INFO] [stdout]     |
[INFO] [stdout] 
[INFO] [stdout] 
[INFO] [stdout] error[E0433]: cannot find module or crate `fandhe_ai_backend_cpu` in this scope
[INFO] [stdout]    --> tests/graph_capture_real_device.rs:191:5
[INFO] [stdout]     |
[INFO] [stdout] 191 |     fandhe_ai_backend_cpu::parity::assert_parity(
[INFO] [stdout]     |     ^^^^^^^^^^^^^^^^^^^^^ use of unresolved module or unlinked crate `fandhe_ai_backend_cpu`
[INFO] [stdout]     |
[INFO] [stdout] help: there is a crate or module with a similar name
[INFO] [stdout]     |
[INFO] [stdout] 191 -     fandhe_ai_backend_cpu::parity::assert_parity(
[INFO] [stdout] 191 +     fandhe_ai_backend_cuda::parity::assert_parity(
[INFO] [stdout]     |
[INFO] [stdout] 
[INFO] [stdout] 
[INFO] [stdout] error[E0433]: cannot find module or crate `fandhe_ai_backend_cpu` in this scope
[INFO] [stdout]    --> tests/layer_norm_parity.rs:119:5
[INFO] [stdout]     |
[INFO] [stdout] 119 |     fandhe_ai_backend_cpu::parity::assert_parity(
[INFO] [stdout]     |     ^^^^^^^^^^^^^^^^^^^^^ use of unresolved module or unlinked crate `fandhe_ai_backend_cpu`
[INFO] [stdout]     |
[INFO] [stdout] help: there is a crate or module with a similar name
[INFO] [stdout]     |
[INFO] [stdout] 119 -     fandhe_ai_backend_cpu::parity::assert_parity(
[INFO] [stdout] 119 +     fandhe_ai_backend_cuda::parity::assert_parity(
[INFO] [stdout]     |
[INFO] [stdout] 
[INFO] [stdout] 
[INFO] [stdout] error[E0433]: cannot find module or crate `fandhe_ai_backend_cpu` in this scope
[INFO] [stdout]    --> tests/norm_backward_parity.rs:276:13
[INFO] [stdout]     |
[INFO] [stdout] 276 |             fandhe_ai_backend_cpu::parity::assert_parity(
[INFO] [stdout]     |             ^^^^^^^^^^^^^^^^^^^^^ use of unresolved module or unlinked crate `fandhe_ai_backend_cpu`
[INFO] [stdout]     |
[INFO] [stdout] help: there is a crate or module with a similar name
[INFO] [stdout]     |
[INFO] [stdout] 276 -             fandhe_ai_backend_cpu::parity::assert_parity(
[INFO] [stdout] 276 +             fandhe_ai_backend_cuda::parity::assert_parity(
[INFO] [stdout]     |
[INFO] [stdout] 
[INFO] [stdout] 
[INFO] [stdout] error[E0433]: cannot find module or crate `fandhe_ai_backend_cpu` in this scope
[INFO] [stdout]    --> tests/layer_norm_parity.rs:228:19
[INFO] [stdout]     |
[INFO] [stdout] 228 |     let cpu_out = fandhe_ai_backend_cpu::layer_norm::run_layer_norm_f32(
[INFO] [stdout]     |                   ^^^^^^^^^^^^^^^^^^^^^ use of unresolved module or unlinked crate `fandhe_ai_backend_cpu`
[INFO] [stdout]     |
[INFO] [stdout] help: there is a crate or module with a similar name
[INFO] [stdout]     |
[INFO] [stdout] 228 -     let cpu_out = fandhe_ai_backend_cpu::layer_norm::run_layer_norm_f32(
[INFO] [stdout] 228 +     let cpu_out = fandhe_ai_backend_cuda::layer_norm::run_layer_norm_f32(
[INFO] [stdout]     |
[INFO] [stdout] 
[INFO] [stdout] 
[INFO] [stdout] error[E0433]: cannot find module or crate `fandhe_ai_backend_cpu` in this scope
[INFO] [stdout]     --> tests/common/parity_baseline.rs:1292:9
[INFO] [stdout]      |
[INFO] [stdout] 1292 |         fandhe_ai_backend_cpu::RELATIVE_TOLERANCE,
[INFO] [stdout]      |         ^^^^^^^^^^^^^^^^^^^^^ use of unresolved module or unlinked crate `fandhe_ai_backend_cpu`
[INFO] [stdout]      |
[INFO] [stdout] help: there is a crate or module with a similar name
[INFO] [stdout]      |
[INFO] [stdout] 1292 -         fandhe_ai_backend_cpu::RELATIVE_TOLERANCE,
[INFO] [stdout] 1292 +         fandhe_ai_backend_cuda::RELATIVE_TOLERANCE,
[INFO] [stdout]      |
[INFO] [stdout] 
[INFO] [stdout] 
[INFO] [stdout] error[E0433]: cannot find module or crate `fandhe_ai_backend_cpu` in this scope
[INFO] [stdout]     --> tests/common/parity_baseline.rs:1298:9
[INFO] [stdout]      |
[INFO] [stdout] 1298 |         fandhe_ai_backend_cpu::ABSOLUTE_RESCUE_THRESHOLD,
[INFO] [stdout]      |         ^^^^^^^^^^^^^^^^^^^^^ use of unresolved module or unlinked crate `fandhe_ai_backend_cpu`
[INFO] [stdout]      |
[INFO] [stdout] help: there is a crate or module with a similar name
[INFO] [stdout]      |
[INFO] [stdout] 1298 -         fandhe_ai_backend_cpu::ABSOLUTE_RESCUE_THRESHOLD,
[INFO] [stdout] 1298 +         fandhe_ai_backend_cuda::ABSOLUTE_RESCUE_THRESHOLD,
[INFO] [stdout]      |
[INFO] [stdout] 
[INFO] [stdout] 
[INFO] [stdout] error[E0433]: cannot find module or crate `fandhe_ai_backend_cpu` in this scope
[INFO] [stdout]     --> tests/common/parity_baseline.rs:1204:14
[INFO] [stdout]      |
[INFO] [stdout] 1204 |     report: &fandhe_ai_backend_cpu::CompareReport,
[INFO] [stdout]      |              ^^^^^^^^^^^^^^^^^^^^^ use of unresolved module or unlinked crate `fandhe_ai_backend_cpu`
[INFO] [stdout]      |
[INFO] [stdout] help: there is a crate or module with a similar name
[INFO] [stdout]      |
[INFO] [stdout] 1204 -     report: &fandhe_ai_backend_cpu::CompareReport,
[INFO] [stdout] 1204 +     report: &fandhe_ai_backend_cuda::CompareReport,
[INFO] [stdout]      |
[INFO] [stdout] 
[INFO] [stdout] 
[INFO] [stdout] For more information about this error, try `rustc --explain E0433`.
[INFO] [stdout] 
[INFO] [stderr] error: could not compile `fandhe-ai-backend-cuda` (test "log_softmax_backward_parity") due to 8 previous errors
[INFO] [stdout] error[E0433]: cannot find module or crate `fandhe_ai_backend_cpu` in this scope
[INFO] [stdout]    --> tests/layer_norm_parity.rs:238:5
[INFO] [stdout]     |
[INFO] [stdout] 238 |     fandhe_ai_backend_cpu::parity::assert_parity(
[INFO] [stdout]     |     ^^^^^^^^^^^^^^^^^^^^^ use of unresolved module or unlinked crate `fandhe_ai_backend_cpu`
[INFO] [stdout]     |
[INFO] [stdout] help: there is a crate or module with a similar name
[INFO] [stdout]     |
[INFO] [stdout] 238 -     fandhe_ai_backend_cpu::parity::assert_parity(
[INFO] [stdout] 238 +     fandhe_ai_backend_cuda::parity::assert_parity(
[INFO] [stdout]     |
[INFO] [stdout] 
[INFO] [stdout] 
[INFO] [stdout] error[E0433]: cannot find module or crate `bench_harness` in this scope
[INFO] [stdout]    --> tests/parity_nonregression.rs:534:19
[INFO] [stdout]     |
[INFO] [stdout] 534 |     let mut rng = bench_harness::rng::Xorshift64Star::new(baseline.seed);
[INFO] [stdout]     |                   ^^^^^^^^^^^^^ use of unresolved module or unlinked crate `bench_harness`
[INFO] [stdout]     |
[INFO] [stdout]     = help: if you wanted to use a crate named `bench_harness`, use `cargo add bench_harness` to add it to your `Cargo.toml`
[INFO] [stdout] 
[INFO] [stdout] 
[INFO] [stdout] error[E0433]: cannot find module or crate `fandhe_ai_backend_cpu` in this scope
[INFO] [stdout]    --> tests/norm_backward_parity.rs:324:5
[INFO] [stdout]     |
[INFO] [stdout] 324 |     fandhe_ai_backend_cpu::parity::assert_parity(&label, &gpu_dx, &cpu_dx);
[INFO] [stdout]     |     ^^^^^^^^^^^^^^^^^^^^^ use of unresolved module or unlinked crate `fandhe_ai_backend_cpu`
[INFO] [stdout]     |
[INFO] [stdout] help: there is a crate or module with a similar name
[INFO] [stdout]     |
[INFO] [stdout] 324 -     fandhe_ai_backend_cpu::parity::assert_parity(&label, &gpu_dx, &cpu_dx);
[INFO] [stdout] 324 +     fandhe_ai_backend_cuda::parity::assert_parity(&label, &gpu_dx, &cpu_dx);
[INFO] [stdout]     |
[INFO] [stdout] 
[INFO] [stdout] 
[INFO] [stdout] error[E0433]: cannot find module or crate `fandhe_ai_backend_cpu` in this scope
[INFO] [stdout]    --> tests/layer_norm_parity.rs:263:13
[INFO] [stdout]     |
[INFO] [stdout] 263 |             fandhe_ai_backend_cpu::parity::assert_parity(
[INFO] [stdout]     |             ^^^^^^^^^^^^^^^^^^^^^ use of unresolved module or unlinked crate `fandhe_ai_backend_cpu`
[INFO] [stdout]     |
[INFO] [stdout] help: there is a crate or module with a similar name
[INFO] [stdout]     |
[INFO] [stdout] 263 -             fandhe_ai_backend_cpu::parity::assert_parity(
[INFO] [stdout] 263 +             fandhe_ai_backend_cuda::parity::assert_parity(
[INFO] [stdout]     |
[INFO] [stdout] 
[INFO] [stdout] 
[INFO] [stdout] error[E0433]: cannot find module or crate `fandhe_ai_backend_cpu` in this scope
[INFO] [stdout]    --> tests/layer_norm_parity.rs:307:13
[INFO] [stdout]     |
[INFO] [stdout] 307 |             fandhe_ai_backend_cpu::parity::assert_parity(
[INFO] [stdout]     |             ^^^^^^^^^^^^^^^^^^^^^ use of unresolved module or unlinked crate `fandhe_ai_backend_cpu`
[INFO] [stdout]     |
[INFO] [stdout] help: there is a crate or module with a similar name
[INFO] [stdout]     |
[INFO] [stdout] 307 -             fandhe_ai_backend_cpu::parity::assert_parity(
[INFO] [stdout] 307 +             fandhe_ai_backend_cuda::parity::assert_parity(
[INFO] [stdout]     |
[INFO] [stdout] 
[INFO] [stdout] 
[INFO] [stdout] error[E0433]: cannot find module or crate `fandhe_ai_backend_cpu` in this scope
[INFO] [stdout]     --> tests/common/parity_baseline.rs:1292:9
[INFO] [stdout]      |
[INFO] [stdout] 1292 |         fandhe_ai_backend_cpu::RELATIVE_TOLERANCE,
[INFO] [stdout]      |         ^^^^^^^^^^^^^^^^^^^^^ use of unresolved module or unlinked crate `fandhe_ai_backend_cpu`
[INFO] [stdout]      |
[INFO] [stdout] help: there is a crate or module with a similar name
[INFO] [stdout]      |
[INFO] [stdout] 1292 -         fandhe_ai_backend_cpu::RELATIVE_TOLERANCE,
[INFO] [stdout] 1292 +         fandhe_ai_backend_cuda::RELATIVE_TOLERANCE,
[INFO] [stdout]      |
[INFO] [stdout] 
[INFO] [stdout] 
[INFO] [stdout] error[E0433]: cannot find module or crate `fandhe_ai_backend_cpu` in this scope
[INFO] [stdout]     --> tests/common/parity_baseline.rs:1298:9
[INFO] [stdout]      |
[INFO] [stdout] 1298 |         fandhe_ai_backend_cpu::ABSOLUTE_RESCUE_THRESHOLD,
[INFO] [stdout]      |         ^^^^^^^^^^^^^^^^^^^^^ use of unresolved module or unlinked crate `fandhe_ai_backend_cpu`
[INFO] [stdout]      |
[INFO] [stdout] help: there is a crate or module with a similar name
[INFO] [stdout]      |
[INFO] [stdout] 1298 -         fandhe_ai_backend_cpu::ABSOLUTE_RESCUE_THRESHOLD,
[INFO] [stdout] 1298 +         fandhe_ai_backend_cuda::ABSOLUTE_RESCUE_THRESHOLD,
[INFO] [stdout]      |
[INFO] [stdout] 
[INFO] [stdout] 
[INFO] [stdout] error[E0433]: cannot find module or crate `fandhe_ai_backend_cpu` in this scope
[INFO] [stdout]    --> tests/graph_capture_real_device.rs:219:5
[INFO] [stdout]     |
[INFO] [stdout] 219 |     fandhe_ai_backend_cpu::parity::assert_parity(
[INFO] [stdout]     |     ^^^^^^^^^^^^^^^^^^^^^ use of unresolved module or unlinked crate `fandhe_ai_backend_cpu`
[INFO] [stdout]     |
[INFO] [stdout] help: there is a crate or module with a similar name
[INFO] [stdout]     |
[INFO] [stdout] 219 -     fandhe_ai_backend_cpu::parity::assert_parity(
[INFO] [stdout] 219 +     fandhe_ai_backend_cuda::parity::assert_parity(
[INFO] [stdout]     |
[INFO] [stdout] 
[INFO] [stdout] 
[INFO] [stdout] error[E0433]: cannot find module or crate `fandhe_ai_backend_cpu` in this scope
[INFO] [stdout]     --> tests/common/parity_baseline.rs:1204:14
[INFO] [stdout]      |
[INFO] [stdout] 1204 |     report: &fandhe_ai_backend_cpu::CompareReport,
[INFO] [stdout]      |              ^^^^^^^^^^^^^^^^^^^^^ use of unresolved module or unlinked crate `fandhe_ai_backend_cpu`
[INFO] [stdout]      |
[INFO] [stdout] help: there is a crate or module with a similar name
[INFO] [stdout]      |
[INFO] [stdout] 1204 -     report: &fandhe_ai_backend_cpu::CompareReport,
[INFO] [stdout] 1204 +     report: &fandhe_ai_backend_cuda::CompareReport,
[INFO] [stdout]      |
[INFO] [stdout] 
[INFO] [stdout] 
[INFO] [stdout] For more information about this error, try `rustc --explain E0433`.
[INFO] [stdout] 
[INFO] [stderr] error: could not compile `fandhe-ai-backend-cuda` (test "nll_parity") due to 6 previous errors
[INFO] [stdout] error[E0433]: cannot find module or crate `bench_harness` in this scope
[INFO] [stdout]    --> tests/parity_nonregression.rs:565:19
[INFO] [stdout]     |
[INFO] [stdout] 565 |     let mut rng = bench_harness::rng::Xorshift64Star::new(baseline.seed);
[INFO] [stdout]     |                   ^^^^^^^^^^^^^ use of unresolved module or unlinked crate `bench_harness`
[INFO] [stdout]     |
[INFO] [stdout]     = help: if you wanted to use a crate named `bench_harness`, use `cargo add bench_harness` to add it to your `Cargo.toml`
[INFO] [stdout] 
[INFO] [stdout] 
[INFO] [stdout] error[E0433]: cannot find module or crate `fandhe_ai_backend_cpu` in this scope
[INFO] [stdout]     --> tests/common/parity_baseline.rs:1292:9
[INFO] [stdout]      |
[INFO] [stdout] 1292 |         fandhe_ai_backend_cpu::RELATIVE_TOLERANCE,
[INFO] [stdout]      |         ^^^^^^^^^^^^^^^^^^^^^ use of unresolved module or unlinked crate `fandhe_ai_backend_cpu`
[INFO] [stdout]      |
[INFO] [stdout] help: there is a crate or module with a similar name
[INFO] [stdout]      |
[INFO] [stdout] 1292 -         fandhe_ai_backend_cpu::RELATIVE_TOLERANCE,
[INFO] [stdout] 1292 +         fandhe_ai_backend_cuda::RELATIVE_TOLERANCE,
[INFO] [stdout]      |
[INFO] [stdout] 
[INFO] [stdout] 
[INFO] [stdout] error[E0433]: cannot find module or crate `fandhe_ai_backend_cpu` in this scope
[INFO] [stdout]     --> tests/common/parity_baseline.rs:1298:9
[INFO] [stdout]      |
[INFO] [stdout] 1298 |         fandhe_ai_backend_cpu::ABSOLUTE_RESCUE_THRESHOLD,
[INFO] [stdout]      |         ^^^^^^^^^^^^^^^^^^^^^ use of unresolved module or unlinked crate `fandhe_ai_backend_cpu`
[INFO] [stdout]      |
[INFO] [stdout] help: there is a crate or module with a similar name
[INFO] [stdout]      |
[INFO] [stdout] 1298 -         fandhe_ai_backend_cpu::ABSOLUTE_RESCUE_THRESHOLD,
[INFO] [stdout] 1298 +         fandhe_ai_backend_cuda::ABSOLUTE_RESCUE_THRESHOLD,
[INFO] [stdout]      |
[INFO] [stdout] 
[INFO] [stdout] 
[INFO] [stdout] error[E0433]: cannot find module or crate `fandhe_ai_backend_cpu` in this scope
[INFO] [stdout]    --> tests/norm_backward_parity.rs:327:13
[INFO] [stdout]     |
[INFO] [stdout] 327 |             fandhe_ai_backend_cpu::parity::assert_parity(
[INFO] [stdout]     |             ^^^^^^^^^^^^^^^^^^^^^ use of unresolved module or unlinked crate `fandhe_ai_backend_cpu`
[INFO] [stdout]     |
[INFO] [stdout] help: there is a crate or module with a similar name
[INFO] [stdout]     |
[INFO] [stdout] 327 -             fandhe_ai_backend_cpu::parity::assert_parity(
[INFO] [stdout] 327 +             fandhe_ai_backend_cuda::parity::assert_parity(
[INFO] [stdout]     |
[INFO] [stdout] 
[INFO] [stdout] 
[INFO] [stdout] error[E0433]: cannot find module or crate `fandhe_ai_backend_cpu` in this scope
[INFO] [stdout]    --> tests/kl_div_parity.rs:117:5
[INFO] [stdout]     |
[INFO] [stdout] 117 |     fandhe_ai_backend_cpu::parity::assert_parity(
[INFO] [stdout]     |     ^^^^^^^^^^^^^^^^^^^^^ use of unresolved module or unlinked crate `fandhe_ai_backend_cpu`
[INFO] [stdout]     |
[INFO] [stdout] help: there is a crate or module with a similar name
[INFO] [stdout]     |
[INFO] [stdout] 117 -     fandhe_ai_backend_cpu::parity::assert_parity(
[INFO] [stdout] 117 +     fandhe_ai_backend_cuda::parity::assert_parity(
[INFO] [stdout]     |
[INFO] [stdout] 
[INFO] [stdout] 
[INFO] [stdout] error[E0433]: cannot find module or crate `fandhe_ai_backend_cpu` in this scope
[INFO] [stdout]     --> tests/common/parity_baseline.rs:1204:14
[INFO] [stdout]      |
[INFO] [stdout] 1204 |     report: &fandhe_ai_backend_cpu::CompareReport,
[INFO] [stdout]      |              ^^^^^^^^^^^^^^^^^^^^^ use of unresolved module or unlinked crate `fandhe_ai_backend_cpu`
[INFO] [stdout]      |
[INFO] [stdout] help: there is a crate or module with a similar name
[INFO] [stdout]      |
[INFO] [stdout] 1204 -     report: &fandhe_ai_backend_cpu::CompareReport,
[INFO] [stdout] 1204 +     report: &fandhe_ai_backend_cuda::CompareReport,
[INFO] [stdout]      |
[INFO] [stdout] 
[INFO] [stdout] 
[INFO] [stdout] Some errors have detailed explanations: E0432, E0433.
[INFO] [stdout] 
[INFO] [stdout] For more information about an error, try `rustc --explain E0432`.
[INFO] [stdout] 
[INFO] [stdout] error[E0433]: cannot find module or crate `fandhe_ai_backend_cpu` in this scope
[INFO] [stdout]    --> tests/norm_backward_parity.rs:338:13
[INFO] [stdout]     |
[INFO] [stdout] 338 |             fandhe_ai_backend_cpu::parity::assert_parity(
[INFO] [stdout]     |             ^^^^^^^^^^^^^^^^^^^^^ use of unresolved module or unlinked crate `fandhe_ai_backend_cpu`
[INFO] [stdout]     |
[INFO] [stdout] help: there is a crate or module with a similar name
[INFO] [stdout]     |
[INFO] [stdout] 338 -             fandhe_ai_backend_cpu::parity::assert_parity(
[INFO] [stdout] 338 +             fandhe_ai_backend_cuda::parity::assert_parity(
[INFO] [stdout]     |
[INFO] [stdout] 
[INFO] [stdout] 
[INFO] [stderr] error: could not compile `fandhe-ai-backend-cuda` (test "layer_norm_parity") due to 10 previous errors
[INFO] [stdout] error[E0433]: cannot find module or crate `fandhe_ai_backend_cpu` in this scope
[INFO] [stdout]    --> tests/kl_div_parity.rs:134:5
[INFO] [stdout]     |
[INFO] [stdout] 134 |     fandhe_ai_backend_cpu::parity::assert_parity(
[INFO] [stdout]     |     ^^^^^^^^^^^^^^^^^^^^^ use of unresolved module or unlinked crate `fandhe_ai_backend_cpu`
[INFO] [stdout]     |
[INFO] [stdout] help: there is a crate or module with a similar name
[INFO] [stdout]     |
[INFO] [stdout] 134 -     fandhe_ai_backend_cpu::parity::assert_parity(
[INFO] [stdout] 134 +     fandhe_ai_backend_cuda::parity::assert_parity(
[INFO] [stdout]     |
[INFO] [stdout] 
[INFO] [stdout] 
[INFO] [stdout] error[E0433]: cannot find module or crate `fandhe_ai_backend_cpu` in this scope
[INFO] [stdout]    --> tests/norm_backward_parity.rs:508:5
[INFO] [stdout]     |
[INFO] [stdout] 508 |     fandhe_ai_backend_cpu::parity::assert_parity(
[INFO] [stdout]     |     ^^^^^^^^^^^^^^^^^^^^^ use of unresolved module or unlinked crate `fandhe_ai_backend_cpu`
[INFO] [stdout]     |
[INFO] [stdout] help: there is a crate or module with a similar name
[INFO] [stdout]     |
[INFO] [stdout] 508 -     fandhe_ai_backend_cpu::parity::assert_parity(
[INFO] [stdout] 508 +     fandhe_ai_backend_cuda::parity::assert_parity(
[INFO] [stdout]     |
[INFO] [stdout] 
[INFO] [stdout] 
[INFO] [stdout] error[E0433]: cannot find module or crate `fandhe_ai_backend_cpu` in this scope
[INFO] [stdout]     --> tests/common/parity_baseline.rs:1292:9
[INFO] [stdout]      |
[INFO] [stdout] 1292 |         fandhe_ai_backend_cpu::RELATIVE_TOLERANCE,
[INFO] [stdout]      |         ^^^^^^^^^^^^^^^^^^^^^ use of unresolved module or unlinked crate `fandhe_ai_backend_cpu`
[INFO] [stdout]      |
[INFO] [stdout] help: there is a crate or module with a similar name
[INFO] [stdout]      |
[INFO] [stdout] 1292 -         fandhe_ai_backend_cpu::RELATIVE_TOLERANCE,
[INFO] [stdout] 1292 +         fandhe_ai_backend_cuda::RELATIVE_TOLERANCE,
[INFO] [stdout]      |
[INFO] [stdout] 
[INFO] [stdout] 
[INFO] [stdout] error[E0433]: cannot find module or crate `fandhe_ai_backend_cpu` in this scope
[INFO] [stdout]     --> tests/common/parity_baseline.rs:1298:9
[INFO] [stdout]      |
[INFO] [stdout] 1298 |         fandhe_ai_backend_cpu::ABSOLUTE_RESCUE_THRESHOLD,
[INFO] [stdout]      |         ^^^^^^^^^^^^^^^^^^^^^ use of unresolved module or unlinked crate `fandhe_ai_backend_cpu`
[INFO] [stdout]      |
[INFO] [stdout] help: there is a crate or module with a similar name
[INFO] [stdout]      |
[INFO] [stdout] 1298 -         fandhe_ai_backend_cpu::ABSOLUTE_RESCUE_THRESHOLD,
[INFO] [stdout] 1298 +         fandhe_ai_backend_cuda::ABSOLUTE_RESCUE_THRESHOLD,
[INFO] [stdout]      |
[INFO] [stdout] 
[INFO] [stdout] 
[INFO] [stdout] error[E0433]: cannot find module or crate `fandhe_ai_backend_cpu` in this scope
[INFO] [stdout]   --> tests/linear_forward_device_real_device.rs:63:19
[INFO] [stdout]    |
[INFO] [stdout] 63 |     let cpu_ops = fandhe_ai_backend_cpu::CpuBackendOps::new();
[INFO] [stdout]    |                   ^^^^^^^^^^^^^^^^^^^^^ use of unresolved module or unlinked crate `fandhe_ai_backend_cpu`
[INFO] [stdout]    |
[INFO] [stdout] help: there is a crate or module with a similar name
[INFO] [stdout]    |
[INFO] [stdout] 63 -     let cpu_ops = fandhe_ai_backend_cpu::CpuBackendOps::new();
[INFO] [stdout] 63 +     let cpu_ops = fandhe_ai_backend_cuda::CpuBackendOps::new();
[INFO] [stdout]    |
[INFO] [stdout] 
[INFO] [stdout] 
[INFO] [stdout] error[E0433]: cannot find module or crate `fandhe_ai_backend_cpu` in this scope
[INFO] [stdout]    --> tests/norm_backward_parity.rs:537:5
[INFO] [stdout]     |
[INFO] [stdout] 537 |     fandhe_ai_backend_cpu::parity::assert_parity(
[INFO] [stdout]     |     ^^^^^^^^^^^^^^^^^^^^^ use of unresolved module or unlinked crate `fandhe_ai_backend_cpu`
[INFO] [stdout]     |
[INFO] [stdout] help: there is a crate or module with a similar name
[INFO] [stdout]     |
[INFO] [stdout] 537 -     fandhe_ai_backend_cpu::parity::assert_parity(
[INFO] [stdout] 537 +     fandhe_ai_backend_cuda::parity::assert_parity(
[INFO] [stdout]     |
[INFO] [stdout] 
[INFO] [stdout] 
[INFO] [stdout] error[E0433]: cannot find module or crate `fandhe_ai_backend_cpu` in this scope
[INFO] [stdout]     --> tests/common/parity_baseline.rs:1204:14
[INFO] [stdout]      |
[INFO] [stdout] 1204 |     report: &fandhe_ai_backend_cpu::CompareReport,
[INFO] [stdout]      |              ^^^^^^^^^^^^^^^^^^^^^ use of unresolved module or unlinked crate `fandhe_ai_backend_cpu`
[INFO] [stdout]      |
[INFO] [stdout] help: there is a crate or module with a similar name
[INFO] [stdout]      |
[INFO] [stdout] 1204 -     report: &fandhe_ai_backend_cpu::CompareReport,
[INFO] [stdout] 1204 +     report: &fandhe_ai_backend_cuda::CompareReport,
[INFO] [stdout]      |
[INFO] [stdout] 
[INFO] [stdout] 
[INFO] [stdout] For more information about this error, try `rustc --explain E0433`.
[INFO] [stdout] 
[INFO] [stdout] error[E0433]: cannot find module or crate `fandhe_ai_backend_cpu` in this scope
[INFO] [stdout]    --> tests/huber_parity.rs:121:5
[INFO] [stdout]     |
[INFO] [stdout] 121 |     fandhe_ai_backend_cpu::parity::assert_parity(
[INFO] [stdout]     |     ^^^^^^^^^^^^^^^^^^^^^ use of unresolved module or unlinked crate `fandhe_ai_backend_cpu`
[INFO] [stdout]     |
[INFO] [stdout] help: there is a crate or module with a similar name
[INFO] [stdout]     |
[INFO] [stdout] 121 -     fandhe_ai_backend_cpu::parity::assert_parity(
[INFO] [stdout] 121 +     fandhe_ai_backend_cuda::parity::assert_parity(
[INFO] [stdout]     |
[INFO] [stdout] 
[INFO] [stdout] 
[INFO] [stdout] error[E0433]: cannot find module or crate `fandhe_ai_backend_cpu` in this scope
[INFO] [stdout]    --> tests/parity_nonregression.rs:257:18
[INFO] [stdout]     |
[INFO] [stdout] 257 |     let report = fandhe_ai_backend_cpu::compare(&a, &b).expect("length must match");
[INFO] [stdout]     |                  ^^^^^^^^^^^^^^^^^^^^^ use of unresolved module or unlinked crate `fandhe_ai_backend_cpu`
[INFO] [stdout]     |
[INFO] [stdout] help: there is a crate or module with a similar name
[INFO] [stdout]     |
[INFO] [stdout] 257 -     let report = fandhe_ai_backend_cpu::compare(&a, &b).expect("length must match");
[INFO] [stdout] 257 +     let report = fandhe_ai_backend_cuda::compare(&a, &b).expect("length must match");
[INFO] [stdout]     |
[INFO] [stdout] 
[INFO] [stdout] 
[INFO] [stderr] error: could not compile `fandhe-ai-backend-cuda` (test "log_softmax_parity") due to 7 previous errors
[INFO] [stdout] error[E0433]: cannot find module or crate `fandhe_ai_backend_cpu` in this scope
[INFO] [stdout]    --> tests/parity_nonregression.rs:293:18
[INFO] [stdout]     |
[INFO] [stdout] 293 |     let report = fandhe_ai_backend_cpu::compare(&a, &b).expect("length must match");
[INFO] [stdout]     |                  ^^^^^^^^^^^^^^^^^^^^^ use of unresolved module or unlinked crate `fandhe_ai_backend_cpu`
[INFO] [stdout]     |
[INFO] [stdout] help: there is a crate or module with a similar name
[INFO] [stdout]     |
[INFO] [stdout] 293 -     let report = fandhe_ai_backend_cpu::compare(&a, &b).expect("length must match");
[INFO] [stdout] 293 +     let report = fandhe_ai_backend_cuda::compare(&a, &b).expect("length must match");
[INFO] [stdout]     |
[INFO] [stdout] 
[INFO] [stdout] 
[INFO] [stdout] For more information about this error, try `rustc --explain E0433`.
[INFO] [stdout] 
[INFO] [stdout] error[E0433]: cannot find module or crate `fandhe_ai_backend_cpu` in this scope
[INFO] [stdout]    --> tests/parity_nonregression.rs:322:18
[INFO] [stdout]     |
[INFO] [stdout] 322 |     let report = fandhe_ai_backend_cpu::compare(&a, &b).expect("length must match");
[INFO] [stdout]     |                  ^^^^^^^^^^^^^^^^^^^^^ use of unresolved module or unlinked crate `fandhe_ai_backend_cpu`
[INFO] [stdout]     |
[INFO] [stdout] help: there is a crate or module with a similar name
[INFO] [stdout]     |
[INFO] [stdout] 322 -     let report = fandhe_ai_backend_cpu::compare(&a, &b).expect("length must match");
[INFO] [stdout] 322 +     let report = fandhe_ai_backend_cuda::compare(&a, &b).expect("length must match");
[INFO] [stdout]     |
[INFO] [stdout] 
[INFO] [stdout] 
[INFO] [stdout] error[E0433]: cannot find module or crate `fandhe_ai_backend_cpu` in this scope
[INFO] [stdout]    --> tests/parity_nonregression.rs:348:18
[INFO] [stdout]     |
[INFO] [stdout] 348 |     let report = fandhe_ai_backend_cpu::compare(&a, &b).expect("length must match");
[INFO] [stdout]     |                  ^^^^^^^^^^^^^^^^^^^^^ use of unresolved module or unlinked crate `fandhe_ai_backend_cpu`
[INFO] [stdout]     |
[INFO] [stdout] help: there is a crate or module with a similar name
[INFO] [stdout]     |
[INFO] [stdout] 348 -     let report = fandhe_ai_backend_cpu::compare(&a, &b).expect("length must match");
[INFO] [stdout] 348 +     let report = fandhe_ai_backend_cuda::compare(&a, &b).expect("length must match");
[INFO] [stdout]     |
[INFO] [stdout] 
[INFO] [stdout] 
[INFO] [stdout] error[E0433]: cannot find module or crate `fandhe_ai_backend_cpu` in this scope
[INFO] [stdout]    --> tests/parity_nonregression.rs:381:18
[INFO] [stdout]     |
[INFO] [stdout] 381 |     let report = fandhe_ai_backend_cpu::compare(&a, &b).expect("length must match");
[INFO] [stdout]     |                  ^^^^^^^^^^^^^^^^^^^^^ use of unresolved module or unlinked crate `fandhe_ai_backend_cpu`
[INFO] [stdout]     |
[INFO] [stdout] help: there is a crate or module with a similar name
[INFO] [stdout]     |
[INFO] [stdout] 381 -     let report = fandhe_ai_backend_cpu::compare(&a, &b).expect("length must match");
[INFO] [stdout] 381 +     let report = fandhe_ai_backend_cuda::compare(&a, &b).expect("length must match");
[INFO] [stdout]     |
[INFO] [stdout] 
[INFO] [stdout] 
[INFO] [stdout] error[E0433]: cannot find module or crate `fandhe_ai_backend_cpu` in this scope
[INFO] [stdout]    --> tests/parity_nonregression.rs:414:18
[INFO] [stdout]     |
[INFO] [stdout] 414 |     let report = fandhe_ai_backend_cpu::compare(&a, &b).expect("length must match");
[INFO] [stdout]     |                  ^^^^^^^^^^^^^^^^^^^^^ use of unresolved module or unlinked crate `fandhe_ai_backend_cpu`
[INFO] [stdout]     |
[INFO] [stdout] help: there is a crate or module with a similar name
[INFO] [stdout]     |
[INFO] [stdout] 414 -     let report = fandhe_ai_backend_cpu::compare(&a, &b).expect("length must match");
[INFO] [stdout] 414 +     let report = fandhe_ai_backend_cuda::compare(&a, &b).expect("length must match");
[INFO] [stdout]     |
[INFO] [stdout] 
[INFO] [stdout] 
[INFO] [stderr] error: could not compile `fandhe-ai-backend-cuda` (test "graph_capture_real_device") due to 2 previous errors
[INFO] [stdout] error[E0433]: cannot find module or crate `fandhe_ai_backend_cpu` in this scope
[INFO] [stdout]    --> tests/norm_backward_parity.rs:599:5
[INFO] [stdout]     |
[INFO] [stdout] 599 |     fandhe_ai_backend_cpu::parity::assert_parity(
[INFO] [stdout]     |     ^^^^^^^^^^^^^^^^^^^^^ use of unresolved module or unlinked crate `fandhe_ai_backend_cpu`
[INFO] [stdout]     |
[INFO] [stdout] help: there is a crate or module with a similar name
[INFO] [stdout]     |
[INFO] [stdout] 599 -     fandhe_ai_backend_cpu::parity::assert_parity(
[INFO] [stdout] 599 +     fandhe_ai_backend_cuda::parity::assert_parity(
[INFO] [stdout]     |
[INFO] [stdout] 
[INFO] [stdout] 
[INFO] [stdout] error[E0433]: cannot find module or crate `fandhe_ai_backend_cpu` in this scope
[INFO] [stdout]    --> tests/linear_forward_device_real_device.rs:191:19
[INFO] [stdout]     |
[INFO] [stdout] 191 |     let cpu_ops = fandhe_ai_backend_cpu::CpuBackendOps::new();
[INFO] [stdout]     |                   ^^^^^^^^^^^^^^^^^^^^^ use of unresolved module or unlinked crate `fandhe_ai_backend_cpu`
[INFO] [stdout]     |
[INFO] [stdout] help: there is a crate or module with a similar name
[INFO] [stdout]     |
[INFO] [stdout] 191 -     let cpu_ops = fandhe_ai_backend_cpu::CpuBackendOps::new();
[INFO] [stdout] 191 +     let cpu_ops = fandhe_ai_backend_cuda::CpuBackendOps::new();
[INFO] [stdout]     |
[INFO] [stdout] 
[INFO] [stdout] 
[INFO] [stdout] error[E0433]: cannot find module or crate `fandhe_ai_backend_cpu` in this scope
[INFO] [stdout]    --> tests/parity_nonregression.rs:539:5
[INFO] [stdout]     |
[INFO] [stdout] 539 |     fandhe_ai_backend_cpu::matmul_reference_fma(
[INFO] [stdout]     |     ^^^^^^^^^^^^^^^^^^^^^ use of unresolved module or unlinked crate `fandhe_ai_backend_cpu`
[INFO] [stdout]     |
[INFO] [stdout] help: there is a crate or module with a similar name
[INFO] [stdout]     |
[INFO] [stdout] 539 -     fandhe_ai_backend_cpu::matmul_reference_fma(
[INFO] [stdout] 539 +     fandhe_ai_backend_cuda::matmul_reference_fma(
[INFO] [stdout]     |
[INFO] [stdout] 
[INFO] [stdout] 
[INFO] [stdout] error[E0433]: cannot find module or crate `fandhe_ai_backend_cpu` in this scope
[INFO] [stdout]    --> tests/parity_nonregression.rs:554:9
[INFO] [stdout]     |
[INFO] [stdout] 554 |         fandhe_ai_backend_cpu::compare(&c_gpu, &c_ref).expect("shape must match baseline fixture");
[INFO] [stdout]     |         ^^^^^^^^^^^^^^^^^^^^^ use of unresolved module or unlinked crate `fandhe_ai_backend_cpu`
[INFO] [stdout]     |
[INFO] [stdout] help: there is a crate or module with a similar name
[INFO] [stdout]     |
[INFO] [stdout] 554 -         fandhe_ai_backend_cpu::compare(&c_gpu, &c_ref).expect("shape must match baseline fixture");
[INFO] [stdout] 554 +         fandhe_ai_backend_cuda::compare(&c_gpu, &c_ref).expect("shape must match baseline fixture");
[INFO] [stdout]     |
[INFO] [stdout] 
[INFO] [stdout] 
[INFO] [stdout] error[E0433]: cannot find module or crate `fandhe_ai_backend_cpu` in this scope
[INFO] [stdout]    --> tests/parity_nonregression.rs:572:5
[INFO] [stdout]     |
[INFO] [stdout] 572 |     fandhe_ai_backend_cpu::matmul_reference_fma(
[INFO] [stdout]     |     ^^^^^^^^^^^^^^^^^^^^^ use of unresolved module or unlinked crate `fandhe_ai_backend_cpu`
[INFO] [stdout]     |
[INFO] [stdout] help: there is a crate or module with a similar name
[INFO] [stdout]     |
[INFO] [stdout] 572 -     fandhe_ai_backend_cpu::matmul_reference_fma(
[INFO] [stdout] 572 +     fandhe_ai_backend_cuda::matmul_reference_fma(
[INFO] [stdout]     |
[INFO] [stdout] 
[INFO] [stdout] 
[INFO] [stdout] error[E0433]: cannot find module or crate `fandhe_ai_backend_cpu` in this scope
[INFO] [stdout]    --> tests/parity_nonregression.rs:591:18
[INFO] [stdout]     |
[INFO] [stdout] 591 |     let report = fandhe_ai_backend_cpu::compare(&c_gpu_f32, &c_ref_rounded)
[INFO] [stdout]     |                  ^^^^^^^^^^^^^^^^^^^^^ use of unresolved module or unlinked crate `fandhe_ai_backend_cpu`
[INFO] [stdout]     |
[INFO] [stdout] help: there is a crate or module with a similar name
[INFO] [stdout]     |
[INFO] [stdout] 591 -     let report = fandhe_ai_backend_cpu::compare(&c_gpu_f32, &c_ref_rounded)
[INFO] [stdout] 591 +     let report = fandhe_ai_backend_cuda::compare(&c_gpu_f32, &c_ref_rounded)
[INFO] [stdout]     |
[INFO] [stdout] 
[INFO] [stdout] 
[INFO] [stdout] error[E0433]: cannot find module or crate `fandhe_ai_backend_cpu` in this scope
[INFO] [stdout]    --> tests/huber_parity.rs:147:5
[INFO] [stdout]     |
[INFO] [stdout] 147 |     fandhe_ai_backend_cpu::parity::assert_parity(
[INFO] [stdout]     |     ^^^^^^^^^^^^^^^^^^^^^ use of unresolved module or unlinked crate `fandhe_ai_backend_cpu`
[INFO] [stdout]     |
[INFO] [stdout] help: there is a crate or module with a similar name
[INFO] [stdout]     |
[INFO] [stdout] 147 -     fandhe_ai_backend_cpu::parity::assert_parity(
[INFO] [stdout] 147 +     fandhe_ai_backend_cuda::parity::assert_parity(
[INFO] [stdout]     |
[INFO] [stdout] 
[INFO] [stdout] 
[INFO] [stdout] error[E0433]: cannot find module or crate `fandhe_ai_backend_cpu` in this scope
[INFO] [stdout]    --> tests/norm_backward_parity.rs:625:5
[INFO] [stdout]     |
[INFO] [stdout] 625 |     fandhe_ai_backend_cpu::parity::assert_parity(
[INFO] [stdout]     |     ^^^^^^^^^^^^^^^^^^^^^ use of unresolved module or unlinked crate `fandhe_ai_backend_cpu`
[INFO] [stdout]     |
[INFO] [stdout] help: there is a crate or module with a similar name
[INFO] [stdout]     |
[INFO] [stdout] 625 -     fandhe_ai_backend_cpu::parity::assert_parity(
[INFO] [stdout] 625 +     fandhe_ai_backend_cuda::parity::assert_parity(
[INFO] [stdout]     |
[INFO] [stdout] 
[INFO] [stdout] 
[INFO] [stdout] error[E0433]: cannot find module or crate `fandhe_ai_backend_cpu` in this scope
[INFO] [stdout]    --> tests/linear_forward_device_real_device.rs:285:19
[INFO] [stdout]     |
[INFO] [stdout] 285 |     let cpu_ops = fandhe_ai_backend_cpu::CpuBackendOps::new();
[INFO] [stdout]     |                   ^^^^^^^^^^^^^^^^^^^^^ use of unresolved module or unlinked crate `fandhe_ai_backend_cpu`
[INFO] [stdout]     |
[INFO] [stdout] help: there is a crate or module with a similar name
[INFO] [stdout]     |
[INFO] [stdout] 285 -     let cpu_ops = fandhe_ai_backend_cpu::CpuBackendOps::new();
[INFO] [stdout] 285 +     let cpu_ops = fandhe_ai_backend_cuda::CpuBackendOps::new();
[INFO] [stdout]     |
[INFO] [stdout] 
[INFO] [stdout] 
[INFO] [stdout] error[E0433]: cannot find module or crate `fandhe_ai_backend_cpu` in this scope
[INFO] [stdout]     --> tests/common/parity_baseline.rs:1292:9
[INFO] [stdout]      |
[INFO] [stdout] 1292 |         fandhe_ai_backend_cpu::RELATIVE_TOLERANCE,
[INFO] [stdout]      |         ^^^^^^^^^^^^^^^^^^^^^ use of unresolved module or unlinked crate `fandhe_ai_backend_cpu`
[INFO] [stdout]      |
[INFO] [stdout] help: there is a crate or module with a similar name
[INFO] [stdout]      |
[INFO] [stdout] 1292 -         fandhe_ai_backend_cpu::RELATIVE_TOLERANCE,
[INFO] [stdout] 1292 +         fandhe_ai_backend_cuda::RELATIVE_TOLERANCE,
[INFO] [stdout]      |
[INFO] [stdout] 
[INFO] [stdout] 
[INFO] [stdout] error[E0433]: cannot find module or crate `fandhe_ai_backend_cpu` in this scope
[INFO] [stdout]     --> tests/common/parity_baseline.rs:1298:9
[INFO] [stdout]      |
[INFO] [stdout] 1298 |         fandhe_ai_backend_cpu::ABSOLUTE_RESCUE_THRESHOLD,
[INFO] [stdout]      |         ^^^^^^^^^^^^^^^^^^^^^ use of unresolved module or unlinked crate `fandhe_ai_backend_cpu`
[INFO] [stdout]      |
[INFO] [stdout] help: there is a crate or module with a similar name
[INFO] [stdout]      |
[INFO] [stdout] 1298 -         fandhe_ai_backend_cpu::ABSOLUTE_RESCUE_THRESHOLD,
[INFO] [stdout] 1298 +         fandhe_ai_backend_cuda::ABSOLUTE_RESCUE_THRESHOLD,
[INFO] [stdout]      |
[INFO] [stdout] 
[INFO] [stdout] 
[INFO] [stdout] error[E0433]: cannot find module or crate `fandhe_ai_backend_cpu` in this scope
[INFO] [stdout]    --> tests/norm_backward_parity.rs:657:13
[INFO] [stdout]     |
[INFO] [stdout] 657 |             fandhe_ai_backend_cpu::parity::assert_parity(
[INFO] [stdout]     |             ^^^^^^^^^^^^^^^^^^^^^ use of unresolved module or unlinked crate `fandhe_ai_backend_cpu`
[INFO] [stdout]     |
[INFO] [stdout] help: there is a crate or module with a similar name
[INFO] [stdout]     |
[INFO] [stdout] 657 -             fandhe_ai_backend_cpu::parity::assert_parity(
[INFO] [stdout] 657 +             fandhe_ai_backend_cuda::parity::assert_parity(
[INFO] [stdout]     |
[INFO] [stdout] 
[INFO] [stdout] 
[INFO] [stdout] error[E0433]: cannot find module or crate `fandhe_ai_backend_cpu` in this scope
[INFO] [stdout]   --> tests/linear_forward_device_real_device.rs:33:5
[INFO] [stdout]    |
[INFO] [stdout] 33 |     fandhe_ai_backend_cpu::assert_parity(ctx, a.as_slice().unwrap(), e.as_slice().unwrap());
[INFO] [stdout]    |     ^^^^^^^^^^^^^^^^^^^^^ use of unresolved module or unlinked crate `fandhe_ai_backend_cpu`
[INFO] [stdout]    |
[INFO] [stdout] help: there is a crate or module with a similar name
[INFO] [stdout]    |
[INFO] [stdout] 33 -     fandhe_ai_backend_cpu::assert_parity(ctx, a.as_slice().unwrap(), e.as_slice().unwrap());
[INFO] [stdout] 33 +     fandhe_ai_backend_cuda::assert_parity(ctx, a.as_slice().unwrap(), e.as_slice().unwrap());
[INFO] [stdout]    |
[INFO] [stdout] 
[INFO] [stdout] 
[INFO] [stdout] error[E0433]: cannot find module or crate `fandhe_ai_backend_cpu` in this scope
[INFO] [stdout]     --> tests/common/parity_baseline.rs:1204:14
[INFO] [stdout]      |
[INFO] [stdout] 1204 |     report: &fandhe_ai_backend_cpu::CompareReport,
[INFO] [stdout]      |              ^^^^^^^^^^^^^^^^^^^^^ use of unresolved module or unlinked crate `fandhe_ai_backend_cpu`
[INFO] [stdout]      |
[INFO] [stdout] help: there is a crate or module with a similar name
[INFO] [stdout]      |
[INFO] [stdout] 1204 -     report: &fandhe_ai_backend_cpu::CompareReport,
[INFO] [stdout] 1204 +     report: &fandhe_ai_backend_cuda::CompareReport,
[INFO] [stdout]      |
[INFO] [stdout] 
[INFO] [stdout] 
[INFO] [stdout] For more information about this error, try `rustc --explain E0433`.
[INFO] [stdout] 
[INFO] [stdout] error[E0433]: cannot find module or crate `fandhe_ai_backend_cpu` in this scope
[INFO] [stdout]     --> tests/common/parity_baseline.rs:1292:9
[INFO] [stdout]      |
[INFO] [stdout] 1292 |         fandhe_ai_backend_cpu::RELATIVE_TOLERANCE,
[INFO] [stdout]      |         ^^^^^^^^^^^^^^^^^^^^^ use of unresolved module or unlinked crate `fandhe_ai_backend_cpu`
[INFO] [stdout]      |
[INFO] [stdout] help: there is a crate or module with a similar name
[INFO] [stdout]      |
[INFO] [stdout] 1292 -         fandhe_ai_backend_cpu::RELATIVE_TOLERANCE,
[INFO] [stdout] 1292 +         fandhe_ai_backend_cuda::RELATIVE_TOLERANCE,
[INFO] [stdout]      |
[INFO] [stdout] 
[INFO] [stdout] 
[INFO] [stdout] error[E0433]: cannot find module or crate `fandhe_ai_backend_cpu` in this scope
[INFO] [stdout]     --> tests/common/parity_baseline.rs:1298:9
[INFO] [stdout]      |
[INFO] [stdout] 1298 |         fandhe_ai_backend_cpu::ABSOLUTE_RESCUE_THRESHOLD,
[INFO] [stdout]      |         ^^^^^^^^^^^^^^^^^^^^^ use of unresolved module or unlinked crate `fandhe_ai_backend_cpu`
[INFO] [stdout]      |
[INFO] [stdout] help: there is a crate or module with a similar name
[INFO] [stdout]      |
[INFO] [stdout] 1298 -         fandhe_ai_backend_cpu::ABSOLUTE_RESCUE_THRESHOLD,
[INFO] [stdout] 1298 +         fandhe_ai_backend_cuda::ABSOLUTE_RESCUE_THRESHOLD,
[INFO] [stdout]      |
[INFO] [stdout] 
[INFO] [stdout] 
[INFO] [stderr] error: could not compile `fandhe-ai-backend-cuda` (test "parity_nonregression") due to 15 previous errors
[INFO] [stdout] error[E0433]: cannot find module or crate `fandhe_ai_backend_cpu` in this scope
[INFO] [stdout]     --> tests/common/parity_baseline.rs:1292:9
[INFO] [stdout]      |
[INFO] [stdout] 1292 |         fandhe_ai_backend_cpu::RELATIVE_TOLERANCE,
[INFO] [stdout]      |         ^^^^^^^^^^^^^^^^^^^^^ use of unresolved module or unlinked crate `fandhe_ai_backend_cpu`
[INFO] [stdout]      |
[INFO] [stdout] help: there is a crate or module with a similar name
[INFO] [stdout]      |
[INFO] [stdout] 1292 -         fandhe_ai_backend_cpu::RELATIVE_TOLERANCE,
[INFO] [stdout] 1292 +         fandhe_ai_backend_cuda::RELATIVE_TOLERANCE,
[INFO] [stdout]      |
[INFO] [stdout] 
[INFO] [stdout] 
[INFO] [stdout] error[E0433]: cannot find module or crate `fandhe_ai_backend_cpu` in this scope
[INFO] [stdout]     --> tests/common/parity_baseline.rs:1298:9
[INFO] [stdout]      |
[INFO] [stdout] 1298 |         fandhe_ai_backend_cpu::ABSOLUTE_RESCUE_THRESHOLD,
[INFO] [stdout]      |         ^^^^^^^^^^^^^^^^^^^^^ use of unresolved module or unlinked crate `fandhe_ai_backend_cpu`
[INFO] [stdout]      |
[INFO] [stdout] help: there is a crate or module with a similar name
[INFO] [stdout]      |
[INFO] [stdout] 1298 -         fandhe_ai_backend_cpu::ABSOLUTE_RESCUE_THRESHOLD,
[INFO] [stdout] 1298 +         fandhe_ai_backend_cuda::ABSOLUTE_RESCUE_THRESHOLD,
[INFO] [stdout]      |
[INFO] [stdout] 
[INFO] [stdout] 
[INFO] [stdout] error[E0433]: cannot find module or crate `fandhe_ai_backend_cpu` in this scope
[INFO] [stdout]     --> tests/common/parity_baseline.rs:1204:14
[INFO] [stdout]      |
[INFO] [stdout] 1204 |     report: &fandhe_ai_backend_cpu::CompareReport,
[INFO] [stdout]      |              ^^^^^^^^^^^^^^^^^^^^^ use of unresolved module or unlinked crate `fandhe_ai_backend_cpu`
[INFO] [stdout]      |
[INFO] [stdout] help: there is a crate or module with a similar name
[INFO] [stdout]      |
[INFO] [stdout] 1204 -     report: &fandhe_ai_backend_cpu::CompareReport,
[INFO] [stdout] 1204 +     report: &fandhe_ai_backend_cuda::CompareReport,
[INFO] [stdout]      |
[INFO] [stdout] 
[INFO] [stdout] 
[INFO] [stdout] For more information about this error, try `rustc --explain E0433`.
[INFO] [stdout] 
[INFO] [stderr] error: could not compile `fandhe-ai-backend-cuda` (test "kl_div_parity") due to 6 previous errors
[INFO] [stdout] error[E0433]: cannot find module or crate `fandhe_ai_backend_cpu` in this scope
[INFO] [stdout]     --> tests/common/parity_baseline.rs:1204:14
[INFO] [stdout]      |
[INFO] [stdout] 1204 |     report: &fandhe_ai_backend_cpu::CompareReport,
[INFO] [stdout]      |              ^^^^^^^^^^^^^^^^^^^^^ use of unresolved module or unlinked crate `fandhe_ai_backend_cpu`
[INFO] [stdout]      |
[INFO] [stdout] help: there is a crate or module with a similar name
[INFO] [stdout]      |
[INFO] [stdout] 1204 -     report: &fandhe_ai_backend_cpu::CompareReport,
[INFO] [stdout] 1204 +     report: &fandhe_ai_backend_cuda::CompareReport,
[INFO] [stdout]      |
[INFO] [stdout] 
[INFO] [stdout] 
[INFO] [stdout] For more information about this error, try `rustc --explain E0433`.
[INFO] [stdout] 
[INFO] [stdout] Some errors have detailed explanations: E0432, E0433.
[INFO] [stdout] 
[INFO] [stdout] For more information about an error, try `rustc --explain E0432`.
[INFO] [stdout] 
[INFO] [stderr] error: could not compile `fandhe-ai-backend-cuda` (test "huber_parity") due to 6 previous errors
[INFO] [stderr] error: could not compile `fandhe-ai-backend-cuda` (test "linear_forward_device_real_device") due to 5 previous errors
[INFO] [stderr] error: could not compile `fandhe-ai-backend-cuda` (test "norm_backward_parity") due to 14 previous errors
[INFO] [stdout] error[E0433]: cannot find module or crate `fandhe_ai_backend_cpu` in this scope
[INFO] [stdout]     --> tests/common/parity_baseline.rs:1204:14
[INFO] [stdout]      |
[INFO] [stdout] 1204 |     report: &fandhe_ai_backend_cpu::CompareReport,
[INFO] [stdout]      |              ^^^^^^^^^^^^^^^^^^^^^ use of unresolved module or unlinked crate `fandhe_ai_backend_cpu`
[INFO] [stdout]      |
[INFO] [stdout] help: there is a crate or module with a similar name
[INFO] [stdout]      |
[INFO] [stdout] 1204 -     report: &fandhe_ai_backend_cpu::CompareReport,
[INFO] [stdout] 1204 +     report: &fandhe_ai_backend_cuda::CompareReport,
[INFO] [stdout]      |
[INFO] [stdout] 
[INFO] [stdout] 
[INFO] [stdout] For more information about this error, try `rustc --explain E0433`.
[INFO] [stdout] 
[INFO] [stdout] error[E0433]: cannot find module or crate `bench_harness` in this scope
[INFO] [stdout]   --> src/fresh_overhead_diag_tests.rs:72:5
[INFO] [stdout]    |
[INFO] [stdout] 72 | use bench_harness::{Quartiles, median_q1_q3, rng::Xorshift64Star};
[INFO] [stdout]    |     ^^^^^^^^^^^^^ use of unresolved module or unlinked crate `bench_harness`
[INFO] [stdout]    |
[INFO] [stdout]    = help: if you wanted to use a crate named `bench_harness`, use `cargo add bench_harness` to add it to your `Cargo.toml`
[INFO] [stdout] 
[INFO] [stdout] 
[INFO] [stdout] error[E0432]: unresolved import `bench_harness`
[INFO] [stdout]   --> src/fresh_overhead_diag_tests.rs:72:5
[INFO] [stdout]    |
[INFO] [stdout] 72 | use bench_harness::{Quartiles, median_q1_q3, rng::Xorshift64Star};
[INFO] [stdout]    |     ^^^^^^^^^^^^^ use of unresolved module or unlinked crate `bench_harness`
[INFO] [stdout]    |
[INFO] [stdout]    = help: if you wanted to use a crate named `bench_harness`, use `cargo add bench_harness` to add it to your `Cargo.toml`
[INFO] [stdout] 
[INFO] [stdout] 
[INFO] [stdout] error[E0433]: cannot find module or crate `bench_harness` in this scope
[INFO] [stdout]   --> src/gemm_reuse_phase_diag_tests.rs:74:5
[INFO] [stdout]    |
[INFO] [stdout] 74 | use bench_harness::{Quartiles, median_q1_q3, rng::Xorshift64Star};
[INFO] [stdout]    |     ^^^^^^^^^^^^^ use of unresolved module or unlinked crate `bench_harness`
[INFO] [stdout]    |
[INFO] [stdout]    = help: if you wanted to use a crate named `bench_harness`, use `cargo add bench_harness` to add it to your `Cargo.toml`
[INFO] [stdout] 
[INFO] [stdout] 
[INFO] [stdout] error[E0432]: unresolved import `bench_harness`
[INFO] [stdout]   --> src/gemm_reuse_phase_diag_tests.rs:74:5
[INFO] [stdout]    |
[INFO] [stdout] 74 | use bench_harness::{Quartiles, median_q1_q3, rng::Xorshift64Star};
[INFO] [stdout]    |     ^^^^^^^^^^^^^ use of unresolved module or unlinked crate `bench_harness`
[INFO] [stdout]    |
[INFO] [stdout]    = help: if you wanted to use a crate named `bench_harness`, use `cargo add bench_harness` to add it to your `Cargo.toml`
[INFO] [stdout] 
[INFO] [stdout] 
[INFO] [stdout] error[E0433]: cannot find module or crate `bench_harness` in this scope
[INFO] [stdout]   --> src/gemm_small_launch_cost_diag_tests.rs:63:5
[INFO] [stdout]    |
[INFO] [stdout] 63 | use bench_harness::{Quartiles, median_q1_q3, rng::Xorshift64Star};
[INFO] [stdout]    |     ^^^^^^^^^^^^^ use of unresolved module or unlinked crate `bench_harness`
[INFO] [stdout]    |
[INFO] [stdout]    = help: if you wanted to use a crate named `bench_harness`, use `cargo add bench_harness` to add it to your `Cargo.toml`
[INFO] [stdout] 
[INFO] [stdout] 
[INFO] [stdout] error[E0432]: unresolved import `bench_harness`
[INFO] [stdout]   --> src/gemm_small_launch_cost_diag_tests.rs:63:5
[INFO] [stdout]    |
[INFO] [stdout] 63 | use bench_harness::{Quartiles, median_q1_q3, rng::Xorshift64Star};
[INFO] [stdout]    |     ^^^^^^^^^^^^^ use of unresolved module or unlinked crate `bench_harness`
[INFO] [stdout]    |
[INFO] [stdout]    = help: if you wanted to use a crate named `bench_harness`, use `cargo add bench_harness` to add it to your `Cargo.toml`
[INFO] [stdout] 
[INFO] [stdout] 
[INFO] [stdout] error[E0433]: cannot find module or crate `bench_harness` in this scope
[INFO] [stdout]    --> src/init_cost_diag_tests.rs:112:5
[INFO] [stdout]     |
[INFO] [stdout] 112 | use bench_harness::{Quartiles, median_q1_q3, rng::Xorshift64Star};
[INFO] [stdout]     |     ^^^^^^^^^^^^^ use of unresolved module or unlinked crate `bench_harness`
[INFO] [stdout]     |
[INFO] [stdout]     = help: if you wanted to use a crate named `bench_harness`, use `cargo add bench_harness` to add it to your `Cargo.toml`
[INFO] [stdout] 
[INFO] [stdout] 
[INFO] [stdout] error[E0432]: unresolved import `bench_harness`
[INFO] [stdout]    --> src/init_cost_diag_tests.rs:112:5
[INFO] [stdout]     |
[INFO] [stdout] 112 | use bench_harness::{Quartiles, median_q1_q3, rng::Xorshift64Star};
[INFO] [stdout]     |     ^^^^^^^^^^^^^ use of unresolved module or unlinked crate `bench_harness`
[INFO] [stdout]     |
[INFO] [stdout]     = help: if you wanted to use a crate named `bench_harness`, use `cargo add bench_harness` to add it to your `Cargo.toml`
[INFO] [stdout] 
[INFO] [stdout] 
[INFO] [stdout] error[E0433]: cannot find module or crate `bench_harness` in this scope
[INFO] [stdout]   --> src/train_forward_resident_diag_tests.rs:55:5
[INFO] [stdout]    |
[INFO] [stdout] 55 | use bench_harness::{median_q1_q3, rng::Xorshift64Star};
[INFO] [stdout]    |     ^^^^^^^^^^^^^ use of unresolved module or unlinked crate `bench_harness`
[INFO] [stdout]    |
[INFO] [stdout]    = help: if you wanted to use a crate named `bench_harness`, use `cargo add bench_harness` to add it to your `Cargo.toml`
[INFO] [stdout] 
[INFO] [stdout] 
[INFO] [stdout] error[E0432]: unresolved import `bench_harness`
[INFO] [stdout]   --> src/train_forward_resident_diag_tests.rs:55:5
[INFO] [stdout]    |
[INFO] [stdout] 55 | use bench_harness::{median_q1_q3, rng::Xorshift64Star};
[INFO] [stdout]    |     ^^^^^^^^^^^^^ use of unresolved module or unlinked crate `bench_harness`
[INFO] [stdout]    |
[INFO] [stdout]    = help: if you wanted to use a crate named `bench_harness`, use `cargo add bench_harness` to add it to your `Cargo.toml`
[INFO] [stdout] 
[INFO] [stdout] 
[INFO] [stdout] error[E0433]: cannot find module or crate `bench_harness` in this scope
[INFO] [stdout]    --> src/readout_regression_diag_tests_1436.rs:105:5
[INFO] [stdout]     |
[INFO] [stdout] 105 | use bench_harness::{Quartiles, median_q1_q3, rng::Xorshift64Star};
[INFO] [stdout]     |     ^^^^^^^^^^^^^ use of unresolved module or unlinked crate `bench_harness`
[INFO] [stdout]     |
[INFO] [stdout]     = help: if you wanted to use a crate named `bench_harness`, use `cargo add bench_harness` to add it to your `Cargo.toml`
[INFO] [stdout] 
[INFO] [stdout] 
[INFO] [stdout] error[E0432]: unresolved import `bench_harness`
[INFO] [stdout]    --> src/readout_regression_diag_tests_1436.rs:105:5
[INFO] [stdout]     |
[INFO] [stdout] 105 | use bench_harness::{Quartiles, median_q1_q3, rng::Xorshift64Star};
[INFO] [stdout]     |     ^^^^^^^^^^^^^ use of unresolved module or unlinked crate `bench_harness`
[INFO] [stdout]     |
[INFO] [stdout]     = help: if you wanted to use a crate named `bench_harness`, use `cargo add bench_harness` to add it to your `Cargo.toml`
[INFO] [stdout] 
[INFO] [stdout] 
[INFO] [stdout] error[E0433]: cannot find module or crate `bench_harness` in this scope
[INFO] [stdout]   --> src/pooling_real_device_tests.rs:40:5
[INFO] [stdout]    |
[INFO] [stdout] 40 | use bench_harness::rng::Xorshift64Star;
[INFO] [stdout]    |     ^^^^^^^^^^^^^ use of unresolved module or unlinked crate `bench_harness`
[INFO] [stdout]    |
[INFO] [stdout]    = help: if you wanted to use a crate named `bench_harness`, use `cargo add bench_harness` to add it to your `Cargo.toml`
[INFO] [stdout] 
[INFO] [stdout] 
[INFO] [stdout] error[E0432]: unresolved import `bench_harness`
[INFO] [stdout]   --> src/readback_attribution_diag_tests_2107.rs:73:5
[INFO] [stdout]    |
[INFO] [stdout] 73 | use bench_harness::median_q1_q3;
[INFO] [stdout]    |     ^^^^^^^^^^^^^ use of unresolved module or unlinked crate `bench_harness`
[INFO] [stdout]    |
[INFO] [stdout]    = help: if you wanted to use a crate named `bench_harness`, use `cargo add bench_harness` to add it to your `Cargo.toml`
[INFO] [stdout] 
[INFO] [stdout] 
[INFO] [stdout] error[E0433]: cannot find module or crate `bench_harness` in this scope
[INFO] [stdout]   --> src/jit_cache_bench_tests.rs:90:5
[INFO] [stdout]    |
[INFO] [stdout] 90 | use bench_harness::{MeasurementConfig, median_q1_q3, rng::Xorshift64Star};
[INFO] [stdout]    |     ^^^^^^^^^^^^^ use of unresolved module or unlinked crate `bench_harness`
[INFO] [stdout]    |
[INFO] [stdout]    = help: if you wanted to use a crate named `bench_harness`, use `cargo add bench_harness` to add it to your `Cargo.toml`
[INFO] [stdout] 
[INFO] [stdout] 
[INFO] [stdout] error[E0433]: cannot find module or crate `bench_harness` in this scope
[INFO] [stdout]    --> src/sort_model.rs:421:13
[INFO] [stdout]     |
[INFO] [stdout] 421 |         use bench_harness::rng::Xorshift64Star;
[INFO] [stdout]     |             ^^^^^^^^^^^^^ use of unresolved module or unlinked crate `bench_harness`
[INFO] [stdout]     |
[INFO] [stdout]     = help: if you wanted to use a crate named `bench_harness`, use `cargo add bench_harness` to add it to your `Cargo.toml`
[INFO] [stdout] 
[INFO] [stdout] 
[INFO] [stdout] error[E0433]: cannot find module or crate `bench_harness` in this scope
[INFO] [stdout]    --> src/module_cache_wiring_tests.rs:284:13
[INFO] [stdout]     |
[INFO] [stdout] 284 |         use bench_harness::rng::Xorshift64Star;
[INFO] [stdout]     |             ^^^^^^^^^^^^^ use of unresolved module or unlinked crate `bench_harness`
[INFO] [stdout]     |
[INFO] [stdout]     = help: if you wanted to use a crate named `bench_harness`, use `cargo add bench_harness` to add it to your `Cargo.toml`
[INFO] [stdout] 
[INFO] [stdout] 
[INFO] [stdout] error[E0432]: unresolved import `bench_harness`
[INFO] [stdout]   --> src/jit_cache_bench_tests.rs:90:5
[INFO] [stdout]    |
[INFO] [stdout] 90 | use bench_harness::{MeasurementConfig, median_q1_q3, rng::Xorshift64Star};
[INFO] [stdout]    |     ^^^^^^^^^^^^^ use of unresolved module or unlinked crate `bench_harness`
[INFO] [stdout]    |
[INFO] [stdout]    = help: if you wanted to use a crate named `bench_harness`, use `cargo add bench_harness` to add it to your `Cargo.toml`
[INFO] [stdout] 
[INFO] [stdout] 
[INFO] [stdout] error[E0433]: cannot find module or crate `bench_harness` in this scope
[INFO] [stdout]     --> src/gemm.rs:7768:31
[INFO] [stdout]      |
[INFO] [stdout] 7768 |                 let mut rng = bench_harness::rng::Xorshift64Star::new(baseline.seed);
[INFO] [stdout]      |                               ^^^^^^^^^^^^^ use of unresolved module or unlinked crate `bench_harness`
[INFO] [stdout]      |
[INFO] [stdout]      = help: if you wanted to use a crate named `bench_harness`, use `cargo add bench_harness` to add it to your `Cargo.toml`
[INFO] [stdout] 
[INFO] [stdout] 
[INFO] [stdout] error[E0433]: cannot find module or crate `bench_harness` in this scope
[INFO] [stdout]     --> src/gemm.rs:7862:31
[INFO] [stdout]      |
[INFO] [stdout] 7862 |                 let mut rng = bench_harness::rng::Xorshift64Star::new(baseline.seed);
[INFO] [stdout]      |                               ^^^^^^^^^^^^^ use of unresolved module or unlinked crate `bench_harness`
[INFO] [stdout]      |
[INFO] [stdout]      = help: if you wanted to use a crate named `bench_harness`, use `cargo add bench_harness` to add it to your `Cargo.toml`
[INFO] [stdout] 
[INFO] [stdout] 
[INFO] [stdout] error[E0433]: cannot find module or crate `bench_harness` in this scope
[INFO] [stdout]     --> src/gemm.rs:7954:23
[INFO] [stdout]      |
[INFO] [stdout] 7954 |         let mut rng = bench_harness::rng::Xorshift64Star::new(seed);
[INFO] [stdout]      |                       ^^^^^^^^^^^^^ use of unresolved module or unlinked crate `bench_harness`
[INFO] [stdout]      |
[INFO] [stdout]      = help: if you wanted to use a crate named `bench_harness`, use `cargo add bench_harness` to add it to your `Cargo.toml`
[INFO] [stdout] 
[INFO] [stdout] 
[INFO] [stdout] error[E0433]: cannot find module or crate `bench_harness` in this scope
[INFO] [stdout]     --> src/gemm.rs:8055:23
[INFO] [stdout]      |
[INFO] [stdout] 8055 |         let mut rng = bench_harness::rng::Xorshift64Star::new(0xACE1);
[INFO] [stdout]      |                       ^^^^^^^^^^^^^ use of unresolved module or unlinked crate `bench_harness`
[INFO] [stdout]      |
[INFO] [stdout]      = help: if you wanted to use a crate named `bench_harness`, use `cargo add bench_harness` to add it to your `Cargo.toml`
[INFO] [stdout] 
[INFO] [stdout] 
[INFO] [stdout] error[E0433]: cannot find module or crate `bench_harness` in this scope
[INFO] [stdout]     --> src/gemm_mma.rs:1246:27
[INFO] [stdout]      |
[INFO] [stdout] 1246 |             let mut rng = bench_harness::rng::Xorshift64Star::new(seed);
[INFO] [stdout]      |                           ^^^^^^^^^^^^^ use of unresolved module or unlinked crate `bench_harness`
[INFO] [stdout]      |
[INFO] [stdout]      = help: if you wanted to use a crate named `bench_harness`, use `cargo add bench_harness` to add it to your `Cargo.toml`
[INFO] [stdout] 
[INFO] [stdout] 
[INFO] [stdout] error[E0433]: cannot find module or crate `bench_harness` in this scope
[INFO] [stdout]     --> src/gemm_mma.rs:1768:23
[INFO] [stdout]      |
[INFO] [stdout] 1768 |         let mut rng = bench_harness::rng::Xorshift64Star::new(seed);
[INFO] [stdout]      |                       ^^^^^^^^^^^^^ use of unresolved module or unlinked crate `bench_harness`
[INFO] [stdout]      |
[INFO] [stdout]      = help: if you wanted to use a crate named `bench_harness`, use `cargo add bench_harness` to add it to your `Cargo.toml`
[INFO] [stdout] 
[INFO] [stdout] 
[INFO] [stdout] error[E0433]: cannot find module or crate `bench_harness` in this scope
[INFO] [stdout]     --> src/kernels_tiled_pipeline_128x64.rs:1003:27
[INFO] [stdout]      |
[INFO] [stdout] 1003 |             let mut rng = bench_harness::rng::Xorshift64Star::new(0x1343_0000 + idx as u64);
[INFO] [stdout]      |                           ^^^^^^^^^^^^^ use of unresolved module or unlinked crate `bench_harness`
[INFO] [stdout]      |
[INFO] [stdout]      = help: if you wanted to use a crate named `bench_harness`, use `cargo add bench_harness` to add it to your `Cargo.toml`
[INFO] [stdout] 
[INFO] [stdout] 
[INFO] [stdout] error[E0433]: cannot find module or crate `fandhe_ai_backend_cpu` in this scope
[INFO] [stdout]    --> src/arg_reduce.rs:671:30
[INFO] [stdout]     |
[INFO] [stdout] 671 |             let expect_max = fandhe_ai_backend_cpu::reduction::argmax(&t, None);
[INFO] [stdout]     |                              ^^^^^^^^^^^^^^^^^^^^^ use of unresolved module or unlinked crate `fandhe_ai_backend_cpu`
[INFO] [stdout]     |
[INFO] [stdout]     = help: if you wanted to use a crate named `fandhe_ai_backend_cpu`, use `cargo add fandhe_ai_backend_cpu` to add it to your `Cargo.toml`
[INFO] [stdout] 
[INFO] [stdout] 
[INFO] [stdout] error[E0433]: cannot find module or crate `fandhe_ai_backend_cpu` in this scope
[INFO] [stdout]    --> src/arg_reduce.rs:672:30
[INFO] [stdout]     |
[INFO] [stdout] 672 |             let expect_min = fandhe_ai_backend_cpu::reduction::argmin(&t, None);
[INFO] [stdout]     |                              ^^^^^^^^^^^^^^^^^^^^^ use of unresolved module or unlinked crate `fandhe_ai_backend_cpu`
[INFO] [stdout]     |
[INFO] [stdout]     = help: if you wanted to use a crate named `fandhe_ai_backend_cpu`, use `cargo add fandhe_ai_backend_cpu` to add it to your `Cargo.toml`
[INFO] [stdout] 
[INFO] [stdout] 
[INFO] [stdout] error[E0433]: cannot find module or crate `fandhe_ai_backend_cpu` in this scope
[INFO] [stdout]    --> src/arg_reduce.rs:746:23
[INFO] [stdout]     |
[INFO] [stdout] 746 |         let exp_max = fandhe_ai_backend_cpu::reduction::argmax(&t, Some(1)).unwrap();
[INFO] [stdout]     |                       ^^^^^^^^^^^^^^^^^^^^^ use of unresolved module or unlinked crate `fandhe_ai_backend_cpu`
[INFO] [stdout]     |
[INFO] [stdout]     = help: if you wanted to use a crate named `fandhe_ai_backend_cpu`, use `cargo add fandhe_ai_backend_cpu` to add it to your `Cargo.toml`
[INFO] [stdout] 
[INFO] [stdout] 
[INFO] [stdout] error[E0433]: cannot find module or crate `fandhe_ai_backend_cpu` in this scope
[INFO] [stdout]    --> src/arg_reduce.rs:747:23
[INFO] [stdout]     |
[INFO] [stdout] 747 |         let exp_min = fandhe_ai_backend_cpu::reduction::argmin(&t, Some(1)).unwrap();
[INFO] [stdout]     |                       ^^^^^^^^^^^^^^^^^^^^^ use of unresolved module or unlinked crate `fandhe_ai_backend_cpu`
[INFO] [stdout]     |
[INFO] [stdout]     = help: if you wanted to use a crate named `fandhe_ai_backend_cpu`, use `cargo add fandhe_ai_backend_cpu` to add it to your `Cargo.toml`
[INFO] [stdout] 
[INFO] [stdout] 
[INFO] [stdout] error[E0433]: cannot find module or crate `fandhe_ai_backend_cpu` in this scope
[INFO] [stdout]    --> src/arg_reduce.rs:772:23
[INFO] [stdout]     |
[INFO] [stdout] 772 |         let exp_max = fandhe_ai_backend_cpu::reduction::argmax(&t, Some(1)).unwrap();
[INFO] [stdout]     |                       ^^^^^^^^^^^^^^^^^^^^^ use of unresolved module or unlinked crate `fandhe_ai_backend_cpu`
[INFO] [stdout]     |
[INFO] [stdout]     = help: if you wanted to use a crate named `fandhe_ai_backend_cpu`, use `cargo add fandhe_ai_backend_cpu` to add it to your `Cargo.toml`
[INFO] [stdout] 
[INFO] [stdout] 
[INFO] [stdout] error[E0433]: cannot find module or crate `fandhe_ai_backend_cpu` in this scope
[INFO] [stdout]    --> src/sort_model.rs:461:35
[INFO] [stdout]     |
[INFO] [stdout] 461 |                     let cpu_ops = fandhe_ai_backend_cpu::CpuBackendOps::new();
[INFO] [stdout]     |                                   ^^^^^^^^^^^^^^^^^^^^^ use of unresolved module or unlinked crate `fandhe_ai_backend_cpu`
[INFO] [stdout]     |
[INFO] [stdout]     = help: if you wanted to use a crate named `fandhe_ai_backend_cpu`, use `cargo add fandhe_ai_backend_cpu` to add it to your `Cargo.toml`
[INFO] [stdout] 
[INFO] [stdout] 
[INFO] [stdout] error[E0433]: cannot find module or crate `fandhe_ai_backend_cpu` in this scope
[INFO] [stdout]     --> src/../tests/common/parity_baseline.rs:1292:9
[INFO] [stdout]      |
[INFO] [stdout] 1292 |         fandhe_ai_backend_cpu::RELATIVE_TOLERANCE,
[INFO] [stdout]      |         ^^^^^^^^^^^^^^^^^^^^^ use of unresolved module or unlinked crate `fandhe_ai_backend_cpu`
[INFO] [stdout]      |
[INFO] [stdout]      = help: if you wanted to use a crate named `fandhe_ai_backend_cpu`, use `cargo add fandhe_ai_backend_cpu` to add it to your `Cargo.toml`
[INFO] [stdout] 
[INFO] [stdout] 
[INFO] [stdout] error[E0433]: cannot find module or crate `fandhe_ai_backend_cpu` in this scope
[INFO] [stdout]     --> src/../tests/common/parity_baseline.rs:1298:9
[INFO] [stdout]      |
[INFO] [stdout] 1298 |         fandhe_ai_backend_cpu::ABSOLUTE_RESCUE_THRESHOLD,
[INFO] [stdout]      |         ^^^^^^^^^^^^^^^^^^^^^ use of unresolved module or unlinked crate `fandhe_ai_backend_cpu`
[INFO] [stdout]      |
[INFO] [stdout]      = help: if you wanted to use a crate named `fandhe_ai_backend_cpu`, use `cargo add fandhe_ai_backend_cpu` to add it to your `Cargo.toml`
[INFO] [stdout] 
[INFO] [stdout] 
[INFO] [stdout] error[E0433]: cannot find module or crate `fandhe_ai_backend_cpu` in this scope
[INFO] [stdout]     --> src/gemm.rs:7773:17
[INFO] [stdout]      |
[INFO] [stdout] 7773 |                 fandhe_ai_backend_cpu::matmul_reference_fma(
[INFO] [stdout]      |                 ^^^^^^^^^^^^^^^^^^^^^ use of unresolved module or unlinked crate `fandhe_ai_backend_cpu`
[INFO] [stdout]      |
[INFO] [stdout]      = help: if you wanted to use a crate named `fandhe_ai_backend_cpu`, use `cargo add fandhe_ai_backend_cpu` to add it to your `Cargo.toml`
[INFO] [stdout] 
[INFO] [stdout] 
[INFO] [stdout] error[E0433]: cannot find module or crate `fandhe_ai_backend_cpu` in this scope
[INFO] [stdout]     --> src/gemm.rs:7798:30
[INFO] [stdout]      |
[INFO] [stdout] 7798 |                 let report = fandhe_ai_backend_cpu::compare(&c_gpu, &c_ref)
[INFO] [stdout]      |                              ^^^^^^^^^^^^^^^^^^^^^ use of unresolved module or unlinked crate `fandhe_ai_backend_cpu`
[INFO] [stdout]      |
[INFO] [stdout]      = help: if you wanted to use a crate named `fandhe_ai_backend_cpu`, use `cargo add fandhe_ai_backend_cpu` to add it to your `Cargo.toml`
[INFO] [stdout] 
[INFO] [stdout] 
[INFO] [stdout] error[E0433]: cannot find module or crate `fandhe_ai_backend_cpu` in this scope
[INFO] [stdout]     --> src/gemm.rs:7867:17
[INFO] [stdout]      |
[INFO] [stdout] 7867 |                 fandhe_ai_backend_cpu::matmul_reference_fma(
[INFO] [stdout]      |                 ^^^^^^^^^^^^^^^^^^^^^ use of unresolved module or unlinked crate `fandhe_ai_backend_cpu`
[INFO] [stdout]      |
[INFO] [stdout]      = help: if you wanted to use a crate named `fandhe_ai_backend_cpu`, use `cargo add fandhe_ai_backend_cpu` to add it to your `Cargo.toml`
[INFO] [stdout] 
[INFO] [stdout] 
[INFO] [stdout] error[E0433]: cannot find module or crate `fandhe_ai_backend_cpu` in this scope
[INFO] [stdout]     --> src/gemm.rs:7892:30
[INFO] [stdout]      |
[INFO] [stdout] 7892 |                 let report = fandhe_ai_backend_cpu::compare(&c_gpu, &c_ref)
[INFO] [stdout]      |                              ^^^^^^^^^^^^^^^^^^^^^ use of unresolved module or unlinked crate `fandhe_ai_backend_cpu`
[INFO] [stdout]      |
[INFO] [stdout]      = help: if you wanted to use a crate named `fandhe_ai_backend_cpu`, use `cargo add fandhe_ai_backend_cpu` to add it to your `Cargo.toml`
[INFO] [stdout] 
[INFO] [stdout] 
[INFO] [stdout] error[E0433]: cannot find module or crate `fandhe_ai_backend_cpu` in this scope
[INFO] [stdout]     --> src/gemm.rs:7959:9
[INFO] [stdout]      |
[INFO] [stdout] 7959 |         fandhe_ai_backend_cpu::matmul_reference_fma(
[INFO] [stdout]      |         ^^^^^^^^^^^^^^^^^^^^^ use of unresolved module or unlinked crate `fandhe_ai_backend_cpu`
[INFO] [stdout]      |
[INFO] [stdout]      = help: if you wanted to use a crate named `fandhe_ai_backend_cpu`, use `cargo add fandhe_ai_backend_cpu` to add it to your `Cargo.toml`
[INFO] [stdout] 
[INFO] [stdout] 
[INFO] [stdout] error[E0433]: cannot find module or crate `fandhe_ai_backend_cpu` in this scope
[INFO] [stdout]     --> src/gemm.rs:7972:9
[INFO] [stdout]      |
[INFO] [stdout] 7972 |         fandhe_ai_backend_cpu::assert_parity(context, &c_gpu, &c_ref);
[INFO] [stdout]      |         ^^^^^^^^^^^^^^^^^^^^^ use of unresolved module or unlinked crate `fandhe_ai_backend_cpu`
[INFO] [stdout]      |
[INFO] [stdout]      = help: if you wanted to use a crate named `fandhe_ai_backend_cpu`, use `cargo add fandhe_ai_backend_cpu` to add it to your `Cargo.toml`
[INFO] [stdout] 
[INFO] [stdout] 
[INFO] [stdout] error[E0433]: cannot find module or crate `fandhe_ai_backend_cpu` in this scope
[INFO] [stdout]     --> src/kernels_tiled_pipeline_128x64.rs:1012:13
[INFO] [stdout]      |
[INFO] [stdout] 1012 |             fandhe_ai_backend_cpu::matmul_reference_fma(
[INFO] [stdout]      |             ^^^^^^^^^^^^^^^^^^^^^ use of unresolved module or unlinked crate `fandhe_ai_backend_cpu`
[INFO] [stdout]      |
[INFO] [stdout]      = help: if you wanted to use a crate named `fandhe_ai_backend_cpu`, use `cargo add fandhe_ai_backend_cpu` to add it to your `Cargo.toml`
[INFO] [stdout] 
[INFO] [stdout] 
[INFO] [stdout] error[E0433]: cannot find module or crate `fandhe_ai_backend_cpu` in this scope
[INFO] [stdout]    --> src/module_cache_wiring_tests.rs:297:5
[INFO] [stdout]     |
[INFO] [stdout] 297 |     fandhe_ai_backend_cpu::assert_parity(
[INFO] [stdout]     |     ^^^^^^^^^^^^^^^^^^^^^ use of unresolved module or unlinked crate `fandhe_ai_backend_cpu`
[INFO] [stdout]     |
[INFO] [stdout]     = help: if you wanted to use a crate named `fandhe_ai_backend_cpu`, use `cargo add fandhe_ai_backend_cpu` to add it to your `Cargo.toml`
[INFO] [stdout] 
[INFO] [stdout] 
[INFO] [stdout] error[E0433]: cannot find module or crate `bench_harness` in this scope
[INFO] [stdout]    --> src/jit_cache_bench_tests.rs:661:21
[INFO] [stdout]     |
[INFO] [stdout] 661 |         let run_a = bench_harness::run(&measurement_cfg, || {
[INFO] [stdout]     |                     ^^^^^^^^^^^^^ use of unresolved module or unlinked crate `bench_harness`
[INFO] [stdout]     |
[INFO] [stdout]     = help: if you wanted to use a crate named `bench_harness`, use `cargo add bench_harness` to add it to your `Cargo.toml`
[INFO] [stdout] 
[INFO] [stdout] 
[INFO] [stdout] error[E0433]: cannot find module or crate `bench_harness` in this scope
[INFO] [stdout]    --> src/jit_cache_bench_tests.rs:665:21
[INFO] [stdout]     |
[INFO] [stdout] 665 |         let run_b = bench_harness::run(&measurement_cfg, || {
[INFO] [stdout]     |                     ^^^^^^^^^^^^^ use of unresolved module or unlinked crate `bench_harness`
[INFO] [stdout]     |
[INFO] [stdout]     = help: if you wanted to use a crate named `bench_harness`, use `cargo add bench_harness` to add it to your `Cargo.toml`
[INFO] [stdout] 
[INFO] [stdout] 
[INFO] [stdout] error[E0433]: cannot find module or crate `bench_harness` in this scope
[INFO] [stdout]    --> src/jit_cache_bench_tests.rs:669:21
[INFO] [stdout]     |
[INFO] [stdout] 669 |         let run_c = bench_harness::run(&measurement_cfg, || {
[INFO] [stdout]     |                     ^^^^^^^^^^^^^ use of unresolved module or unlinked crate `bench_harness`
[INFO] [stdout]     |
[INFO] [stdout]     = help: if you wanted to use a crate named `bench_harness`, use `cargo add bench_harness` to add it to your `Cargo.toml`
[INFO] [stdout] 
[INFO] [stdout] 
[INFO] [stdout] error[E0433]: cannot find module or crate `bench_harness` in this scope
[INFO] [stdout]    --> src/jit_cache_bench_tests.rs:673:21
[INFO] [stdout]     |
[INFO] [stdout] 673 |         let run_d = bench_harness::run(&measurement_cfg, || {
[INFO] [stdout]     |                     ^^^^^^^^^^^^^ use of unresolved module or unlinked crate `bench_harness`
[INFO] [stdout]     |
[INFO] [stdout]     = help: if you wanted to use a crate named `bench_harness`, use `cargo add bench_harness` to add it to your `Cargo.toml`
[INFO] [stdout] 
[INFO] [stdout] 
[INFO] [stdout] error[E0433]: cannot find module or crate `fandhe_ai_backend_cpu` in this scope
[INFO] [stdout]     --> src/../tests/common/parity_baseline.rs:1204:14
[INFO] [stdout]      |
[INFO] [stdout] 1204 |     report: &fandhe_ai_backend_cpu::CompareReport,
[INFO] [stdout]      |              ^^^^^^^^^^^^^^^^^^^^^ use of unresolved module or unlinked crate `fandhe_ai_backend_cpu`
[INFO] [stdout]      |
[INFO] [stdout]      = help: if you wanted to use a crate named `fandhe_ai_backend_cpu`, use `cargo add fandhe_ai_backend_cpu` to add it to your `Cargo.toml`
[INFO] [stdout] 
[INFO] [stdout] 
[INFO] [stdout] Some errors have detailed explanations: E0432, E0433.
[INFO] [stdout] 
[INFO] [stdout] For more information about an error, try `rustc --explain E0432`.
[INFO] [stdout] 
[INFO] [stderr] error: could not compile `fandhe-ai-backend-cuda` (lib test) due to 46 previous errors
[INFO] running `Command { std: "docker" "inspect" "758df68e732bb9778977b29e2966bdcb0a0df7d347f83fd23d6fb6021654a57f", kill_on_drop: false }`
[INFO] running `Command { std: "docker" "rm" "-f" "758df68e732bb9778977b29e2966bdcb0a0df7d347f83fd23d6fb6021654a57f", kill_on_drop: false }`
[INFO] [stdout] 758df68e732bb9778977b29e2966bdcb0a0df7d347f83fd23d6fb6021654a57f
