[INFO] fetching crate falcon-raptor 0.5.2...
[INFO] testing falcon-raptor-0.5.2 against 1.99.0-beta.8+cargoflags=--release for beta-release-1.100-2
[INFO] extracting crate falcon-raptor 0.5.2 into /workspace/builds/worker-7-tc1/source
[INFO] started tweaking crates.io crate falcon-raptor 0.5.2
[INFO] finished tweaking crates.io crate falcon-raptor 0.5.2
[INFO] tweaked toml for crates.io crate falcon-raptor 0.5.2 written to /workspace/builds/worker-7-tc1/source/Cargo.toml
[INFO] validating manifest of crates.io crate falcon-raptor 0.5.2 on toolchain 1.99.0-beta.8
[INFO] running `Command { std: CARGO_HOME="/workspace/cargo-home" RUSTUP_HOME="/workspace/rustup-home" "/workspace/cargo-home/bin/cargo" "+1.99.0-beta.8" "metadata" "--manifest-path" "Cargo.toml" "--no-deps", kill_on_drop: false }`
[INFO] running `Command { std: CARGO_HOME="/workspace/cargo-home" RUSTUP_HOME="/workspace/rustup-home" "/workspace/cargo-home/bin/cargo" "+1.99.0-beta.8" "generate-lockfile" "--manifest-path" "Cargo.toml", kill_on_drop: false }`
[INFO] [stderr]     Updating crates.io index
[INFO] [stderr]      Locking 114 packages to highest compatible versions
[INFO] [stderr]       Adding falcon v0.5.5 (available: v0.6.0)
[INFO] [stderr]       Adding falcon-z3 v0.5.2 (available: v0.6.0)
[INFO] [stderr]       Adding falcon_capstone v0.5.2 (available: v0.5.3)
[INFO] [stderr]       Adding goblin v0.4.3 (available: v0.10.7)
[INFO] running `Command { std: CARGO_HOME="/workspace/cargo-home" RUSTUP_HOME="/workspace/rustup-home" "/workspace/cargo-home/bin/cargo" "+1.99.0-beta.8" "fetch" "--manifest-path" "Cargo.toml", kill_on_drop: false }`
[INFO] [stderr]  Downloading crates ...
[INFO] [stderr]   Downloaded scroll v0.10.2
[INFO] [stderr]   Downloaded falcon-z3 v0.5.2
[INFO] [stderr]   Downloaded scroll_derive v0.10.5
[INFO] [stderr]   Downloaded goblin v0.4.3
[INFO] [stderr]   Downloaded scroll_derive v0.11.1
[INFO] [stderr]   Downloaded num-derive v0.3.3
[INFO] [stderr]   Downloaded which v3.1.1
[INFO] [stderr]   Downloaded cexpr v0.4.0
[INFO] [stderr]   Downloaded error-chain v0.12.4
[INFO] [stderr]   Downloaded falcon_capstone v0.5.2
[INFO] [stderr]   Downloaded goblin v0.6.1
[INFO] [stderr]   Downloaded falcon v0.5.5
[INFO] [stderr]   Downloaded bindgen v0.63.0
[INFO] [stderr]   Downloaded bindgen v0.59.2
[INFO] [stderr]   Downloaded bindgen v0.58.1
[INFO] [stderr]   Downloaded bad64 v0.6.0
[INFO] [stderr]   Downloaded bad64-sys v0.5.0
[INFO] [stderr]   Downloaded z3-sys v0.7.1
[INFO] running `Command { std: "docker" "create" "-v" "/var/lib/crater-agent-workspace/builds/worker-7-tc1/source:/opt/rustwide/workdir:ro,Z" "-v" "/var/lib/crater-agent-workspace/builds/worker-7-tc1/target:/opt/rustwide/target:rw,Z" "-v" "/var/lib/crater-agent-workspace/cargo-home:/opt/rustwide/cargo-home:ro,Z" "-v" "/var/lib/crater-agent-workspace/rustup-home:/opt/rustwide/rustup-home:ro,Z" "-m" "1610612736" "--network" "none" "ghcr.io/rust-lang/crates-build-env/linux@sha256:77db811e55d90add9212f6832c23229e3de5f1c1f9905e8cb07319ea15df73ac" "sleep" "infinity", kill_on_drop: false }`
[INFO] [stdout] 6191a82ff40c25baf0653de4de526bd903f2eb0342989c00cfdcb7926c489a7c
[INFO] running `Command { std: "docker" "start" "6191a82ff40c25baf0653de4de526bd903f2eb0342989c00cfdcb7926c489a7c", kill_on_drop: false }`
[INFO] running `Command { std: "docker" "inspect" "6191a82ff40c25baf0653de4de526bd903f2eb0342989c00cfdcb7926c489a7c", kill_on_drop: false }`
[INFO] running `Command { std: "docker" "exec" "-e" "SOURCE_DIR=/opt/rustwide/workdir" "-e" "CARGO_HOME=/opt/rustwide/cargo-home" "-e" "RUSTUP_HOME=/opt/rustwide/rustup-home" "-e" "CARGO_TARGET_DIR=/opt/rustwide/target" "-w" "/opt/rustwide/workdir" "--user" "0:0" "6191a82ff40c25baf0653de4de526bd903f2eb0342989c00cfdcb7926c489a7c" "/opt/rustwide/cargo-home/bin/cargo" "+1.99.0-beta.8" "metadata" "--no-deps" "--format-version=1", kill_on_drop: false }`
[INFO] running `Command { std: "docker" "inspect" "6191a82ff40c25baf0653de4de526bd903f2eb0342989c00cfdcb7926c489a7c", kill_on_drop: false }`
[INFO] running `Command { std: "docker" "exec" "-e" "SOURCE_DIR=/opt/rustwide/workdir" "-e" "CARGO_HOME=/opt/rustwide/cargo-home" "-e" "RUSTUP_HOME=/opt/rustwide/rustup-home" "-e" "CARGO_TARGET_DIR=/opt/rustwide/target" "-e" "CARGO_INCREMENTAL=0" "-e" "RUST_BACKTRACE=full" "-e" "RUSTFLAGS=--cap-lints=warn" "-e" "RUSTDOCFLAGS=--cap-lints=warn" "-w" "/opt/rustwide/workdir" "--user" "0:0" "6191a82ff40c25baf0653de4de526bd903f2eb0342989c00cfdcb7926c489a7c" "/opt/rustwide/cargo-home/bin/cargo" "+1.99.0-beta.8" "build" "--frozen" "--message-format=json" "--release", kill_on_drop: false }`
[INFO] [stderr]    Compiling libc v0.2.191
[INFO] [stderr]    Compiling memchr v2.8.3
[INFO] [stderr]    Compiling glob v0.3.4
[INFO] [stderr]    Compiling regex-syntax v0.8.11
[INFO] [stderr]    Compiling cfg-if v1.0.5
[INFO] [stderr]    Compiling lazy_static v1.5.1
[INFO] [stderr]    Compiling syn v1.0.109
[INFO] [stderr]    Compiling log v0.4.34
[INFO] [stderr]    Compiling rustix v0.38.44
[INFO] [stderr]    Compiling nom v5.1.3
[INFO] [stderr]    Compiling bitflags v2.13.2
[INFO] [stderr]    Compiling bindgen v0.59.2
[INFO] [stderr]    Compiling linux-raw-sys v0.4.15
[INFO] [stderr]    Compiling num-traits v0.2.19
[INFO] [stderr]    Compiling serde_core v1.0.229
[INFO] [stderr]    Compiling unicode-width v0.1.14
[INFO] [stderr]    Compiling libloading v0.8.9
[INFO] [stderr]    Compiling home v0.5.12
[INFO] [stderr]    Compiling bindgen v0.63.0
[INFO] [stderr]    Compiling ansi_term v0.12.1
[INFO] [stderr]    Compiling humantime v2.4.0
[INFO] [stderr]    Compiling termcolor v1.4.1
[INFO] [stderr]    Compiling textwrap v0.11.0
[INFO] [stderr]    Compiling bindgen v0.58.1
[INFO] [stderr]    Compiling strsim v0.8.0
[INFO] [stderr]    Compiling vec_map v0.8.2
[INFO] [stderr]    Compiling fs_extra v1.3.0
[INFO] [stderr]    Compiling clang-sys v1.9.1
[INFO] [stderr]    Compiling object v0.37.3
[INFO] [stderr]    Compiling serde v1.0.229
[INFO] [stderr]    Compiling scroll_derive v0.11.1
[INFO] [stderr]    Compiling plain v0.2.3
[INFO] [stderr]    Compiling cty v0.2.2
[INFO] [stderr]    Compiling gimli v0.32.3
[INFO] [stderr]    Compiling cstr_core v0.2.6
[INFO] [stderr]    Compiling miniz_oxide v0.8.9
[INFO] [stderr]    Compiling thiserror-impl v1.0.69
[INFO] [stderr]    Compiling error-chain v0.12.4
[INFO] [stderr]    Compiling rustc-demangle v0.1.28
[INFO] [stderr]    Compiling base64 v0.21.7
[INFO] [stderr]    Compiling scroll v0.11.0
[INFO] [stderr]    Compiling goblin v0.6.1
[INFO] [stderr]    Compiling aho-corasick v1.1.5
[INFO] [stderr]    Compiling nom v7.1.3
[INFO] [stderr]    Compiling thiserror v1.0.69
[INFO] [stderr]    Compiling num-integer v0.1.47
[INFO] [stderr]    Compiling regex-automata v0.4.18
[INFO] [stderr]    Compiling which v4.4.2
[INFO] [stderr]    Compiling cexpr v0.6.0
[INFO] [stderr]    Compiling jobserver v0.1.35
[INFO] [stderr]    Compiling atty v0.2.14
[INFO] [stderr]    Compiling which v3.1.1
[INFO] [stderr]    Compiling cexpr v0.4.0
[INFO] [stderr]    Compiling cc v1.8.0
[INFO] [stderr]    Compiling clap v2.34.0
[INFO] [stderr]    Compiling addr2line v0.25.1
[INFO] [stderr]    Compiling serde_json v1.0.154
[INFO] [stderr]    Compiling num-bigint v0.4.8
[INFO] [stderr]    Compiling num-derive v0.3.3
[INFO] [stderr]    Compiling scroll_derive v0.10.5
[INFO] [stderr]    Compiling cmake v0.1.58
[INFO] [stderr]    Compiling regex v1.13.1
[INFO] [stderr]    Compiling scroll v0.10.2
[INFO] [stderr]    Compiling backtrace v0.3.76
[INFO] [stderr]    Compiling goblin v0.4.3
[INFO] [stderr]    Compiling env_logger v0.8.4
[INFO] [stderr]    Compiling bad64-sys v0.5.0
[INFO] [stderr]    Compiling z3-sys v0.7.1
[INFO] [stderr]    Compiling falcon_capstone v0.5.2
[INFO] [stderr] error: failed to run custom build command for `z3-sys v0.7.1`
[INFO] [stderr] note: To improve backtraces for build dependencies, set the CARGO_PROFILE_RELEASE_BUILD_OVERRIDE_DEBUG=true environment variable to enable debug information generation.
[INFO] [stderr] 
[INFO] [stderr] Caused by:
[INFO] [stderr]   process didn't exit successfully: `/opt/rustwide/target/release/build/z3-sys-a514a68dbb0389f8/build-script-build` (exit status: 101)
[INFO] [stderr]   --- stdout
[INFO] [stderr]   cargo:rerun-if-changed=build.rs
[INFO] [stderr]   cargo:rerun-if-changed=wrapper.h
[INFO] [stderr] 
[INFO] [stderr]   --- stderr
[INFO] [stderr]   wrapper.h:1:10: fatal error: 'z3.h' file not found
[INFO] [stderr]   wrapper.h:1:10: fatal error: 'z3.h' file not found, err: true
[INFO] [stderr] 
[INFO] [stderr]   thread 'main' (1444) panicked at /opt/rustwide/cargo-home/registry/src/index.crates.io-1949cf8c6b5b557f/z3-sys-0.7.1/build.rs:33:14:
[INFO] [stderr]   Unable to generate bindings: ()
[INFO] [stderr]   stack backtrace:
[INFO] [stderr]      0:     0x61cd970c8e51 - <<std[70759c8f55707aa4]::sys::backtrace::BacktraceLock>::print::DisplayBacktrace as core[df12db4294e9bfd3]::fmt::Display>::fmt
[INFO] [stderr]      1:     0x61cd970df27a - core[df12db4294e9bfd3]::fmt::write
[INFO] [stderr]      2:     0x61cd970cdfbc - <std[70759c8f55707aa4]::sys::stdio::unix::Stderr as core[df12db4294e9bfd3]::io::write::Write>::write_fmt
[INFO] [stderr]      3:     0x61cd970a6896 - std[70759c8f55707aa4]::panicking::default_hook::{closure#0}
[INFO] [stderr]      4:     0x61cd970c1561 - std[70759c8f55707aa4]::panicking::default_hook
[INFO] [stderr]      5:     0x61cd970c188b - std[70759c8f55707aa4]::panicking::panic_with_hook
[INFO] [stderr]      6:     0x61cd970a6942 - std[70759c8f55707aa4]::panicking::panic_handler::{closure#0}
[INFO] [stderr]      7:     0x61cd9709f5f9 - std[70759c8f55707aa4]::sys::backtrace::__rust_end_short_backtrace::<std[70759c8f55707aa4]::panicking::panic_handler::{closure#0}, !>
[INFO] [stderr]      8:     0x61cd970a752d - __rustc[8fa7c3cbc660c2b3]::rust_begin_unwind
[INFO] [stderr]      9:     0x61cd970dfa9c - core[df12db4294e9bfd3]::panicking::panic_fmt
[INFO] [stderr]     10:     0x61cd970df872 - core[df12db4294e9bfd3]::result::unwrap_failed
[INFO] [stderr]     11:     0x61cd96c5f628 - <core[df12db4294e9bfd3]::result::Result<bindgen[52277a3bf3875dab]::Bindings, ()>>::expect
[INFO] [stderr]     12:     0x61cd96c5f3f9 - build_script_build[4f131b1d02a1ccdc]::main
[INFO] [stderr]     13:     0x61cd96c60433 - <fn() as core[df12db4294e9bfd3]::ops::function::FnOnce<()>>::call_once
[INFO] [stderr]     14:     0x61cd96c5ed26 - std[70759c8f55707aa4]::sys::backtrace::__rust_begin_short_backtrace::<fn(), ()>
[INFO] [stderr]     15:     0x61cd96c5ee29 - std[70759c8f55707aa4]::rt::lang_start::<()>::{closure#0}
[INFO] [stderr]     16:     0x61cd970c0989 - std[70759c8f55707aa4]::rt::lang_start_internal
[INFO] [stderr]     17:     0x61cd96c5eca1 - std[70759c8f55707aa4]::rt::lang_start::<()>
[INFO] [stderr]     18:     0x61cd96c606c5 - main
[INFO] [stderr]     19:     0x7d4992ab1601 - <unknown>
[INFO] [stderr]     20:     0x7d4992ab1718 - __libc_start_main
[INFO] [stderr]     21:     0x61cd96c5e595 - _start
[INFO] [stderr]     22:                0x0 - <unknown>
[INFO] [stderr] warning: build failed, waiting for other jobs to finish...
[INFO] running `Command { std: "docker" "inspect" "6191a82ff40c25baf0653de4de526bd903f2eb0342989c00cfdcb7926c489a7c", kill_on_drop: false }`
[INFO] running `Command { std: "docker" "rm" "-f" "6191a82ff40c25baf0653de4de526bd903f2eb0342989c00cfdcb7926c489a7c", kill_on_drop: false }`
[INFO] [stdout] 6191a82ff40c25baf0653de4de526bd903f2eb0342989c00cfdcb7926c489a7c
