[INFO] fetching crate facet-toml 0.50.0-rc.7...
[INFO] testing facet-toml-0.50.0-rc.7 against 1.99.0-beta.8+cargoflags=--release for beta-release-1.100-2
[INFO] extracting crate facet-toml 0.50.0-rc.7 into /workspace/builds/worker-7-tc1/source
[INFO] started tweaking crates.io crate facet-toml 0.50.0-rc.7
[INFO] removed 0 missing examples
[INFO] removed 0 missing tests
[INFO] finished tweaking crates.io crate facet-toml 0.50.0-rc.7
[INFO] tweaked toml for crates.io crate facet-toml 0.50.0-rc.7 written to /workspace/builds/worker-7-tc1/source/Cargo.toml
[INFO] validating manifest of crates.io crate facet-toml 0.50.0-rc.7 on toolchain 1.99.0-beta.8
[INFO] running `Command { std: CARGO_HOME="/workspace/cargo-home" RUSTUP_HOME="/workspace/rustup-home" "/workspace/cargo-home/bin/cargo" "+1.99.0-beta.8" "metadata" "--manifest-path" "Cargo.toml" "--no-deps", kill_on_drop: false }`
[INFO] crate crates.io crate facet-toml 0.50.0-rc.7 already has a lockfile, it will not be regenerated
[INFO] running `Command { std: CARGO_HOME="/workspace/cargo-home" RUSTUP_HOME="/workspace/rustup-home" "/workspace/cargo-home/bin/cargo" "+1.99.0-beta.8" "fetch" "--manifest-path" "Cargo.toml", kill_on_drop: false }`
[INFO] [stderr]     Updating crates.io index
[INFO] [stderr]  Downloading crates ...
[INFO] [stderr]   Downloaded facet-testhelpers v0.50.0-rc.6
[INFO] [stderr]   Downloaded facet-testhelpers-macros v0.50.0-rc.6
[INFO] [stderr]   Downloaded btparse v0.2.0
[INFO] [stderr]   Downloaded libtest-mimic v0.8.2
[INFO] [stderr]   Downloaded color-backtrace v0.7.4
[INFO] [stderr]   Downloaded facet-macro-types v0.50.0-rc.6
[INFO] [stderr]   Downloaded facet-macros v0.50.0-rc.6
[INFO] [stderr]   Downloaded impls v1.0.3
[INFO] [stderr]   Downloaded codspeed-divan-compat v4.7.0
[INFO] [stderr]   Downloaded codspeed-divan-compat-macros v4.7.0
[INFO] [stderr]   Downloaded facet-path v0.50.0-rc.6
[INFO] [stderr]   Downloaded facet-dessert v0.50.0-rc.7
[INFO] [stderr]   Downloaded facet-solver v0.50.0-rc.6
[INFO] [stderr]   Downloaded facet-macro-parse v0.50.0-rc.6
[INFO] [stderr]   Downloaded taxon v0.2.0-rc.5
[INFO] [stderr]   Downloaded facet-format v0.50.0-rc.7
[INFO] [stderr]   Downloaded facet-macros-impl v0.50.0-rc.6
[INFO] [stderr]   Downloaded codspeed-divan-compat-walltime v4.7.0
[INFO] [stderr]   Downloaded facet v0.50.0-rc.6
[INFO] [stderr]   Downloaded facet-core v0.50.0-rc.6
[INFO] [stderr]   Downloaded iddqd v0.4.6
[INFO] [stderr]   Downloaded facet-reflect v0.50.0-rc.6
[INFO] [stderr]   Downloaded codspeed v4.7.0
[INFO] running `Command { std: "docker" "create" "-v" "/var/lib/crater-agent-workspace/builds/worker-7-tc1/source:/opt/rustwide/workdir:ro,Z" "-v" "/var/lib/crater-agent-workspace/builds/worker-7-tc1/target:/opt/rustwide/target:rw,Z" "-v" "/var/lib/crater-agent-workspace/cargo-home:/opt/rustwide/cargo-home:ro,Z" "-v" "/var/lib/crater-agent-workspace/rustup-home:/opt/rustwide/rustup-home:ro,Z" "-m" "1610612736" "--network" "none" "ghcr.io/rust-lang/crates-build-env/linux@sha256:77db811e55d90add9212f6832c23229e3de5f1c1f9905e8cb07319ea15df73ac" "sleep" "infinity", kill_on_drop: false }`
[INFO] [stdout] 0e6d2b62f969edd94ead1cf6dc8989d5d14eabe7cc5210032f8259b7b8aebc8b
[INFO] running `Command { std: "docker" "start" "0e6d2b62f969edd94ead1cf6dc8989d5d14eabe7cc5210032f8259b7b8aebc8b", kill_on_drop: false }`
[INFO] running `Command { std: "docker" "inspect" "0e6d2b62f969edd94ead1cf6dc8989d5d14eabe7cc5210032f8259b7b8aebc8b", kill_on_drop: false }`
[INFO] running `Command { std: "docker" "exec" "-e" "SOURCE_DIR=/opt/rustwide/workdir" "-e" "CARGO_HOME=/opt/rustwide/cargo-home" "-e" "RUSTUP_HOME=/opt/rustwide/rustup-home" "-e" "CARGO_TARGET_DIR=/opt/rustwide/target" "-w" "/opt/rustwide/workdir" "--user" "0:0" "0e6d2b62f969edd94ead1cf6dc8989d5d14eabe7cc5210032f8259b7b8aebc8b" "/opt/rustwide/cargo-home/bin/cargo" "+1.99.0-beta.8" "metadata" "--no-deps" "--format-version=1", kill_on_drop: false }`
[INFO] running `Command { std: "docker" "inspect" "0e6d2b62f969edd94ead1cf6dc8989d5d14eabe7cc5210032f8259b7b8aebc8b", kill_on_drop: false }`
[INFO] running `Command { std: "docker" "exec" "-e" "SOURCE_DIR=/opt/rustwide/workdir" "-e" "CARGO_HOME=/opt/rustwide/cargo-home" "-e" "RUSTUP_HOME=/opt/rustwide/rustup-home" "-e" "CARGO_TARGET_DIR=/opt/rustwide/target" "-e" "CARGO_INCREMENTAL=0" "-e" "RUST_BACKTRACE=full" "-e" "RUSTFLAGS=--cap-lints=warn" "-e" "RUSTDOCFLAGS=--cap-lints=warn" "-w" "/opt/rustwide/workdir" "--user" "0:0" "0e6d2b62f969edd94ead1cf6dc8989d5d14eabe7cc5210032f8259b7b8aebc8b" "/opt/rustwide/cargo-home/bin/cargo" "+1.99.0-beta.8" "build" "--frozen" "--message-format=json" "--release", kill_on_drop: false }`
[INFO] [stderr]    Compiling find-msvc-tools v0.1.11
[INFO] [stderr]    Compiling constant_time_eq v0.4.2
[INFO] [stderr]    Compiling impls v1.0.3
[INFO] [stderr]    Compiling const-fnv1a-hash v1.1.0
[INFO] [stderr]    Compiling facet-core v0.50.0-rc.6
[INFO] [stderr]    Compiling hashbrown v0.17.1
[INFO] [stderr]    Compiling smallvec v2.0.0-alpha.12
[INFO] [stderr]    Compiling winnow v1.0.4
[INFO] [stderr]    Compiling cc v1.4.3
[INFO] [stderr]    Compiling toml_parser v1.1.3+spec-1.1.0
[INFO] [stderr]    Compiling blake3 v1.8.7
[INFO] [stderr]    Compiling taxon v0.2.0-rc.5
[INFO] [stderr]    Compiling facet-path v0.50.0-rc.6
[INFO] [stderr]    Compiling facet-reflect v0.50.0-rc.6
[INFO] [stderr]    Compiling facet-dessert v0.50.0-rc.7
[INFO] [stderr]    Compiling facet-solver v0.50.0-rc.6
[INFO] [stderr]    Compiling facet-format v0.50.0-rc.7
[INFO] [stderr]    Compiling facet-toml v0.50.0-rc.7 (/opt/rustwide/workdir)
[INFO] [stderr]     Finished `release` profile [optimized] target(s) in 29.12s
[INFO] running `Command { std: "docker" "inspect" "0e6d2b62f969edd94ead1cf6dc8989d5d14eabe7cc5210032f8259b7b8aebc8b", kill_on_drop: false }`
[INFO] running `Command { std: "docker" "exec" "-e" "SOURCE_DIR=/opt/rustwide/workdir" "-e" "CARGO_HOME=/opt/rustwide/cargo-home" "-e" "RUSTUP_HOME=/opt/rustwide/rustup-home" "-e" "CARGO_TARGET_DIR=/opt/rustwide/target" "-e" "CARGO_INCREMENTAL=0" "-e" "RUST_BACKTRACE=full" "-e" "RUSTFLAGS=--cap-lints=warn" "-e" "RUSTDOCFLAGS=--cap-lints=warn" "-w" "/opt/rustwide/workdir" "--user" "0:0" "0e6d2b62f969edd94ead1cf6dc8989d5d14eabe7cc5210032f8259b7b8aebc8b" "/opt/rustwide/cargo-home/bin/cargo" "+1.99.0-beta.8" "test" "--frozen" "--no-run" "--message-format=json" "--release", kill_on_drop: false }`
[INFO] [stderr]    Compiling proc-macro2 v1.0.107
[INFO] [stderr]    Compiling facet-core v0.50.0-rc.6
[INFO] [stderr]    Compiling iddqd v0.4.6
[INFO] [stderr]    Compiling rustix v1.1.4
[INFO] [stderr]    Compiling mutants v0.0.3
[INFO] [stderr]    Compiling num-traits v0.2.19
[INFO] [stderr]    Compiling regex-automata v0.4.18
[INFO] [stderr]    Compiling nix v0.31.3
[INFO] [stderr]    Compiling serde_json v1.0.151
[INFO] [stderr]    Compiling codspeed v4.7.0
[INFO] [stderr]    Compiling quote v1.0.47
[INFO] [stderr]    Compiling syn v2.0.119
[INFO] [stderr]    Compiling syn v3.0.3
[INFO] [stderr]    Compiling unsynn v0.3.0
[INFO] [stderr]    Compiling terminal_size v0.4.4
[INFO] [stderr]    Compiling clap_builder v4.6.6
[INFO] [stderr]    Compiling facet-macro-types v0.50.0-rc.6
[INFO] [stderr]    Compiling approx v0.5.1
[INFO] [stderr]    Compiling facet-macro-parse v0.50.0-rc.6
[INFO] [stderr]    Compiling statrs v0.18.0
[INFO] [stderr]    Compiling toml_edit v0.25.13+spec-1.1.0
[INFO] [stderr]    Compiling facet-path v0.50.0-rc.6
[INFO] [stderr]    Compiling object v0.37.3
[INFO] [stderr]    Compiling colored v2.2.0
[INFO] [stderr]    Compiling clap_derive v4.6.4
[INFO] [stderr]    Compiling serde_derive v1.0.229
[INFO] [stderr]    Compiling getrandom v0.2.17
[INFO] [stderr]    Compiling glob v0.3.4
[INFO] [stderr]    Compiling either v1.17.0
[INFO] [stderr]    Compiling tracing-attributes v0.1.31
[INFO] [stderr]    Compiling divan-macros v0.1.17
[INFO] [stderr]    Compiling itertools v0.14.0
[INFO] [stderr]    Compiling facet-macros-impl v0.50.0-rc.6
[INFO] [stderr]    Compiling clap v4.6.6
[INFO] [stderr]    Compiling toml_parser v1.1.3+spec-1.1.0
[INFO] [stderr]    Compiling tracing v0.1.44
[INFO] [stderr]    Compiling facet-reflect v0.50.0-rc.6
[INFO] [stderr]    Compiling proc-macro-crate v3.5.0
[INFO] [stderr]    Compiling matchers v0.2.0
[INFO] [stderr]    Compiling facet v0.50.0-rc.6
[INFO] [stderr]    Compiling thread_local v1.1.10
[INFO] [stderr]    Compiling btparse v0.2.0
[INFO] [stderr]    Compiling serde v1.0.229
[INFO] [stderr]    Compiling condtype v1.3.0
[INFO] [stderr]    Compiling regex-lite v0.1.9
[INFO] [stderr]    Compiling backtrace v0.3.76
[INFO] [stderr]    Compiling codspeed-divan-compat v4.7.0
[INFO] [stderr]    Compiling tracing-subscriber v0.3.23
[INFO] [stderr]    Compiling facet-dessert v0.50.0-rc.7
[INFO] [stderr]    Compiling facet-solver v0.50.0-rc.6
[INFO] [stderr]    Compiling codspeed-divan-compat-walltime v4.7.0
[INFO] [stderr]    Compiling facet-macros v0.50.0-rc.6
[INFO] [stderr]    Compiling facet-format v0.50.0-rc.7
[INFO] [stderr]    Compiling color-backtrace v0.7.4
[INFO] [stderr]    Compiling codspeed-divan-compat-macros v4.7.0
[INFO] [stderr]    Compiling regex v1.13.1
[INFO] [stderr]    Compiling facet-testhelpers-macros v0.50.0-rc.6
[INFO] [stderr]    Compiling serde_spanned v1.1.1
[INFO] [stderr]    Compiling toml_datetime v1.1.1+spec-1.1.0
[INFO] [stderr]    Compiling escape8259 v0.5.3
[INFO] [stderr]    Compiling toml_writer v1.1.2+spec-1.1.0
[INFO] [stderr]    Compiling libtest-mimic v0.8.2
[INFO] [stderr]    Compiling toml v1.1.4+spec-1.1.0
[INFO] [stderr]    Compiling facet-testhelpers v0.50.0-rc.6
[INFO] [stderr]    Compiling facet-toml v0.50.0-rc.7 (/opt/rustwide/workdir)
[INFO] [stdout] error[E0432]: unresolved import `facet_format_suite`
[INFO] [stdout]  --> tests/format_suite.rs:5:5
[INFO] [stdout]   |
[INFO] [stdout] 5 | use facet_format_suite::{CaseOutcome, CaseSpec, FormatSuite, all_cases};
[INFO] [stdout]   |     ^^^^^^^^^^^^^^^^^^ use of unresolved module or unlinked crate `facet_format_suite`
[INFO] [stdout]   |
[INFO] [stdout] help: there is a crate or module with a similar name
[INFO] [stdout]   |
[INFO] [stdout] 5 - use facet_format_suite::{CaseOutcome, CaseSpec, FormatSuite, all_cases};
[INFO] [stdout] 5 + use facet_format::{CaseOutcome, CaseSpec, FormatSuite, all_cases};
[INFO] [stdout]   |
[INFO] [stdout] 
[INFO] [stdout] 
[INFO] [stdout] For more information about this error, try `rustc --explain E0432`.
[INFO] [stdout] 
[INFO] [stderr] error: could not compile `facet-toml` (test "format_suite") due to 1 previous error
[INFO] [stderr] warning: build failed, waiting for other jobs to finish...
[INFO] [stdout] error[E0432]: unresolved import `facet_value`
[INFO] [stdout]  --> tests/integration/flatten.rs:8:5
[INFO] [stdout]   |
[INFO] [stdout] 8 | use facet_value::Value;
[INFO] [stdout]   |     ^^^^^^^^^^^ use of unresolved module or unlinked crate `facet_value`
[INFO] [stdout]   |
[INFO] [stdout]   = help: if you wanted to use a crate named `facet_value`, use `cargo add facet_value` to add it to your `Cargo.toml`
[INFO] [stdout] 
[INFO] [stdout] 
[INFO] [stdout] error[E0432]: unresolved import `facet_value`
[INFO] [stdout]  --> tests/integration/tables.rs:6:5
[INFO] [stdout]   |
[INFO] [stdout] 6 | use facet_value::Value;
[INFO] [stdout]   |     ^^^^^^^^^^^ use of unresolved module or unlinked crate `facet_value`
[INFO] [stdout]   |
[INFO] [stdout]   = help: if you wanted to use a crate named `facet_value`, use `cargo add facet_value` to add it to your `Cargo.toml`
[INFO] [stdout] 
[INFO] [stdout] 
[INFO] [stdout] error[E0432]: unresolved import `facet_value`
[INFO] [stdout]  --> tests/integration/value.rs:7:5
[INFO] [stdout]   |
[INFO] [stdout] 7 | use facet_value::{Value, value};
[INFO] [stdout]   |     ^^^^^^^^^^^ use of unresolved module or unlinked crate `facet_value`
[INFO] [stdout]   |
[INFO] [stdout]   = help: if you wanted to use a crate named `facet_value`, use `cargo add facet_value` to add it to your `Cargo.toml`
[INFO] [stdout] 
[INFO] [stdout] 
[INFO] [stdout] For more information about this error, try `rustc --explain E0432`.
[INFO] [stdout] 
[INFO] [stderr] error: could not compile `facet-toml` (test "main") due to 3 previous errors
[INFO] running `Command { std: "docker" "inspect" "0e6d2b62f969edd94ead1cf6dc8989d5d14eabe7cc5210032f8259b7b8aebc8b", kill_on_drop: false }`
[INFO] running `Command { std: "docker" "rm" "-f" "0e6d2b62f969edd94ead1cf6dc8989d5d14eabe7cc5210032f8259b7b8aebc8b", kill_on_drop: false }`
[INFO] [stdout] 0e6d2b62f969edd94ead1cf6dc8989d5d14eabe7cc5210032f8259b7b8aebc8b
