[INFO] fetching crate facet-styx 5.0.0-rc.7...
[INFO] testing facet-styx-5.0.0-rc.7 against 1.99.0-beta.8+cargoflags=--release for beta-release-1.100-2
[INFO] extracting crate facet-styx 5.0.0-rc.7 into /workspace/builds/worker-1-tc1/source
[INFO] started tweaking crates.io crate facet-styx 5.0.0-rc.7
[INFO] removed 0 missing examples
[INFO] finished tweaking crates.io crate facet-styx 5.0.0-rc.7
[INFO] tweaked toml for crates.io crate facet-styx 5.0.0-rc.7 written to /workspace/builds/worker-1-tc1/source/Cargo.toml
[INFO] validating manifest of crates.io crate facet-styx 5.0.0-rc.7 on toolchain 1.99.0-beta.8
[INFO] running `Command { std: CARGO_HOME="/workspace/cargo-home" RUSTUP_HOME="/workspace/rustup-home" "/workspace/cargo-home/bin/cargo" "+1.99.0-beta.8" "metadata" "--manifest-path" "Cargo.toml" "--no-deps", kill_on_drop: false }`
[INFO] crate crates.io crate facet-styx 5.0.0-rc.7 already has a lockfile, it will not be regenerated
[INFO] running `Command { std: CARGO_HOME="/workspace/cargo-home" RUSTUP_HOME="/workspace/rustup-home" "/workspace/cargo-home/bin/cargo" "+1.99.0-beta.8" "fetch" "--manifest-path" "Cargo.toml", kill_on_drop: false }`
[INFO] [stderr]     Updating crates.io index
[INFO] [stderr]  Downloading crates ...
[INFO] [stderr]   Downloaded styx-parse v5.0.0-rc.5
[INFO] [stderr]   Downloaded styx-tokenizer v5.0.0-rc.5
[INFO] [stderr]   Downloaded styx-tree v5.0.0-rc.5
[INFO] [stderr]   Downloaded facet-testhelpers v0.50.0-rc.7
[INFO] [stderr]   Downloaded facet-testhelpers-macros v0.50.0-rc.7
[INFO] [stderr]   Downloaded supports-color v3.0.2
[INFO] [stderr]   Downloaded facet-format v0.50.0-rc.7
[INFO] [stderr]   Downloaded supports-color v2.1.0
[INFO] [stderr]   Downloaded owo-colors v4.3.0
[INFO] [stderr]   Downloaded arrayvec v0.7.7
[INFO] [stderr]   Downloaded impls v1.0.3
[INFO] [stderr]   Downloaded btparse v0.2.0
[INFO] [stderr]   Downloaded facet-error v0.50.0-rc.7
[INFO] [stderr]   Downloaded mutants v0.0.3
[INFO] [stderr]   Downloaded margin-term v0.10.0-rc.2
[INFO] [stderr]   Downloaded is_ci v1.2.0
[INFO] [stderr]   Downloaded xterm-query v0.5.2
[INFO] [stderr]   Downloaded facet-macros v0.50.0-rc.7
[INFO] [stderr]   Downloaded margin v0.10.0-rc.2
[INFO] [stderr]   Downloaded facet-dessert v0.50.0-rc.7
[INFO] [stderr]   Downloaded figue-attrs v5.0.0-rc.6
[INFO] [stderr]   Downloaded facet-path v0.50.0-rc.7
[INFO] [stderr]   Downloaded strip-ansi-escapes v0.2.1
[INFO] [stderr]   Downloaded styx-cst v5.0.0-rc.5
[INFO] [stderr]   Downloaded facet-macro-types v0.50.0-rc.7
[INFO] [stderr]   Downloaded facet-macro-parse v0.50.0-rc.7
[INFO] [stderr]   Downloaded color-backtrace v0.7.2
[INFO] [stderr]   Downloaded taxon v0.2.0-rc.5
[INFO] [stderr]   Downloaded ariadne v0.6.0
[INFO] [stderr]   Downloaded arborium-theme v2.18.1
[INFO] [stderr]   Downloaded console v0.16.3
[INFO] [stderr]   Downloaded facet-pretty v0.50.0-rc.7
[INFO] [stderr]   Downloaded terminal-light v1.8.0
[INFO] [stderr]   Downloaded camino v1.2.4
[INFO] [stderr]   Downloaded smallvec v2.0.0-alpha.12
[INFO] [stderr]   Downloaded facet-solver v0.50.0-rc.7
[INFO] [stderr]   Downloaded styx-format v5.0.0-rc.5
[INFO] [stderr]   Downloaded vte v0.14.1
[INFO] [stderr]   Downloaded facet-macros-impl v0.50.0-rc.7
[INFO] [stderr]   Downloaded unsynn v0.3.0
[INFO] [stderr]   Downloaded facet-json v0.50.0-rc.7
[INFO] [stderr]   Downloaded insta v1.48.0
[INFO] [stderr]   Downloaded coolor v1.1.0
[INFO] [stderr]   Downloaded facet-core v0.50.0-rc.7
[INFO] [stderr]   Downloaded facet v0.50.0-rc.7
[INFO] [stderr]   Downloaded blake3 v1.8.5
[INFO] [stderr]   Downloaded iddqd v0.4.5
[INFO] [stderr]   Downloaded figue v5.0.0-rc.6
[INFO] [stderr]   Downloaded facet-reflect v0.50.0-rc.7
[INFO] running `Command { std: "docker" "create" "-v" "/var/lib/crater-agent-workspace/builds/worker-1-tc1/source:/opt/rustwide/workdir:ro,Z" "-v" "/var/lib/crater-agent-workspace/builds/worker-1-tc1/target:/opt/rustwide/target:rw,Z" "-v" "/var/lib/crater-agent-workspace/cargo-home:/opt/rustwide/cargo-home:ro,Z" "-v" "/var/lib/crater-agent-workspace/rustup-home:/opt/rustwide/rustup-home:ro,Z" "-m" "1610612736" "--network" "none" "ghcr.io/rust-lang/crates-build-env/linux@sha256:77db811e55d90add9212f6832c23229e3de5f1c1f9905e8cb07319ea15df73ac" "sleep" "infinity", kill_on_drop: false }`
[INFO] [stdout] a91a5dc3696af53562db97de9026f7b576c8eeedf009015f4dd305359d08b010
[INFO] running `Command { std: "docker" "start" "a91a5dc3696af53562db97de9026f7b576c8eeedf009015f4dd305359d08b010", kill_on_drop: false }`
[INFO] running `Command { std: "docker" "inspect" "a91a5dc3696af53562db97de9026f7b576c8eeedf009015f4dd305359d08b010", kill_on_drop: false }`
[INFO] running `Command { std: "docker" "exec" "-e" "SOURCE_DIR=/opt/rustwide/workdir" "-e" "CARGO_HOME=/opt/rustwide/cargo-home" "-e" "RUSTUP_HOME=/opt/rustwide/rustup-home" "-e" "CARGO_TARGET_DIR=/opt/rustwide/target" "-w" "/opt/rustwide/workdir" "--user" "0:0" "a91a5dc3696af53562db97de9026f7b576c8eeedf009015f4dd305359d08b010" "/opt/rustwide/cargo-home/bin/cargo" "+1.99.0-beta.8" "metadata" "--no-deps" "--format-version=1", kill_on_drop: false }`
[INFO] running `Command { std: "docker" "inspect" "a91a5dc3696af53562db97de9026f7b576c8eeedf009015f4dd305359d08b010", kill_on_drop: false }`
[INFO] running `Command { std: "docker" "exec" "-e" "SOURCE_DIR=/opt/rustwide/workdir" "-e" "CARGO_HOME=/opt/rustwide/cargo-home" "-e" "RUSTUP_HOME=/opt/rustwide/rustup-home" "-e" "CARGO_TARGET_DIR=/opt/rustwide/target" "-e" "CARGO_INCREMENTAL=0" "-e" "RUST_BACKTRACE=full" "-e" "RUSTFLAGS=--cap-lints=warn" "-e" "RUSTDOCFLAGS=--cap-lints=warn" "-w" "/opt/rustwide/workdir" "--user" "0:0" "a91a5dc3696af53562db97de9026f7b576c8eeedf009015f4dd305359d08b010" "/opt/rustwide/cargo-home/bin/cargo" "+1.99.0-beta.8" "build" "--frozen" "--message-format=json" "--release", kill_on_drop: false }`
[INFO] [stderr]    Compiling proc-macro2 v1.0.106
[INFO] [stderr]    Compiling quote v1.0.46
[INFO] [stderr]    Compiling shlex v2.0.1
[INFO] [stderr]    Compiling mutants v0.0.3
[INFO] [stderr]    Compiling cpufeatures v0.3.0
[INFO] [stderr]    Compiling constant_time_eq v0.4.2
[INFO] [stderr]    Compiling arrayvec v0.7.7
[INFO] [stderr]    Compiling impls v1.0.3
[INFO] [stderr]    Compiling const-fnv1a-hash v1.1.0
[INFO] [stderr]    Compiling pin-project-lite v0.2.17
[INFO] [stderr]    Compiling facet-core v0.50.0-rc.7
[INFO] [stderr]    Compiling tracing-core v0.1.36
[INFO] [stderr]    Compiling memchr v2.8.2
[INFO] [stderr]    Compiling libc v0.2.186
[INFO] [stderr]    Compiling regex-syntax v0.8.11
[INFO] [stderr]    Compiling miniz_oxide v0.8.9
[INFO] [stderr]    Compiling addr2line v0.25.1
[INFO] [stderr]    Compiling rustc-demangle v0.1.27
[INFO] [stderr]    Compiling hashbrown v0.17.1
[INFO] [stderr]    Compiling thread_local v1.1.9
[INFO] [stderr]    Compiling cc v1.2.65
[INFO] [stderr]    Compiling facet v0.50.0-rc.7
[INFO] [stderr]    Compiling smallvec v2.0.0-alpha.12
[INFO] [stderr]    Compiling nu-ansi-term v0.50.3
[INFO] [stderr]    Compiling btparse v0.2.0
[INFO] [stderr]    Compiling countme v3.0.1
[INFO] [stderr]    Compiling text-size v1.1.1
[INFO] [stderr]    Compiling rustc-hash v1.1.0
[INFO] [stderr]    Compiling serde_core v1.0.228
[INFO] [stderr]    Compiling hashbrown v0.14.5
[INFO] [stderr]    Compiling ariadne v0.6.0
[INFO] [stderr]    Compiling serde_json v1.0.150
[INFO] [stderr]    Compiling arborium-theme v2.18.1
[INFO] [stderr]    Compiling itoa v1.0.18
[INFO] [stderr]    Compiling unsynn v0.3.0
[INFO] [stderr]    Compiling object v0.37.3
[INFO] [stderr]    Compiling syn v2.0.118
[INFO] [stderr]    Compiling blake3 v1.8.5
[INFO] [stderr]    Compiling rowan v0.16.1
[INFO] [stderr]    Compiling regex-automata v0.4.14
[INFO] [stderr]    Compiling facet-macro-types v0.50.0-rc.7
[INFO] [stderr]    Compiling facet-testhelpers-macros v0.50.0-rc.7
[INFO] [stderr]    Compiling taxon v0.2.0-rc.5
[INFO] [stderr]    Compiling facet-macro-parse v0.50.0-rc.7
[INFO] [stderr]    Compiling facet-macros-impl v0.50.0-rc.7
[INFO] [stderr]    Compiling matchers v0.2.0
[INFO] [stderr]    Compiling tracing-attributes v0.1.31
[INFO] [stderr]    Compiling facet-path v0.50.0-rc.7
[INFO] [stderr]    Compiling facet-reflect v0.50.0-rc.7
[INFO] [stderr]    Compiling tracing v0.1.44
[INFO] [stderr]    Compiling styx-tokenizer v5.0.0-rc.5
[INFO] [stderr]    Compiling tracing-subscriber v0.3.23
[INFO] [stderr]    Compiling styx-parse v5.0.0-rc.5
[INFO] [stderr]    Compiling styx-cst v5.0.0-rc.5
[INFO] [stderr]    Compiling backtrace v0.3.76
[INFO] [stderr]    Compiling color-backtrace v0.7.2
[INFO] [stderr]    Compiling facet-solver v0.50.0-rc.7
[INFO] [stderr]    Compiling facet-dessert v0.50.0-rc.7
[INFO] [stderr]    Compiling facet-macros v0.50.0-rc.7
[INFO] [stderr]    Compiling facet-format v0.50.0-rc.7
[INFO] [stderr]    Compiling margin v0.10.0-rc.2
[INFO] [stderr]    Compiling facet-testhelpers v0.50.0-rc.7
[INFO] [stderr]    Compiling styx-tree v5.0.0-rc.5
[INFO] [stderr]    Compiling styx-format v5.0.0-rc.5
[INFO] [stderr]    Compiling margin-term v0.10.0-rc.2
[INFO] [stderr]    Compiling facet-styx v5.0.0-rc.7 (/opt/rustwide/workdir)
[INFO] [stderr]     Finished `release` profile [optimized] target(s) in 1m 02s
[INFO] running `Command { std: "docker" "inspect" "a91a5dc3696af53562db97de9026f7b576c8eeedf009015f4dd305359d08b010", kill_on_drop: false }`
[INFO] running `Command { std: "docker" "exec" "-e" "SOURCE_DIR=/opt/rustwide/workdir" "-e" "CARGO_HOME=/opt/rustwide/cargo-home" "-e" "RUSTUP_HOME=/opt/rustwide/rustup-home" "-e" "CARGO_TARGET_DIR=/opt/rustwide/target" "-e" "CARGO_INCREMENTAL=0" "-e" "RUST_BACKTRACE=full" "-e" "RUSTFLAGS=--cap-lints=warn" "-e" "RUSTDOCFLAGS=--cap-lints=warn" "-w" "/opt/rustwide/workdir" "--user" "0:0" "a91a5dc3696af53562db97de9026f7b576c8eeedf009015f4dd305359d08b010" "/opt/rustwide/cargo-home/bin/cargo" "+1.99.0-beta.8" "test" "--frozen" "--no-run" "--message-format=json" "--release", kill_on_drop: false }`
[INFO] [stderr]    Compiling memchr v2.8.2
[INFO] [stderr]    Compiling rustix v1.1.4
[INFO] [stderr]    Compiling bitflags v2.13.0
[INFO] [stderr]    Compiling getrandom v0.4.3
[INFO] [stderr]    Compiling fastrand v2.4.1
[INFO] [stderr]    Compiling console v0.16.3
[INFO] [stderr]    Compiling similar v2.7.0
[INFO] [stderr]    Compiling indexmap v2.14.0
[INFO] [stderr]    Compiling object v0.37.3
[INFO] [stderr]    Compiling vte v0.14.1
[INFO] [stderr]    Compiling serde_json v1.0.150
[INFO] [stderr]    Compiling strip-ansi-escapes v0.2.1
[INFO] [stderr]    Compiling tempfile v3.27.0
[INFO] [stderr]    Compiling insta v1.48.0
[INFO] [stderr]    Compiling backtrace v0.3.76
[INFO] [stderr]    Compiling color-backtrace v0.7.2
[INFO] [stderr]    Compiling facet-testhelpers v0.50.0-rc.7
[INFO] [stderr]    Compiling styx-tree v5.0.0-rc.5
[INFO] [stderr]    Compiling styx-format v5.0.0-rc.5
[INFO] [stderr]    Compiling facet-styx v5.0.0-rc.7 (/opt/rustwide/workdir)
[INFO] [stdout] error[E0432]: unresolved import `styx_testhelpers`
[INFO] [stdout]     --> src/schema_validate.rs:1142:9
[INFO] [stdout]      |
[INFO] [stdout] 1142 |     use styx_testhelpers::{ActualError, assert_annotated_errors, source_without_annotations};
[INFO] [stdout]      |         ^^^^^^^^^^^^^^^^ use of unresolved module or unlinked crate `styx_testhelpers`
[INFO] [stdout]      |
[INFO] [stdout]      = help: if you wanted to use a crate named `styx_testhelpers`, use `cargo add styx_testhelpers` to add it to your `Cargo.toml`
[INFO] [stdout] 
[INFO] [stdout] 
[INFO] [stdout] error[E0432]: unresolved import `facet_testhelpers`
[INFO] [stdout]   --> src/idempotency_test.rs:11:5
[INFO] [stdout]    |
[INFO] [stdout] 11 | use facet_testhelpers::test;
[INFO] [stdout]    |     ^^^^^^^^^^^^^^^^^ use of unresolved module or unlinked crate `facet_testhelpers`
[INFO] [stdout]    |
[INFO] [stdout]    = help: if you wanted to use a crate named `facet_testhelpers`, use `cargo add facet_testhelpers` to add it to your `Cargo.toml`
[INFO] [stdout] 
[INFO] [stdout] 
[INFO] [stdout] error[E0432]: unresolved import `facet_testhelpers`
[INFO] [stdout]   --> src/other_variant_test.rs:12:5
[INFO] [stdout]    |
[INFO] [stdout] 12 | use facet_testhelpers::test;
[INFO] [stdout]    |     ^^^^^^^^^^^^^^^^^ use of unresolved module or unlinked crate `facet_testhelpers`
[INFO] [stdout]    |
[INFO] [stdout]    = help: if you wanted to use a crate named `facet_testhelpers`, use `cargo add facet_testhelpers` to add it to your `Cargo.toml`
[INFO] [stdout] 
[INFO] [stdout] 
[INFO] [stdout] error[E0432]: unresolved import `facet_testhelpers`
[INFO] [stdout]    --> src/schema_gen.rs:716:9
[INFO] [stdout]     |
[INFO] [stdout] 716 |     use facet_testhelpers::test;
[INFO] [stdout]     |         ^^^^^^^^^^^^^^^^^ use of unresolved module or unlinked crate `facet_testhelpers`
[INFO] [stdout]     |
[INFO] [stdout]     = help: if you wanted to use a crate named `facet_testhelpers`, use `cargo add facet_testhelpers` to add it to your `Cargo.toml`
[INFO] [stdout] 
[INFO] [stdout] 
[INFO] [stdout] error[E0432]: unresolved import `facet_testhelpers`
[INFO] [stdout]    --> src/serializer.rs:849:9
[INFO] [stdout]     |
[INFO] [stdout] 849 |     use facet_testhelpers::test;
[INFO] [stdout]     |         ^^^^^^^^^^^^^^^^^ use of unresolved module or unlinked crate `facet_testhelpers`
[INFO] [stdout]     |
[INFO] [stdout]     = help: if you wanted to use a crate named `facet_testhelpers`, use `cargo add facet_testhelpers` to add it to your `Cargo.toml`
[INFO] [stdout] 
[INFO] [stdout] 
[INFO] [stdout] error[E0432]: unresolved import `facet_testhelpers`
[INFO] [stdout]  --> src/tag_events_test.rs:4:5
[INFO] [stdout]   |
[INFO] [stdout] 4 | use facet_testhelpers::test;
[INFO] [stdout]   |     ^^^^^^^^^^^^^^^^^ use of unresolved module or unlinked crate `facet_testhelpers`
[INFO] [stdout]   |
[INFO] [stdout]   = help: if you wanted to use a crate named `facet_testhelpers`, use `cargo add facet_testhelpers` to add it to your `Cargo.toml`
[INFO] [stdout] 
[INFO] [stdout] 
[INFO] [stdout] error[E0432]: unresolved import `facet_testhelpers`
[INFO] [stdout]  --> src/value_expr_test.rs:9:5
[INFO] [stdout]   |
[INFO] [stdout] 9 | use facet_testhelpers::test;
[INFO] [stdout]   |     ^^^^^^^^^^^^^^^^^ use of unresolved module or unlinked crate `facet_testhelpers`
[INFO] [stdout]   |
[INFO] [stdout]   = help: if you wanted to use a crate named `facet_testhelpers`, use `cargo add facet_testhelpers` to add it to your `Cargo.toml`
[INFO] [stdout] 
[INFO] [stdout] 
[INFO] [stdout] error[E0432]: unresolved import `facet_testhelpers`
[INFO] [stdout]  --> src/tests.rs:4:5
[INFO] [stdout]   |
[INFO] [stdout] 4 | use facet_testhelpers::test;
[INFO] [stdout]   |     ^^^^^^^^^^^^^^^^^ use of unresolved module or unlinked crate `facet_testhelpers`
[INFO] [stdout]   |
[INFO] [stdout]   = help: if you wanted to use a crate named `facet_testhelpers`, use `cargo add facet_testhelpers` to add it to your `Cargo.toml`
[INFO] [stdout] 
[INFO] [stdout] 
[INFO] [stdout] error[E0432]: unresolved import `styx_testhelpers`
[INFO] [stdout]  --> src/tests.rs:5:5
[INFO] [stdout]   |
[INFO] [stdout] 5 | use styx_testhelpers::{ActualError, assert_annotated_errors, source_without_annotations};
[INFO] [stdout]   |     ^^^^^^^^^^^^^^^^ use of unresolved module or unlinked crate `styx_testhelpers`
[INFO] [stdout]   |
[INFO] [stdout]   = help: if you wanted to use a crate named `styx_testhelpers`, use `cargo add styx_testhelpers` to add it to your `Cargo.toml`
[INFO] [stdout] 
[INFO] [stdout] 
[INFO] [stdout] error[E0432]: unresolved import `facet_testhelpers`
[INFO] [stdout]   --> src/tests/metadata.rs:23:5
[INFO] [stdout]    |
[INFO] [stdout] 23 | use facet_testhelpers::test;
[INFO] [stdout]    |     ^^^^^^^^^^^^^^^^^ use of unresolved module or unlinked crate `facet_testhelpers`
[INFO] [stdout]    |
[INFO] [stdout]    = help: if you wanted to use a crate named `facet_testhelpers`, use `cargo add facet_testhelpers` to add it to your `Cargo.toml`
[INFO] [stdout] 
[INFO] [stdout] 
[INFO] [stdout] error[E0432]: unresolved import `figue`
[INFO] [stdout]    --> src/tests.rs:359:9
[INFO] [stdout]     |
[INFO] [stdout] 359 |     use figue::ConfigValue;
[INFO] [stdout]     |         ^^^^^ use of unresolved module or unlinked crate `figue`
[INFO] [stdout]     |
[INFO] [stdout]     = help: if you wanted to use a crate named `figue`, use `cargo add figue` to add it to your `Cargo.toml`
[INFO] [stdout] 
[INFO] [stdout] 
[INFO] [stdout] error[E0107]: struct takes 3 generic arguments but 2 generic arguments were supplied
[INFO] [stdout]    --> src/tests/metadata.rs:167:16
[INFO] [stdout]     |
[INFO] [stdout] 167 |         items: IndexMap<String, WithMeta<String>>,
[INFO] [stdout]     |                ^^^^^^^^ ------  ---------------- supplied 2 generic arguments
[INFO] [stdout]     |                |
[INFO] [stdout]     |                expected 3 generic arguments
[INFO] [stdout]     |
[INFO] [stdout] note: struct defined here, with 3 generic parameters: `K`, `V`, `S`
[INFO] [stdout]    --> /opt/rustwide/cargo-home/registry/src/index.crates.io-1949cf8c6b5b557f/indexmap-2.14.0/src/map.rs:97:12
[INFO] [stdout]     |
[INFO] [stdout]  97 | pub struct IndexMap<K, V, S> {
[INFO] [stdout]     |            ^^^^^^^^ -  -  -
[INFO] [stdout] help: add missing generic argument
[INFO] [stdout]     |
[INFO] [stdout] 167 |         items: IndexMap<String, WithMeta<String>, S>,
[INFO] [stdout]     |                                                 +++
[INFO] [stdout] 
[INFO] [stdout] 
[INFO] [stdout] error[E0107]: struct takes 3 generic arguments but 2 generic arguments were supplied
[INFO] [stdout]    --> src/tests/metadata.rs:201:16
[INFO] [stdout]     |
[INFO] [stdout] 201 |         items: IndexMap<WithMeta<String>, String>,
[INFO] [stdout]     |                ^^^^^^^^ ----------------  ------ supplied 2 generic arguments
[INFO] [stdout]     |                |
[INFO] [stdout]     |                expected 3 generic arguments
[INFO] [stdout]     |
[INFO] [stdout] note: struct defined here, with 3 generic parameters: `K`, `V`, `S`
[INFO] [stdout]    --> /opt/rustwide/cargo-home/registry/src/index.crates.io-1949cf8c6b5b557f/indexmap-2.14.0/src/map.rs:97:12
[INFO] [stdout]     |
[INFO] [stdout]  97 | pub struct IndexMap<K, V, S> {
[INFO] [stdout]     |            ^^^^^^^^ -  -  -
[INFO] [stdout] help: add missing generic argument
[INFO] [stdout]     |
[INFO] [stdout] 201 |         items: IndexMap<WithMeta<String>, String, S>,
[INFO] [stdout]     |                                                 +++
[INFO] [stdout] 
[INFO] [stdout] 
[INFO] [stdout] error[E0107]: struct takes 3 generic arguments but 2 generic arguments were supplied
[INFO] [stdout]    --> src/tests/metadata.rs:236:16
[INFO] [stdout]     |
[INFO] [stdout] 236 |         items: IndexMap<WithMeta<String>, WithMeta<String>>,
[INFO] [stdout]     |                ^^^^^^^^ ----------------  ---------------- supplied 2 generic arguments
[INFO] [stdout]     |                |
[INFO] [stdout]     |                expected 3 generic arguments
[INFO] [stdout]     |
[INFO] [stdout] note: struct defined here, with 3 generic parameters: `K`, `V`, `S`
[INFO] [stdout]    --> /opt/rustwide/cargo-home/registry/src/index.crates.io-1949cf8c6b5b557f/indexmap-2.14.0/src/map.rs:97:12
[INFO] [stdout]     |
[INFO] [stdout]  97 | pub struct IndexMap<K, V, S> {
[INFO] [stdout]     |            ^^^^^^^^ -  -  -
[INFO] [stdout] help: add missing generic argument
[INFO] [stdout]     |
[INFO] [stdout] 236 |         items: IndexMap<WithMeta<String>, WithMeta<String>, S>,
[INFO] [stdout]     |                                                           +++
[INFO] [stdout] 
[INFO] [stdout] 
[INFO] [stdout] error[E0107]: struct takes 3 generic arguments but 2 generic arguments were supplied
[INFO] [stdout]    --> src/tests/metadata.rs:362:16
[INFO] [stdout]     |
[INFO] [stdout] 362 |         items: IndexMap<WithMeta<String>, WithMeta<String>>,
[INFO] [stdout]     |                ^^^^^^^^ ----------------  ---------------- supplied 2 generic arguments
[INFO] [stdout]     |                |
[INFO] [stdout]     |                expected 3 generic arguments
[INFO] [stdout]     |
[INFO] [stdout] note: struct defined here, with 3 generic parameters: `K`, `V`, `S`
[INFO] [stdout]    --> /opt/rustwide/cargo-home/registry/src/index.crates.io-1949cf8c6b5b557f/indexmap-2.14.0/src/map.rs:97:12
[INFO] [stdout]     |
[INFO] [stdout]  97 | pub struct IndexMap<K, V, S> {
[INFO] [stdout]     |            ^^^^^^^^ -  -  -
[INFO] [stdout] help: add missing generic argument
[INFO] [stdout]     |
[INFO] [stdout] 362 |         items: IndexMap<WithMeta<String>, WithMeta<String>, S>,
[INFO] [stdout]     |                                                           +++
[INFO] [stdout] 
[INFO] [stdout] 
[INFO] [stdout] error[E0107]: struct takes 3 generic arguments but 2 generic arguments were supplied
[INFO] [stdout]    --> src/tests/metadata.rs:553:16
[INFO] [stdout]     |
[INFO] [stdout] 553 |         items: IndexMap<WithMeta<String>, WithMeta<String>>,
[INFO] [stdout]     |                ^^^^^^^^ ----------------  ---------------- supplied 2 generic arguments
[INFO] [stdout]     |                |
[INFO] [stdout]     |                expected 3 generic arguments
[INFO] [stdout]     |
[INFO] [stdout] note: struct defined here, with 3 generic parameters: `K`, `V`, `S`
[INFO] [stdout]    --> /opt/rustwide/cargo-home/registry/src/index.crates.io-1949cf8c6b5b557f/indexmap-2.14.0/src/map.rs:97:12
[INFO] [stdout]     |
[INFO] [stdout]  97 | pub struct IndexMap<K, V, S> {
[INFO] [stdout]     |            ^^^^^^^^ -  -  -
[INFO] [stdout] help: add missing generic argument
[INFO] [stdout]     |
[INFO] [stdout] 553 |         items: IndexMap<WithMeta<String>, WithMeta<String>, S>,
[INFO] [stdout]     |                                                           +++
[INFO] [stdout] 
[INFO] [stdout] 
[INFO] [stdout] error[E0107]: struct takes 3 generic arguments but 2 generic arguments were supplied
[INFO] [stdout]    --> src/tests/metadata.rs:698:16
[INFO] [stdout]     |
[INFO] [stdout] 698 |         items: IndexMap<WithMeta<String>, String>,
[INFO] [stdout]     |                ^^^^^^^^ ----------------  ------ supplied 2 generic arguments
[INFO] [stdout]     |                |
[INFO] [stdout]     |                expected 3 generic arguments
[INFO] [stdout]     |
[INFO] [stdout] note: struct defined here, with 3 generic parameters: `K`, `V`, `S`
[INFO] [stdout]    --> /opt/rustwide/cargo-home/registry/src/index.crates.io-1949cf8c6b5b557f/indexmap-2.14.0/src/map.rs:97:12
[INFO] [stdout]     |
[INFO] [stdout]  97 | pub struct IndexMap<K, V, S> {
[INFO] [stdout]     |            ^^^^^^^^ -  -  -
[INFO] [stdout] help: add missing generic argument
[INFO] [stdout]     |
[INFO] [stdout] 698 |         items: IndexMap<WithMeta<String>, String, S>,
[INFO] [stdout]     |                                                 +++
[INFO] [stdout] 
[INFO] [stdout] 
[INFO] [stdout] error[E0107]: struct takes 3 generic arguments but 2 generic arguments were supplied
[INFO] [stdout]    --> src/tests.rs:576:16
[INFO] [stdout]     |
[INFO] [stdout] 576 |         items: IndexMap<Documented<String>, String>,
[INFO] [stdout]     |                ^^^^^^^^ ------------------  ------ supplied 2 generic arguments
[INFO] [stdout]     |                |
[INFO] [stdout]     |                expected 3 generic arguments
[INFO] [stdout]     |
[INFO] [stdout] note: struct defined here, with 3 generic parameters: `K`, `V`, `S`
[INFO] [stdout]    --> /opt/rustwide/cargo-home/registry/src/index.crates.io-1949cf8c6b5b557f/indexmap-2.14.0/src/map.rs:97:12
[INFO] [stdout]     |
[INFO] [stdout]  97 | pub struct IndexMap<K, V, S> {
[INFO] [stdout]     |            ^^^^^^^^ -  -  -
[INFO] [stdout] help: add missing generic argument
[INFO] [stdout]     |
[INFO] [stdout] 576 |         items: IndexMap<Documented<String>, String, S>,
[INFO] [stdout]     |                                                   +++
[INFO] [stdout] 
[INFO] [stdout] 
[INFO] [stdout] error[E0107]: struct takes 3 generic arguments but 2 generic arguments were supplied
[INFO] [stdout]    --> src/tests.rs:626:16
[INFO] [stdout]     |
[INFO] [stdout] 626 |         items: IndexMap<Spanned<String>, String>,
[INFO] [stdout]     |                ^^^^^^^^ ---------------  ------ supplied 2 generic arguments
[INFO] [stdout]     |                |
[INFO] [stdout]     |                expected 3 generic arguments
[INFO] [stdout]     |
[INFO] [stdout] note: struct defined here, with 3 generic parameters: `K`, `V`, `S`
[INFO] [stdout]    --> /opt/rustwide/cargo-home/registry/src/index.crates.io-1949cf8c6b5b557f/indexmap-2.14.0/src/map.rs:97:12
[INFO] [stdout]     |
[INFO] [stdout]  97 | pub struct IndexMap<K, V, S> {
[INFO] [stdout]     |            ^^^^^^^^ -  -  -
[INFO] [stdout] help: add missing generic argument
[INFO] [stdout]     |
[INFO] [stdout] 626 |         items: IndexMap<Spanned<String>, String, S>,
[INFO] [stdout]     |                                                +++
[INFO] [stdout] 
[INFO] [stdout] 
[INFO] [stdout] error[E0107]: struct takes 3 generic arguments but 2 generic arguments were supplied
[INFO] [stdout]    --> src/tests.rs:829:18
[INFO] [stdout]     |
[INFO] [stdout] 829 |         queries: IndexMap<Meta<String>, Decl>,
[INFO] [stdout]     |                  ^^^^^^^^ ------------  ---- supplied 2 generic arguments
[INFO] [stdout]     |                  |
[INFO] [stdout]     |                  expected 3 generic arguments
[INFO] [stdout]     |
[INFO] [stdout] note: struct defined here, with 3 generic parameters: `K`, `V`, `S`
[INFO] [stdout]    --> /opt/rustwide/cargo-home/registry/src/index.crates.io-1949cf8c6b5b557f/indexmap-2.14.0/src/map.rs:97:12
[INFO] [stdout]     |
[INFO] [stdout]  97 | pub struct IndexMap<K, V, S> {
[INFO] [stdout]     |            ^^^^^^^^ -  -  -
[INFO] [stdout] help: add missing generic argument
[INFO] [stdout]     |
[INFO] [stdout] 829 |         queries: IndexMap<Meta<String>, Decl, S>,
[INFO] [stdout]     |                                             +++
[INFO] [stdout] 
[INFO] [stdout] 
[INFO] [stdout] error[E0107]: struct takes 3 generic arguments but 2 generic arguments were supplied
[INFO] [stdout]    --> src/tests/metadata.rs:167:16
[INFO] [stdout]     |
[INFO] [stdout] 164 |     #[derive(Facet, Debug)]
[INFO] [stdout]     |              ----- supplied 2 generic arguments
[INFO] [stdout] ...
[INFO] [stdout] 167 |         items: IndexMap<String, WithMeta<String>>,
[INFO] [stdout]     |                ^^^^^^^^ ------
[INFO] [stdout]     |                |
[INFO] [stdout]     |                expected 3 generic arguments
[INFO] [stdout]     |
[INFO] [stdout] note: struct defined here, with 3 generic parameters: `K`, `V`, `S`
[INFO] [stdout]    --> /opt/rustwide/cargo-home/registry/src/index.crates.io-1949cf8c6b5b557f/indexmap-2.14.0/src/map.rs:97:12
[INFO] [stdout]     |
[INFO] [stdout]  97 | pub struct IndexMap<K, V, S> {
[INFO] [stdout]     |            ^^^^^^^^ -  -  -
[INFO] [stdout] 
[INFO] [stdout] 
[INFO] [stdout] error[E0107]: struct takes 3 generic arguments but 2 generic arguments were supplied
[INFO] [stdout]    --> src/tests/metadata.rs:201:16
[INFO] [stdout]     |
[INFO] [stdout] 198 |     #[derive(Facet, Debug)]
[INFO] [stdout]     |              -----
[INFO] [stdout] ...
[INFO] [stdout] 201 |         items: IndexMap<WithMeta<String>, String>,
[INFO] [stdout]     |                ^^^^^^^^                   ------ supplied 2 generic arguments
[INFO] [stdout]     |                |
[INFO] [stdout]     |                expected 3 generic arguments
[INFO] [stdout]     |
[INFO] [stdout] note: struct defined here, with 3 generic parameters: `K`, `V`, `S`
[INFO] [stdout]    --> /opt/rustwide/cargo-home/registry/src/index.crates.io-1949cf8c6b5b557f/indexmap-2.14.0/src/map.rs:97:12
[INFO] [stdout]     |
[INFO] [stdout]  97 | pub struct IndexMap<K, V, S> {
[INFO] [stdout]     |            ^^^^^^^^ -  -  -
[INFO] [stdout] help: add missing generic argument
[INFO] [stdout]     |
[INFO] [stdout] 201 |         items: IndexMap<WithMeta<String>, String, S>,
[INFO] [stdout]     |                                                 +++
[INFO] [stdout] 
[INFO] [stdout] 
[INFO] [stdout] error[E0107]: struct takes 3 generic arguments but 2 generic arguments were supplied
[INFO] [stdout]    --> src/tests/metadata.rs:236:16
[INFO] [stdout]     |
[INFO] [stdout] 233 |     #[derive(Facet, Debug)]
[INFO] [stdout]     |              -----
[INFO] [stdout]     |              |
[INFO] [stdout]     |              supplied 2 generic arguments
[INFO] [stdout] ...
[INFO] [stdout] 236 |         items: IndexMap<WithMeta<String>, WithMeta<String>>,
[INFO] [stdout]     |                ^^^^^^^^ expected 3 generic arguments
[INFO] [stdout]     |
[INFO] [stdout] note: struct defined here, with 3 generic parameters: `K`, `V`, `S`
[INFO] [stdout]    --> /opt/rustwide/cargo-home/registry/src/index.crates.io-1949cf8c6b5b557f/indexmap-2.14.0/src/map.rs:97:12
[INFO] [stdout]     |
[INFO] [stdout]  97 | pub struct IndexMap<K, V, S> {
[INFO] [stdout]     |            ^^^^^^^^ -  -  -
[INFO] [stdout] 
[INFO] [stdout] 
[INFO] [stdout] error[E0107]: struct takes 3 generic arguments but 2 generic arguments were supplied
[INFO] [stdout]    --> src/tests/metadata.rs:362:16
[INFO] [stdout]     |
[INFO] [stdout] 360 |     #[derive(Facet, Debug)]
[INFO] [stdout]     |              -----
[INFO] [stdout]     |              |
[INFO] [stdout]     |              supplied 2 generic arguments
[INFO] [stdout] 361 |     struct Config {
[INFO] [stdout] 362 |         items: IndexMap<WithMeta<String>, WithMeta<String>>,
[INFO] [stdout]     |                ^^^^^^^^ expected 3 generic arguments
[INFO] [stdout]     |
[INFO] [stdout] note: struct defined here, with 3 generic parameters: `K`, `V`, `S`
[INFO] [stdout]    --> /opt/rustwide/cargo-home/registry/src/index.crates.io-1949cf8c6b5b557f/indexmap-2.14.0/src/map.rs:97:12
[INFO] [stdout]     |
[INFO] [stdout]  97 | pub struct IndexMap<K, V, S> {
[INFO] [stdout]     |            ^^^^^^^^ -  -  -
[INFO] [stdout] 
[INFO] [stdout] 
[INFO] [stdout] error[E0107]: struct takes 3 generic arguments but 2 generic arguments were supplied
[INFO] [stdout]    --> src/tests/metadata.rs:553:16
[INFO] [stdout]     |
[INFO] [stdout] 550 |     #[derive(Facet, Debug)]
[INFO] [stdout]     |              -----
[INFO] [stdout]     |              |
[INFO] [stdout]     |              supplied 2 generic arguments
[INFO] [stdout] ...
[INFO] [stdout] 553 |         items: IndexMap<WithMeta<String>, WithMeta<String>>,
[INFO] [stdout]     |                ^^^^^^^^ expected 3 generic arguments
[INFO] [stdout]     |
[INFO] [stdout] note: struct defined here, with 3 generic parameters: `K`, `V`, `S`
[INFO] [stdout]    --> /opt/rustwide/cargo-home/registry/src/index.crates.io-1949cf8c6b5b557f/indexmap-2.14.0/src/map.rs:97:12
[INFO] [stdout]     |
[INFO] [stdout]  97 | pub struct IndexMap<K, V, S> {
[INFO] [stdout]     |            ^^^^^^^^ -  -  -
[INFO] [stdout] 
[INFO] [stdout] 
[INFO] [stdout] error[E0107]: struct takes 3 generic arguments but 2 generic arguments were supplied
[INFO] [stdout]    --> src/tests/metadata.rs:698:16
[INFO] [stdout]     |
[INFO] [stdout] 696 |     #[derive(Facet, Debug)]
[INFO] [stdout]     |              -----
[INFO] [stdout] 697 |     struct Config {
[INFO] [stdout] 698 |         items: IndexMap<WithMeta<String>, String>,
[INFO] [stdout]     |                ^^^^^^^^                   ------ supplied 2 generic arguments
[INFO] [stdout]     |                |
[INFO] [stdout]     |                expected 3 generic arguments
[INFO] [stdout]     |
[INFO] [stdout] note: struct defined here, with 3 generic parameters: `K`, `V`, `S`
[INFO] [stdout]    --> /opt/rustwide/cargo-home/registry/src/index.crates.io-1949cf8c6b5b557f/indexmap-2.14.0/src/map.rs:97:12
[INFO] [stdout]     |
[INFO] [stdout]  97 | pub struct IndexMap<K, V, S> {
[INFO] [stdout]     |            ^^^^^^^^ -  -  -
[INFO] [stdout] help: add missing generic argument
[INFO] [stdout]     |
[INFO] [stdout] 698 |         items: IndexMap<WithMeta<String>, String, S>,
[INFO] [stdout]     |                                                 +++
[INFO] [stdout] 
[INFO] [stdout] 
[INFO] [stdout] error[E0107]: struct takes 3 generic arguments but 2 generic arguments were supplied
[INFO] [stdout]    --> src/tests.rs:576:16
[INFO] [stdout]     |
[INFO] [stdout] 573 |     #[derive(Facet, Debug)]
[INFO] [stdout]     |              -----
[INFO] [stdout] ...
[INFO] [stdout] 576 |         items: IndexMap<Documented<String>, String>,
[INFO] [stdout]     |                ^^^^^^^^                     ------ supplied 2 generic arguments
[INFO] [stdout]     |                |
[INFO] [stdout]     |                expected 3 generic arguments
[INFO] [stdout]     |
[INFO] [stdout] note: struct defined here, with 3 generic parameters: `K`, `V`, `S`
[INFO] [stdout]    --> /opt/rustwide/cargo-home/registry/src/index.crates.io-1949cf8c6b5b557f/indexmap-2.14.0/src/map.rs:97:12
[INFO] [stdout]     |
[INFO] [stdout]  97 | pub struct IndexMap<K, V, S> {
[INFO] [stdout]     |            ^^^^^^^^ -  -  -
[INFO] [stdout] help: add missing generic argument
[INFO] [stdout]     |
[INFO] [stdout] 576 |         items: IndexMap<Documented<String>, String, S>,
[INFO] [stdout]     |                                                   +++
[INFO] [stdout] 
[INFO] [stdout] 
[INFO] [stdout] error[E0107]: struct takes 3 generic arguments but 2 generic arguments were supplied
[INFO] [stdout]    --> src/tests.rs:626:16
[INFO] [stdout]     |
[INFO] [stdout] 623 |     #[derive(Facet, Debug)]
[INFO] [stdout]     |              -----
[INFO] [stdout] ...
[INFO] [stdout] 626 |         items: IndexMap<Spanned<String>, String>,
[INFO] [stdout]     |                ^^^^^^^^                  ------ supplied 2 generic arguments
[INFO] [stdout]     |                |
[INFO] [stdout]     |                expected 3 generic arguments
[INFO] [stdout]     |
[INFO] [stdout] note: struct defined here, with 3 generic parameters: `K`, `V`, `S`
[INFO] [stdout]    --> /opt/rustwide/cargo-home/registry/src/index.crates.io-1949cf8c6b5b557f/indexmap-2.14.0/src/map.rs:97:12
[INFO] [stdout]     |
[INFO] [stdout]  97 | pub struct IndexMap<K, V, S> {
[INFO] [stdout]     |            ^^^^^^^^ -  -  -
[INFO] [stdout] help: add missing generic argument
[INFO] [stdout]     |
[INFO] [stdout] 626 |         items: IndexMap<Spanned<String>, String, S>,
[INFO] [stdout]     |                                                +++
[INFO] [stdout] 
[INFO] [stdout] 
[INFO] [stdout] error[E0107]: struct takes 3 generic arguments but 2 generic arguments were supplied
[INFO] [stdout]    --> src/tests.rs:829:18
[INFO] [stdout]     |
[INFO] [stdout] 826 |     #[derive(Debug, Facet)]
[INFO] [stdout]     |                     -----
[INFO] [stdout] ...
[INFO] [stdout] 829 |         queries: IndexMap<Meta<String>, Decl>,
[INFO] [stdout]     |                  ^^^^^^^^               ---- supplied 2 generic arguments
[INFO] [stdout]     |                  |
[INFO] [stdout]     |                  expected 3 generic arguments
[INFO] [stdout]     |
[INFO] [stdout] note: struct defined here, with 3 generic parameters: `K`, `V`, `S`
[INFO] [stdout]    --> /opt/rustwide/cargo-home/registry/src/index.crates.io-1949cf8c6b5b557f/indexmap-2.14.0/src/map.rs:97:12
[INFO] [stdout]     |
[INFO] [stdout]  97 | pub struct IndexMap<K, V, S> {
[INFO] [stdout]     |            ^^^^^^^^ -  -  -
[INFO] [stdout] help: add missing generic argument
[INFO] [stdout]     |
[INFO] [stdout] 829 |         queries: IndexMap<Meta<String>, Decl, S>,
[INFO] [stdout]     |                                             +++
[INFO] [stdout] 
[INFO] [stdout] 
[INFO] [stdout] Some errors have detailed explanations: E0107, E0432.
[INFO] [stdout] 
[INFO] [stdout] For more information about an error, try `rustc --explain E0107`.
[INFO] [stdout] 
[INFO] [stderr] error: could not compile `facet-styx` (lib test) due to 29 previous errors
[INFO] [stderr] warning: build failed, waiting for other jobs to finish...
[INFO] running `Command { std: "docker" "inspect" "a91a5dc3696af53562db97de9026f7b576c8eeedf009015f4dd305359d08b010", kill_on_drop: false }`
[INFO] running `Command { std: "docker" "rm" "-f" "a91a5dc3696af53562db97de9026f7b576c8eeedf009015f4dd305359d08b010", kill_on_drop: false }`
[INFO] [stdout] a91a5dc3696af53562db97de9026f7b576c8eeedf009015f4dd305359d08b010
