[INFO] fetching crate facet-hash 0.50.0-rc.5...
[INFO] testing facet-hash-0.50.0-rc.5 against 1.100.0-beta.1+cargoflags=--release for beta-release-1.100-2
[INFO] extracting crate facet-hash 0.50.0-rc.5 into /workspace/builds/worker-2-tc2/source
[INFO] started tweaking crates.io crate facet-hash 0.50.0-rc.5
[INFO] removed 0 missing tests
[INFO] finished tweaking crates.io crate facet-hash 0.50.0-rc.5
[INFO] tweaked toml for crates.io crate facet-hash 0.50.0-rc.5 written to /workspace/builds/worker-2-tc2/source/Cargo.toml
[INFO] validating manifest of crates.io crate facet-hash 0.50.0-rc.5 on toolchain 1.100.0-beta.1
[INFO] running `Command { std: CARGO_HOME="/workspace/cargo-home" RUSTUP_HOME="/workspace/rustup-home" "/workspace/cargo-home/bin/cargo" "+1.100.0-beta.1" "metadata" "--manifest-path" "Cargo.toml" "--no-deps", kill_on_drop: false }`
[INFO] crate crates.io crate facet-hash 0.50.0-rc.5 already has a lockfile, it will not be regenerated
[INFO] running `Command { std: CARGO_HOME="/workspace/cargo-home" RUSTUP_HOME="/workspace/rustup-home" "/workspace/cargo-home/bin/cargo" "+1.100.0-beta.1" "fetch" "--manifest-path" "Cargo.toml", kill_on_drop: false }`
[INFO] running `Command { std: "docker" "create" "-v" "/var/lib/crater-agent-workspace/builds/worker-2-tc2/source:/opt/rustwide/workdir:ro,Z" "-v" "/var/lib/crater-agent-workspace/builds/worker-2-tc2/target:/opt/rustwide/target:rw,Z" "-v" "/var/lib/crater-agent-workspace/cargo-home:/opt/rustwide/cargo-home:ro,Z" "-v" "/var/lib/crater-agent-workspace/rustup-home:/opt/rustwide/rustup-home:ro,Z" "-m" "1610612736" "--network" "none" "ghcr.io/rust-lang/crates-build-env/linux@sha256:77db811e55d90add9212f6832c23229e3de5f1c1f9905e8cb07319ea15df73ac" "sleep" "infinity", kill_on_drop: false }`
[INFO] [stdout] 4c33a1dd73f10a80dd16680f03917f607c55ea7b8921bd9891988b2262497c6f
[INFO] running `Command { std: "docker" "start" "4c33a1dd73f10a80dd16680f03917f607c55ea7b8921bd9891988b2262497c6f", kill_on_drop: false }`
[INFO] running `Command { std: "docker" "inspect" "4c33a1dd73f10a80dd16680f03917f607c55ea7b8921bd9891988b2262497c6f", kill_on_drop: false }`
[INFO] running `Command { std: "docker" "exec" "-e" "SOURCE_DIR=/opt/rustwide/workdir" "-e" "CARGO_HOME=/opt/rustwide/cargo-home" "-e" "RUSTUP_HOME=/opt/rustwide/rustup-home" "-e" "CARGO_TARGET_DIR=/opt/rustwide/target" "-w" "/opt/rustwide/workdir" "--user" "0:0" "4c33a1dd73f10a80dd16680f03917f607c55ea7b8921bd9891988b2262497c6f" "/opt/rustwide/cargo-home/bin/cargo" "+1.100.0-beta.1" "metadata" "--no-deps" "--format-version=1", kill_on_drop: false }`
[INFO] running `Command { std: "docker" "inspect" "4c33a1dd73f10a80dd16680f03917f607c55ea7b8921bd9891988b2262497c6f", kill_on_drop: false }`
[INFO] running `Command { std: "docker" "exec" "-e" "SOURCE_DIR=/opt/rustwide/workdir" "-e" "CARGO_HOME=/opt/rustwide/cargo-home" "-e" "RUSTUP_HOME=/opt/rustwide/rustup-home" "-e" "CARGO_TARGET_DIR=/opt/rustwide/target" "-e" "CARGO_INCREMENTAL=0" "-e" "RUST_BACKTRACE=full" "-e" "RUSTFLAGS=--cap-lints=warn" "-e" "RUSTDOCFLAGS=--cap-lints=warn" "-w" "/opt/rustwide/workdir" "--user" "0:0" "4c33a1dd73f10a80dd16680f03917f607c55ea7b8921bd9891988b2262497c6f" "/opt/rustwide/cargo-home/bin/cargo" "+1.100.0-beta.1" "build" "--frozen" "--message-format=json" "--release", kill_on_drop: false }`
[INFO] [stderr]    Compiling facet-core v0.50.0-rc.5
[INFO] [stderr]    Compiling weavy v0.2.2
[INFO] [stderr]    Compiling facet-hash v0.50.0-rc.5 (/opt/rustwide/workdir)
[INFO] [stderr]    Compiling impls v1.0.3
[INFO] [stderr]    Compiling const-fnv1a-hash v1.1.0
[INFO] [stderr]     Finished `release` profile [optimized] target(s) in 4.51s
[INFO] running `Command { std: "docker" "inspect" "4c33a1dd73f10a80dd16680f03917f607c55ea7b8921bd9891988b2262497c6f", kill_on_drop: false }`
[INFO] running `Command { std: "docker" "exec" "-e" "SOURCE_DIR=/opt/rustwide/workdir" "-e" "CARGO_HOME=/opt/rustwide/cargo-home" "-e" "RUSTUP_HOME=/opt/rustwide/rustup-home" "-e" "CARGO_TARGET_DIR=/opt/rustwide/target" "-e" "CARGO_INCREMENTAL=0" "-e" "RUST_BACKTRACE=full" "-e" "RUSTFLAGS=--cap-lints=warn" "-e" "RUSTDOCFLAGS=--cap-lints=warn" "-w" "/opt/rustwide/workdir" "--user" "0:0" "4c33a1dd73f10a80dd16680f03917f607c55ea7b8921bd9891988b2262497c6f" "/opt/rustwide/cargo-home/bin/cargo" "+1.100.0-beta.1" "test" "--frozen" "--no-run" "--message-format=json" "--release", kill_on_drop: false }`
[INFO] [stderr]    Compiling quote v1.0.46
[INFO] [stderr]    Compiling bitflags v2.13.0
[INFO] [stderr]    Compiling num-traits v0.2.19
[INFO] [stderr]    Compiling libc v0.2.186
[INFO] [stderr]    Compiling memchr v2.8.2
[INFO] [stderr]    Compiling rustix v1.1.4
[INFO] [stderr]    Compiling find-msvc-tools v0.1.9
[INFO] [stderr]    Compiling cfg_aliases v0.2.1
[INFO] [stderr]    Compiling zmij v1.0.21
[INFO] [stderr]    Compiling linux-raw-sys v0.12.1
[INFO] [stderr]    Compiling anyhow v1.0.103
[INFO] [stderr]    Compiling serde_json v1.0.150
[INFO] [stderr]    Compiling winnow v1.0.3
[INFO] [stderr]    Compiling hashbrown v0.17.1
[INFO] [stderr]    Compiling proc-macro2 v1.0.106
[INFO] [stderr]    Compiling equivalent v1.0.2
[INFO] [stderr]    Compiling nix v0.31.3
[INFO] [stderr]    Compiling clap_lex v1.1.0
[INFO] [stderr]    Compiling cc v1.2.65
[INFO] [stderr]    Compiling toml_datetime v1.1.1+spec-1.1.0
[INFO] [stderr]    Compiling anstyle v1.0.14
[INFO] [stderr]    Compiling colored v2.2.0
[INFO] [stderr]    Compiling glob v0.3.3
[INFO] [stderr]    Compiling either v1.16.0
[INFO] [stderr]    Compiling regex-lite v0.1.9
[INFO] [stderr]    Compiling codspeed-divan-compat v4.7.0
[INFO] [stderr]    Compiling condtype v1.3.0
[INFO] [stderr]    Compiling itertools v0.14.0
[INFO] [stderr]    Compiling syn v2.0.118
[INFO] [stderr]    Compiling aho-corasick v1.1.4
[INFO] [stderr]    Compiling indexmap v2.14.0
[INFO] [stderr]    Compiling toml_parser v1.1.2+spec-1.1.0
[INFO] [stderr]    Compiling approx v0.5.1
[INFO] [stderr]    Compiling statrs v0.18.0
[INFO] [stderr]    Compiling terminal_size v0.4.4
[INFO] [stderr]    Compiling clap_builder v4.6.0
[INFO] [stderr]    Compiling codspeed v4.7.0
[INFO] [stderr]    Compiling toml_edit v0.25.12+spec-1.1.0
[INFO] [stderr]    Compiling getrandom v0.2.17
[INFO] [stderr]    Compiling regex-automata v0.4.14
[INFO] [stderr]    Compiling proc-macro-crate v3.5.0
[INFO] [stderr]    Compiling serde_derive v1.0.228
[INFO] [stderr]    Compiling divan-macros v0.1.17
[INFO] [stderr]    Compiling clap v4.6.1
[INFO] [stderr]    Compiling codspeed-divan-compat-macros v4.7.0
[INFO] [stderr]    Compiling regex v1.12.4
[INFO] [stderr]    Compiling serde v1.0.228
[INFO] [stderr]    Compiling codspeed-divan-compat-walltime v4.7.0
[INFO] [stderr]    Compiling facet-hash v0.50.0-rc.5 (/opt/rustwide/workdir)
[INFO] [stdout] error[E0432]: unresolved import `facet`
[INFO] [stdout]  --> tests/basic.rs:5:5
[INFO] [stdout]   |
[INFO] [stdout] 5 | use facet::Facet;
[INFO] [stdout]   |     ^^^^^ use of unresolved module or unlinked crate `facet`
[INFO] [stdout]   |
[INFO] [stdout]   = help: if you wanted to use a crate named `facet`, use `cargo add facet` to add it to your `Cargo.toml`
[INFO] [stdout] 
[INFO] [stdout] 
[INFO] [stdout] error: cannot find attribute `facet` in this scope
[INFO] [stdout]    --> tests/basic.rs:509:11
[INFO] [stdout]     |
[INFO] [stdout] 509 |         #[facet(metadata = "span")]
[INFO] [stdout]     |           ^^^^^
[INFO] [stdout] 
[INFO] [stdout] 
[INFO] [stdout] error[E0599]: the associated function or constant `build` exists for struct `HashPlan<Point>`, but its trait bounds were not satisfied
[INFO] [stdout]    --> tests/basic.rs:159:35
[INFO] [stdout]     |
[INFO] [stdout]  19 | struct Point {
[INFO] [stdout]     | ------------ doesn't satisfy `Point: facet_core::Facet<'static>`
[INFO] [stdout] ...
[INFO] [stdout] 159 |     let plan = HashPlan::<Point>::build().unwrap();
[INFO] [stdout]     |                                   ^^^^^ associated function or constant cannot be called on `HashPlan<Point>` due to unsatisfied trait bounds
[INFO] [stdout]     |
[INFO] [stdout]     = note: the following trait bounds were not satisfied:
[INFO] [stdout]             `Point: facet_core::Facet<'static>`
[INFO] [stdout] note: the trait `facet_core::Facet` must be implemented
[INFO] [stdout]    --> /opt/rustwide/cargo-home/registry/src/index.crates.io-1949cf8c6b5b557f/facet-core-0.50.0-rc.5/src/lib.rs:49:1
[INFO] [stdout]     |
[INFO] [stdout]  49 | pub unsafe trait Facet<'facet>: 'facet {
[INFO] [stdout]     | ^^^^^^^^^^^^^^^^^^^^^^^^^^^^^^^^^^^^^^
[INFO] [stdout] 
[INFO] [stdout] 
[INFO] [stdout] error[E0599]: the associated function or constant `build` exists for struct `HashPlan<Point>`, but its trait bounds were not satisfied
[INFO] [stdout]    --> tests/basic.rs:170:35
[INFO] [stdout]     |
[INFO] [stdout]  19 | struct Point {
[INFO] [stdout]     | ------------ doesn't satisfy `Point: facet_core::Facet<'static>`
[INFO] [stdout] ...
[INFO] [stdout] 170 |     let plan = HashPlan::<Point>::build().unwrap();
[INFO] [stdout]     |                                   ^^^^^ associated function or constant cannot be called on `HashPlan<Point>` due to unsatisfied trait bounds
[INFO] [stdout]     |
[INFO] [stdout]     = note: the following trait bounds were not satisfied:
[INFO] [stdout]             `Point: facet_core::Facet<'static>`
[INFO] [stdout] note: the trait `facet_core::Facet` must be implemented
[INFO] [stdout]    --> /opt/rustwide/cargo-home/registry/src/index.crates.io-1949cf8c6b5b557f/facet-core-0.50.0-rc.5/src/lib.rs:49:1
[INFO] [stdout]     |
[INFO] [stdout]  49 | pub unsafe trait Facet<'facet>: 'facet {
[INFO] [stdout]     | ^^^^^^^^^^^^^^^^^^^^^^^^^^^^^^^^^^^^^^
[INFO] [stdout] 
[INFO] [stdout] 
[INFO] [stdout] error[E0599]: the associated function or constant `build` exists for struct `HashPlan<Scores>`, but its trait bounds were not satisfied
[INFO] [stdout]    --> tests/basic.rs:184:36
[INFO] [stdout]     |
[INFO] [stdout]  52 | struct Scores {
[INFO] [stdout]     | ------------- doesn't satisfy `Scores: facet_core::Facet<'static>`
[INFO] [stdout] ...
[INFO] [stdout] 184 |     let plan = HashPlan::<Scores>::build().unwrap();
[INFO] [stdout]     |                                    ^^^^^ associated function or constant cannot be called on `HashPlan<Scores>` due to unsatisfied trait bounds
[INFO] [stdout]     |
[INFO] [stdout]     = note: the following trait bounds were not satisfied:
[INFO] [stdout]             `Scores: facet_core::Facet<'static>`
[INFO] [stdout] note: the trait `facet_core::Facet` must be implemented
[INFO] [stdout]    --> /opt/rustwide/cargo-home/registry/src/index.crates.io-1949cf8c6b5b557f/facet-core-0.50.0-rc.5/src/lib.rs:49:1
[INFO] [stdout]     |
[INFO] [stdout]  49 | pub unsafe trait Facet<'facet>: 'facet {
[INFO] [stdout]     | ^^^^^^^^^^^^^^^^^^^^^^^^^^^^^^^^^^^^^^
[INFO] [stdout] 
[INFO] [stdout] 
[INFO] [stdout] error[E0599]: the associated function or constant `build` exists for struct `HashPlan<Collections>`, but its trait bounds were not satisfied
[INFO] [stdout]    --> tests/basic.rs:303:41
[INFO] [stdout]     |
[INFO] [stdout]  57 | struct Collections {
[INFO] [stdout]     | ------------------ doesn't satisfy `Collections: facet_core::Facet<'static>`
[INFO] [stdout] ...
[INFO] [stdout] 303 |     let plan = HashPlan::<Collections>::build().unwrap();
[INFO] [stdout]     |                                         ^^^^^ associated function or constant cannot be called on `HashPlan<Collections>` due to unsatisfied trait bounds
[INFO] [stdout]     |
[INFO] [stdout]     = note: the following trait bounds were not satisfied:
[INFO] [stdout]             `Collections: facet_core::Facet<'static>`
[INFO] [stdout] note: the trait `facet_core::Facet` must be implemented
[INFO] [stdout]    --> /opt/rustwide/cargo-home/registry/src/index.crates.io-1949cf8c6b5b557f/facet-core-0.50.0-rc.5/src/lib.rs:49:1
[INFO] [stdout]     |
[INFO] [stdout]  49 | pub unsafe trait Facet<'facet>: 'facet {
[INFO] [stdout]     | ^^^^^^^^^^^^^^^^^^^^^^^^^^^^^^^^^^^^^^
[INFO] [stdout] 
[INFO] [stdout] 
[INFO] [stdout] error[E0599]: the associated function or constant `build` exists for struct `HashPlan<ProgramKeyMap>`, but its trait bounds were not satisfied
[INFO] [stdout]    --> tests/basic.rs:319:43
[INFO] [stdout]     |
[INFO] [stdout]  68 | struct ProgramKeyMap {
[INFO] [stdout]     | -------------------- doesn't satisfy `ProgramKeyMap: facet_core::Facet<'static>`
[INFO] [stdout] ...
[INFO] [stdout] 319 |     let plan = HashPlan::<ProgramKeyMap>::build().unwrap();
[INFO] [stdout]     |                                           ^^^^^ associated function or constant cannot be called on `HashPlan<ProgramKeyMap>` due to unsatisfied trait bounds
[INFO] [stdout]     |
[INFO] [stdout]     = note: the following trait bounds were not satisfied:
[INFO] [stdout]             `ProgramKeyMap: facet_core::Facet<'static>`
[INFO] [stdout] note: the trait `facet_core::Facet` must be implemented
[INFO] [stdout]    --> /opt/rustwide/cargo-home/registry/src/index.crates.io-1949cf8c6b5b557f/facet-core-0.50.0-rc.5/src/lib.rs:49:1
[INFO] [stdout]     |
[INFO] [stdout]  49 | pub unsafe trait Facet<'facet>: 'facet {
[INFO] [stdout]     | ^^^^^^^^^^^^^^^^^^^^^^^^^^^^^^^^^^^^^^
[INFO] [stdout] 
[INFO] [stdout] 
[INFO] [stdout] error[E0599]: the associated function or constant `build` exists for struct `HashPlan<MixedScalarRuns>`, but its trait bounds were not satisfied
[INFO] [stdout]    --> tests/basic.rs:334:45
[INFO] [stdout]     |
[INFO] [stdout]  73 | struct MixedScalarRuns {
[INFO] [stdout]     | ---------------------- doesn't satisfy `MixedScalarRuns: facet_core::Facet<'static>`
[INFO] [stdout] ...
[INFO] [stdout] 334 |     let plan = HashPlan::<MixedScalarRuns>::build().unwrap();
[INFO] [stdout]     |                                             ^^^^^ associated function or constant cannot be called on `HashPlan<MixedScalarRuns>` due to unsatisfied trait bounds
[INFO] [stdout]     |
[INFO] [stdout]     = note: the following trait bounds were not satisfied:
[INFO] [stdout]             `MixedScalarRuns: facet_core::Facet<'static>`
[INFO] [stdout] note: the trait `facet_core::Facet` must be implemented
[INFO] [stdout]    --> /opt/rustwide/cargo-home/registry/src/index.crates.io-1949cf8c6b5b557f/facet-core-0.50.0-rc.5/src/lib.rs:49:1
[INFO] [stdout]     |
[INFO] [stdout]  49 | pub unsafe trait Facet<'facet>: 'facet {
[INFO] [stdout]     | ^^^^^^^^^^^^^^^^^^^^^^^^^^^^^^^^^^^^^^
[INFO] [stdout] 
[INFO] [stdout] 
[INFO] [stdout] error[E0599]: the associated function or constant `build` exists for struct `HashPlan<Point>`, but its trait bounds were not satisfied
[INFO] [stdout]    --> tests/basic.rs:351:41
[INFO] [stdout]     |
[INFO] [stdout]  19 | struct Point {
[INFO] [stdout]     | ------------ doesn't satisfy `Point: facet_core::Facet<'static>`
[INFO] [stdout] ...
[INFO] [stdout] 351 |     let value_plan = HashPlan::<Point>::build().unwrap();
[INFO] [stdout]     |                                         ^^^^^ associated function or constant cannot be called on `HashPlan<Point>` due to unsatisfied trait bounds
[INFO] [stdout]     |
[INFO] [stdout]     = note: the following trait bounds were not satisfied:
[INFO] [stdout]             `Point: facet_core::Facet<'static>`
[INFO] [stdout] note: the trait `facet_core::Facet` must be implemented
[INFO] [stdout]    --> /opt/rustwide/cargo-home/registry/src/index.crates.io-1949cf8c6b5b557f/facet-core-0.50.0-rc.5/src/lib.rs:49:1
[INFO] [stdout]     |
[INFO] [stdout]  49 | pub unsafe trait Facet<'facet>: 'facet {
[INFO] [stdout]     | ^^^^^^^^^^^^^^^^^^^^^^^^^^^^^^^^^^^^^^
[INFO] [stdout] 
[INFO] [stdout] 
[INFO] [stdout] error[E0599]: the associated function or constant `build_structural` exists for struct `HashPlan<Point>`, but its trait bounds were not satisfied
[INFO] [stdout]    --> tests/basic.rs:352:46
[INFO] [stdout]     |
[INFO] [stdout]  19 | struct Point {
[INFO] [stdout]     | ------------ doesn't satisfy `Point: facet_core::Facet<'static>`
[INFO] [stdout] ...
[INFO] [stdout] 352 |     let structural_plan = HashPlan::<Point>::build_structural().unwrap();
[INFO] [stdout]     |                                              ^^^^^^^^^^^^^^^^ associated function or constant cannot be called on `HashPlan<Point>` due to unsatisfied trait bounds
[INFO] [stdout]     |
[INFO] [stdout]     = note: the following trait bounds were not satisfied:
[INFO] [stdout]             `Point: facet_core::Facet<'static>`
[INFO] [stdout] note: the trait `facet_core::Facet` must be implemented
[INFO] [stdout]    --> /opt/rustwide/cargo-home/registry/src/index.crates.io-1949cf8c6b5b557f/facet-core-0.50.0-rc.5/src/lib.rs:49:1
[INFO] [stdout]     |
[INFO] [stdout]  49 | pub unsafe trait Facet<'facet>: 'facet {
[INFO] [stdout]     | ^^^^^^^^^^^^^^^^^^^^^^^^^^^^^^^^^^^^^^
[INFO] [stdout] 
[INFO] [stdout] 
[INFO] [stdout] error[E0599]: the associated function or constant `build` exists for struct `HashPlan<Nested>`, but its trait bounds were not satisfied
[INFO] [stdout]    --> tests/basic.rs:363:36
[INFO] [stdout]     |
[INFO] [stdout]  81 | struct Nested {
[INFO] [stdout]     | ------------- doesn't satisfy `Nested: facet_core::Facet<'static>`
[INFO] [stdout] ...
[INFO] [stdout] 363 |     let plan = HashPlan::<Nested>::build().unwrap();
[INFO] [stdout]     |                                    ^^^^^ associated function or constant cannot be called on `HashPlan<Nested>` due to unsatisfied trait bounds
[INFO] [stdout]     |
[INFO] [stdout]     = note: the following trait bounds were not satisfied:
[INFO] [stdout]             `Nested: facet_core::Facet<'static>`
[INFO] [stdout] note: the trait `facet_core::Facet` must be implemented
[INFO] [stdout]    --> /opt/rustwide/cargo-home/registry/src/index.crates.io-1949cf8c6b5b557f/facet-core-0.50.0-rc.5/src/lib.rs:49:1
[INFO] [stdout]     |
[INFO] [stdout]  49 | pub unsafe trait Facet<'facet>: 'facet {
[INFO] [stdout]     | ^^^^^^^^^^^^^^^^^^^^^^^^^^^^^^^^^^^^^^
[INFO] [stdout] 
[INFO] [stdout] 
[INFO] [stdout] error[E0599]: the associated function or constant `build` exists for struct `HashPlan<Floaty>`, but its trait bounds were not satisfied
[INFO] [stdout]    --> tests/basic.rs:385:36
[INFO] [stdout]     |
[INFO] [stdout]  33 | struct Floaty {
[INFO] [stdout]     | ------------- doesn't satisfy `Floaty: facet_core::Facet<'static>`
[INFO] [stdout] ...
[INFO] [stdout] 385 |     let plan = HashPlan::<Floaty>::build().unwrap();
[INFO] [stdout]     |                                    ^^^^^ associated function or constant cannot be called on `HashPlan<Floaty>` due to unsatisfied trait bounds
[INFO] [stdout]     |
[INFO] [stdout]     = note: the following trait bounds were not satisfied:
[INFO] [stdout]             `Floaty: facet_core::Facet<'static>`
[INFO] [stdout] note: the trait `facet_core::Facet` must be implemented
[INFO] [stdout]    --> /opt/rustwide/cargo-home/registry/src/index.crates.io-1949cf8c6b5b557f/facet-core-0.50.0-rc.5/src/lib.rs:49:1
[INFO] [stdout]     |
[INFO] [stdout]  49 | pub unsafe trait Facet<'facet>: 'facet {
[INFO] [stdout]     | ^^^^^^^^^^^^^^^^^^^^^^^^^^^^^^^^^^^^^^
[INFO] [stdout] 
[INFO] [stdout] 
[INFO] [stdout] error[E0599]: the associated function or constant `build` exists for struct `EqualityPlan<Point>`, but its trait bounds were not satisfied
[INFO] [stdout]    --> tests/basic.rs:397:39
[INFO] [stdout]     |
[INFO] [stdout]  19 | struct Point {
[INFO] [stdout]     | ------------ doesn't satisfy `Point: facet_core::Facet<'static>`
[INFO] [stdout] ...
[INFO] [stdout] 397 |     let plan = EqualityPlan::<Point>::build().unwrap();
[INFO] [stdout]     |                                       ^^^^^ associated function or constant cannot be called on `EqualityPlan<Point>` due to unsatisfied trait bounds
[INFO] [stdout]     |
[INFO] [stdout]     = note: the following trait bounds were not satisfied:
[INFO] [stdout]             `Point: facet_core::Facet<'static>`
[INFO] [stdout] note: the trait `facet_core::Facet` must be implemented
[INFO] [stdout]    --> /opt/rustwide/cargo-home/registry/src/index.crates.io-1949cf8c6b5b557f/facet-core-0.50.0-rc.5/src/lib.rs:49:1
[INFO] [stdout]     |
[INFO] [stdout]  49 | pub unsafe trait Facet<'facet>: 'facet {
[INFO] [stdout]     | ^^^^^^^^^^^^^^^^^^^^^^^^^^^^^^^^^^^^^^
[INFO] [stdout] 
[INFO] [stdout] 
[INFO] [stdout] error[E0599]: the associated function or constant `build` exists for struct `EqualityPlan<Nested>`, but its trait bounds were not satisfied
[INFO] [stdout]    --> tests/basic.rs:412:40
[INFO] [stdout]     |
[INFO] [stdout]  81 | struct Nested {
[INFO] [stdout]     | ------------- doesn't satisfy `Nested: facet_core::Facet<'static>`
[INFO] [stdout] ...
[INFO] [stdout] 412 |     let plan = EqualityPlan::<Nested>::build().unwrap();
[INFO] [stdout]     |                                        ^^^^^ associated function or constant cannot be called on `EqualityPlan<Nested>` due to unsatisfied trait bounds
[INFO] [stdout]     |
[INFO] [stdout]     = note: the following trait bounds were not satisfied:
[INFO] [stdout]             `Nested: facet_core::Facet<'static>`
[INFO] [stdout] note: the trait `facet_core::Facet` must be implemented
[INFO] [stdout]    --> /opt/rustwide/cargo-home/registry/src/index.crates.io-1949cf8c6b5b557f/facet-core-0.50.0-rc.5/src/lib.rs:49:1
[INFO] [stdout]     |
[INFO] [stdout]  49 | pub unsafe trait Facet<'facet>: 'facet {
[INFO] [stdout]     | ^^^^^^^^^^^^^^^^^^^^^^^^^^^^^^^^^^^^^^
[INFO] [stdout] 
[INFO] [stdout] 
[INFO] [stdout] error[E0599]: the associated function or constant `build` exists for struct `EqualityPlan<Collections>`, but its trait bounds were not satisfied
[INFO] [stdout]    --> tests/basic.rs:457:45
[INFO] [stdout]     |
[INFO] [stdout]  57 | struct Collections {
[INFO] [stdout]     | ------------------ doesn't satisfy `Collections: facet_core::Facet<'static>`
[INFO] [stdout] ...
[INFO] [stdout] 457 |     let plan = EqualityPlan::<Collections>::build().unwrap();
[INFO] [stdout]     |                                             ^^^^^ associated function or constant cannot be called on `EqualityPlan<Collections>` due to unsatisfied trait bounds
[INFO] [stdout]     |
[INFO] [stdout]     = note: the following trait bounds were not satisfied:
[INFO] [stdout]             `Collections: facet_core::Facet<'static>`
[INFO] [stdout] note: the trait `facet_core::Facet` must be implemented
[INFO] [stdout]    --> /opt/rustwide/cargo-home/registry/src/index.crates.io-1949cf8c6b5b557f/facet-core-0.50.0-rc.5/src/lib.rs:49:1
[INFO] [stdout]     |
[INFO] [stdout]  49 | pub unsafe trait Facet<'facet>: 'facet {
[INFO] [stdout]     | ^^^^^^^^^^^^^^^^^^^^^^^^^^^^^^^^^^^^^^
[INFO] [stdout] 
[INFO] [stdout] 
[INFO] [stdout] error[E0599]: the associated function or constant `build` exists for struct `EqualityPlan<Floaty>`, but its trait bounds were not satisfied
[INFO] [stdout]    --> tests/basic.rs:488:40
[INFO] [stdout]     |
[INFO] [stdout]  33 | struct Floaty {
[INFO] [stdout]     | ------------- doesn't satisfy `Floaty: facet_core::Facet<'static>`
[INFO] [stdout] ...
[INFO] [stdout] 488 |     let plan = EqualityPlan::<Floaty>::build().unwrap();
[INFO] [stdout]     |                                        ^^^^^ associated function or constant cannot be called on `EqualityPlan<Floaty>` due to unsatisfied trait bounds
[INFO] [stdout]     |
[INFO] [stdout]     = note: the following trait bounds were not satisfied:
[INFO] [stdout]             `Floaty: facet_core::Facet<'static>`
[INFO] [stdout] note: the trait `facet_core::Facet` must be implemented
[INFO] [stdout]    --> /opt/rustwide/cargo-home/registry/src/index.crates.io-1949cf8c6b5b557f/facet-core-0.50.0-rc.5/src/lib.rs:49:1
[INFO] [stdout]     |
[INFO] [stdout]  49 | pub unsafe trait Facet<'facet>: 'facet {
[INFO] [stdout]     | ^^^^^^^^^^^^^^^^^^^^^^^^^^^^^^^^^^^^^^
[INFO] [stdout] 
[INFO] [stdout] 
[INFO] [stdout] error[E0599]: the associated function or constant `build` exists for struct `HashPlan<WithMetadata>`, but its trait bounds were not satisfied
[INFO] [stdout]    --> tests/basic.rs:513:42
[INFO] [stdout]     |
[INFO] [stdout] 507 |     struct WithMetadata {
[INFO] [stdout]     |     ------------------- doesn't satisfy `WithMetadata: facet_core::Facet<'static>`
[INFO] [stdout] ...
[INFO] [stdout] 513 |     let plan = HashPlan::<WithMetadata>::build().unwrap();
[INFO] [stdout]     |                                          ^^^^^ associated function or constant cannot be called on `HashPlan<WithMetadata>` due to unsatisfied trait bounds
[INFO] [stdout]     |
[INFO] [stdout]     = note: the following trait bounds were not satisfied:
[INFO] [stdout]             `WithMetadata: facet_core::Facet<'static>`
[INFO] [stdout] note: the trait `facet_core::Facet` must be implemented
[INFO] [stdout]    --> /opt/rustwide/cargo-home/registry/src/index.crates.io-1949cf8c6b5b557f/facet-core-0.50.0-rc.5/src/lib.rs:49:1
[INFO] [stdout]     |
[INFO] [stdout]  49 | pub unsafe trait Facet<'facet>: 'facet {
[INFO] [stdout]     | ^^^^^^^^^^^^^^^^^^^^^^^^^^^^^^^^^^^^^^
[INFO] [stdout] 
[INFO] [stdout] 
[INFO] [stdout] error[E0599]: the associated function or constant `build` exists for struct `HashPlan<Person>`, but its trait bounds were not satisfied
[INFO] [stdout]    --> tests/basic.rs:527:36
[INFO] [stdout]     |
[INFO] [stdout]  25 | struct Person {
[INFO] [stdout]     | ------------- doesn't satisfy `Person: facet_core::Facet<'static>`
[INFO] [stdout] ...
[INFO] [stdout] 527 |     let plan = HashPlan::<Person>::build().unwrap();
[INFO] [stdout]     |                                    ^^^^^ associated function or constant cannot be called on `HashPlan<Person>` due to unsatisfied trait bounds
[INFO] [stdout]     |
[INFO] [stdout]     = note: the following trait bounds were not satisfied:
[INFO] [stdout]             `Person: facet_core::Facet<'static>`
[INFO] [stdout] note: the trait `facet_core::Facet` must be implemented
[INFO] [stdout]    --> /opt/rustwide/cargo-home/registry/src/index.crates.io-1949cf8c6b5b557f/facet-core-0.50.0-rc.5/src/lib.rs:49:1
[INFO] [stdout]     |
[INFO] [stdout]  49 | pub unsafe trait Facet<'facet>: 'facet {
[INFO] [stdout]     | ^^^^^^^^^^^^^^^^^^^^^^^^^^^^^^^^^^^^^^
[INFO] [stdout] 
[INFO] [stdout] 
[INFO] [stdout] error[E0599]: the associated function or constant `build` exists for struct `HashPlan<Nested>`, but its trait bounds were not satisfied
[INFO] [stdout]    --> tests/basic.rs:543:36
[INFO] [stdout]     |
[INFO] [stdout]  81 | struct Nested {
[INFO] [stdout]     | ------------- doesn't satisfy `Nested: facet_core::Facet<'static>`
[INFO] [stdout] ...
[INFO] [stdout] 543 |     let plan = HashPlan::<Nested>::build().unwrap();
[INFO] [stdout]     |                                    ^^^^^ associated function or constant cannot be called on `HashPlan<Nested>` due to unsatisfied trait bounds
[INFO] [stdout]     |
[INFO] [stdout]     = note: the following trait bounds were not satisfied:
[INFO] [stdout]             `Nested: facet_core::Facet<'static>`
[INFO] [stdout] note: the trait `facet_core::Facet` must be implemented
[INFO] [stdout]    --> /opt/rustwide/cargo-home/registry/src/index.crates.io-1949cf8c6b5b557f/facet-core-0.50.0-rc.5/src/lib.rs:49:1
[INFO] [stdout]     |
[INFO] [stdout]  49 | pub unsafe trait Facet<'facet>: 'facet {
[INFO] [stdout]     | ^^^^^^^^^^^^^^^^^^^^^^^^^^^^^^^^^^^^^^
[INFO] [stdout] 
[INFO] [stdout] 
[INFO] [stdout] error[E0599]: the associated function or constant `build` exists for struct `HashPlan<Node>`, but its trait bounds were not satisfied
[INFO] [stdout]    --> tests/basic.rs:587:34
[INFO] [stdout]     |
[INFO] [stdout]  89 | struct Node {
[INFO] [stdout]     | ----------- doesn't satisfy `Node: facet_core::Facet<'static>`
[INFO] [stdout] ...
[INFO] [stdout] 587 |     let plan = HashPlan::<Node>::build().unwrap();
[INFO] [stdout]     |                                  ^^^^^ associated function or constant cannot be called on `HashPlan<Node>` due to unsatisfied trait bounds
[INFO] [stdout]     |
[INFO] [stdout]     = note: the following trait bounds were not satisfied:
[INFO] [stdout]             `Node: facet_core::Facet<'static>`
[INFO] [stdout] note: the trait `facet_core::Facet` must be implemented
[INFO] [stdout]    --> /opt/rustwide/cargo-home/registry/src/index.crates.io-1949cf8c6b5b557f/facet-core-0.50.0-rc.5/src/lib.rs:49:1
[INFO] [stdout]     |
[INFO] [stdout]  49 | pub unsafe trait Facet<'facet>: 'facet {
[INFO] [stdout]     | ^^^^^^^^^^^^^^^^^^^^^^^^^^^^^^^^^^^^^^
[INFO] [stdout] 
[INFO] [stdout] 
[INFO] [stdout] error[E0599]: the associated function or constant `build` exists for struct `HashPlan<Choice>`, but its trait bounds were not satisfied
[INFO] [stdout]    --> tests/basic.rs:615:35
[INFO] [stdout]     |
[INFO] [stdout] 608 |     enum Choice {
[INFO] [stdout]     |     ----------- doesn't satisfy `Choice: facet_core::Facet<'static>`
[INFO] [stdout] ...
[INFO] [stdout] 615 |     let err = HashPlan::<Choice>::build().unwrap_err();
[INFO] [stdout]     |                                   ^^^^^ associated function or constant cannot be called on `HashPlan<Choice>` due to unsatisfied trait bounds
[INFO] [stdout]     |
[INFO] [stdout]     = note: the following trait bounds were not satisfied:
[INFO] [stdout]             `Choice: facet_core::Facet<'static>`
[INFO] [stdout] note: the trait `facet_core::Facet` must be implemented
[INFO] [stdout]    --> /opt/rustwide/cargo-home/registry/src/index.crates.io-1949cf8c6b5b557f/facet-core-0.50.0-rc.5/src/lib.rs:49:1
[INFO] [stdout]     |
[INFO] [stdout]  49 | pub unsafe trait Facet<'facet>: 'facet {
[INFO] [stdout]     | ^^^^^^^^^^^^^^^^^^^^^^^^^^^^^^^^^^^^^^
[INFO] [stdout] 
[INFO] [stdout] 
[INFO] [stdout] Some errors have detailed explanations: E0432, E0599.
[INFO] [stdout] 
[INFO] [stdout] For more information about an error, try `rustc --explain E0432`.
[INFO] [stdout] 
[INFO] [stderr] error: could not compile `facet-hash` (test "basic") due to 21 previous errors
[INFO] [stderr] warning: build failed, waiting for other jobs to finish...
[INFO] running `Command { std: "docker" "inspect" "4c33a1dd73f10a80dd16680f03917f607c55ea7b8921bd9891988b2262497c6f", kill_on_drop: false }`
[INFO] running `Command { std: "docker" "rm" "-f" "4c33a1dd73f10a80dd16680f03917f607c55ea7b8921bd9891988b2262497c6f", kill_on_drop: false }`
[INFO] [stdout] 4c33a1dd73f10a80dd16680f03917f607c55ea7b8921bd9891988b2262497c6f
