[INFO] fetching crate facet-csv-legacy 0.36.0...
[INFO] testing facet-csv-legacy-0.36.0 against 1.99.0-beta.8+cargoflags=--release for beta-release-1.100-2
[INFO] extracting crate facet-csv-legacy 0.36.0 into /workspace/builds/worker-7-tc1/source
[INFO] started tweaking crates.io crate facet-csv-legacy 0.36.0
[INFO] removed 0 missing tests
[INFO] finished tweaking crates.io crate facet-csv-legacy 0.36.0
[INFO] tweaked toml for crates.io crate facet-csv-legacy 0.36.0 written to /workspace/builds/worker-7-tc1/source/Cargo.toml
[INFO] validating manifest of crates.io crate facet-csv-legacy 0.36.0 on toolchain 1.99.0-beta.8
[INFO] running `Command { std: CARGO_HOME="/workspace/cargo-home" RUSTUP_HOME="/workspace/rustup-home" "/workspace/cargo-home/bin/cargo" "+1.99.0-beta.8" "metadata" "--manifest-path" "Cargo.toml" "--no-deps", kill_on_drop: false }`
[INFO] crate crates.io crate facet-csv-legacy 0.36.0 already has a lockfile, it will not be regenerated
[INFO] running `Command { std: CARGO_HOME="/workspace/cargo-home" RUSTUP_HOME="/workspace/rustup-home" "/workspace/cargo-home/bin/cargo" "+1.99.0-beta.8" "fetch" "--manifest-path" "Cargo.toml", kill_on_drop: false }`
[INFO] [stderr]     Updating crates.io index
[INFO] [stderr]  Downloading crates ...
[INFO] [stderr]   Downloaded terminal_size v0.4.3
[INFO] [stderr]   Downloaded impls v1.0.3
[INFO] [stderr]   Downloaded facet-core v0.36.0
[INFO] [stderr]   Downloaded owo-colors v4.2.3
[INFO] [stderr]   Downloaded facet-reflect v0.36.0
[INFO] running `Command { std: "docker" "create" "-v" "/var/lib/crater-agent-workspace/builds/worker-7-tc1/source:/opt/rustwide/workdir:ro,Z" "-v" "/var/lib/crater-agent-workspace/builds/worker-7-tc1/target:/opt/rustwide/target:rw,Z" "-v" "/var/lib/crater-agent-workspace/cargo-home:/opt/rustwide/cargo-home:ro,Z" "-v" "/var/lib/crater-agent-workspace/rustup-home:/opt/rustwide/rustup-home:ro,Z" "-m" "1610612736" "--network" "none" "ghcr.io/rust-lang/crates-build-env/linux@sha256:77db811e55d90add9212f6832c23229e3de5f1c1f9905e8cb07319ea15df73ac" "sleep" "infinity", kill_on_drop: false }`
[INFO] [stdout] c4b6ae5123a02fe5097038dc459cc63f93e8621b005bb85c37eeed2dc36175f2
[INFO] running `Command { std: "docker" "start" "c4b6ae5123a02fe5097038dc459cc63f93e8621b005bb85c37eeed2dc36175f2", kill_on_drop: false }`
[INFO] running `Command { std: "docker" "inspect" "c4b6ae5123a02fe5097038dc459cc63f93e8621b005bb85c37eeed2dc36175f2", kill_on_drop: false }`
[INFO] running `Command { std: "docker" "exec" "-e" "SOURCE_DIR=/opt/rustwide/workdir" "-e" "CARGO_HOME=/opt/rustwide/cargo-home" "-e" "RUSTUP_HOME=/opt/rustwide/rustup-home" "-e" "CARGO_TARGET_DIR=/opt/rustwide/target" "-w" "/opt/rustwide/workdir" "--user" "0:0" "c4b6ae5123a02fe5097038dc459cc63f93e8621b005bb85c37eeed2dc36175f2" "/opt/rustwide/cargo-home/bin/cargo" "+1.99.0-beta.8" "metadata" "--no-deps" "--format-version=1", kill_on_drop: false }`
[INFO] running `Command { std: "docker" "inspect" "c4b6ae5123a02fe5097038dc459cc63f93e8621b005bb85c37eeed2dc36175f2", kill_on_drop: false }`
[INFO] running `Command { std: "docker" "exec" "-e" "SOURCE_DIR=/opt/rustwide/workdir" "-e" "CARGO_HOME=/opt/rustwide/cargo-home" "-e" "RUSTUP_HOME=/opt/rustwide/rustup-home" "-e" "CARGO_TARGET_DIR=/opt/rustwide/target" "-e" "CARGO_INCREMENTAL=0" "-e" "RUST_BACKTRACE=full" "-e" "RUSTFLAGS=--cap-lints=warn" "-e" "RUSTDOCFLAGS=--cap-lints=warn" "-w" "/opt/rustwide/workdir" "--user" "0:0" "c4b6ae5123a02fe5097038dc459cc63f93e8621b005bb85c37eeed2dc36175f2" "/opt/rustwide/cargo-home/bin/cargo" "+1.99.0-beta.8" "build" "--frozen" "--message-format=json" "--release", kill_on_drop: false }`
[INFO] [stderr]    Compiling rustix v1.1.3
[INFO] [stderr]    Compiling owo-colors v4.2.3
[INFO] [stderr]    Compiling is_ci v1.2.0
[INFO] [stderr]    Compiling unicode-linebreak v0.1.5
[INFO] [stderr]    Compiling impls v1.0.3
[INFO] [stderr]    Compiling supports-unicode v3.0.0
[INFO] [stderr]    Compiling supports-hyperlinks v3.2.0
[INFO] [stderr]    Compiling facet-core v0.36.0
[INFO] [stderr]    Compiling supports-color v3.0.2
[INFO] [stderr]    Compiling textwrap v0.16.2
[INFO] [stderr]    Compiling terminal_size v0.4.3
[INFO] [stderr]    Compiling miette v7.6.0
[INFO] [stderr]    Compiling facet-reflect v0.36.0
[INFO] [stderr]    Compiling facet-csv-legacy v0.36.0 (/opt/rustwide/workdir)
[INFO] [stderr]     Finished `release` profile [optimized] target(s) in 9.31s
[INFO] running `Command { std: "docker" "inspect" "c4b6ae5123a02fe5097038dc459cc63f93e8621b005bb85c37eeed2dc36175f2", kill_on_drop: false }`
[INFO] running `Command { std: "docker" "exec" "-e" "SOURCE_DIR=/opt/rustwide/workdir" "-e" "CARGO_HOME=/opt/rustwide/cargo-home" "-e" "RUSTUP_HOME=/opt/rustwide/rustup-home" "-e" "CARGO_TARGET_DIR=/opt/rustwide/target" "-e" "CARGO_INCREMENTAL=0" "-e" "RUST_BACKTRACE=full" "-e" "RUSTFLAGS=--cap-lints=warn" "-e" "RUSTDOCFLAGS=--cap-lints=warn" "-w" "/opt/rustwide/workdir" "--user" "0:0" "c4b6ae5123a02fe5097038dc459cc63f93e8621b005bb85c37eeed2dc36175f2" "/opt/rustwide/cargo-home/bin/cargo" "+1.99.0-beta.8" "test" "--frozen" "--no-run" "--message-format=json" "--release", kill_on_drop: false }`
[INFO] [stderr]    Compiling facet-csv-legacy v0.36.0 (/opt/rustwide/workdir)
[INFO] [stdout] error[E0432]: unresolved import `facet_testhelpers`
[INFO] [stdout]  --> tests/structs.rs:1:5
[INFO] [stdout]   |
[INFO] [stdout] 1 | use facet_testhelpers::test;
[INFO] [stdout]   |     ^^^^^^^^^^^^^^^^^ use of unresolved module or unlinked crate `facet_testhelpers`
[INFO] [stdout]   |
[INFO] [stdout]   = help: if you wanted to use a crate named `facet_testhelpers`, use `cargo add facet_testhelpers` to add it to your `Cargo.toml`
[INFO] [stdout] 
[INFO] [stdout] 
[INFO] [stdout] error[E0433]: cannot find module or crate `facet` in this scope
[INFO] [stdout]  --> tests/structs.rs:5:14
[INFO] [stdout]   |
[INFO] [stdout] 5 |     #[derive(facet::Facet)]
[INFO] [stdout]   |              ^^^^^ use of unresolved module or unlinked crate `facet`
[INFO] [stdout] 
[INFO] [stdout] 
[INFO] [stdout] error[E0277]: the trait bound `MyStruct: facet_core::Facet<'_>` is not satisfied
[INFO] [stdout]   --> tests/structs.rs:13:46
[INFO] [stdout]    |
[INFO] [stdout] 13 |       let actual = facet_csv_legacy::to_string(&MyStruct {
[INFO] [stdout]    |  __________________---------------------------_^
[INFO] [stdout]    | |                  |
[INFO] [stdout]    | |                  required by a bound introduced by this call
[INFO] [stdout] 14 | |         value1: 1,
[INFO] [stdout] 15 | |         value2: "some",
[INFO] [stdout] 16 | |         value3: false,
[INFO] [stdout] 17 | |     });
[INFO] [stdout]    | |_____^ unsatisfied trait bound
[INFO] [stdout]    |
[INFO] [stdout] help: the trait `facet_core::Facet<'_>` is not implemented for `MyStruct`
[INFO] [stdout]   --> tests/structs.rs:6:5
[INFO] [stdout]    |
[INFO] [stdout]  6 |     struct MyStruct {
[INFO] [stdout]    |     ^^^^^^^^^^^^^^^
[INFO] [stdout]    = help: the following other types implement trait `facet_core::Facet<'facet>`:
[INFO] [stdout]              `&'a T` implements `facet_core::Facet<'a>`
[INFO] [stdout]              `&'a mut T` implements `facet_core::Facet<'a>`
[INFO] [stdout]              `()` implements `facet_core::Facet<'_>`
[INFO] [stdout]              `(T0, T1)` implements `facet_core::Facet<'a>`
[INFO] [stdout]              `(T0, T1, T2)` implements `facet_core::Facet<'a>`
[INFO] [stdout]              `(T0, T1, T2, T3)` implements `facet_core::Facet<'a>`
[INFO] [stdout]              `(T0,)` implements `facet_core::Facet<'a>`
[INFO] [stdout]              `*const T` implements `facet_core::Facet<'a>`
[INFO] [stdout]            and 88 others
[INFO] [stdout] note: required by a bound in `facet_csv_legacy::to_string`
[INFO] [stdout]   --> src/serialize.rs:6:29
[INFO] [stdout]    |
[INFO] [stdout]  6 | pub fn to_string<'facet, T: Facet<'facet>>(value: &'facet T) -> String {
[INFO] [stdout]    |                             ^^^^^^^^^^^^^ required by this bound in `to_string`
[INFO] [stdout] 
[INFO] [stdout] 
[INFO] [stdout] Some errors have detailed explanations: E0277, E0432, E0433.
[INFO] [stdout] 
[INFO] [stdout] For more information about an error, try `rustc --explain E0277`.
[INFO] [stdout] 
[INFO] [stderr] error: could not compile `facet-csv-legacy` (test "structs") due to 3 previous errors
[INFO] [stderr] warning: build failed, waiting for other jobs to finish...
[INFO] running `Command { std: "docker" "inspect" "c4b6ae5123a02fe5097038dc459cc63f93e8621b005bb85c37eeed2dc36175f2", kill_on_drop: false }`
[INFO] running `Command { std: "docker" "rm" "-f" "c4b6ae5123a02fe5097038dc459cc63f93e8621b005bb85c37eeed2dc36175f2", kill_on_drop: false }`
[INFO] [stdout] c4b6ae5123a02fe5097038dc459cc63f93e8621b005bb85c37eeed2dc36175f2
