[INFO] fetching crate facet-asn1-legacy 0.36.0...
[INFO] testing facet-asn1-legacy-0.36.0 against 1.100.0-beta.1+cargoflags=--release for beta-release-1.100-2
[INFO] extracting crate facet-asn1-legacy 0.36.0 into /workspace/builds/worker-7-tc2/source
[INFO] started tweaking crates.io crate facet-asn1-legacy 0.36.0
[INFO] removed 0 missing tests
[INFO] finished tweaking crates.io crate facet-asn1-legacy 0.36.0
[INFO] tweaked toml for crates.io crate facet-asn1-legacy 0.36.0 written to /workspace/builds/worker-7-tc2/source/Cargo.toml
[INFO] validating manifest of crates.io crate facet-asn1-legacy 0.36.0 on toolchain 1.100.0-beta.1
[INFO] running `Command { std: CARGO_HOME="/workspace/cargo-home" RUSTUP_HOME="/workspace/rustup-home" "/workspace/cargo-home/bin/cargo" "+1.100.0-beta.1" "metadata" "--manifest-path" "Cargo.toml" "--no-deps", kill_on_drop: false }`
[INFO] crate crates.io crate facet-asn1-legacy 0.36.0 already has a lockfile, it will not be regenerated
[INFO] running `Command { std: CARGO_HOME="/workspace/cargo-home" RUSTUP_HOME="/workspace/rustup-home" "/workspace/cargo-home/bin/cargo" "+1.100.0-beta.1" "fetch" "--manifest-path" "Cargo.toml", kill_on_drop: false }`
[INFO] running `Command { std: "docker" "create" "-v" "/var/lib/crater-agent-workspace/builds/worker-7-tc2/source:/opt/rustwide/workdir:ro,Z" "-v" "/var/lib/crater-agent-workspace/builds/worker-7-tc2/target:/opt/rustwide/target:rw,Z" "-v" "/var/lib/crater-agent-workspace/cargo-home:/opt/rustwide/cargo-home:ro,Z" "-v" "/var/lib/crater-agent-workspace/rustup-home:/opt/rustwide/rustup-home:ro,Z" "-m" "1610612736" "--network" "none" "ghcr.io/rust-lang/crates-build-env/linux@sha256:77db811e55d90add9212f6832c23229e3de5f1c1f9905e8cb07319ea15df73ac" "sleep" "infinity", kill_on_drop: false }`
[INFO] [stdout] 7a7aea75ac04a2b6bc56aba4e938cc49f63d85333883ba70e4174e46f10301bc
[INFO] running `Command { std: "docker" "start" "7a7aea75ac04a2b6bc56aba4e938cc49f63d85333883ba70e4174e46f10301bc", kill_on_drop: false }`
[INFO] running `Command { std: "docker" "inspect" "7a7aea75ac04a2b6bc56aba4e938cc49f63d85333883ba70e4174e46f10301bc", kill_on_drop: false }`
[INFO] running `Command { std: "docker" "exec" "-e" "SOURCE_DIR=/opt/rustwide/workdir" "-e" "CARGO_HOME=/opt/rustwide/cargo-home" "-e" "RUSTUP_HOME=/opt/rustwide/rustup-home" "-e" "CARGO_TARGET_DIR=/opt/rustwide/target" "-w" "/opt/rustwide/workdir" "--user" "0:0" "7a7aea75ac04a2b6bc56aba4e938cc49f63d85333883ba70e4174e46f10301bc" "/opt/rustwide/cargo-home/bin/cargo" "+1.100.0-beta.1" "metadata" "--no-deps" "--format-version=1", kill_on_drop: false }`
[INFO] running `Command { std: "docker" "inspect" "7a7aea75ac04a2b6bc56aba4e938cc49f63d85333883ba70e4174e46f10301bc", kill_on_drop: false }`
[INFO] running `Command { std: "docker" "exec" "-e" "SOURCE_DIR=/opt/rustwide/workdir" "-e" "CARGO_HOME=/opt/rustwide/cargo-home" "-e" "RUSTUP_HOME=/opt/rustwide/rustup-home" "-e" "CARGO_TARGET_DIR=/opt/rustwide/target" "-e" "CARGO_INCREMENTAL=0" "-e" "RUST_BACKTRACE=full" "-e" "RUSTFLAGS=--cap-lints=warn" "-e" "RUSTDOCFLAGS=--cap-lints=warn" "-w" "/opt/rustwide/workdir" "--user" "0:0" "7a7aea75ac04a2b6bc56aba4e938cc49f63d85333883ba70e4174e46f10301bc" "/opt/rustwide/cargo-home/bin/cargo" "+1.100.0-beta.1" "build" "--frozen" "--message-format=json" "--release", kill_on_drop: false }`
[INFO] [stderr]    Compiling rustix v1.1.3
[INFO] [stderr]    Compiling owo-colors v4.2.3
[INFO] [stderr]    Compiling bitflags v2.10.0
[INFO] [stderr]    Compiling linux-raw-sys v0.11.0
[INFO] [stderr]    Compiling unicode-linebreak v0.1.5
[INFO] [stderr]    Compiling is_ci v1.2.0
[INFO] [stderr]    Compiling facet-core v0.36.0
[INFO] [stderr]    Compiling impls v1.0.3
[INFO] [stderr]    Compiling supports-hyperlinks v3.2.0
[INFO] [stderr]    Compiling supports-color v3.0.2
[INFO] [stderr]    Compiling textwrap v0.16.2
[INFO] [stderr]    Compiling supports-unicode v3.0.0
[INFO] [stderr]    Compiling terminal_size v0.4.3
[INFO] [stderr]    Compiling miette v7.6.0
[INFO] [stderr]    Compiling facet-reflect v0.36.0
[INFO] [stderr]    Compiling facet-asn1-legacy v0.36.0 (/opt/rustwide/workdir)
[INFO] [stdout] warning: use of deprecated constant `core::f64::INFINITY`: replaced by the `INFINITY` associated constant on `f64`
[INFO] [stdout]    --> src/lib.rs:628:44
[INFO] [stdout]     |
[INFO] [stdout] 628 |                 ASN1_REAL_INFINITY => f64::INFINITY,
[INFO] [stdout]     |                                            ^^^^^^^^
[INFO] [stdout]     |
[INFO] [stdout]     = note: `#[warn(deprecated)]` on by default
[INFO] [stdout] 
[INFO] [stdout] 
[INFO] [stdout] warning: use of deprecated constant `core::f64::NEG_INFINITY`: replaced by the `NEG_INFINITY` associated constant on `f64`
[INFO] [stdout]    --> src/lib.rs:629:48
[INFO] [stdout]     |
[INFO] [stdout] 629 |                 ASN1_REAL_NEG_INFINITY => f64::NEG_INFINITY,
[INFO] [stdout]     |                                                ^^^^^^^^^^^^
[INFO] [stdout] 
[INFO] [stdout] 
[INFO] [stdout] warning: use of deprecated constant `core::f64::NAN`: replaced by the `NAN` associated constant on `f64`
[INFO] [stdout]    --> src/lib.rs:630:39
[INFO] [stdout]     |
[INFO] [stdout] 630 |                 ASN1_REAL_NAN => f64::NAN,
[INFO] [stdout]     |                                       ^^^
[INFO] [stdout] 
[INFO] [stdout] 
[INFO] [stdout] warning: use of deprecated constant `core::f64::NEG_INFINITY`: replaced by the `NEG_INFINITY` associated constant on `f64`
[INFO] [stdout]    --> src/lib.rs:669:34
[INFO] [stdout]     |
[INFO] [stdout] 669 | ...                   f64::NEG_INFINITY
[INFO] [stdout]     |                            ^^^^^^^^^^^^
[INFO] [stdout] 
[INFO] [stdout] 
[INFO] [stdout] warning: use of deprecated constant `core::f64::INFINITY`: replaced by the `INFINITY` associated constant on `f64`
[INFO] [stdout]    --> src/lib.rs:671:34
[INFO] [stdout]     |
[INFO] [stdout] 671 | ...                   f64::INFINITY
[INFO] [stdout]     |                            ^^^^^^^^
[INFO] [stdout] 
[INFO] [stdout] 
[INFO] [stderr]     Finished `release` profile [optimized] target(s) in 19.35s
[INFO] running `Command { std: "docker" "inspect" "7a7aea75ac04a2b6bc56aba4e938cc49f63d85333883ba70e4174e46f10301bc", kill_on_drop: false }`
[INFO] running `Command { std: "docker" "exec" "-e" "SOURCE_DIR=/opt/rustwide/workdir" "-e" "CARGO_HOME=/opt/rustwide/cargo-home" "-e" "RUSTUP_HOME=/opt/rustwide/rustup-home" "-e" "CARGO_TARGET_DIR=/opt/rustwide/target" "-e" "CARGO_INCREMENTAL=0" "-e" "RUST_BACKTRACE=full" "-e" "RUSTFLAGS=--cap-lints=warn" "-e" "RUSTDOCFLAGS=--cap-lints=warn" "-w" "/opt/rustwide/workdir" "--user" "0:0" "7a7aea75ac04a2b6bc56aba4e938cc49f63d85333883ba70e4174e46f10301bc" "/opt/rustwide/cargo-home/bin/cargo" "+1.100.0-beta.1" "test" "--frozen" "--no-run" "--message-format=json" "--release", kill_on_drop: false }`
[INFO] [stderr]    Compiling facet-asn1-legacy v0.36.0 (/opt/rustwide/workdir)
[INFO] [stdout] warning: use of deprecated constant `core::f64::INFINITY`: replaced by the `INFINITY` associated constant on `f64`
[INFO] [stdout]    --> src/lib.rs:628:44
[INFO] [stdout]     |
[INFO] [stdout] 628 |                 ASN1_REAL_INFINITY => f64::INFINITY,
[INFO] [stdout]     |                                            ^^^^^^^^
[INFO] [stdout]     |
[INFO] [stdout]     = note: `#[warn(deprecated)]` on by default
[INFO] [stdout] 
[INFO] [stdout] 
[INFO] [stdout] warning: use of deprecated constant `core::f64::NEG_INFINITY`: replaced by the `NEG_INFINITY` associated constant on `f64`
[INFO] [stdout]    --> src/lib.rs:629:48
[INFO] [stdout]     |
[INFO] [stdout] 629 |                 ASN1_REAL_NEG_INFINITY => f64::NEG_INFINITY,
[INFO] [stdout]     |                                                ^^^^^^^^^^^^
[INFO] [stdout] 
[INFO] [stdout] 
[INFO] [stdout] warning: use of deprecated constant `core::f64::NAN`: replaced by the `NAN` associated constant on `f64`
[INFO] [stdout]    --> src/lib.rs:630:39
[INFO] [stdout]     |
[INFO] [stdout] 630 |                 ASN1_REAL_NAN => f64::NAN,
[INFO] [stdout]     |                                       ^^^
[INFO] [stdout] 
[INFO] [stdout] 
[INFO] [stdout] warning: use of deprecated constant `core::f64::NEG_INFINITY`: replaced by the `NEG_INFINITY` associated constant on `f64`
[INFO] [stdout]    --> src/lib.rs:669:34
[INFO] [stdout]     |
[INFO] [stdout] 669 | ...                   f64::NEG_INFINITY
[INFO] [stdout]     |                            ^^^^^^^^^^^^
[INFO] [stdout] 
[INFO] [stdout] 
[INFO] [stdout] warning: use of deprecated constant `core::f64::INFINITY`: replaced by the `INFINITY` associated constant on `f64`
[INFO] [stdout]    --> src/lib.rs:671:34
[INFO] [stdout]     |
[INFO] [stdout] 671 | ...                   f64::INFINITY
[INFO] [stdout]     |                            ^^^^^^^^
[INFO] [stdout] 
[INFO] [stdout] 
[INFO] [stdout] warning: use of deprecated constant `core::f64::INFINITY`: replaced by the `INFINITY` associated constant on `f64`
[INFO] [stdout]    --> src/lib.rs:628:44
[INFO] [stdout]     |
[INFO] [stdout] 628 |                 ASN1_REAL_INFINITY => f64::INFINITY,
[INFO] [stdout]     |                                            ^^^^^^^^
[INFO] [stdout]     |
[INFO] [stdout]     = note: `#[warn(deprecated)]` on by default
[INFO] [stdout] 
[INFO] [stdout] 
[INFO] [stdout] warning: use of deprecated constant `core::f64::NEG_INFINITY`: replaced by the `NEG_INFINITY` associated constant on `f64`
[INFO] [stdout]    --> src/lib.rs:629:48
[INFO] [stdout]     |
[INFO] [stdout] 629 |                 ASN1_REAL_NEG_INFINITY => f64::NEG_INFINITY,
[INFO] [stdout]     |                                                ^^^^^^^^^^^^
[INFO] [stdout] 
[INFO] [stdout] 
[INFO] [stdout] warning: use of deprecated constant `core::f64::NAN`: replaced by the `NAN` associated constant on `f64`
[INFO] [stdout]    --> src/lib.rs:630:39
[INFO] [stdout]     |
[INFO] [stdout] 630 |                 ASN1_REAL_NAN => f64::NAN,
[INFO] [stdout]     |                                       ^^^
[INFO] [stdout] 
[INFO] [stdout] 
[INFO] [stdout] warning: use of deprecated constant `core::f64::NEG_INFINITY`: replaced by the `NEG_INFINITY` associated constant on `f64`
[INFO] [stdout]    --> src/lib.rs:669:34
[INFO] [stdout]     |
[INFO] [stdout] 669 | ...                   f64::NEG_INFINITY
[INFO] [stdout]     |                            ^^^^^^^^^^^^
[INFO] [stdout] 
[INFO] [stdout] 
[INFO] [stdout] warning: use of deprecated constant `core::f64::INFINITY`: replaced by the `INFINITY` associated constant on `f64`
[INFO] [stdout]    --> src/lib.rs:671:34
[INFO] [stdout]     |
[INFO] [stdout] 671 | ...                   f64::INFINITY
[INFO] [stdout]     |                            ^^^^^^^^
[INFO] [stdout] 
[INFO] [stdout] 
[INFO] [stdout] error[E0432]: unresolved import `facet`
[INFO] [stdout]  --> tests/mod.rs:1:5
[INFO] [stdout]   |
[INFO] [stdout] 1 | use facet::Facet;
[INFO] [stdout]   |     ^^^^^ use of unresolved module or unlinked crate `facet`
[INFO] [stdout]   |
[INFO] [stdout]   = help: if you wanted to use a crate named `facet`, use `cargo add facet` to add it to your `Cargo.toml`
[INFO] [stdout] 
[INFO] [stdout] 
[INFO] [stdout] error[E0432]: unresolved import `facet_testhelpers`
[INFO] [stdout]  --> tests/mod.rs:3:5
[INFO] [stdout]   |
[INFO] [stdout] 3 | use facet_testhelpers::test;
[INFO] [stdout]   |     ^^^^^^^^^^^^^^^^^ use of unresolved module or unlinked crate `facet_testhelpers`
[INFO] [stdout]   |
[INFO] [stdout]   = help: if you wanted to use a crate named `facet_testhelpers`, use `cargo add facet_testhelpers` to add it to your `Cargo.toml`
[INFO] [stdout] 
[INFO] [stdout] 
[INFO] [stdout] error: cannot find attribute `facet` in this scope
[INFO] [stdout]    --> tests/mod.rs:164:3
[INFO] [stdout]     |
[INFO] [stdout] 164 | #[facet(type_tag = "5")]
[INFO] [stdout]     |   ^^^^^
[INFO] [stdout] 
[INFO] [stdout] 
[INFO] [stdout] error: cannot find attribute `facet` in this scope
[INFO] [stdout]    --> tests/mod.rs:159:3
[INFO] [stdout]     |
[INFO] [stdout] 159 | #[facet(type_tag = "5", transparent)]
[INFO] [stdout]     |   ^^^^^
[INFO] [stdout] 
[INFO] [stdout] 
[INFO] [stdout] error: cannot find attribute `facet` in this scope
[INFO] [stdout]   --> tests/mod.rs:66:3
[INFO] [stdout]    |
[INFO] [stdout] 66 | #[facet(type_tag = "1", transparent)]
[INFO] [stdout]    |   ^^^^^
[INFO] [stdout] 
[INFO] [stdout] 
[INFO] [stdout] error: cannot find attribute `facet` in this scope
[INFO] [stdout]   --> tests/mod.rs:56:3
[INFO] [stdout]    |
[INFO] [stdout] 56 | #[facet(type_tag = "0", transparent)]
[INFO] [stdout]    |   ^^^^^
[INFO] [stdout] 
[INFO] [stdout] 
[INFO] [stdout] error: cannot find attribute `facet` in this scope
[INFO] [stdout]  --> tests/mod.rs:6:3
[INFO] [stdout]   |
[INFO] [stdout] 6 | #[facet(type_tag = "IA5String", transparent)]
[INFO] [stdout]   |   ^^^^^
[INFO] [stdout] 
[INFO] [stdout] 
[INFO] [stdout] error[E0277]: the trait bound `FooQuestion: facet_core::Facet<'_>` is not satisfied
[INFO] [stdout]    --> tests/mod.rs:31:33
[INFO] [stdout]     |
[INFO] [stdout]  31 |     let question: FooQuestion = deserialize_der(&der).unwrap();
[INFO] [stdout]     |                                 ^^^^^^^^^^^^^^^^^^^^^ unsatisfied trait bound
[INFO] [stdout]     |
[INFO] [stdout] help: the trait `facet_core::Facet<'_>` is not implemented for `FooQuestion`
[INFO] [stdout]    --> tests/mod.rs:20:1
[INFO] [stdout]     |
[INFO] [stdout]  20 | struct FooQuestion {
[INFO] [stdout]     | ^^^^^^^^^^^^^^^^^^
[INFO] [stdout]     = help: the following other types implement trait `facet_core::Facet<'facet>`:
[INFO] [stdout]               `&'a T` implements `facet_core::Facet<'a>`
[INFO] [stdout]               `&'a mut T` implements `facet_core::Facet<'a>`
[INFO] [stdout]               `()` implements `facet_core::Facet<'_>`
[INFO] [stdout]               `(T0, T1)` implements `facet_core::Facet<'a>`
[INFO] [stdout]               `(T0, T1, T2)` implements `facet_core::Facet<'a>`
[INFO] [stdout]               `(T0, T1, T2, T3)` implements `facet_core::Facet<'a>`
[INFO] [stdout]               `(T0,)` implements `facet_core::Facet<'a>`
[INFO] [stdout]               `*const T` implements `facet_core::Facet<'a>`
[INFO] [stdout]             and 88 others
[INFO] [stdout] note: required by a bound in `deserialize_der`
[INFO] [stdout]    --> src/lib.rs:988:31
[INFO] [stdout]     |
[INFO] [stdout] 988 | pub fn deserialize_der<'f, F: facet_core::Facet<'f>>(input: &[u8]) -> Result<F, Asn1DeserError> {
[INFO] [stdout]     |                               ^^^^^^^^^^^^^^^^^^^^^ required by this bound in `deserialize_der`
[INFO] [stdout] 
[INFO] [stdout] 
[INFO] [stdout] error[E0277]: the trait bound `FooQuestion: facet_core::Facet<'_>` is not satisfied
[INFO] [stdout]    --> tests/mod.rs:47:26
[INFO] [stdout]     |
[INFO] [stdout]  47 |     let der = to_vec_der(&question).unwrap();
[INFO] [stdout]     |               ---------- ^^^^^^^^^ unsatisfied trait bound
[INFO] [stdout]     |               |
[INFO] [stdout]     |               required by a bound introduced by this call
[INFO] [stdout]     |
[INFO] [stdout] help: the trait `facet_core::Facet<'_>` is not implemented for `FooQuestion`
[INFO] [stdout]    --> tests/mod.rs:20:1
[INFO] [stdout]     |
[INFO] [stdout]  20 | struct FooQuestion {
[INFO] [stdout]     | ^^^^^^^^^^^^^^^^^^
[INFO] [stdout]     = help: the following other types implement trait `facet_core::Facet<'facet>`:
[INFO] [stdout]               `&'a T` implements `facet_core::Facet<'a>`
[INFO] [stdout]               `&'a mut T` implements `facet_core::Facet<'a>`
[INFO] [stdout]               `()` implements `facet_core::Facet<'_>`
[INFO] [stdout]               `(T0, T1)` implements `facet_core::Facet<'a>`
[INFO] [stdout]               `(T0, T1, T2)` implements `facet_core::Facet<'a>`
[INFO] [stdout]               `(T0, T1, T2, T3)` implements `facet_core::Facet<'a>`
[INFO] [stdout]               `(T0,)` implements `facet_core::Facet<'a>`
[INFO] [stdout]               `*const T` implements `facet_core::Facet<'a>`
[INFO] [stdout]             and 88 others
[INFO] [stdout] note: required by a bound in `to_vec_der`
[INFO] [stdout]    --> src/lib.rs:171:26
[INFO] [stdout]     |
[INFO] [stdout] 171 | pub fn to_vec_der<'f, F: Facet<'f>>(value: &'f F) -> Result<Vec<u8>, Asn1SerError> {
[INFO] [stdout]     |                          ^^^^^^^^^ required by this bound in `to_vec_der`
[INFO] [stdout] 
[INFO] [stdout] 
[INFO] [stdout] error[E0277]: the trait bound `Point: facet_core::Facet<'_>` is not satisfied
[INFO] [stdout]    --> tests/mod.rs:88:24
[INFO] [stdout]     |
[INFO] [stdout]  88 |     let point: Point = deserialize_der(&der).unwrap();
[INFO] [stdout]     |                        ^^^^^^^^^^^^^^^^^^^^^ unsatisfied trait bound
[INFO] [stdout]     |
[INFO] [stdout] help: the trait `facet_core::Facet<'_>` is not implemented for `Point`
[INFO] [stdout]    --> tests/mod.rs:80:1
[INFO] [stdout]     |
[INFO] [stdout]  80 | struct Point {
[INFO] [stdout]     | ^^^^^^^^^^^^
[INFO] [stdout]     = help: the following other types implement trait `facet_core::Facet<'facet>`:
[INFO] [stdout]               `&'a T` implements `facet_core::Facet<'a>`
[INFO] [stdout]               `&'a mut T` implements `facet_core::Facet<'a>`
[INFO] [stdout]               `()` implements `facet_core::Facet<'_>`
[INFO] [stdout]               `(T0, T1)` implements `facet_core::Facet<'a>`
[INFO] [stdout]               `(T0, T1, T2)` implements `facet_core::Facet<'a>`
[INFO] [stdout]               `(T0, T1, T2, T3)` implements `facet_core::Facet<'a>`
[INFO] [stdout]               `(T0,)` implements `facet_core::Facet<'a>`
[INFO] [stdout]               `*const T` implements `facet_core::Facet<'a>`
[INFO] [stdout]             and 88 others
[INFO] [stdout] note: required by a bound in `deserialize_der`
[INFO] [stdout]    --> src/lib.rs:988:31
[INFO] [stdout]     |
[INFO] [stdout] 988 | pub fn deserialize_der<'f, F: facet_core::Facet<'f>>(input: &[u8]) -> Result<F, Asn1DeserError> {
[INFO] [stdout]     |                               ^^^^^^^^^^^^^^^^^^^^^ required by this bound in `deserialize_der`
[INFO] [stdout] 
[INFO] [stdout] 
[INFO] [stdout] error[E0277]: the trait bound `Point: facet_core::Facet<'_>` is not satisfied
[INFO] [stdout]    --> tests/mod.rs:101:24
[INFO] [stdout]     |
[INFO] [stdout] 101 |     let point: Point = deserialize_der(&der).unwrap();
[INFO] [stdout]     |                        ^^^^^^^^^^^^^^^^^^^^^ unsatisfied trait bound
[INFO] [stdout]     |
[INFO] [stdout] help: the trait `facet_core::Facet<'_>` is not implemented for `Point`
[INFO] [stdout]    --> tests/mod.rs:80:1
[INFO] [stdout]     |
[INFO] [stdout]  80 | struct Point {
[INFO] [stdout]     | ^^^^^^^^^^^^
[INFO] [stdout]     = help: the following other types implement trait `facet_core::Facet<'facet>`:
[INFO] [stdout]               `&'a T` implements `facet_core::Facet<'a>`
[INFO] [stdout]               `&'a mut T` implements `facet_core::Facet<'a>`
[INFO] [stdout]               `()` implements `facet_core::Facet<'_>`
[INFO] [stdout]               `(T0, T1)` implements `facet_core::Facet<'a>`
[INFO] [stdout]               `(T0, T1, T2)` implements `facet_core::Facet<'a>`
[INFO] [stdout]               `(T0, T1, T2, T3)` implements `facet_core::Facet<'a>`
[INFO] [stdout]               `(T0,)` implements `facet_core::Facet<'a>`
[INFO] [stdout]               `*const T` implements `facet_core::Facet<'a>`
[INFO] [stdout]             and 88 others
[INFO] [stdout] note: required by a bound in `deserialize_der`
[INFO] [stdout]    --> src/lib.rs:988:31
[INFO] [stdout]     |
[INFO] [stdout] 988 | pub fn deserialize_der<'f, F: facet_core::Facet<'f>>(input: &[u8]) -> Result<F, Asn1DeserError> {
[INFO] [stdout]     |                               ^^^^^^^^^^^^^^^^^^^^^ required by this bound in `deserialize_der`
[INFO] [stdout] 
[INFO] [stdout] 
[INFO] [stdout] error[E0277]: the trait bound `Point: facet_core::Facet<'_>` is not satisfied
[INFO] [stdout]    --> tests/mod.rs:114:24
[INFO] [stdout]     |
[INFO] [stdout] 114 |     let point: Point = deserialize_der(&der).unwrap();
[INFO] [stdout]     |                        ^^^^^^^^^^^^^^^^^^^^^ unsatisfied trait bound
[INFO] [stdout]     |
[INFO] [stdout] help: the trait `facet_core::Facet<'_>` is not implemented for `Point`
[INFO] [stdout]    --> tests/mod.rs:80:1
[INFO] [stdout]     |
[INFO] [stdout]  80 | struct Point {
[INFO] [stdout]     | ^^^^^^^^^^^^
[INFO] [stdout]     = help: the following other types implement trait `facet_core::Facet<'facet>`:
[INFO] [stdout]               `&'a T` implements `facet_core::Facet<'a>`
[INFO] [stdout]               `&'a mut T` implements `facet_core::Facet<'a>`
[INFO] [stdout]               `()` implements `facet_core::Facet<'_>`
[INFO] [stdout]               `(T0, T1)` implements `facet_core::Facet<'a>`
[INFO] [stdout]               `(T0, T1, T2)` implements `facet_core::Facet<'a>`
[INFO] [stdout]               `(T0, T1, T2, T3)` implements `facet_core::Facet<'a>`
[INFO] [stdout]               `(T0,)` implements `facet_core::Facet<'a>`
[INFO] [stdout]               `*const T` implements `facet_core::Facet<'a>`
[INFO] [stdout]             and 88 others
[INFO] [stdout] note: required by a bound in `deserialize_der`
[INFO] [stdout]    --> src/lib.rs:988:31
[INFO] [stdout]     |
[INFO] [stdout] 988 | pub fn deserialize_der<'f, F: facet_core::Facet<'f>>(input: &[u8]) -> Result<F, Asn1DeserError> {
[INFO] [stdout]     |                               ^^^^^^^^^^^^^^^^^^^^^ required by this bound in `deserialize_der`
[INFO] [stdout] 
[INFO] [stdout] 
[INFO] [stdout] error[E0277]: the trait bound `Point: facet_core::Facet<'_>` is not satisfied
[INFO] [stdout]    --> tests/mod.rs:130:26
[INFO] [stdout]     |
[INFO] [stdout] 130 |     let der = to_vec_der(&point).unwrap();
[INFO] [stdout]     |               ---------- ^^^^^^ unsatisfied trait bound
[INFO] [stdout]     |               |
[INFO] [stdout]     |               required by a bound introduced by this call
[INFO] [stdout]     |
[INFO] [stdout] help: the trait `facet_core::Facet<'_>` is not implemented for `Point`
[INFO] [stdout]    --> tests/mod.rs:80:1
[INFO] [stdout]     |
[INFO] [stdout]  80 | struct Point {
[INFO] [stdout]     | ^^^^^^^^^^^^
[INFO] [stdout]     = help: the following other types implement trait `facet_core::Facet<'facet>`:
[INFO] [stdout]               `&'a T` implements `facet_core::Facet<'a>`
[INFO] [stdout]               `&'a mut T` implements `facet_core::Facet<'a>`
[INFO] [stdout]               `()` implements `facet_core::Facet<'_>`
[INFO] [stdout]               `(T0, T1)` implements `facet_core::Facet<'a>`
[INFO] [stdout]               `(T0, T1, T2)` implements `facet_core::Facet<'a>`
[INFO] [stdout]               `(T0, T1, T2, T3)` implements `facet_core::Facet<'a>`
[INFO] [stdout]               `(T0,)` implements `facet_core::Facet<'a>`
[INFO] [stdout]               `*const T` implements `facet_core::Facet<'a>`
[INFO] [stdout]             and 88 others
[INFO] [stdout] note: required by a bound in `to_vec_der`
[INFO] [stdout]    --> src/lib.rs:171:26
[INFO] [stdout]     |
[INFO] [stdout] 171 | pub fn to_vec_der<'f, F: Facet<'f>>(value: &'f F) -> Result<Vec<u8>, Asn1SerError> {
[INFO] [stdout]     |                          ^^^^^^^^^ required by this bound in `to_vec_der`
[INFO] [stdout] 
[INFO] [stdout] 
[INFO] [stdout] error[E0277]: the trait bound `Point: facet_core::Facet<'_>` is not satisfied
[INFO] [stdout]    --> tests/mod.rs:141:26
[INFO] [stdout]     |
[INFO] [stdout] 141 |     let der = to_vec_der(&point).unwrap();
[INFO] [stdout]     |               ---------- ^^^^^^ unsatisfied trait bound
[INFO] [stdout]     |               |
[INFO] [stdout]     |               required by a bound introduced by this call
[INFO] [stdout]     |
[INFO] [stdout] help: the trait `facet_core::Facet<'_>` is not implemented for `Point`
[INFO] [stdout]    --> tests/mod.rs:80:1
[INFO] [stdout]     |
[INFO] [stdout]  80 | struct Point {
[INFO] [stdout]     | ^^^^^^^^^^^^
[INFO] [stdout]     = help: the following other types implement trait `facet_core::Facet<'facet>`:
[INFO] [stdout]               `&'a T` implements `facet_core::Facet<'a>`
[INFO] [stdout]               `&'a mut T` implements `facet_core::Facet<'a>`
[INFO] [stdout]               `()` implements `facet_core::Facet<'_>`
[INFO] [stdout]               `(T0, T1)` implements `facet_core::Facet<'a>`
[INFO] [stdout]               `(T0, T1, T2)` implements `facet_core::Facet<'a>`
[INFO] [stdout]               `(T0, T1, T2, T3)` implements `facet_core::Facet<'a>`
[INFO] [stdout]               `(T0,)` implements `facet_core::Facet<'a>`
[INFO] [stdout]               `*const T` implements `facet_core::Facet<'a>`
[INFO] [stdout]             and 88 others
[INFO] [stdout] note: required by a bound in `to_vec_der`
[INFO] [stdout]    --> src/lib.rs:171:26
[INFO] [stdout]     |
[INFO] [stdout] 171 | pub fn to_vec_der<'f, F: Facet<'f>>(value: &'f F) -> Result<Vec<u8>, Asn1SerError> {
[INFO] [stdout]     |                          ^^^^^^^^^ required by this bound in `to_vec_der`
[INFO] [stdout] 
[INFO] [stdout] 
[INFO] [stdout] error[E0277]: the trait bound `Point: facet_core::Facet<'_>` is not satisfied
[INFO] [stdout]    --> tests/mod.rs:152:26
[INFO] [stdout]     |
[INFO] [stdout] 152 |     let der = to_vec_der(&point).unwrap();
[INFO] [stdout]     |               ---------- ^^^^^^ unsatisfied trait bound
[INFO] [stdout]     |               |
[INFO] [stdout]     |               required by a bound introduced by this call
[INFO] [stdout]     |
[INFO] [stdout] help: the trait `facet_core::Facet<'_>` is not implemented for `Point`
[INFO] [stdout]    --> tests/mod.rs:80:1
[INFO] [stdout]     |
[INFO] [stdout]  80 | struct Point {
[INFO] [stdout]     | ^^^^^^^^^^^^
[INFO] [stdout]     = help: the following other types implement trait `facet_core::Facet<'facet>`:
[INFO] [stdout]               `&'a T` implements `facet_core::Facet<'a>`
[INFO] [stdout]               `&'a mut T` implements `facet_core::Facet<'a>`
[INFO] [stdout]               `()` implements `facet_core::Facet<'_>`
[INFO] [stdout]               `(T0, T1)` implements `facet_core::Facet<'a>`
[INFO] [stdout]               `(T0, T1, T2)` implements `facet_core::Facet<'a>`
[INFO] [stdout]               `(T0, T1, T2, T3)` implements `facet_core::Facet<'a>`
[INFO] [stdout]               `(T0,)` implements `facet_core::Facet<'a>`
[INFO] [stdout]               `*const T` implements `facet_core::Facet<'a>`
[INFO] [stdout]             and 88 others
[INFO] [stdout] note: required by a bound in `to_vec_der`
[INFO] [stdout]    --> src/lib.rs:171:26
[INFO] [stdout]     |
[INFO] [stdout] 171 | pub fn to_vec_der<'f, F: Facet<'f>>(value: &'f F) -> Result<Vec<u8>, Asn1SerError> {
[INFO] [stdout]     |                          ^^^^^^^^^ required by this bound in `to_vec_der`
[INFO] [stdout] 
[INFO] [stdout] 
[INFO] [stdout] error[E0277]: the trait bound `ImplicitString: facet_core::Facet<'_>` is not satisfied
[INFO] [stdout]    --> tests/mod.rs:170:43
[INFO] [stdout]     |
[INFO] [stdout] 170 |     let implicit_string: ImplicitString = deserialize_der(&der).unwrap();
[INFO] [stdout]     |                                           ^^^^^^^^^^^^^^^^^^^^^ unsatisfied trait bound
[INFO] [stdout]     |
[INFO] [stdout] help: the trait `facet_core::Facet<'_>` is not implemented for `ImplicitString`
[INFO] [stdout]    --> tests/mod.rs:160:1
[INFO] [stdout]     |
[INFO] [stdout] 160 | struct ImplicitString(String);
[INFO] [stdout]     | ^^^^^^^^^^^^^^^^^^^^^
[INFO] [stdout]     = help: the following other types implement trait `facet_core::Facet<'facet>`:
[INFO] [stdout]               `&'a T` implements `facet_core::Facet<'a>`
[INFO] [stdout]               `&'a mut T` implements `facet_core::Facet<'a>`
[INFO] [stdout]               `()` implements `facet_core::Facet<'_>`
[INFO] [stdout]               `(T0, T1)` implements `facet_core::Facet<'a>`
[INFO] [stdout]               `(T0, T1, T2)` implements `facet_core::Facet<'a>`
[INFO] [stdout]               `(T0, T1, T2, T3)` implements `facet_core::Facet<'a>`
[INFO] [stdout]               `(T0,)` implements `facet_core::Facet<'a>`
[INFO] [stdout]               `*const T` implements `facet_core::Facet<'a>`
[INFO] [stdout]             and 88 others
[INFO] [stdout] note: required by a bound in `deserialize_der`
[INFO] [stdout]    --> src/lib.rs:988:31
[INFO] [stdout]     |
[INFO] [stdout] 988 | pub fn deserialize_der<'f, F: facet_core::Facet<'f>>(input: &[u8]) -> Result<F, Asn1DeserError> {
[INFO] [stdout]     |                               ^^^^^^^^^^^^^^^^^^^^^ required by this bound in `deserialize_der`
[INFO] [stdout] 
[INFO] [stdout] 
[INFO] [stdout] error[E0277]: the trait bound `ImplicitString: facet_core::Facet<'_>` is not satisfied
[INFO] [stdout]    --> tests/mod.rs:177:26
[INFO] [stdout]     |
[INFO] [stdout] 177 |     let der = to_vec_der(&implicit_string).unwrap();
[INFO] [stdout]     |               ---------- ^^^^^^^^^^^^^^^^ unsatisfied trait bound
[INFO] [stdout]     |               |
[INFO] [stdout]     |               required by a bound introduced by this call
[INFO] [stdout]     |
[INFO] [stdout] help: the trait `facet_core::Facet<'_>` is not implemented for `ImplicitString`
[INFO] [stdout]    --> tests/mod.rs:160:1
[INFO] [stdout]     |
[INFO] [stdout] 160 | struct ImplicitString(String);
[INFO] [stdout]     | ^^^^^^^^^^^^^^^^^^^^^
[INFO] [stdout]     = help: the following other types implement trait `facet_core::Facet<'facet>`:
[INFO] [stdout]               `&'a T` implements `facet_core::Facet<'a>`
[INFO] [stdout]               `&'a mut T` implements `facet_core::Facet<'a>`
[INFO] [stdout]               `()` implements `facet_core::Facet<'_>`
[INFO] [stdout]               `(T0, T1)` implements `facet_core::Facet<'a>`
[INFO] [stdout]               `(T0, T1, T2)` implements `facet_core::Facet<'a>`
[INFO] [stdout]               `(T0, T1, T2, T3)` implements `facet_core::Facet<'a>`
[INFO] [stdout]               `(T0,)` implements `facet_core::Facet<'a>`
[INFO] [stdout]               `*const T` implements `facet_core::Facet<'a>`
[INFO] [stdout]             and 88 others
[INFO] [stdout] note: required by a bound in `to_vec_der`
[INFO] [stdout]    --> src/lib.rs:171:26
[INFO] [stdout]     |
[INFO] [stdout] 171 | pub fn to_vec_der<'f, F: Facet<'f>>(value: &'f F) -> Result<Vec<u8>, Asn1SerError> {
[INFO] [stdout]     |                          ^^^^^^^^^ required by this bound in `to_vec_der`
[INFO] [stdout] 
[INFO] [stdout] 
[INFO] [stdout] error[E0277]: the trait bound `ExplicitString: facet_core::Facet<'_>` is not satisfied
[INFO] [stdout]    --> tests/mod.rs:185:43
[INFO] [stdout]     |
[INFO] [stdout] 185 |     let explicit_string: ExplicitString = deserialize_der(&der).unwrap();
[INFO] [stdout]     |                                           ^^^^^^^^^^^^^^^^^^^^^ unsatisfied trait bound
[INFO] [stdout]     |
[INFO] [stdout] help: the trait `facet_core::Facet<'_>` is not implemented for `ExplicitString`
[INFO] [stdout]    --> tests/mod.rs:165:1
[INFO] [stdout]     |
[INFO] [stdout] 165 | struct ExplicitString(String);
[INFO] [stdout]     | ^^^^^^^^^^^^^^^^^^^^^
[INFO] [stdout]     = help: the following other types implement trait `facet_core::Facet<'facet>`:
[INFO] [stdout]               `&'a T` implements `facet_core::Facet<'a>`
[INFO] [stdout]               `&'a mut T` implements `facet_core::Facet<'a>`
[INFO] [stdout]               `()` implements `facet_core::Facet<'_>`
[INFO] [stdout]               `(T0, T1)` implements `facet_core::Facet<'a>`
[INFO] [stdout]               `(T0, T1, T2)` implements `facet_core::Facet<'a>`
[INFO] [stdout]               `(T0, T1, T2, T3)` implements `facet_core::Facet<'a>`
[INFO] [stdout]               `(T0,)` implements `facet_core::Facet<'a>`
[INFO] [stdout]               `*const T` implements `facet_core::Facet<'a>`
[INFO] [stdout]             and 88 others
[INFO] [stdout] note: required by a bound in `deserialize_der`
[INFO] [stdout]    --> src/lib.rs:988:31
[INFO] [stdout]     |
[INFO] [stdout] 988 | pub fn deserialize_der<'f, F: facet_core::Facet<'f>>(input: &[u8]) -> Result<F, Asn1DeserError> {
[INFO] [stdout]     |                               ^^^^^^^^^^^^^^^^^^^^^ required by this bound in `deserialize_der`
[INFO] [stdout] 
[INFO] [stdout] 
[INFO] [stdout] error[E0277]: the trait bound `ExplicitString: facet_core::Facet<'_>` is not satisfied
[INFO] [stdout]    --> tests/mod.rs:192:26
[INFO] [stdout]     |
[INFO] [stdout] 192 |     let der = to_vec_der(&explicit_string).unwrap();
[INFO] [stdout]     |               ---------- ^^^^^^^^^^^^^^^^ unsatisfied trait bound
[INFO] [stdout]     |               |
[INFO] [stdout]     |               required by a bound introduced by this call
[INFO] [stdout]     |
[INFO] [stdout] help: the trait `facet_core::Facet<'_>` is not implemented for `ExplicitString`
[INFO] [stdout]    --> tests/mod.rs:165:1
[INFO] [stdout]     |
[INFO] [stdout] 165 | struct ExplicitString(String);
[INFO] [stdout]     | ^^^^^^^^^^^^^^^^^^^^^
[INFO] [stdout]     = help: the following other types implement trait `facet_core::Facet<'facet>`:
[INFO] [stdout]               `&'a T` implements `facet_core::Facet<'a>`
[INFO] [stdout]               `&'a mut T` implements `facet_core::Facet<'a>`
[INFO] [stdout]               `()` implements `facet_core::Facet<'_>`
[INFO] [stdout]               `(T0, T1)` implements `facet_core::Facet<'a>`
[INFO] [stdout]               `(T0, T1, T2)` implements `facet_core::Facet<'a>`
[INFO] [stdout]               `(T0, T1, T2, T3)` implements `facet_core::Facet<'a>`
[INFO] [stdout]               `(T0,)` implements `facet_core::Facet<'a>`
[INFO] [stdout]               `*const T` implements `facet_core::Facet<'a>`
[INFO] [stdout]             and 88 others
[INFO] [stdout] note: required by a bound in `to_vec_der`
[INFO] [stdout]    --> src/lib.rs:171:26
[INFO] [stdout]     |
[INFO] [stdout] 171 | pub fn to_vec_der<'f, F: Facet<'f>>(value: &'f F) -> Result<Vec<u8>, Asn1SerError> {
[INFO] [stdout]     |                          ^^^^^^^^^ required by this bound in `to_vec_der`
[INFO] [stdout] 
[INFO] [stdout] 
[INFO] [stdout] error[E0277]: the trait bound `NullStruct: facet_core::Facet<'_>` is not satisfied
[INFO] [stdout]    --> tests/mod.rs:204:35
[INFO] [stdout]     |
[INFO] [stdout] 204 |     let null_struct: NullStruct = deserialize_der(&der).unwrap();
[INFO] [stdout]     |                                   ^^^^^^^^^^^^^^^^^^^^^ unsatisfied trait bound
[INFO] [stdout]     |
[INFO] [stdout] help: the trait `facet_core::Facet<'_>` is not implemented for `NullStruct`
[INFO] [stdout]    --> tests/mod.rs:199:1
[INFO] [stdout]     |
[INFO] [stdout] 199 | struct NullStruct;
[INFO] [stdout]     | ^^^^^^^^^^^^^^^^^
[INFO] [stdout]     = help: the following other types implement trait `facet_core::Facet<'facet>`:
[INFO] [stdout]               `&'a T` implements `facet_core::Facet<'a>`
[INFO] [stdout]               `&'a mut T` implements `facet_core::Facet<'a>`
[INFO] [stdout]               `()` implements `facet_core::Facet<'_>`
[INFO] [stdout]               `(T0, T1)` implements `facet_core::Facet<'a>`
[INFO] [stdout]               `(T0, T1, T2)` implements `facet_core::Facet<'a>`
[INFO] [stdout]               `(T0, T1, T2, T3)` implements `facet_core::Facet<'a>`
[INFO] [stdout]               `(T0,)` implements `facet_core::Facet<'a>`
[INFO] [stdout]               `*const T` implements `facet_core::Facet<'a>`
[INFO] [stdout]             and 88 others
[INFO] [stdout] note: required by a bound in `deserialize_der`
[INFO] [stdout]    --> src/lib.rs:988:31
[INFO] [stdout]     |
[INFO] [stdout] 988 | pub fn deserialize_der<'f, F: facet_core::Facet<'f>>(input: &[u8]) -> Result<F, Asn1DeserError> {
[INFO] [stdout]     |                               ^^^^^^^^^^^^^^^^^^^^^ required by this bound in `deserialize_der`
[INFO] [stdout] 
[INFO] [stdout] 
[INFO] [stdout] error[E0277]: the trait bound `NullStruct: facet_core::Facet<'_>` is not satisfied
[INFO] [stdout]    --> tests/mod.rs:211:26
[INFO] [stdout]     |
[INFO] [stdout] 211 |     let der = to_vec_der(&null_struct).unwrap();
[INFO] [stdout]     |               ---------- ^^^^^^^^^^^^ unsatisfied trait bound
[INFO] [stdout]     |               |
[INFO] [stdout]     |               required by a bound introduced by this call
[INFO] [stdout]     |
[INFO] [stdout] help: the trait `facet_core::Facet<'_>` is not implemented for `NullStruct`
[INFO] [stdout]    --> tests/mod.rs:199:1
[INFO] [stdout]     |
[INFO] [stdout] 199 | struct NullStruct;
[INFO] [stdout]     | ^^^^^^^^^^^^^^^^^
[INFO] [stdout]     = help: the following other types implement trait `facet_core::Facet<'facet>`:
[INFO] [stdout]               `&'a T` implements `facet_core::Facet<'a>`
[INFO] [stdout]               `&'a mut T` implements `facet_core::Facet<'a>`
[INFO] [stdout]               `()` implements `facet_core::Facet<'_>`
[INFO] [stdout]               `(T0, T1)` implements `facet_core::Facet<'a>`
[INFO] [stdout]               `(T0, T1, T2)` implements `facet_core::Facet<'a>`
[INFO] [stdout]               `(T0, T1, T2, T3)` implements `facet_core::Facet<'a>`
[INFO] [stdout]               `(T0,)` implements `facet_core::Facet<'a>`
[INFO] [stdout]               `*const T` implements `facet_core::Facet<'a>`
[INFO] [stdout]             and 88 others
[INFO] [stdout] note: required by a bound in `to_vec_der`
[INFO] [stdout]    --> src/lib.rs:171:26
[INFO] [stdout]     |
[INFO] [stdout] 171 | pub fn to_vec_der<'f, F: Facet<'f>>(value: &'f F) -> Result<Vec<u8>, Asn1SerError> {
[INFO] [stdout]     |                          ^^^^^^^^^ required by this bound in `to_vec_der`
[INFO] [stdout] 
[INFO] [stdout] 
[INFO] [stdout] error[E0277]: the trait bound `Division: facet_core::Facet<'_>` is not satisfied
[INFO] [stdout]    --> tests/mod.rs:253:30
[INFO] [stdout]     |
[INFO] [stdout] 253 |     let division: Division = deserialize_der(&der).unwrap();
[INFO] [stdout]     |                              ^^^^^^^^^^^^^^^^^^^^^ unsatisfied trait bound
[INFO] [stdout]     |
[INFO] [stdout] help: the trait `facet_core::Facet<'_>` is not implemented for `Division`
[INFO] [stdout]    --> tests/mod.rs:240:1
[INFO] [stdout]     |
[INFO] [stdout] 240 | enum Division {
[INFO] [stdout]     | ^^^^^^^^^^^^^
[INFO] [stdout]     = help: the following other types implement trait `facet_core::Facet<'facet>`:
[INFO] [stdout]               `&'a T` implements `facet_core::Facet<'a>`
[INFO] [stdout]               `&'a mut T` implements `facet_core::Facet<'a>`
[INFO] [stdout]               `()` implements `facet_core::Facet<'_>`
[INFO] [stdout]               `(T0, T1)` implements `facet_core::Facet<'a>`
[INFO] [stdout]               `(T0, T1, T2)` implements `facet_core::Facet<'a>`
[INFO] [stdout]               `(T0, T1, T2, T3)` implements `facet_core::Facet<'a>`
[INFO] [stdout]               `(T0,)` implements `facet_core::Facet<'a>`
[INFO] [stdout]               `*const T` implements `facet_core::Facet<'a>`
[INFO] [stdout]             and 88 others
[INFO] [stdout] note: required by a bound in `deserialize_der`
[INFO] [stdout]    --> src/lib.rs:988:31
[INFO] [stdout]     |
[INFO] [stdout] 988 | pub fn deserialize_der<'f, F: facet_core::Facet<'f>>(input: &[u8]) -> Result<F, Asn1DeserError> {
[INFO] [stdout]     |                               ^^^^^^^^^^^^^^^^^^^^^ required by this bound in `deserialize_der`
[INFO] [stdout] 
[INFO] [stdout] 
[INFO] [stdout] error[E0277]: the trait bound `Division: facet_core::Facet<'_>` is not satisfied
[INFO] [stdout]    --> tests/mod.rs:269:26
[INFO] [stdout]     |
[INFO] [stdout] 269 |     let der = to_vec_der(&division).unwrap();
[INFO] [stdout]     |               ---------- ^^^^^^^^^ unsatisfied trait bound
[INFO] [stdout]     |               |
[INFO] [stdout]     |               required by a bound introduced by this call
[INFO] [stdout]     |
[INFO] [stdout] help: the trait `facet_core::Facet<'_>` is not implemented for `Division`
[INFO] [stdout]    --> tests/mod.rs:240:1
[INFO] [stdout]     |
[INFO] [stdout] 240 | enum Division {
[INFO] [stdout]     | ^^^^^^^^^^^^^
[INFO] [stdout]     = help: the following other types implement trait `facet_core::Facet<'facet>`:
[INFO] [stdout]               `&'a T` implements `facet_core::Facet<'a>`
[INFO] [stdout]               `&'a mut T` implements `facet_core::Facet<'a>`
[INFO] [stdout]               `()` implements `facet_core::Facet<'_>`
[INFO] [stdout]               `(T0, T1)` implements `facet_core::Facet<'a>`
[INFO] [stdout]               `(T0, T1, T2)` implements `facet_core::Facet<'a>`
[INFO] [stdout]               `(T0, T1, T2, T3)` implements `facet_core::Facet<'a>`
[INFO] [stdout]               `(T0,)` implements `facet_core::Facet<'a>`
[INFO] [stdout]               `*const T` implements `facet_core::Facet<'a>`
[INFO] [stdout]             and 88 others
[INFO] [stdout] note: required by a bound in `to_vec_der`
[INFO] [stdout]    --> src/lib.rs:171:26
[INFO] [stdout]     |
[INFO] [stdout] 171 | pub fn to_vec_der<'f, F: Facet<'f>>(value: &'f F) -> Result<Vec<u8>, Asn1SerError> {
[INFO] [stdout]     |                          ^^^^^^^^^ required by this bound in `to_vec_der`
[INFO] [stdout] 
[INFO] [stdout] 
[INFO] [stdout] error[E0277]: the trait bound `Division: facet_core::Facet<'_>` is not satisfied
[INFO] [stdout]    --> tests/mod.rs:279:30
[INFO] [stdout]     |
[INFO] [stdout] 279 |     let division: Division = deserialize_der(&der).unwrap();
[INFO] [stdout]     |                              ^^^^^^^^^^^^^^^^^^^^^ unsatisfied trait bound
[INFO] [stdout]     |
[INFO] [stdout] help: the trait `facet_core::Facet<'_>` is not implemented for `Division`
[INFO] [stdout]    --> tests/mod.rs:240:1
[INFO] [stdout]     |
[INFO] [stdout] 240 | enum Division {
[INFO] [stdout]     | ^^^^^^^^^^^^^
[INFO] [stdout]     = help: the following other types implement trait `facet_core::Facet<'facet>`:
[INFO] [stdout]               `&'a T` implements `facet_core::Facet<'a>`
[INFO] [stdout]               `&'a mut T` implements `facet_core::Facet<'a>`
[INFO] [stdout]               `()` implements `facet_core::Facet<'_>`
[INFO] [stdout]               `(T0, T1)` implements `facet_core::Facet<'a>`
[INFO] [stdout]               `(T0, T1, T2)` implements `facet_core::Facet<'a>`
[INFO] [stdout]               `(T0, T1, T2, T3)` implements `facet_core::Facet<'a>`
[INFO] [stdout]               `(T0,)` implements `facet_core::Facet<'a>`
[INFO] [stdout]               `*const T` implements `facet_core::Facet<'a>`
[INFO] [stdout]             and 88 others
[INFO] [stdout] note: required by a bound in `deserialize_der`
[INFO] [stdout]    --> src/lib.rs:988:31
[INFO] [stdout]     |
[INFO] [stdout] 988 | pub fn deserialize_der<'f, F: facet_core::Facet<'f>>(input: &[u8]) -> Result<F, Asn1DeserError> {
[INFO] [stdout]     |                               ^^^^^^^^^^^^^^^^^^^^^ required by this bound in `deserialize_der`
[INFO] [stdout] 
[INFO] [stdout] 
[INFO] [stdout] error[E0277]: the trait bound `Division: facet_core::Facet<'_>` is not satisfied
[INFO] [stdout]    --> tests/mod.rs:286:26
[INFO] [stdout]     |
[INFO] [stdout] 286 |     let der = to_vec_der(&division).unwrap();
[INFO] [stdout]     |               ---------- ^^^^^^^^^ unsatisfied trait bound
[INFO] [stdout]     |               |
[INFO] [stdout]     |               required by a bound introduced by this call
[INFO] [stdout]     |
[INFO] [stdout] help: the trait `facet_core::Facet<'_>` is not implemented for `Division`
[INFO] [stdout]    --> tests/mod.rs:240:1
[INFO] [stdout]     |
[INFO] [stdout] 240 | enum Division {
[INFO] [stdout]     | ^^^^^^^^^^^^^
[INFO] [stdout]     = help: the following other types implement trait `facet_core::Facet<'facet>`:
[INFO] [stdout]               `&'a T` implements `facet_core::Facet<'a>`
[INFO] [stdout]               `&'a mut T` implements `facet_core::Facet<'a>`
[INFO] [stdout]               `()` implements `facet_core::Facet<'_>`
[INFO] [stdout]               `(T0, T1)` implements `facet_core::Facet<'a>`
[INFO] [stdout]               `(T0, T1, T2)` implements `facet_core::Facet<'a>`
[INFO] [stdout]               `(T0, T1, T2, T3)` implements `facet_core::Facet<'a>`
[INFO] [stdout]               `(T0,)` implements `facet_core::Facet<'a>`
[INFO] [stdout]               `*const T` implements `facet_core::Facet<'a>`
[INFO] [stdout]             and 88 others
[INFO] [stdout] note: required by a bound in `to_vec_der`
[INFO] [stdout]    --> src/lib.rs:171:26
[INFO] [stdout]     |
[INFO] [stdout] 171 | pub fn to_vec_der<'f, F: Facet<'f>>(value: &'f F) -> Result<Vec<u8>, Asn1SerError> {
[INFO] [stdout]     |                          ^^^^^^^^^ required by this bound in `to_vec_der`
[INFO] [stdout] 
[INFO] [stdout] 
[INFO] [stdout] Some errors have detailed explanations: E0277, E0432.
[INFO] [stdout] 
[INFO] [stdout] For more information about an error, try `rustc --explain E0277`.
[INFO] [stdout] 
[INFO] [stderr] error: could not compile `facet-asn1-legacy` (test "mod") due to 25 previous errors
[INFO] [stderr] warning: build failed, waiting for other jobs to finish...
[INFO] running `Command { std: "docker" "inspect" "7a7aea75ac04a2b6bc56aba4e938cc49f63d85333883ba70e4174e46f10301bc", kill_on_drop: false }`
[INFO] running `Command { std: "docker" "rm" "-f" "7a7aea75ac04a2b6bc56aba4e938cc49f63d85333883ba70e4174e46f10301bc", kill_on_drop: false }`
[INFO] [stdout] 7a7aea75ac04a2b6bc56aba4e938cc49f63d85333883ba70e4174e46f10301bc
