[INFO] fetching crate extism-pdk 1.4.1...
[INFO] testing extism-pdk-1.4.1 against 1.99.0-beta.8+cargoflags=--release for beta-release-1.100-2
[INFO] extracting crate extism-pdk 1.4.1 into /workspace/builds/worker-0-tc1/source
[INFO] removed /workspace/builds/worker-0-tc1/source/.cargo/config.toml
[INFO] started tweaking crates.io crate extism-pdk 1.4.1
[INFO] removed 0 missing examples
[INFO] finished tweaking crates.io crate extism-pdk 1.4.1
[INFO] tweaked toml for crates.io crate extism-pdk 1.4.1 written to /workspace/builds/worker-0-tc1/source/Cargo.toml
[INFO] validating manifest of crates.io crate extism-pdk 1.4.1 on toolchain 1.99.0-beta.8
[INFO] running `Command { std: CARGO_HOME="/workspace/cargo-home" RUSTUP_HOME="/workspace/rustup-home" "/workspace/cargo-home/bin/cargo" "+1.99.0-beta.8" "metadata" "--manifest-path" "Cargo.toml" "--no-deps", kill_on_drop: false }`
[INFO] crate crates.io crate extism-pdk 1.4.1 already has a lockfile, it will not be regenerated
[INFO] running `Command { std: CARGO_HOME="/workspace/cargo-home" RUSTUP_HOME="/workspace/rustup-home" "/workspace/cargo-home/bin/cargo" "+1.99.0-beta.8" "fetch" "--manifest-path" "Cargo.toml", kill_on_drop: false }`
[INFO] [stderr]     Updating crates.io index
[INFO] [stderr]  Downloading crates ...
[INFO] [stderr]   Downloaded protobuf-support v3.7.2
[INFO] [stderr]   Downloaded extism-manifest v1.10.0
[INFO] [stderr]   Downloaded extism-convert v1.10.0
[INFO] [stderr]   Downloaded extism-pdk-derive v1.4.1
[INFO] [stderr]   Downloaded extism-convert-macros v1.10.0
[INFO] [stderr]   Downloaded toml_datetime v0.6.9
[INFO] [stderr]   Downloaded manyhow-macros v0.11.4
[INFO] [stderr]   Downloaded manyhow v0.11.4
[INFO] [stderr]   Downloaded proc-macro-utils v0.10.0
[INFO] [stderr]   Downloaded protobuf v3.7.2
[INFO] [stderr]   Downloaded toml_edit v0.22.26
[INFO] [stderr]   Downloaded winnow v0.7.10
[INFO] running `Command { std: "docker" "create" "-v" "/var/lib/crater-agent-workspace/builds/worker-0-tc1/source:/opt/rustwide/workdir:ro,Z" "-v" "/var/lib/crater-agent-workspace/builds/worker-0-tc1/target:/opt/rustwide/target:rw,Z" "-v" "/var/lib/crater-agent-workspace/cargo-home:/opt/rustwide/cargo-home:ro,Z" "-v" "/var/lib/crater-agent-workspace/rustup-home:/opt/rustwide/rustup-home:ro,Z" "-m" "1610612736" "--network" "none" "ghcr.io/rust-lang/crates-build-env/linux@sha256:77db811e55d90add9212f6832c23229e3de5f1c1f9905e8cb07319ea15df73ac" "sleep" "infinity", kill_on_drop: false }`
[INFO] [stdout] 75168b3403b2bdb0d76761a57adbb4683ccfdd26ffb67494542712fda18d141f
[INFO] running `Command { std: "docker" "start" "75168b3403b2bdb0d76761a57adbb4683ccfdd26ffb67494542712fda18d141f", kill_on_drop: false }`
[INFO] running `Command { std: "docker" "inspect" "75168b3403b2bdb0d76761a57adbb4683ccfdd26ffb67494542712fda18d141f", kill_on_drop: false }`
[INFO] running `Command { std: "docker" "exec" "-e" "SOURCE_DIR=/opt/rustwide/workdir" "-e" "CARGO_HOME=/opt/rustwide/cargo-home" "-e" "RUSTUP_HOME=/opt/rustwide/rustup-home" "-e" "CARGO_TARGET_DIR=/opt/rustwide/target" "-w" "/opt/rustwide/workdir" "--user" "0:0" "75168b3403b2bdb0d76761a57adbb4683ccfdd26ffb67494542712fda18d141f" "/opt/rustwide/cargo-home/bin/cargo" "+1.99.0-beta.8" "metadata" "--no-deps" "--format-version=1", kill_on_drop: false }`
[INFO] running `Command { std: "docker" "inspect" "75168b3403b2bdb0d76761a57adbb4683ccfdd26ffb67494542712fda18d141f", kill_on_drop: false }`
[INFO] running `Command { std: "docker" "exec" "-e" "SOURCE_DIR=/opt/rustwide/workdir" "-e" "CARGO_HOME=/opt/rustwide/cargo-home" "-e" "RUSTUP_HOME=/opt/rustwide/rustup-home" "-e" "CARGO_TARGET_DIR=/opt/rustwide/target" "-e" "CARGO_INCREMENTAL=0" "-e" "RUST_BACKTRACE=full" "-e" "RUSTFLAGS=--cap-lints=warn" "-e" "RUSTDOCFLAGS=--cap-lints=warn" "-w" "/opt/rustwide/workdir" "--user" "0:0" "75168b3403b2bdb0d76761a57adbb4683ccfdd26ffb67494542712fda18d141f" "/opt/rustwide/cargo-home/bin/cargo" "+1.99.0-beta.8" "build" "--frozen" "--message-format=json" "--release", kill_on_drop: false }`
[INFO] [stderr]    Compiling syn v2.0.101
[INFO] [stderr]    Compiling hashbrown v0.15.3
[INFO] [stderr]    Compiling smallvec v1.15.0
[INFO] [stderr]    Compiling anyhow v1.0.98
[INFO] [stderr]    Compiling winnow v0.7.10
[INFO] [stderr]    Compiling toml_datetime v0.6.9
[INFO] [stderr]    Compiling memchr v2.7.4
[INFO] [stderr]    Compiling num-traits v0.2.19
[INFO] [stderr]    Compiling serde_json v1.0.140
[INFO] [stderr]    Compiling itertools v0.14.0
[INFO] [stderr]    Compiling bytes v1.10.1
[INFO] [stderr]    Compiling bytemuck v1.23.0
[INFO] [stderr]    Compiling proc-macro-utils v0.10.0
[INFO] [stderr]    Compiling indexmap v2.9.0
[INFO] [stderr]    Compiling manyhow-macros v0.11.4
[INFO] [stderr]    Compiling rmp v0.8.14
[INFO] [stderr]    Compiling toml_edit v0.22.26
[INFO] [stderr]    Compiling proc-macro-crate v3.3.0
[INFO] [stderr]    Compiling manyhow v0.11.4
[INFO] [stderr]    Compiling serde_derive v1.0.219
[INFO] [stderr]    Compiling prost-derive v0.13.5
[INFO] [stderr]    Compiling extism-convert-macros v1.10.0
[INFO] [stderr]    Compiling extism-pdk-derive v1.4.1
[INFO] [stderr]    Compiling prost v0.13.5
[INFO] [stderr]    Compiling serde v1.0.219
[INFO] [stderr]    Compiling rmp-serde v1.3.0
[INFO] [stderr]    Compiling extism-manifest v1.10.0
[INFO] [stderr]    Compiling extism-convert v1.10.0
[INFO] [stderr]    Compiling extism-pdk v1.4.1 (/opt/rustwide/workdir)
[INFO] [stdout] warning: suspicious definition of the runtime `free` symbol used by the standard library
[INFO] [stdout]  --> src/extism.rs:9:5
[INFO] [stdout]   |
[INFO] [stdout] 9 |     pub fn free(offs: u64);
[INFO] [stdout]   |     ^^^^^^^^^^^^^^^^^^^^^^^
[INFO] [stdout]   |
[INFO] [stdout]   = note: expected `unsafe extern "C" fn(*mut c_void)` (for the current target)
[INFO] [stdout]           found    `unsafe extern "C" fn(u64)`
[INFO] [stdout]   = help: either fix the signature or remove any attributes like `#[unsafe(no_mangle)]`, `#[unsafe(export_name = "free")]`, or `#[link_name = "free"]`
[INFO] [stdout]   = help: allow this lint if the signature is compatible
[INFO] [stdout]   = note: `#[warn(suspicious_runtime_symbol_definitions)]` on by default
[INFO] [stdout] 
[INFO] [stdout] 
[INFO] [stderr]     Finished `release` profile [optimized] target(s) in 21.88s
[INFO] running `Command { std: "docker" "inspect" "75168b3403b2bdb0d76761a57adbb4683ccfdd26ffb67494542712fda18d141f", kill_on_drop: false }`
[INFO] running `Command { std: "docker" "exec" "-e" "SOURCE_DIR=/opt/rustwide/workdir" "-e" "CARGO_HOME=/opt/rustwide/cargo-home" "-e" "RUSTUP_HOME=/opt/rustwide/rustup-home" "-e" "CARGO_TARGET_DIR=/opt/rustwide/target" "-e" "CARGO_INCREMENTAL=0" "-e" "RUST_BACKTRACE=full" "-e" "RUSTFLAGS=--cap-lints=warn" "-e" "RUSTDOCFLAGS=--cap-lints=warn" "-w" "/opt/rustwide/workdir" "--user" "0:0" "75168b3403b2bdb0d76761a57adbb4683ccfdd26ffb67494542712fda18d141f" "/opt/rustwide/cargo-home/bin/cargo" "+1.99.0-beta.8" "test" "--frozen" "--no-run" "--message-format=json" "--release", kill_on_drop: false }`
[INFO] [stdout] warning: suspicious definition of the runtime `free` symbol used by the standard library
[INFO] [stdout]  --> src/extism.rs:9:5
[INFO] [stdout]   |
[INFO] [stdout] 9 |     pub fn free(offs: u64);
[INFO] [stdout]   |     ^^^^^^^^^^^^^^^^^^^^^^^
[INFO] [stdout]   |
[INFO] [stdout]   = note: expected `unsafe extern "C" fn(*mut c_void)` (for the current target)
[INFO] [stdout]           found    `unsafe extern "C" fn(u64)`
[INFO] [stdout]   = help: either fix the signature or remove any attributes like `#[unsafe(no_mangle)]`, `#[unsafe(export_name = "free")]`, or `#[link_name = "free"]`
[INFO] [stdout]   = help: allow this lint if the signature is compatible
[INFO] [stdout]   = note: `#[warn(suspicious_runtime_symbol_definitions)]` on by default
[INFO] [stdout] 
[INFO] [stdout] 
[INFO] [stderr]    Compiling extism-pdk v1.4.1 (/opt/rustwide/workdir)
[INFO] [stdout] warning: suspicious definition of the runtime `free` symbol used by the standard library
[INFO] [stdout]  --> src/extism.rs:9:5
[INFO] [stdout]   |
[INFO] [stdout] 9 |     pub fn free(offs: u64);
[INFO] [stdout]   |     ^^^^^^^^^^^^^^^^^^^^^^^
[INFO] [stdout]   |
[INFO] [stdout]   = note: expected `unsafe extern "C" fn(*mut c_void)` (for the current target)
[INFO] [stdout]           found    `unsafe extern "C" fn(u64)`
[INFO] [stdout]   = help: either fix the signature or remove any attributes like `#[unsafe(no_mangle)]`, `#[unsafe(export_name = "free")]`, or `#[link_name = "free"]`
[INFO] [stdout]   = help: allow this lint if the signature is compatible
[INFO] [stdout]   = note: `#[warn(suspicious_runtime_symbol_definitions)]` on by default
[INFO] [stdout] 
[INFO] [stdout] 
[INFO] [stdout] error: linking with `cc` failed: exit status: 1
[INFO] [stdout]   |
[INFO] [stdout]   = note:  "cc" "-m64" "/opt/rustwide/target/release/examples/rustcUIWicx/symbols.o" "<2 object files omitted>" "-Wl,--as-needed" "-Wl,-Bstatic" "/opt/rustwide/target/release/deps/{libextism_pdk-c31855579c92aae8,libextism_manifest-79a4be9bbfaf6a75,libextism_convert-20839de77262e140,libbytemuck-36fb452268dbb2ca,libprost-7ef87db93650c5a6,libbytes-32b41a923043a890,librmp_serde-c9e35d1d0261d965,librmp-5ff719583e1b78b6,libnum_traits-775ccaada36fe251,libbyteorder-612182941aaee0f7,libserde_json-b2a00f998816ee7b,libmemchr-c37383c48e4ac4f1,libitoa-6ac79ecd3493b3ff,libryu-85b27257faa1b487,libserde-b41f7d2902f28355,libanyhow-b703b0f84690f1f0,libbase64-5ba8d8f2fe9c6ccd}.rlib" "<sysroot>/lib/rustlib/x86_64-unknown-linux-gnu/lib/{libstd-*,libpanic_unwind-*,libobject-*,libmemchr-*,libaddr2line-*,libgimli-*,libcfg_if-*,librustc_demangle-*,libstd_detect-*,libhashbrown-*,librustc_std_workspace_alloc-*,libminiz_oxide-*,libadler2-*,libunwind-*,liblibc-*,librustc_std_workspace_core-*,liballoc-*,libcore-*,libcompiler_builtins-*}.rlib" "-Wl,-Bdynamic" "-lgcc_s" "-lutil" "-lrt" "-lpthread" "-lm" "-ldl" "-lc" "-L" "/opt/rustwide/target/release/examples/rustcUIWicx/raw-dylibs" "-B<sysroot>/lib/rustlib/x86_64-unknown-linux-gnu/bin/gcc-ld" "-fuse-ld=lld" "-Wl,--eh-frame-hdr" "-Wl,-z,noexecstack" "-L" "<sysroot>/lib/rustlib/x86_64-unknown-linux-gnu/lib" "-o" "/opt/rustwide/target/release/examples/reflect-44fa1f163c180e98" "-Wl,--gc-sections" "-pie" "-Wl,-z,relro,-z,now" "-Wl,-O1" "-Wl,--strip-debug" "-nodefaultlibs"
[INFO] [stdout]   = note: some arguments are omitted. use `--verbose` to show all linker arguments
[INFO] [stdout]   = note: rust-lld: error: undefined symbol: main
[INFO] [stdout]           >>> referenced by /usr/lib/gcc/x86_64-linux-gnu/15/../../../x86_64-linux-gnu/Scrt1.o:(_start)
[INFO] [stdout]           collect2: error: ld returned 1 exit status
[INFO] [stdout]           
[INFO] [stdout] 
[INFO] [stdout] 
[INFO] [stderr] error: could not compile `extism-pdk` (example "reflect") due to 1 previous error
[INFO] [stderr] warning: build failed, waiting for other jobs to finish...
[INFO] [stdout] error: linking with `cc` failed: exit status: 1
[INFO] [stdout]   |
[INFO] [stdout]   = note:  "cc" "-m64" "/opt/rustwide/target/release/examples/rustcrBtWsN/symbols.o" "<6 object files omitted>" "-Wl,--as-needed" "-Wl,-Bstatic" "/opt/rustwide/target/release/deps/{libextism_pdk-c31855579c92aae8,libextism_manifest-79a4be9bbfaf6a75,libextism_convert-20839de77262e140,libbytemuck-36fb452268dbb2ca,libprost-7ef87db93650c5a6,libbytes-32b41a923043a890,librmp_serde-c9e35d1d0261d965,librmp-5ff719583e1b78b6,libnum_traits-775ccaada36fe251,libbyteorder-612182941aaee0f7,libserde_json-b2a00f998816ee7b,libmemchr-c37383c48e4ac4f1,libitoa-6ac79ecd3493b3ff,libryu-85b27257faa1b487,libserde-b41f7d2902f28355,libanyhow-b703b0f84690f1f0,libbase64-5ba8d8f2fe9c6ccd}.rlib" "<sysroot>/lib/rustlib/x86_64-unknown-linux-gnu/lib/{libstd-*,libpanic_unwind-*,libobject-*,libmemchr-*,libaddr2line-*,libgimli-*,libcfg_if-*,librustc_demangle-*,libstd_detect-*,libhashbrown-*,librustc_std_workspace_alloc-*,libminiz_oxide-*,libadler2-*,libunwind-*,liblibc-*,librustc_std_workspace_core-*,liballoc-*,libcore-*,libcompiler_builtins-*}.rlib" "-Wl,-Bdynamic" "-lgcc_s" "-lutil" "-lrt" "-lpthread" "-lm" "-ldl" "-lc" "-L" "/opt/rustwide/target/release/examples/rustcrBtWsN/raw-dylibs" "-B<sysroot>/lib/rustlib/x86_64-unknown-linux-gnu/bin/gcc-ld" "-fuse-ld=lld" "-Wl,--eh-frame-hdr" "-Wl,-z,noexecstack" "-L" "<sysroot>/lib/rustlib/x86_64-unknown-linux-gnu/lib" "-o" "/opt/rustwide/target/release/examples/http-83a16e61e2d85ea4" "-Wl,--gc-sections" "-pie" "-Wl,-z,relro,-z,now" "-Wl,-O1" "-Wl,--strip-debug" "-nodefaultlibs"
[INFO] [stdout]   = note: some arguments are omitted. use `--verbose` to show all linker arguments
[INFO] [stdout]   = note: rust-lld: error: undefined symbol: main
[INFO] [stdout]           >>> referenced by /usr/lib/gcc/x86_64-linux-gnu/15/../../../x86_64-linux-gnu/Scrt1.o:(_start)
[INFO] [stdout]           collect2: error: ld returned 1 exit status
[INFO] [stdout]           
[INFO] [stdout] 
[INFO] [stdout] 
[INFO] [stderr] error: could not compile `extism-pdk` (example "http") due to 1 previous error
[INFO] [stdout] error: linking with `cc` failed: exit status: 1
[INFO] [stdout]   |
[INFO] [stdout]   = note:  "cc" "-m64" "/opt/rustwide/target/release/examples/rustcVS9wBJ/symbols.o" "<2 object files omitted>" "-Wl,--as-needed" "-Wl,-Bstatic" "/opt/rustwide/target/release/deps/{libextism_pdk-c31855579c92aae8,libextism_manifest-79a4be9bbfaf6a75,libextism_convert-20839de77262e140,libbytemuck-36fb452268dbb2ca,libprost-7ef87db93650c5a6,libbytes-32b41a923043a890,librmp_serde-c9e35d1d0261d965,librmp-5ff719583e1b78b6,libnum_traits-775ccaada36fe251,libbyteorder-612182941aaee0f7,libserde_json-b2a00f998816ee7b,libmemchr-c37383c48e4ac4f1,libitoa-6ac79ecd3493b3ff,libryu-85b27257faa1b487,libserde-b41f7d2902f28355,libanyhow-b703b0f84690f1f0,libbase64-5ba8d8f2fe9c6ccd}.rlib" "<sysroot>/lib/rustlib/x86_64-unknown-linux-gnu/lib/{libstd-*,libpanic_unwind-*,libobject-*,libmemchr-*,libaddr2line-*,libgimli-*,libcfg_if-*,librustc_demangle-*,libstd_detect-*,libhashbrown-*,librustc_std_workspace_alloc-*,libminiz_oxide-*,libadler2-*,libunwind-*,liblibc-*,librustc_std_workspace_core-*,liballoc-*,libcore-*,libcompiler_builtins-*}.rlib" "-Wl,-Bdynamic" "-lgcc_s" "-lutil" "-lrt" "-lpthread" "-lm" "-ldl" "-lc" "-L" "/opt/rustwide/target/release/examples/rustcVS9wBJ/raw-dylibs" "-B<sysroot>/lib/rustlib/x86_64-unknown-linux-gnu/bin/gcc-ld" "-fuse-ld=lld" "-Wl,--eh-frame-hdr" "-Wl,-z,noexecstack" "-L" "<sysroot>/lib/rustlib/x86_64-unknown-linux-gnu/lib" "-o" "/opt/rustwide/target/release/examples/count_vowels-6a7219c193ea40e9" "-Wl,--gc-sections" "-pie" "-Wl,-z,relro,-z,now" "-Wl,-O1" "-Wl,--strip-debug" "-nodefaultlibs"
[INFO] [stdout]   = note: some arguments are omitted. use `--verbose` to show all linker arguments
[INFO] [stdout]   = note: rust-lld: error: undefined symbol: main
[INFO] [stdout]           >>> referenced by /usr/lib/gcc/x86_64-linux-gnu/15/../../../x86_64-linux-gnu/Scrt1.o:(_start)
[INFO] [stdout]           collect2: error: ld returned 1 exit status
[INFO] [stdout]           
[INFO] [stdout] 
[INFO] [stdout] 
[INFO] [stderr] error: could not compile `extism-pdk` (example "count_vowels") due to 1 previous error
[INFO] [stdout] error: linking with `cc` failed: exit status: 1
[INFO] [stdout]   |
[INFO] [stdout]   = note:  "cc" "-m64" "/opt/rustwide/target/release/examples/rustcdhIBze/symbols.o" "<3 object files omitted>" "-Wl,--as-needed" "-Wl,-Bstatic" "/opt/rustwide/target/release/deps/{libextism_pdk-c31855579c92aae8,libextism_manifest-79a4be9bbfaf6a75,libextism_convert-20839de77262e140,libbytemuck-36fb452268dbb2ca,libprost-7ef87db93650c5a6,libbytes-32b41a923043a890,librmp_serde-c9e35d1d0261d965,librmp-5ff719583e1b78b6,libnum_traits-775ccaada36fe251,libbyteorder-612182941aaee0f7,libserde_json-b2a00f998816ee7b,libmemchr-c37383c48e4ac4f1,libitoa-6ac79ecd3493b3ff,libryu-85b27257faa1b487,libserde-b41f7d2902f28355,libanyhow-b703b0f84690f1f0,libbase64-5ba8d8f2fe9c6ccd}.rlib" "<sysroot>/lib/rustlib/x86_64-unknown-linux-gnu/lib/{libstd-*,libpanic_unwind-*,libobject-*,libmemchr-*,libaddr2line-*,libgimli-*,libcfg_if-*,librustc_demangle-*,libstd_detect-*,libhashbrown-*,librustc_std_workspace_alloc-*,libminiz_oxide-*,libadler2-*,libunwind-*,liblibc-*,librustc_std_workspace_core-*,liballoc-*,libcore-*,libcompiler_builtins-*}.rlib" "-Wl,-Bdynamic" "-lgcc_s" "-lutil" "-lrt" "-lpthread" "-lm" "-ldl" "-lc" "-L" "/opt/rustwide/target/release/examples/rustcdhIBze/raw-dylibs" "-B<sysroot>/lib/rustlib/x86_64-unknown-linux-gnu/bin/gcc-ld" "-fuse-ld=lld" "-Wl,--eh-frame-hdr" "-Wl,-z,noexecstack" "-L" "<sysroot>/lib/rustlib/x86_64-unknown-linux-gnu/lib" "-o" "/opt/rustwide/target/release/examples/sum-1e2ee735cd04c3d4" "-Wl,--gc-sections" "-pie" "-Wl,-z,relro,-z,now" "-Wl,-O1" "-Wl,--strip-debug" "-nodefaultlibs"
[INFO] [stdout]   = note: some arguments are omitted. use `--verbose` to show all linker arguments
[INFO] [stdout]   = note: rust-lld: error: undefined symbol: main
[INFO] [stdout]           >>> referenced by /usr/lib/gcc/x86_64-linux-gnu/15/../../../x86_64-linux-gnu/Scrt1.o:(_start)
[INFO] [stdout]           collect2: error: ld returned 1 exit status
[INFO] [stdout]           
[INFO] [stdout] 
[INFO] [stdout] 
[INFO] [stderr] error: could not compile `extism-pdk` (example "sum") due to 1 previous error
[INFO] [stdout] error: linking with `cc` failed: exit status: 1
[INFO] [stdout]   |
[INFO] [stdout]   = note:  "cc" "-m64" "/opt/rustwide/target/release/examples/rustc3o0K7F/symbols.o" "<3 object files omitted>" "-Wl,--as-needed" "-Wl,-Bstatic" "/opt/rustwide/target/release/deps/{libextism_pdk-c31855579c92aae8,libextism_manifest-79a4be9bbfaf6a75,libextism_convert-20839de77262e140,libbytemuck-36fb452268dbb2ca,libprost-7ef87db93650c5a6,libbytes-32b41a923043a890,librmp_serde-c9e35d1d0261d965,librmp-5ff719583e1b78b6,libnum_traits-775ccaada36fe251,libbyteorder-612182941aaee0f7,libserde_json-b2a00f998816ee7b,libmemchr-c37383c48e4ac4f1,libitoa-6ac79ecd3493b3ff,libryu-85b27257faa1b487,libserde-b41f7d2902f28355,libanyhow-b703b0f84690f1f0,libbase64-5ba8d8f2fe9c6ccd}.rlib" "<sysroot>/lib/rustlib/x86_64-unknown-linux-gnu/lib/{libstd-*,libpanic_unwind-*,libobject-*,libmemchr-*,libaddr2line-*,libgimli-*,libcfg_if-*,librustc_demangle-*,libstd_detect-*,libhashbrown-*,librustc_std_workspace_alloc-*,libminiz_oxide-*,libadler2-*,libunwind-*,liblibc-*,librustc_std_workspace_core-*,liballoc-*,libcore-*,libcompiler_builtins-*}.rlib" "-Wl,-Bdynamic" "-lgcc_s" "-lutil" "-lrt" "-lpthread" "-lm" "-ldl" "-lc" "-L" "/opt/rustwide/target/release/examples/rustc3o0K7F/raw-dylibs" "-B<sysroot>/lib/rustlib/x86_64-unknown-linux-gnu/bin/gcc-ld" "-fuse-ld=lld" "-Wl,--eh-frame-hdr" "-Wl,-z,noexecstack" "-L" "<sysroot>/lib/rustlib/x86_64-unknown-linux-gnu/lib" "-o" "/opt/rustwide/target/release/examples/host_function-1471e2239d5f5228" "-Wl,--gc-sections" "-pie" "-Wl,-z,relro,-z,now" "-Wl,-O1" "-Wl,--strip-debug" "-nodefaultlibs"
[INFO] [stdout]   = note: some arguments are omitted. use `--verbose` to show all linker arguments
[INFO] [stdout]   = note: rust-lld: error: undefined symbol: main
[INFO] [stdout]           >>> referenced by /usr/lib/gcc/x86_64-linux-gnu/15/../../../x86_64-linux-gnu/Scrt1.o:(_start)
[INFO] [stdout]           collect2: error: ld returned 1 exit status
[INFO] [stdout]           
[INFO] [stdout] 
[INFO] [stdout] 
[INFO] [stdout] error: linking with `cc` failed: exit status: 1
[INFO] [stdout]   |
[INFO] [stdout]   = note:  "cc" "-m64" "/opt/rustwide/target/release/examples/rustcEq21a6/symbols.o" "<3 object files omitted>" "-Wl,--as-needed" "-Wl,-Bstatic" "/opt/rustwide/target/release/deps/{libextism_pdk-c31855579c92aae8,libextism_manifest-79a4be9bbfaf6a75,libextism_convert-20839de77262e140,libbytemuck-36fb452268dbb2ca,libprost-7ef87db93650c5a6,libbytes-32b41a923043a890,librmp_serde-c9e35d1d0261d965,librmp-5ff719583e1b78b6,libnum_traits-775ccaada36fe251,libbyteorder-612182941aaee0f7,libserde_json-b2a00f998816ee7b,libmemchr-c37383c48e4ac4f1,libitoa-6ac79ecd3493b3ff,libryu-85b27257faa1b487,libserde-b41f7d2902f28355,libanyhow-b703b0f84690f1f0,libbase64-5ba8d8f2fe9c6ccd}.rlib" "<sysroot>/lib/rustlib/x86_64-unknown-linux-gnu/lib/{libstd-*,libpanic_unwind-*,libobject-*,libmemchr-*,libaddr2line-*,libgimli-*,libcfg_if-*,librustc_demangle-*,libstd_detect-*,libhashbrown-*,librustc_std_workspace_alloc-*,libminiz_oxide-*,libadler2-*,libunwind-*,liblibc-*,librustc_std_workspace_core-*,liballoc-*,libcore-*,libcompiler_builtins-*}.rlib" "-Wl,-Bdynamic" "-lgcc_s" "-lutil" "-lrt" "-lpthread" "-lm" "-ldl" "-lc" "-L" "/opt/rustwide/target/release/examples/rustcEq21a6/raw-dylibs" "-B<sysroot>/lib/rustlib/x86_64-unknown-linux-gnu/bin/gcc-ld" "-fuse-ld=lld" "-Wl,--eh-frame-hdr" "-Wl,-z,noexecstack" "-L" "<sysroot>/lib/rustlib/x86_64-unknown-linux-gnu/lib" "-o" "/opt/rustwide/target/release/examples/host_function_host-a7f9299c3dab2ed3" "-Wl,--gc-sections" "-pie" "-Wl,-z,relro,-z,now" "-Wl,-O1" "-Wl,--strip-debug" "-nodefaultlibs"
[INFO] [stdout]   = note: some arguments are omitted. use `--verbose` to show all linker arguments
[INFO] [stdout]   = note: rust-lld: error: undefined symbol: main
[INFO] [stdout]           >>> referenced by /usr/lib/gcc/x86_64-linux-gnu/15/../../../x86_64-linux-gnu/Scrt1.o:(_start)
[INFO] [stdout]           collect2: error: ld returned 1 exit status
[INFO] [stdout]           
[INFO] [stdout] 
[INFO] [stdout] 
[INFO] [stderr] error: could not compile `extism-pdk` (example "host_function_host") due to 1 previous error
[INFO] [stderr] error: could not compile `extism-pdk` (example "host_function") due to 1 previous error
[INFO] [stdout] error: linking with `cc` failed: exit status: 1
[INFO] [stdout]   |
[INFO] [stdout]   = note:  "cc" "-m64" "/opt/rustwide/target/release/examples/rustcG6Oiq1/symbols.o" "<6 object files omitted>" "-Wl,--as-needed" "-Wl,-Bstatic" "/opt/rustwide/target/release/deps/{libextism_pdk-c31855579c92aae8,libextism_manifest-79a4be9bbfaf6a75,libextism_convert-20839de77262e140,libbytemuck-36fb452268dbb2ca,libprost-7ef87db93650c5a6,libbytes-32b41a923043a890,librmp_serde-c9e35d1d0261d965,librmp-5ff719583e1b78b6,libnum_traits-775ccaada36fe251,libbyteorder-612182941aaee0f7,libserde_json-b2a00f998816ee7b,libmemchr-c37383c48e4ac4f1,libitoa-6ac79ecd3493b3ff,libryu-85b27257faa1b487,libserde-b41f7d2902f28355,libanyhow-b703b0f84690f1f0,libbase64-5ba8d8f2fe9c6ccd}.rlib" "<sysroot>/lib/rustlib/x86_64-unknown-linux-gnu/lib/{libstd-*,libpanic_unwind-*,libobject-*,libmemchr-*,libaddr2line-*,libgimli-*,libcfg_if-*,librustc_demangle-*,libstd_detect-*,libhashbrown-*,librustc_std_workspace_alloc-*,libminiz_oxide-*,libadler2-*,libunwind-*,liblibc-*,librustc_std_workspace_core-*,liballoc-*,libcore-*,libcompiler_builtins-*}.rlib" "-Wl,-Bdynamic" "-lgcc_s" "-lutil" "-lrt" "-lpthread" "-lm" "-ldl" "-lc" "-L" "/opt/rustwide/target/release/examples/rustcG6Oiq1/raw-dylibs" "-B<sysroot>/lib/rustlib/x86_64-unknown-linux-gnu/bin/gcc-ld" "-fuse-ld=lld" "-Wl,--eh-frame-hdr" "-Wl,-z,noexecstack" "-L" "<sysroot>/lib/rustlib/x86_64-unknown-linux-gnu/lib" "-o" "/opt/rustwide/target/release/examples/http_headers-0a0d0a9a8def0f9f" "-Wl,--gc-sections" "-pie" "-Wl,-z,relro,-z,now" "-Wl,-O1" "-Wl,--strip-debug" "-nodefaultlibs"
[INFO] [stdout]   = note: some arguments are omitted. use `--verbose` to show all linker arguments
[INFO] [stdout]   = note: rust-lld: error: undefined symbol: main
[INFO] [stdout]           >>> referenced by /usr/lib/gcc/x86_64-linux-gnu/15/../../../x86_64-linux-gnu/Scrt1.o:(_start)
[INFO] [stdout]           collect2: error: ld returned 1 exit status
[INFO] [stdout]           
[INFO] [stdout] 
[INFO] [stdout] 
[INFO] [stderr] error: could not compile `extism-pdk` (example "http_headers") due to 1 previous error
[INFO] running `Command { std: "docker" "inspect" "75168b3403b2bdb0d76761a57adbb4683ccfdd26ffb67494542712fda18d141f", kill_on_drop: false }`
[INFO] running `Command { std: "docker" "rm" "-f" "75168b3403b2bdb0d76761a57adbb4683ccfdd26ffb67494542712fda18d141f", kill_on_drop: false }`
[INFO] [stdout] 75168b3403b2bdb0d76761a57adbb4683ccfdd26ffb67494542712fda18d141f
