[INFO] fetching crate expire_cache 0.1.26...
[INFO] testing expire_cache-0.1.26 against 1.99.0-beta.8+cargoflags=--release for beta-release-1.100-2
[INFO] extracting crate expire_cache 0.1.26 into /workspace/builds/worker-6-tc1/source
[INFO] started tweaking crates.io crate expire_cache 0.1.26
[INFO] removed 0 missing tests
[INFO] finished tweaking crates.io crate expire_cache 0.1.26
[INFO] tweaked toml for crates.io crate expire_cache 0.1.26 written to /workspace/builds/worker-6-tc1/source/Cargo.toml
[INFO] validating manifest of crates.io crate expire_cache 0.1.26 on toolchain 1.99.0-beta.8
[INFO] running `Command { std: CARGO_HOME="/workspace/cargo-home" RUSTUP_HOME="/workspace/rustup-home" "/workspace/cargo-home/bin/cargo" "+1.99.0-beta.8" "metadata" "--manifest-path" "Cargo.toml" "--no-deps", kill_on_drop: false }`
[INFO] crate crates.io crate expire_cache 0.1.26 already has a lockfile, it will not be regenerated
[INFO] running `Command { std: CARGO_HOME="/workspace/cargo-home" RUSTUP_HOME="/workspace/rustup-home" "/workspace/cargo-home/bin/cargo" "+1.99.0-beta.8" "fetch" "--manifest-path" "Cargo.toml", kill_on_drop: false }`
[INFO] [stderr]     Blocking waiting for file lock on package cache
[INFO] [stderr]     Updating crates.io index
[INFO] [stderr]  Downloading crates ...
[INFO] [stderr]   Downloaded sendptr v0.1.3
[INFO] [stderr]   Downloaded log_init v0.1.38
[INFO] [stderr]   Downloaded logforth v0.30.1
[INFO] [stderr]   Downloaded logforth-layout-text v0.4.0
[INFO] [stderr]   Downloaded logforth-core v0.4.0
[INFO] [stderr]   Downloaded logforth-filter-rustlog v0.4.0
[INFO] [stderr]   Downloaded logforth-bridge-log v0.4.1
[INFO] [stderr]   Downloaded logforth-append-file v0.4.0
[INFO] [stderr]   Downloaded logforth-layout-json v0.4.0
[INFO] [stderr]   Downloaded aok v0.1.18
[INFO] [stderr]   Downloaded boxleak v0.1.2
[INFO] [stderr]   Downloaded wasix v0.13.2
[INFO] running `Command { std: "docker" "create" "-v" "/var/lib/crater-agent-workspace/builds/worker-6-tc1/source:/opt/rustwide/workdir:ro,Z" "-v" "/var/lib/crater-agent-workspace/builds/worker-6-tc1/target:/opt/rustwide/target:rw,Z" "-v" "/var/lib/crater-agent-workspace/cargo-home:/opt/rustwide/cargo-home:ro,Z" "-v" "/var/lib/crater-agent-workspace/rustup-home:/opt/rustwide/rustup-home:ro,Z" "-m" "1610612736" "--network" "none" "ghcr.io/rust-lang/crates-build-env/linux@sha256:77db811e55d90add9212f6832c23229e3de5f1c1f9905e8cb07319ea15df73ac" "sleep" "infinity", kill_on_drop: false }`
[INFO] [stdout] e55d65347b01949108f8ae806908f0025870f87dcbadc03c367ca40f0bed1648
[INFO] running `Command { std: "docker" "start" "e55d65347b01949108f8ae806908f0025870f87dcbadc03c367ca40f0bed1648", kill_on_drop: false }`
[INFO] running `Command { std: "docker" "inspect" "e55d65347b01949108f8ae806908f0025870f87dcbadc03c367ca40f0bed1648", kill_on_drop: false }`
[INFO] running `Command { std: "docker" "exec" "-e" "SOURCE_DIR=/opt/rustwide/workdir" "-e" "CARGO_HOME=/opt/rustwide/cargo-home" "-e" "RUSTUP_HOME=/opt/rustwide/rustup-home" "-e" "CARGO_TARGET_DIR=/opt/rustwide/target" "-w" "/opt/rustwide/workdir" "--user" "0:0" "e55d65347b01949108f8ae806908f0025870f87dcbadc03c367ca40f0bed1648" "/opt/rustwide/cargo-home/bin/cargo" "+1.99.0-beta.8" "metadata" "--no-deps" "--format-version=1", kill_on_drop: false }`
[INFO] running `Command { std: "docker" "inspect" "e55d65347b01949108f8ae806908f0025870f87dcbadc03c367ca40f0bed1648", kill_on_drop: false }`
[INFO] running `Command { std: "docker" "exec" "-e" "SOURCE_DIR=/opt/rustwide/workdir" "-e" "CARGO_HOME=/opt/rustwide/cargo-home" "-e" "RUSTUP_HOME=/opt/rustwide/rustup-home" "-e" "CARGO_TARGET_DIR=/opt/rustwide/target" "-e" "CARGO_INCREMENTAL=0" "-e" "RUST_BACKTRACE=full" "-e" "RUSTFLAGS=--cap-lints=warn" "-e" "RUSTDOCFLAGS=--cap-lints=warn" "-w" "/opt/rustwide/workdir" "--user" "0:0" "e55d65347b01949108f8ae806908f0025870f87dcbadc03c367ca40f0bed1648" "/opt/rustwide/cargo-home/bin/cargo" "+1.99.0-beta.8" "build" "--frozen" "--message-format=json" "--release", kill_on_drop: false }`
[INFO] [stderr]    Compiling syn v2.0.118
[INFO] [stderr]    Compiling smallvec v1.15.2
[INFO] [stderr]    Compiling aok v0.1.18
[INFO] [stderr]    Compiling sendptr v0.1.3
[INFO] [stderr]    Compiling boxleak v0.1.2
[INFO] [stderr]    Compiling parking_lot_core v0.9.12
[INFO] [stderr]    Compiling parking_lot v0.12.5
[INFO] [stderr]    Compiling tokio-macros v2.7.0
[INFO] [stderr]    Compiling tokio v1.52.3
[INFO] [stderr]    Compiling expire_cache v0.1.26 (/opt/rustwide/workdir)
[INFO] [stderr]     Finished `release` profile [optimized] target(s) in 9.98s
[INFO] running `Command { std: "docker" "inspect" "e55d65347b01949108f8ae806908f0025870f87dcbadc03c367ca40f0bed1648", kill_on_drop: false }`
[INFO] running `Command { std: "docker" "exec" "-e" "SOURCE_DIR=/opt/rustwide/workdir" "-e" "CARGO_HOME=/opt/rustwide/cargo-home" "-e" "RUSTUP_HOME=/opt/rustwide/rustup-home" "-e" "CARGO_TARGET_DIR=/opt/rustwide/target" "-e" "CARGO_INCREMENTAL=0" "-e" "RUST_BACKTRACE=full" "-e" "RUSTFLAGS=--cap-lints=warn" "-e" "RUSTDOCFLAGS=--cap-lints=warn" "-w" "/opt/rustwide/workdir" "--user" "0:0" "e55d65347b01949108f8ae806908f0025870f87dcbadc03c367ca40f0bed1648" "/opt/rustwide/cargo-home/bin/cargo" "+1.99.0-beta.8" "test" "--frozen" "--no-run" "--message-format=json" "--release", kill_on_drop: false }`
[INFO] [stderr]    Compiling serde_derive v1.0.228
[INFO] [stderr]    Compiling jiff v0.2.28
[INFO] [stderr]    Compiling static_init_macro v1.0.4
[INFO] [stderr]    Compiling memchr v2.8.2
[INFO] [stderr]    Compiling syn v1.0.109
[INFO] [stderr]    Compiling static_init v1.0.4
[INFO] [stderr]    Compiling log v0.4.32
[INFO] [stderr]    Compiling seize v0.5.1
[INFO] [stderr]    Compiling coarsetime v0.1.37
[INFO] [stderr]    Compiling papaya v0.2.4
[INFO] [stderr]    Compiling serde v1.0.228
[INFO] [stderr]    Compiling logforth-core v0.4.0
[INFO] [stderr]    Compiling logforth-layout-json v0.4.0
[INFO] [stderr]    Compiling logforth-bridge-log v0.4.1
[INFO] [stderr]    Compiling logforth-append-file v0.4.0
[INFO] [stderr]    Compiling logforth-layout-text v0.4.0
[INFO] [stderr]    Compiling logforth-filter-rustlog v0.4.0
[INFO] [stderr]    Compiling logforth v0.30.1
[INFO] [stderr]    Compiling log_init v0.1.38
[INFO] [stderr]    Compiling expire_cache v0.1.26 (/opt/rustwide/workdir)
[INFO] [stdout] error[E0433]: cannot find `get_or_init_async` in `expire_cache`
[INFO] [stdout]   --> tests/main.rs:35:50
[INFO] [stdout]    |
[INFO] [stdout] 35 |   let val: Result<_, aok::Error> = expire_cache::get_or_init_async!(cache, "key", init);
[INFO] [stdout]    |                                                  ^^^^^^^^^^^^^^^^^ could not find `get_or_init_async` in `expire_cache`
[INFO] [stdout]    |
[INFO] [stdout] note: found an item that was configured out
[INFO] [stdout]   --> src/lib.rs:37:5
[INFO] [stdout]    |
[INFO] [stdout] 36 | #[cfg(feature = "get_or_init_async")]
[INFO] [stdout]    |       ----------------------------- the item is gated behind the `get_or_init_async` feature
[INFO] [stdout] 37 | mod get_or_init_async;
[INFO] [stdout]    |     ^^^^^^^^^^^^^^^^^
[INFO] [stdout] 
[INFO] [stdout] 
[INFO] [stdout] error[E0277]: the trait bound `papaya::HashMap<&str, &str>: expire_cache::Map` is not satisfied
[INFO] [stdout]   --> tests/main.rs:15:14
[INFO] [stdout]    |
[INFO] [stdout] 15 |   let cache: Expire<HashMap<&str, &str>> = Expire::new(1);
[INFO] [stdout]    |              ^^^^^^^^^^^^^^^^^^^^^^^^^^^ the trait `expire_cache::Map` is not implemented for `papaya::HashMap<&str, &str>`
[INFO] [stdout]    |
[INFO] [stdout] note: required by a bound in `Expire`
[INFO] [stdout]   --> src/lib.rs:52:22
[INFO] [stdout]    |
[INFO] [stdout] 52 | pub struct Expire<T: Map> {
[INFO] [stdout]    |                      ^^^ required by this bound in `Expire`
[INFO] [stdout] 
[INFO] [stdout] 
[INFO] [stdout] error[E0599]: the method `insert` exists for struct `Expire<papaya::HashMap<&str, &str>>`, but its trait bounds were not satisfied
[INFO] [stdout]   --> tests/main.rs:16:9
[INFO] [stdout]    |
[INFO] [stdout] 16 |   cache.insert("key", "val");
[INFO] [stdout]    |         ^^^^^^ method cannot be called on `Expire<papaya::HashMap<&str, &str>>` due to unsatisfied trait bounds
[INFO] [stdout]    |
[INFO] [stdout]   ::: /opt/rustwide/cargo-home/registry/src/index.crates.io-1949cf8c6b5b557f/papaya-0.2.4/src/map.rs:16:1
[INFO] [stdout]    |
[INFO] [stdout] 16 | pub struct HashMap<K, V, S = RandomState> {
[INFO] [stdout]    | ----------------------------------------- doesn't satisfy `papaya::HashMap<&str, &str>: expire_cache::Map`
[INFO] [stdout]    |
[INFO] [stdout]    = note: the following trait bounds were not satisfied:
[INFO] [stdout]            `papaya::HashMap<&str, &str>: expire_cache::Map`
[INFO] [stdout] 
[INFO] [stdout] 
[INFO] [stdout] error[E0277]: the trait bound `papaya::HashMap<&str, &str>: expire_cache::Map` is not satisfied
[INFO] [stdout]   --> tests/main.rs:15:44
[INFO] [stdout]    |
[INFO] [stdout] 15 |   let cache: Expire<HashMap<&str, &str>> = Expire::new(1);
[INFO] [stdout]    |                                            ^^^^^^ the trait `expire_cache::Map` is not implemented for `papaya::HashMap<&str, &str>`
[INFO] [stdout]    |
[INFO] [stdout] note: required by a bound in `Expire`
[INFO] [stdout]   --> src/lib.rs:52:22
[INFO] [stdout]    |
[INFO] [stdout] 52 | pub struct Expire<T: Map> {
[INFO] [stdout]    |                      ^^^ required by this bound in `Expire`
[INFO] [stdout] 
[INFO] [stdout] 
[INFO] [stdout] error[E0277]: the trait bound `papaya::HashMap<&str, &str>: expire_cache::Map` is not satisfied
[INFO] [stdout]    --> tests/main.rs:15:44
[INFO] [stdout]     |
[INFO] [stdout]  15 |   let cache: Expire<HashMap<&str, &str>> = Expire::new(1);
[INFO] [stdout]     |                                            ^^^^^^^^^^^^^^ the trait `expire_cache::Map` is not implemented for `papaya::HashMap<&str, &str>`
[INFO] [stdout]     |
[INFO] [stdout] note: required by a bound in `Expire::<T>::new`
[INFO] [stdout]    --> src/lib.rs:62:9
[INFO] [stdout]     |
[INFO] [stdout]  62 | impl<T: Map + 'static> Expire<T> {
[INFO] [stdout]     |         ^^^ required by this bound in `Expire::<T>::new`
[INFO] [stdout] ...
[INFO] [stdout] 112 |   pub fn new(expire: u64) -> Self {
[INFO] [stdout]     |          --- required by a bound in this associated function
[INFO] [stdout] 
[INFO] [stdout] 
[INFO] [stdout] error[E0599]: the method `get` exists for struct `Expire<papaya::HashMap<&str, &str>>`, but its trait bounds were not satisfied
[INFO] [stdout]   --> tests/main.rs:17:19
[INFO] [stdout]    |
[INFO] [stdout] 17 |   let val = cache.get("key");
[INFO] [stdout]    |                   ^^^ method cannot be called on `Expire<papaya::HashMap<&str, &str>>` due to unsatisfied trait bounds
[INFO] [stdout]    |
[INFO] [stdout]   ::: /opt/rustwide/cargo-home/registry/src/index.crates.io-1949cf8c6b5b557f/papaya-0.2.4/src/map.rs:16:1
[INFO] [stdout]    |
[INFO] [stdout] 16 | pub struct HashMap<K, V, S = RandomState> {
[INFO] [stdout]    | ----------------------------------------- doesn't satisfy `papaya::HashMap<&str, &str>: expire_cache::Map`
[INFO] [stdout]    |
[INFO] [stdout]    = note: the following trait bounds were not satisfied:
[INFO] [stdout]            `papaya::HashMap<&str, &str>: expire_cache::Map`
[INFO] [stdout] 
[INFO] [stdout] 
[INFO] [stdout] error[E0599]: the method `get` exists for struct `Expire<papaya::HashMap<&str, &str>>`, but its trait bounds were not satisfied
[INFO] [stdout]   --> tests/main.rs:25:17
[INFO] [stdout]    |
[INFO] [stdout] 25 |   assert!(cache.get("key").is_none());
[INFO] [stdout]    |                 ^^^ method cannot be called on `Expire<papaya::HashMap<&str, &str>>` due to unsatisfied trait bounds
[INFO] [stdout]    |
[INFO] [stdout]   ::: /opt/rustwide/cargo-home/registry/src/index.crates.io-1949cf8c6b5b557f/papaya-0.2.4/src/map.rs:16:1
[INFO] [stdout]    |
[INFO] [stdout] 16 | pub struct HashMap<K, V, S = RandomState> {
[INFO] [stdout]    | ----------------------------------------- doesn't satisfy `papaya::HashMap<&str, &str>: expire_cache::Map`
[INFO] [stdout]    |
[INFO] [stdout]    = note: the following trait bounds were not satisfied:
[INFO] [stdout]            `papaya::HashMap<&str, &str>: expire_cache::Map`
[INFO] [stdout] 
[INFO] [stdout] 
[INFO] [stdout] error[E0277]: the trait bound `papaya::HashMap<String, &'static str>: expire_cache::Map` is not satisfied
[INFO] [stdout]   --> tests/main.rs:31:14
[INFO] [stdout]    |
[INFO] [stdout] 31 |   let cache: Expire<HashMap<String, &'static str>> = Expire::new(1);
[INFO] [stdout]    |              ^^^^^^^^^^^^^^^^^^^^^^^^^^^^^^^^^^^^^ the trait `expire_cache::Map` is not implemented for `papaya::HashMap<String, &'static str>`
[INFO] [stdout]    |
[INFO] [stdout] note: required by a bound in `Expire`
[INFO] [stdout]   --> src/lib.rs:52:22
[INFO] [stdout]    |
[INFO] [stdout] 52 | pub struct Expire<T: Map> {
[INFO] [stdout]    |                      ^^^ required by this bound in `Expire`
[INFO] [stdout] 
[INFO] [stdout] 
[INFO] [stdout] error[E0277]: the trait bound `papaya::HashMap<String, &'static str>: expire_cache::Map` is not satisfied
[INFO] [stdout]   --> tests/main.rs:31:54
[INFO] [stdout]    |
[INFO] [stdout] 31 |   let cache: Expire<HashMap<String, &'static str>> = Expire::new(1);
[INFO] [stdout]    |                                                      ^^^^^^ the trait `expire_cache::Map` is not implemented for `papaya::HashMap<String, &'static str>`
[INFO] [stdout]    |
[INFO] [stdout] note: required by a bound in `Expire`
[INFO] [stdout]   --> src/lib.rs:52:22
[INFO] [stdout]    |
[INFO] [stdout] 52 | pub struct Expire<T: Map> {
[INFO] [stdout]    |                      ^^^ required by this bound in `Expire`
[INFO] [stdout] 
[INFO] [stdout] 
[INFO] [stdout] error[E0277]: the trait bound `papaya::HashMap<String, &'static str>: expire_cache::Map` is not satisfied
[INFO] [stdout]    --> tests/main.rs:31:54
[INFO] [stdout]     |
[INFO] [stdout]  31 |   let cache: Expire<HashMap<String, &'static str>> = Expire::new(1);
[INFO] [stdout]     |                                                      ^^^^^^^^^^^^^^ the trait `expire_cache::Map` is not implemented for `papaya::HashMap<String, &'static str>`
[INFO] [stdout]     |
[INFO] [stdout] note: required by a bound in `Expire::<T>::new`
[INFO] [stdout]    --> src/lib.rs:62:9
[INFO] [stdout]     |
[INFO] [stdout]  62 | impl<T: Map + 'static> Expire<T> {
[INFO] [stdout]     |         ^^^ required by this bound in `Expire::<T>::new`
[INFO] [stdout] ...
[INFO] [stdout] 112 |   pub fn new(expire: u64) -> Self {
[INFO] [stdout]     |          --- required by a bound in this associated function
[INFO] [stdout] 
[INFO] [stdout] 
[INFO] [stdout] error[E0277]: the trait bound `papaya::HashSet<&str>: expire_cache::Map` is not satisfied
[INFO] [stdout]   --> tests/main.rs:42:14
[INFO] [stdout]    |
[INFO] [stdout] 42 |   let cache: Expire<HashSet<&str>> = Expire::new(1);
[INFO] [stdout]    |              ^^^^^^^^^^^^^^^^^^^^^ the trait `expire_cache::Map` is not implemented for `papaya::HashSet<&str>`
[INFO] [stdout]    |
[INFO] [stdout] note: required by a bound in `Expire`
[INFO] [stdout]   --> src/lib.rs:52:22
[INFO] [stdout]    |
[INFO] [stdout] 52 | pub struct Expire<T: Map> {
[INFO] [stdout]    |                      ^^^ required by this bound in `Expire`
[INFO] [stdout] 
[INFO] [stdout] 
[INFO] [stdout] error[E0599]: the method `insert` exists for struct `Expire<papaya::HashSet<&str>>`, but its trait bounds were not satisfied
[INFO] [stdout]   --> tests/main.rs:43:9
[INFO] [stdout]    |
[INFO] [stdout] 43 |   cache.insert("key", ());
[INFO] [stdout]    |         ^^^^^^ method cannot be called on `Expire<papaya::HashSet<&str>>` due to unsatisfied trait bounds
[INFO] [stdout]    |
[INFO] [stdout]   ::: /opt/rustwide/cargo-home/registry/src/index.crates.io-1949cf8c6b5b557f/papaya-0.2.4/src/set.rs:17:1
[INFO] [stdout]    |
[INFO] [stdout] 17 | pub struct HashSet<K, S = RandomState> {
[INFO] [stdout]    | -------------------------------------- doesn't satisfy `papaya::HashSet<&str>: expire_cache::Map`
[INFO] [stdout]    |
[INFO] [stdout]    = note: the following trait bounds were not satisfied:
[INFO] [stdout]            `papaya::HashSet<&str>: expire_cache::Map`
[INFO] [stdout] 
[INFO] [stdout] 
[INFO] [stdout] error[E0277]: the trait bound `papaya::HashSet<&str>: expire_cache::Map` is not satisfied
[INFO] [stdout]   --> tests/main.rs:42:38
[INFO] [stdout]    |
[INFO] [stdout] 42 |   let cache: Expire<HashSet<&str>> = Expire::new(1);
[INFO] [stdout]    |                                      ^^^^^^ the trait `expire_cache::Map` is not implemented for `papaya::HashSet<&str>`
[INFO] [stdout]    |
[INFO] [stdout] note: required by a bound in `Expire`
[INFO] [stdout]   --> src/lib.rs:52:22
[INFO] [stdout]    |
[INFO] [stdout] 52 | pub struct Expire<T: Map> {
[INFO] [stdout]    |                      ^^^ required by this bound in `Expire`
[INFO] [stdout] 
[INFO] [stdout] 
[INFO] [stdout] error[E0277]: the trait bound `papaya::HashSet<&str>: expire_cache::Map` is not satisfied
[INFO] [stdout]    --> tests/main.rs:42:38
[INFO] [stdout]     |
[INFO] [stdout]  42 |   let cache: Expire<HashSet<&str>> = Expire::new(1);
[INFO] [stdout]     |                                      ^^^^^^^^^^^^^^ the trait `expire_cache::Map` is not implemented for `papaya::HashSet<&str>`
[INFO] [stdout]     |
[INFO] [stdout] note: required by a bound in `Expire::<T>::new`
[INFO] [stdout]    --> src/lib.rs:62:9
[INFO] [stdout]     |
[INFO] [stdout]  62 | impl<T: Map + 'static> Expire<T> {
[INFO] [stdout]     |         ^^^ required by this bound in `Expire::<T>::new`
[INFO] [stdout] ...
[INFO] [stdout] 112 |   pub fn new(expire: u64) -> Self {
[INFO] [stdout]     |          --- required by a bound in this associated function
[INFO] [stdout] 
[INFO] [stdout] 
[INFO] [stdout] error[E0599]: the method `get` exists for struct `Expire<papaya::HashSet<&str>>`, but its trait bounds were not satisfied
[INFO] [stdout]   --> tests/main.rs:44:17
[INFO] [stdout]    |
[INFO] [stdout] 44 |   assert!(cache.get("key").is_some());
[INFO] [stdout]    |                 ^^^ method cannot be called on `Expire<papaya::HashSet<&str>>` due to unsatisfied trait bounds
[INFO] [stdout]    |
[INFO] [stdout]   ::: /opt/rustwide/cargo-home/registry/src/index.crates.io-1949cf8c6b5b557f/papaya-0.2.4/src/set.rs:17:1
[INFO] [stdout]    |
[INFO] [stdout] 17 | pub struct HashSet<K, S = RandomState> {
[INFO] [stdout]    | -------------------------------------- doesn't satisfy `papaya::HashSet<&str>: expire_cache::Map`
[INFO] [stdout]    |
[INFO] [stdout]    = note: the following trait bounds were not satisfied:
[INFO] [stdout]            `papaya::HashSet<&str>: expire_cache::Map`
[INFO] [stdout] 
[INFO] [stdout] 
[INFO] [stdout] error[E0599]: the method `get` exists for struct `Expire<papaya::HashSet<&str>>`, but its trait bounds were not satisfied
[INFO] [stdout]   --> tests/main.rs:47:17
[INFO] [stdout]    |
[INFO] [stdout] 47 |   assert!(cache.get("key").is_none());
[INFO] [stdout]    |                 ^^^ method cannot be called on `Expire<papaya::HashSet<&str>>` due to unsatisfied trait bounds
[INFO] [stdout]    |
[INFO] [stdout]   ::: /opt/rustwide/cargo-home/registry/src/index.crates.io-1949cf8c6b5b557f/papaya-0.2.4/src/set.rs:17:1
[INFO] [stdout]    |
[INFO] [stdout] 17 | pub struct HashSet<K, S = RandomState> {
[INFO] [stdout]    | -------------------------------------- doesn't satisfy `papaya::HashSet<&str>: expire_cache::Map`
[INFO] [stdout]    |
[INFO] [stdout]    = note: the following trait bounds were not satisfied:
[INFO] [stdout]            `papaya::HashSet<&str>: expire_cache::Map`
[INFO] [stdout] 
[INFO] [stdout] 
[INFO] [stdout] Some errors have detailed explanations: E0277, E0433, E0599.
[INFO] [stdout] 
[INFO] [stdout] For more information about an error, try `rustc --explain E0277`.
[INFO] [stdout] 
[INFO] [stderr] error: could not compile `expire_cache` (test "main") due to 16 previous errors
[INFO] running `Command { std: "docker" "inspect" "e55d65347b01949108f8ae806908f0025870f87dcbadc03c367ca40f0bed1648", kill_on_drop: false }`
[INFO] running `Command { std: "docker" "rm" "-f" "e55d65347b01949108f8ae806908f0025870f87dcbadc03c367ca40f0bed1648", kill_on_drop: false }`
[INFO] [stdout] e55d65347b01949108f8ae806908f0025870f87dcbadc03c367ca40f0bed1648
