[INFO] fetching crate exocortex-ingest 0.5.1...
[INFO] testing exocortex-ingest-0.5.1 against 1.100.0-beta.1+cargoflags=--release for beta-release-1.100-2
[INFO] extracting crate exocortex-ingest 0.5.1 into /workspace/builds/worker-0-tc2/source
[INFO] started tweaking crates.io crate exocortex-ingest 0.5.1
[INFO] removed 0 missing tests
[INFO] finished tweaking crates.io crate exocortex-ingest 0.5.1
[INFO] tweaked toml for crates.io crate exocortex-ingest 0.5.1 written to /workspace/builds/worker-0-tc2/source/Cargo.toml
[INFO] validating manifest of crates.io crate exocortex-ingest 0.5.1 on toolchain 1.100.0-beta.1
[INFO] running `Command { std: CARGO_HOME="/workspace/cargo-home" RUSTUP_HOME="/workspace/rustup-home" "/workspace/cargo-home/bin/cargo" "+1.100.0-beta.1" "metadata" "--manifest-path" "Cargo.toml" "--no-deps", kill_on_drop: false }`
[INFO] crate crates.io crate exocortex-ingest 0.5.1 already has a lockfile, it will not be regenerated
[INFO] running `Command { std: CARGO_HOME="/workspace/cargo-home" RUSTUP_HOME="/workspace/rustup-home" "/workspace/cargo-home/bin/cargo" "+1.100.0-beta.1" "fetch" "--manifest-path" "Cargo.toml", kill_on_drop: false }`
[INFO] running `Command { std: "docker" "create" "-v" "/var/lib/crater-agent-workspace/builds/worker-0-tc2/source:/opt/rustwide/workdir:ro,Z" "-v" "/var/lib/crater-agent-workspace/builds/worker-0-tc2/target:/opt/rustwide/target:rw,Z" "-v" "/var/lib/crater-agent-workspace/cargo-home:/opt/rustwide/cargo-home:ro,Z" "-v" "/var/lib/crater-agent-workspace/rustup-home:/opt/rustwide/rustup-home:ro,Z" "-m" "1610612736" "--network" "none" "ghcr.io/rust-lang/crates-build-env/linux@sha256:77db811e55d90add9212f6832c23229e3de5f1c1f9905e8cb07319ea15df73ac" "sleep" "infinity", kill_on_drop: false }`
[INFO] [stdout] ae6850d371c10a273ba2115836d2c04211af0830446e8b7b2ba0d683e0ffce37
[INFO] running `Command { std: "docker" "start" "ae6850d371c10a273ba2115836d2c04211af0830446e8b7b2ba0d683e0ffce37", kill_on_drop: false }`
[INFO] running `Command { std: "docker" "inspect" "ae6850d371c10a273ba2115836d2c04211af0830446e8b7b2ba0d683e0ffce37", kill_on_drop: false }`
[INFO] running `Command { std: "docker" "exec" "-e" "SOURCE_DIR=/opt/rustwide/workdir" "-e" "CARGO_HOME=/opt/rustwide/cargo-home" "-e" "RUSTUP_HOME=/opt/rustwide/rustup-home" "-e" "CARGO_TARGET_DIR=/opt/rustwide/target" "-w" "/opt/rustwide/workdir" "--user" "0:0" "ae6850d371c10a273ba2115836d2c04211af0830446e8b7b2ba0d683e0ffce37" "/opt/rustwide/cargo-home/bin/cargo" "+1.100.0-beta.1" "metadata" "--no-deps" "--format-version=1", kill_on_drop: false }`
[INFO] running `Command { std: "docker" "inspect" "ae6850d371c10a273ba2115836d2c04211af0830446e8b7b2ba0d683e0ffce37", kill_on_drop: false }`
[INFO] running `Command { std: "docker" "exec" "-e" "SOURCE_DIR=/opt/rustwide/workdir" "-e" "CARGO_HOME=/opt/rustwide/cargo-home" "-e" "RUSTUP_HOME=/opt/rustwide/rustup-home" "-e" "CARGO_TARGET_DIR=/opt/rustwide/target" "-e" "CARGO_INCREMENTAL=0" "-e" "RUST_BACKTRACE=full" "-e" "RUSTFLAGS=--cap-lints=warn" "-e" "RUSTDOCFLAGS=--cap-lints=warn" "-w" "/opt/rustwide/workdir" "--user" "0:0" "ae6850d371c10a273ba2115836d2c04211af0830446e8b7b2ba0d683e0ffce37" "/opt/rustwide/cargo-home/bin/cargo" "+1.100.0-beta.1" "build" "--frozen" "--message-format=json" "--release", kill_on_drop: false }`
[INFO] [stderr]    Compiling syn v3.0.4
[INFO] [stderr]    Compiling syn v2.0.119
[INFO] [stderr]    Compiling zerocopy v0.8.56
[INFO] [stderr]    Compiling lock_api v0.4.14
[INFO] [stderr]    Compiling indexmap v1.9.3
[INFO] [stderr]    Compiling futures-task v0.3.34
[INFO] [stderr]    Compiling find-msvc-tools v0.1.11
[INFO] [stderr]    Compiling anyhow v1.0.104
[INFO] [stderr]    Compiling either v1.18.0
[INFO] [stderr]    Compiling getrandom v0.2.17
[INFO] [stderr]    Compiling ahash v0.8.12
[INFO] [stderr]    Compiling getrandom v0.3.4
[INFO] [stderr]    Compiling digest v0.10.7
[INFO] [stderr]    Compiling rustix v1.1.4
[INFO] [stderr]    Compiling linux-raw-sys v0.12.1
[INFO] [stderr]    Compiling bytes v1.12.1
[INFO] [stderr]    Compiling bitflags v2.13.1
[INFO] [stderr]    Compiling regex-syntax v0.8.11
[INFO] [stderr]    Compiling tinyvec v1.12.0
[INFO] [stderr]    Compiling cc v1.4.4
[INFO] [stderr]    Compiling itertools v0.14.0
[INFO] [stderr]    Compiling rand_core v0.6.4
[INFO] [stderr]    Compiling num-integer v0.1.47
[INFO] [stderr]    Compiling proc-macro-error-attr v1.0.4
[INFO] [stderr]    Compiling syn v1.0.109
[INFO] [stderr]    Compiling fastrand v2.5.0
[INFO] [stderr]    Compiling fixedbitset v0.5.7
[INFO] [stderr]    Compiling serde_json v1.0.151
[INFO] [stderr]    Compiling proc-macro-error v1.0.4
[INFO] [stderr]    Compiling unicode-bidi v0.3.18
[INFO] [stderr]    Compiling rustls v0.23.45
[INFO] [stderr]    Compiling petgraph v0.7.1
[INFO] [stderr]    Compiling sync_wrapper v1.0.2
[INFO] [stderr]    Compiling multimap v0.10.1
[INFO] [stderr]    Compiling crc32fast v1.5.1
[INFO] [stderr]    Compiling fixedbitset v0.4.2
[INFO] [stderr]    Compiling unicode-normalization v0.1.25
[INFO] [stderr]    Compiling sha2 v0.10.9
[INFO] [stderr]    Compiling petgraph v0.6.5
[INFO] [stderr]    Compiling socket2 v0.5.10
[INFO] [stderr]    Compiling hashbrown v0.12.3
[INFO] [stderr]    Compiling idna v0.5.0
[INFO] [stderr]    Compiling matchit v0.7.3
[INFO] [stderr]    Compiling ring v0.17.14
[INFO] [stderr]    Compiling blake3 v1.8.7
[INFO] [stderr]    Compiling url v2.5.2
[INFO] [stderr]    Compiling regex-automata v0.4.18
[INFO] [stderr]    Compiling flate2 v1.1.9
[INFO] [stderr]    Compiling uuid v1.25.0
[INFO] [stderr]    Compiling rustls-pemfile v2.2.0
[INFO] [stderr]    Compiling xxhash-rust v0.8.18
[INFO] [stderr]    Compiling tempfile v3.27.0
[INFO] [stderr]    Compiling inventory v0.3.24
[INFO] [stderr]    Compiling arcstr v1.2.0
[INFO] [stderr]    Compiling backon v1.6.0
[INFO] [stderr]    Compiling codegen v0.2.0
[INFO] [stderr]    Compiling itertools v0.13.0
[INFO] [stderr]    Compiling hmac v0.12.1
[INFO] [stderr]    Compiling sha1_smol v1.0.1
[INFO] [stderr]    Compiling castaway v0.2.4
[INFO] [stderr]    Compiling bitmaps v2.1.0
[INFO] [stderr]    Compiling im-rc v15.1.0
[INFO] [stderr]    Compiling bigdecimal v0.4.10
[INFO] [stderr]    Compiling arrayvec v0.5.2
[INFO] [stderr]    Compiling typed-arena v2.0.2
[INFO] [stderr]    Compiling fxhash v0.2.1
[INFO] [stderr]    Compiling rand_xoshiro v0.6.0
[INFO] [stderr]    Compiling env_home v0.1.0
[INFO] [stderr]    Compiling termcolor v1.4.1
[INFO] [stderr]    Compiling hashbrown v0.15.5
[INFO] [stderr]    Compiling md-5 v0.10.6
[INFO] [stderr]    Compiling crossbeam-channel v0.5.16
[INFO] [stderr]    Compiling pretty v0.12.5
[INFO] [stderr]    Compiling glob v0.3.4
[INFO] [stderr]    Compiling prettyplease v0.2.37
[INFO] [stderr]    Compiling regex v1.13.1
[INFO] [stderr]    Compiling serde_derive_internals v0.29.1
[INFO] [stderr]    Compiling sized-chunks v0.6.5
[INFO] [stderr]    Compiling codespan-reporting v0.11.1
[INFO] [stderr]    Compiling xdg v3.0.0
[INFO] [stderr]    Compiling weak-table v0.3.2
[INFO] [stderr]    Compiling roaring v0.10.12
[INFO] [stderr]    Compiling lru v0.12.5
[INFO] [stderr]    Compiling serde_derive v1.0.229
[INFO] [stderr]    Compiling futures-macro v0.3.34
[INFO] [stderr]    Compiling tokio-macros v2.7.2
[INFO] [stderr]    Compiling async-trait v0.1.92
[INFO] [stderr]    Compiling thiserror-impl v2.0.20
[INFO] [stderr]    Compiling prost-derive v0.13.5
[INFO] [stderr]    Compiling tracing-attributes v0.1.31
[INFO] [stderr]    Compiling pin-project-internal v1.1.13
[INFO] [stderr]    Compiling async-stream-impl v0.3.6
[INFO] [stderr]    Compiling thiserror-impl v1.0.69
[INFO] [stderr]    Compiling schemars_derive v0.8.22
[INFO] [stderr]    Compiling strum_macros v0.28.0
[INFO] [stderr]    Compiling async-stream v0.3.6
[INFO] [stderr]    Compiling crepe v0.1.8
[INFO] [stderr]    Compiling futures-util v0.3.34
[INFO] [stderr]    Compiling steel-derive v0.6.0
[INFO] [stderr]    Compiling ppv-lite86 v0.2.21
[INFO] [stderr]    Compiling tracing v0.1.44
[INFO] [stderr]    Compiling pin-project v1.1.13
[INFO] [stderr]    Compiling thiserror v2.0.20
[INFO] [stderr]    Compiling thiserror v1.0.69
[INFO] [stderr]    Compiling rand_chacha v0.9.0
[INFO] [stderr]    Compiling rand_chacha v0.3.1
[INFO] [stderr]    Compiling rand v0.9.5
[INFO] [stderr]    Compiling prost v0.13.5
[INFO] [stderr]    Compiling rand v0.8.7
[INFO] [stderr]    Compiling strum v0.28.0
[INFO] [stderr]    Compiling prost-types v0.13.5
[INFO] [stderr]    Compiling serde v1.0.229
[INFO] [stderr]    Compiling which v7.0.3
[INFO] [stderr]    Compiling polling v3.11.0
[INFO] [stderr]    Compiling prost-build v0.13.5
[INFO] [stderr]    Compiling tonic-build v0.12.3
[INFO] [stderr]    Compiling steel-gen v0.3.0
[INFO] [stderr]    Compiling smallvec v1.15.2
[INFO] [stderr]    Compiling hashbrown v0.14.5
[INFO] [stderr]    Compiling num-bigint v0.4.8
[INFO] [stderr]    Compiling chrono v0.4.45
[INFO] [stderr]    Compiling bincode v1.3.3
[INFO] [stderr]    Compiling schemars v0.8.22
[INFO] [stderr]    Compiling smol_str v0.3.2
[INFO] [stderr]    Compiling compact_str v0.8.2
[INFO] [stderr]    Compiling steel-core v0.7.0
[INFO] [stderr]    Compiling parking_lot_core v0.9.12
[INFO] [stderr]    Compiling quickscope v0.2.0
[INFO] [stderr]    Compiling im-lists v0.9.1
[INFO] [stderr]    Compiling parking_lot v0.12.5
[INFO] [stderr]    Compiling tokio v1.53.1
[INFO] [stderr]    Compiling exocortex-wire v0.5.1
[INFO] [stderr]    Compiling dashmap v6.2.1
[INFO] [stderr]    Compiling futures-executor v0.3.34
[INFO] [stderr]    Compiling tower v0.5.3
[INFO] [stderr]    Compiling axum-core v0.4.5
[INFO] [stderr]    Compiling futures v0.3.34
[INFO] [stderr]    Compiling lasso v0.7.3
[INFO] [stderr]    Compiling exocortex-kernel v0.5.1
[INFO] [stderr]    Compiling num-rational v0.4.2
[INFO] [stderr]    Compiling steel-parser v0.7.0
[INFO] [stderr]    Compiling axum v0.7.9
[INFO] [stderr]    Compiling rustls-webpki v0.103.15
[INFO] [stderr]    Compiling exocortex-pack-dev-v1 v0.5.1
[INFO] [stderr]    Compiling tokio-util v0.7.19
[INFO] [stderr]    Compiling h2 v0.4.18
[INFO] [stderr]    Compiling combine v4.6.7
[INFO] [stderr]    Compiling tower v0.4.13
[INFO] [stderr]    Compiling tokio-stream v0.1.19
[INFO] [stderr]    Compiling hyper v1.11.0
[INFO] [stderr]    Compiling tokio-rustls v0.26.4
[INFO] [stderr]    Compiling hyper-util v0.1.20
[INFO] [stderr]    Compiling redis v1.2.2
[INFO] [stderr]    Compiling redis v0.27.6
[INFO] [stderr]    Compiling hyper-timeout v0.5.2
[INFO] [stderr]    Compiling tonic v0.12.3
[INFO] [stderr]    Compiling falkordb v0.3.0
[INFO] [stderr]    Compiling exocortex-storage v0.5.1
[INFO] [stderr]    Compiling exocortex-dreams v0.5.1
[INFO] [stderr]    Compiling exocortex-reasoning v0.5.1
[INFO] [stderr]    Compiling exocortex-cache v0.5.1
[INFO] [stderr]    Compiling exocortex-ingest v0.5.1 (/opt/rustwide/workdir)
[INFO] [stderr] warning: unused dependency `exocortex-cache`
[INFO] [stderr]   --> Cargo.toml:11:15
[INFO] [stderr]    |
[INFO] [stderr] 11 | [dependencies.exocortex-cache]
[INFO] [stderr]    |               ^^^^^^^^^^^^^^^^
[INFO] [stderr]    |
[INFO] [stderr]    = note: `cargo::unused_dependencies` is set to `warn` by default
[INFO] [stderr] help: consider removing the dependency on `exocortex-cache`
[INFO] [stderr] warning: `exocortex-ingest` (manifest) generated 1 warning
[INFO] [stderr]     Finished `release` profile [optimized] target(s) in 3m 09s
[INFO] [stderr] warning: the following packages contain code that will be rejected by a future version of Rust: exocortex-pack-dev-v1 v0.5.1, redis v0.27.6, redis v1.2.2
[INFO] [stderr] note: to see what the problems were, use the option `--future-incompat-report`, or run `cargo report future-incompatibilities --id 3`
[INFO] running `Command { std: "docker" "inspect" "ae6850d371c10a273ba2115836d2c04211af0830446e8b7b2ba0d683e0ffce37", kill_on_drop: false }`
[INFO] running `Command { std: "docker" "exec" "-e" "SOURCE_DIR=/opt/rustwide/workdir" "-e" "CARGO_HOME=/opt/rustwide/cargo-home" "-e" "RUSTUP_HOME=/opt/rustwide/rustup-home" "-e" "CARGO_TARGET_DIR=/opt/rustwide/target" "-e" "CARGO_INCREMENTAL=0" "-e" "RUST_BACKTRACE=full" "-e" "RUSTFLAGS=--cap-lints=warn" "-e" "RUSTDOCFLAGS=--cap-lints=warn" "-w" "/opt/rustwide/workdir" "--user" "0:0" "ae6850d371c10a273ba2115836d2c04211af0830446e8b7b2ba0d683e0ffce37" "/opt/rustwide/cargo-home/bin/cargo" "+1.100.0-beta.1" "test" "--frozen" "--no-run" "--message-format=json" "--release", kill_on_drop: false }`
[INFO] [stderr]    Compiling tokio v1.53.1
[INFO] [stderr]    Compiling tokio-util v0.7.19
[INFO] [stderr]    Compiling tokio-rustls v0.26.4
[INFO] [stderr]    Compiling h2 v0.4.18
[INFO] [stderr]    Compiling combine v4.6.7
[INFO] [stderr]    Compiling tower v0.4.13
[INFO] [stderr]    Compiling tokio-stream v0.1.19
[INFO] [stderr]    Compiling hyper v1.11.0
[INFO] [stderr]    Compiling hyper-util v0.1.20
[INFO] [stderr]    Compiling redis v1.2.2
[INFO] [stderr]    Compiling redis v0.27.6
[INFO] [stderr]    Compiling hyper-timeout v0.5.2
[INFO] [stderr]    Compiling tonic v0.12.3
[INFO] [stderr]    Compiling exocortex-wire v0.5.1
[INFO] [stderr]    Compiling falkordb v0.3.0
[INFO] [stderr]    Compiling exocortex-storage v0.5.1
[INFO] [stderr]    Compiling exocortex-reasoning v0.5.1
[INFO] [stderr]    Compiling exocortex-cache v0.5.1
[INFO] [stderr]    Compiling exocortex-dreams v0.5.1
[INFO] [stderr]    Compiling exocortex-ingest v0.5.1 (/opt/rustwide/workdir)
[INFO] [stdout] error[E0433]: cannot find module or crate `exocortex_adapter_sdk` in this scope
[INFO] [stdout]   --> tests/manifest_parity.rs:13:5
[INFO] [stdout]    |
[INFO] [stdout] 13 | use exocortex_adapter_sdk::{manifest::validate_unit, BatchUnit};
[INFO] [stdout]    |     ^^^^^^^^^^^^^^^^^^^^^ use of unresolved module or unlinked crate `exocortex_adapter_sdk`
[INFO] [stdout]    |
[INFO] [stdout]    = help: if you wanted to use a crate named `exocortex_adapter_sdk`, use `cargo add exocortex_adapter_sdk` to add it to your `Cargo.toml`
[INFO] [stdout] 
[INFO] [stdout] 
[INFO] [stdout] error[E0433]: cannot find module or crate `exocortex_client` in this scope
[INFO] [stdout]    --> tests/e2e.rs:163:9
[INFO] [stdout]     |
[INFO] [stdout] 163 |     use exocortex_client::tools::end_session::EndSessionArgs;
[INFO] [stdout]     |         ^^^^^^^^^^^^^^^^ use of unresolved module or unlinked crate `exocortex_client`
[INFO] [stdout]     |
[INFO] [stdout] help: there is a crate or module with a similar name
[INFO] [stdout]     |
[INFO] [stdout] 163 -     use exocortex_client::tools::end_session::EndSessionArgs;
[INFO] [stdout] 163 +     use exocortex_ingest::tools::end_session::EndSessionArgs;
[INFO] [stdout]     |
[INFO] [stdout] 
[INFO] [stdout] 
[INFO] [stdout] error[E0432]: unresolved import `exocortex_adapter_sdk`
[INFO] [stdout]   --> tests/manifest_parity.rs:13:5
[INFO] [stdout]    |
[INFO] [stdout] 13 | use exocortex_adapter_sdk::{manifest::validate_unit, BatchUnit};
[INFO] [stdout]    |     ^^^^^^^^^^^^^^^^^^^^^ use of unresolved module or unlinked crate `exocortex_adapter_sdk`
[INFO] [stdout]    |
[INFO] [stdout]    = help: if you wanted to use a crate named `exocortex_adapter_sdk`, use `cargo add exocortex_adapter_sdk` to add it to your `Cargo.toml`
[INFO] [stdout] 
[INFO] [stdout] 
[INFO] [stdout] error[E0433]: cannot find module or crate `exocortex_client` in this scope
[INFO] [stdout]    --> tests/e2e.rs:169:22
[INFO] [stdout]     |
[INFO] [stdout] 169 |             .map(|i| exocortex_client::tools::end_session::MemoryDraftInput {
[INFO] [stdout]     |                      ^^^^^^^^^^^^^^^^ use of unresolved module or unlinked crate `exocortex_client`
[INFO] [stdout]     |
[INFO] [stdout] help: there is a crate or module with a similar name
[INFO] [stdout]     |
[INFO] [stdout] 169 -             .map(|i| exocortex_client::tools::end_session::MemoryDraftInput {
[INFO] [stdout] 169 +             .map(|i| exocortex_ingest::tools::end_session::MemoryDraftInput {
[INFO] [stdout]     |
[INFO] [stdout] 
[INFO] [stdout] 
[INFO] [stdout] Some errors have detailed explanations: E0432, E0433.
[INFO] [stdout] 
[INFO] [stdout] For more information about an error, try `rustc --explain E0432`.
[INFO] [stdout] 
[INFO] [stderr] error: could not compile `exocortex-ingest` (test "manifest_parity") due to 2 previous errors
[INFO] [stderr] warning: build failed, waiting for other jobs to finish...
[INFO] [stdout] For more information about this error, try `rustc --explain E0433`.
[INFO] [stdout] 
[INFO] [stderr] error: could not compile `exocortex-ingest` (test "e2e") due to 2 previous errors
[INFO] [stdout] error[E0599]: no method named `fail_next_ingest_cleanup` found for struct `Arc<InMemoryStorage>` in the current scope
[INFO] [stdout]     --> tests/ingest.rs:1262:17
[INFO] [stdout]      |
[INFO] [stdout] 1262 |     srv.storage.fail_next_ingest_cleanup();
[INFO] [stdout]      |                 ^^^^^^^^^^^^^^^^^^^^^^^^
[INFO] [stdout]      |
[INFO] [stdout] help: there is a method `fail_next_ingest_commit` with a similar name
[INFO] [stdout]      |
[INFO] [stdout] 1262 -     srv.storage.fail_next_ingest_cleanup();
[INFO] [stdout] 1262 +     srv.storage.fail_next_ingest_commit();
[INFO] [stdout]      |
[INFO] [stdout] 
[INFO] [stdout] 
[INFO] [stdout] error[E0599]: no method named `take_pending_ingest_effect_reads` found for struct `Arc<InMemoryStorage>` in the current scope
[INFO] [stdout]     --> tests/ingest.rs:1356:17
[INFO] [stdout]      |
[INFO] [stdout] 1356 |     srv.storage.take_pending_ingest_effect_reads();
[INFO] [stdout]      |                 ^^^^^^^^^^^^^^^^^^^^^^^^^^^^^^^^
[INFO] [stdout]      |
[INFO] [stdout] help: there is a method `pending_ingest_effects` with a similar name, but with different arguments
[INFO] [stdout]     --> /opt/rustwide/cargo-home/registry/src/index.crates.io-1949cf8c6b5b557f/exocortex-storage-0.5.1/src/trait_.rs:77:1
[INFO] [stdout]      |
[INFO] [stdout]   77 | #[async_trait]
[INFO] [stdout]      | ^^^^^^^^^^^^^^
[INFO] [stdout] 
[INFO] [stdout] 
[INFO] [stdout] error[E0599]: no method named `take_pending_ingest_effect_reads` found for struct `Arc<InMemoryStorage>` in the current scope
[INFO] [stdout]     --> tests/ingest.rs:1364:34
[INFO] [stdout]      |
[INFO] [stdout] 1364 |     let idle_reads = srv.storage.take_pending_ingest_effect_reads();
[INFO] [stdout]      |                                  ^^^^^^^^^^^^^^^^^^^^^^^^^^^^^^^^
[INFO] [stdout]      |
[INFO] [stdout] help: there is a method `pending_ingest_effects` with a similar name, but with different arguments
[INFO] [stdout]     --> /opt/rustwide/cargo-home/registry/src/index.crates.io-1949cf8c6b5b557f/exocortex-storage-0.5.1/src/trait_.rs:77:1
[INFO] [stdout]      |
[INFO] [stdout]   77 | #[async_trait]
[INFO] [stdout]      | ^^^^^^^^^^^^^^
[INFO] [stdout] 
[INFO] [stdout] 
[INFO] [stdout] For more information about this error, try `rustc --explain E0599`.
[INFO] [stdout] 
[INFO] [stderr] error: could not compile `exocortex-ingest` (test "ingest") due to 3 previous errors
[INFO] [stderr] warning: unused dependency `exocortex-cache`
[INFO] [stderr]   --> Cargo.toml:11:15
[INFO] [stderr]    |
[INFO] [stderr] 11 | [dependencies.exocortex-cache]
[INFO] [stderr]    |               ^^^^^^^^^^^^^^^^
[INFO] [stderr]    |
[INFO] [stderr]    = note: `cargo::unused_dependencies` is set to `warn` by default
[INFO] [stderr] help: consider removing the dependency on `exocortex-cache`
[INFO] [stderr] warning: `exocortex-ingest` (manifest) generated 1 warning
[INFO] running `Command { std: "docker" "inspect" "ae6850d371c10a273ba2115836d2c04211af0830446e8b7b2ba0d683e0ffce37", kill_on_drop: false }`
[INFO] running `Command { std: "docker" "rm" "-f" "ae6850d371c10a273ba2115836d2c04211af0830446e8b7b2ba0d683e0ffce37", kill_on_drop: false }`
[INFO] [stdout] ae6850d371c10a273ba2115836d2c04211af0830446e8b7b2ba0d683e0ffce37
