[INFO] fetching crate exhaustive_macros 0.2.2...
[INFO] testing exhaustive_macros-0.2.2 against 1.99.0-beta.8+cargoflags=--release for beta-release-1.100-2
[INFO] extracting crate exhaustive_macros 0.2.2 into /workspace/builds/worker-3-tc1/source
[INFO] started tweaking crates.io crate exhaustive_macros 0.2.2
[INFO] removed 0 missing examples
[INFO] finished tweaking crates.io crate exhaustive_macros 0.2.2
[INFO] tweaked toml for crates.io crate exhaustive_macros 0.2.2 written to /workspace/builds/worker-3-tc1/source/Cargo.toml
[INFO] validating manifest of crates.io crate exhaustive_macros 0.2.2 on toolchain 1.99.0-beta.8
[INFO] running `Command { std: CARGO_HOME="/workspace/cargo-home" RUSTUP_HOME="/workspace/rustup-home" "/workspace/cargo-home/bin/cargo" "+1.99.0-beta.8" "metadata" "--manifest-path" "Cargo.toml" "--no-deps", kill_on_drop: false }`
[INFO] crate crates.io crate exhaustive_macros 0.2.2 already has a lockfile, it will not be regenerated
[INFO] running `Command { std: CARGO_HOME="/workspace/cargo-home" RUSTUP_HOME="/workspace/rustup-home" "/workspace/cargo-home/bin/cargo" "+1.99.0-beta.8" "fetch" "--manifest-path" "Cargo.toml", kill_on_drop: false }`
[INFO] [stderr]  Downloading crates ...
[INFO] [stderr]   Downloaded quote v1.0.37
[INFO] [stderr]   Downloaded unicode-ident v1.0.14
[INFO] [stderr]   Downloaded proc-macro2 v1.0.92
[INFO] [stderr]   Downloaded syn v2.0.89
[INFO] running `Command { std: "docker" "create" "-v" "/var/lib/crater-agent-workspace/builds/worker-3-tc1/source:/opt/rustwide/workdir:ro,Z" "-v" "/var/lib/crater-agent-workspace/builds/worker-3-tc1/target:/opt/rustwide/target:rw,Z" "-v" "/var/lib/crater-agent-workspace/cargo-home:/opt/rustwide/cargo-home:ro,Z" "-v" "/var/lib/crater-agent-workspace/rustup-home:/opt/rustwide/rustup-home:ro,Z" "-m" "1610612736" "--network" "none" "ghcr.io/rust-lang/crates-build-env/linux@sha256:77db811e55d90add9212f6832c23229e3de5f1c1f9905e8cb07319ea15df73ac" "sleep" "infinity", kill_on_drop: false }`
[INFO] [stdout] e42b9a51b7ce24b36209bde9aa1e11cce6fc6163f01f4b26ad9e9fe6c733a22b
[INFO] running `Command { std: "docker" "start" "e42b9a51b7ce24b36209bde9aa1e11cce6fc6163f01f4b26ad9e9fe6c733a22b", kill_on_drop: false }`
[INFO] running `Command { std: "docker" "inspect" "e42b9a51b7ce24b36209bde9aa1e11cce6fc6163f01f4b26ad9e9fe6c733a22b", kill_on_drop: false }`
[INFO] running `Command { std: "docker" "exec" "-e" "SOURCE_DIR=/opt/rustwide/workdir" "-e" "CARGO_HOME=/opt/rustwide/cargo-home" "-e" "RUSTUP_HOME=/opt/rustwide/rustup-home" "-e" "CARGO_TARGET_DIR=/opt/rustwide/target" "-w" "/opt/rustwide/workdir" "--user" "0:0" "e42b9a51b7ce24b36209bde9aa1e11cce6fc6163f01f4b26ad9e9fe6c733a22b" "/opt/rustwide/cargo-home/bin/cargo" "+1.99.0-beta.8" "metadata" "--no-deps" "--format-version=1", kill_on_drop: false }`
[INFO] running `Command { std: "docker" "inspect" "e42b9a51b7ce24b36209bde9aa1e11cce6fc6163f01f4b26ad9e9fe6c733a22b", kill_on_drop: false }`
[INFO] running `Command { std: "docker" "exec" "-e" "SOURCE_DIR=/opt/rustwide/workdir" "-e" "CARGO_HOME=/opt/rustwide/cargo-home" "-e" "RUSTUP_HOME=/opt/rustwide/rustup-home" "-e" "CARGO_TARGET_DIR=/opt/rustwide/target" "-e" "CARGO_INCREMENTAL=0" "-e" "RUST_BACKTRACE=full" "-e" "RUSTFLAGS=--cap-lints=warn" "-e" "RUSTDOCFLAGS=--cap-lints=warn" "-w" "/opt/rustwide/workdir" "--user" "0:0" "e42b9a51b7ce24b36209bde9aa1e11cce6fc6163f01f4b26ad9e9fe6c733a22b" "/opt/rustwide/cargo-home/bin/cargo" "+1.99.0-beta.8" "build" "--frozen" "--message-format=json" "--release", kill_on_drop: false }`
[INFO] [stderr]    Compiling proc-macro2 v1.0.92
[INFO] [stderr]    Compiling unicode-ident v1.0.14
[INFO] [stderr]    Compiling quote v1.0.37
[INFO] [stderr]    Compiling syn v2.0.89
[INFO] [stderr]    Compiling exhaustive_macros v0.2.2 (/opt/rustwide/workdir)
[INFO] [stderr]     Finished `release` profile [optimized] target(s) in 6.99s
[INFO] running `Command { std: "docker" "inspect" "e42b9a51b7ce24b36209bde9aa1e11cce6fc6163f01f4b26ad9e9fe6c733a22b", kill_on_drop: false }`
[INFO] running `Command { std: "docker" "exec" "-e" "SOURCE_DIR=/opt/rustwide/workdir" "-e" "CARGO_HOME=/opt/rustwide/cargo-home" "-e" "RUSTUP_HOME=/opt/rustwide/rustup-home" "-e" "CARGO_TARGET_DIR=/opt/rustwide/target" "-e" "CARGO_INCREMENTAL=0" "-e" "RUST_BACKTRACE=full" "-e" "RUSTFLAGS=--cap-lints=warn" "-e" "RUSTDOCFLAGS=--cap-lints=warn" "-w" "/opt/rustwide/workdir" "--user" "0:0" "e42b9a51b7ce24b36209bde9aa1e11cce6fc6163f01f4b26ad9e9fe6c733a22b" "/opt/rustwide/cargo-home/bin/cargo" "+1.99.0-beta.8" "test" "--frozen" "--no-run" "--message-format=json" "--release", kill_on_drop: false }`
[INFO] [stderr]    Compiling proc-macro2 v1.0.92
[INFO] [stderr]    Compiling unicode-ident v1.0.14
[INFO] [stderr]    Compiling exhaustive_macros v0.2.2 (/opt/rustwide/workdir)
[INFO] [stderr]    Compiling quote v1.0.37
[INFO] [stderr]    Compiling syn v2.0.89
[INFO] [stdout] error[E0433]: cannot find `exhaustive` in the list of imported crates
[INFO] [stdout]  --> examples/readme.rs:7:17
[INFO] [stdout]   |
[INFO] [stdout] 7 | #[derive(Debug, Exhaustive)]
[INFO] [stdout]   |                 ^^^^^^^^^^ could not find `exhaustive` in the list of imported crates
[INFO] [stdout]   |
[INFO] [stdout]   = note: this error originates in the derive macro `Exhaustive` (in Nightly builds, run with -Z macro-backtrace for more info)
[INFO] [stdout] 
[INFO] [stdout] 
[INFO] [stdout] error[E0433]: cannot find `exhaustive` in the list of imported crates
[INFO] [stdout]   --> examples/readme.rs:13:17
[INFO] [stdout]    |
[INFO] [stdout] 13 | #[derive(Debug, Exhaustive)]
[INFO] [stdout]    |                 ^^^^^^^^^^ could not find `exhaustive` in the list of imported crates
[INFO] [stdout]    |
[INFO] [stdout]    = note: this error originates in the derive macro `Exhaustive` (in Nightly builds, run with -Z macro-backtrace for more info)
[INFO] [stdout] 
[INFO] [stdout] 
[INFO] [stdout] error[E0433]: cannot find `exhaustive` in the list of imported crates
[INFO] [stdout]   --> examples/readme.rs:18:17
[INFO] [stdout]    |
[INFO] [stdout] 18 | #[derive(Debug, Exhaustive)]
[INFO] [stdout]    |                 ^^^^^^^^^^ could not find `exhaustive` in the list of imported crates
[INFO] [stdout]    |
[INFO] [stdout]    = note: this error originates in the derive macro `Exhaustive` (in Nightly builds, run with -Z macro-backtrace for more info)
[INFO] [stdout] 
[INFO] [stdout] 
[INFO] [stdout] For more information about this error, try `rustc --explain E0433`.
[INFO] [stdout] 
[INFO] [stderr] error: could not compile `exhaustive_macros` (example "readme") due to 3 previous errors
[INFO] running `Command { std: "docker" "inspect" "e42b9a51b7ce24b36209bde9aa1e11cce6fc6163f01f4b26ad9e9fe6c733a22b", kill_on_drop: false }`
[INFO] running `Command { std: "docker" "rm" "-f" "e42b9a51b7ce24b36209bde9aa1e11cce6fc6163f01f4b26ad9e9fe6c733a22b", kill_on_drop: false }`
[INFO] [stdout] e42b9a51b7ce24b36209bde9aa1e11cce6fc6163f01f4b26ad9e9fe6c733a22b
