[INFO] fetching crate exaecut-after-effects 0.6.0...
[INFO] testing exaecut-after-effects-0.6.0 against 1.100.0-beta.1+cargoflags=--release for beta-release-1.100-2
[INFO] extracting crate exaecut-after-effects 0.6.0 into /workspace/builds/worker-1-tc2/source
[INFO] started tweaking crates.io crate exaecut-after-effects 0.6.0
[INFO] finished tweaking crates.io crate exaecut-after-effects 0.6.0
[INFO] tweaked toml for crates.io crate exaecut-after-effects 0.6.0 written to /workspace/builds/worker-1-tc2/source/Cargo.toml
[INFO] validating manifest of crates.io crate exaecut-after-effects 0.6.0 on toolchain 1.100.0-beta.1
[INFO] running `Command { std: CARGO_HOME="/workspace/cargo-home" RUSTUP_HOME="/workspace/rustup-home" "/workspace/cargo-home/bin/cargo" "+1.100.0-beta.1" "metadata" "--manifest-path" "Cargo.toml" "--no-deps", kill_on_drop: false }`
[INFO] crate crates.io crate exaecut-after-effects 0.6.0 already has a lockfile, it will not be regenerated
[INFO] running `Command { std: CARGO_HOME="/workspace/cargo-home" RUSTUP_HOME="/workspace/rustup-home" "/workspace/cargo-home/bin/cargo" "+1.100.0-beta.1" "fetch" "--manifest-path" "Cargo.toml", kill_on_drop: false }`
[INFO] running `Command { std: "docker" "create" "-v" "/var/lib/crater-agent-workspace/builds/worker-1-tc2/source:/opt/rustwide/workdir:ro,Z" "-v" "/var/lib/crater-agent-workspace/builds/worker-1-tc2/target:/opt/rustwide/target:rw,Z" "-v" "/var/lib/crater-agent-workspace/cargo-home:/opt/rustwide/cargo-home:ro,Z" "-v" "/var/lib/crater-agent-workspace/rustup-home:/opt/rustwide/rustup-home:ro,Z" "-m" "1610612736" "--network" "none" "ghcr.io/rust-lang/crates-build-env/linux@sha256:77db811e55d90add9212f6832c23229e3de5f1c1f9905e8cb07319ea15df73ac" "sleep" "infinity", kill_on_drop: false }`
[INFO] [stdout] 4284b359c32f45141520825048364f7c50b5748fb15248a45a08cc24536fd0e4
[INFO] running `Command { std: "docker" "start" "4284b359c32f45141520825048364f7c50b5748fb15248a45a08cc24536fd0e4", kill_on_drop: false }`
[INFO] running `Command { std: "docker" "inspect" "4284b359c32f45141520825048364f7c50b5748fb15248a45a08cc24536fd0e4", kill_on_drop: false }`
[INFO] running `Command { std: "docker" "exec" "-e" "SOURCE_DIR=/opt/rustwide/workdir" "-e" "CARGO_HOME=/opt/rustwide/cargo-home" "-e" "RUSTUP_HOME=/opt/rustwide/rustup-home" "-e" "CARGO_TARGET_DIR=/opt/rustwide/target" "-w" "/opt/rustwide/workdir" "--user" "0:0" "4284b359c32f45141520825048364f7c50b5748fb15248a45a08cc24536fd0e4" "/opt/rustwide/cargo-home/bin/cargo" "+1.100.0-beta.1" "metadata" "--no-deps" "--format-version=1", kill_on_drop: false }`
[INFO] running `Command { std: "docker" "inspect" "4284b359c32f45141520825048364f7c50b5748fb15248a45a08cc24536fd0e4", kill_on_drop: false }`
[INFO] running `Command { std: "docker" "exec" "-e" "SOURCE_DIR=/opt/rustwide/workdir" "-e" "CARGO_HOME=/opt/rustwide/cargo-home" "-e" "RUSTUP_HOME=/opt/rustwide/rustup-home" "-e" "CARGO_TARGET_DIR=/opt/rustwide/target" "-e" "CARGO_INCREMENTAL=0" "-e" "RUST_BACKTRACE=full" "-e" "RUSTFLAGS=--cap-lints=warn" "-e" "RUSTDOCFLAGS=--cap-lints=warn" "-w" "/opt/rustwide/workdir" "--user" "0:0" "4284b359c32f45141520825048364f7c50b5748fb15248a45a08cc24536fd0e4" "/opt/rustwide/cargo-home/bin/cargo" "+1.100.0-beta.1" "build" "--frozen" "--message-format=json" "--release", kill_on_drop: false }`
[INFO] [stderr]    Compiling glob v0.3.3
[INFO] [stderr]    Compiling prettyplease v0.2.37
[INFO] [stderr]    Compiling libc v0.2.186
[INFO] [stderr]    Compiling memchr v2.8.2
[INFO] [stderr]    Compiling minimal-lexical v0.2.1
[INFO] [stderr]    Compiling regex-syntax v0.8.11
[INFO] [stderr]    Compiling either v1.16.0
[INFO] [stderr]    Compiling bindgen v0.72.1
[INFO] [stderr]    Compiling rustc-hash v2.1.2
[INFO] [stderr]    Compiling bitflags v2.13.0
[INFO] [stderr]    Compiling libloading v0.8.9
[INFO] [stderr]    Compiling log v0.4.32
[INFO] [stderr]    Compiling serde v1.0.228
[INFO] [stderr]    Compiling syn v2.0.118
[INFO] [stderr]    Compiling konst_macro_rules v0.2.19
[INFO] [stderr]    Compiling num-traits v0.2.19
[INFO] [stderr]    Compiling const_format_proc_macros v0.2.34
[INFO] [stderr]    Compiling virtue v0.0.18
[INFO] [stderr]    Compiling smallvec v1.15.2
[INFO] [stderr]    Compiling konst v0.2.20
[INFO] [stderr]    Compiling serde_json v1.0.150
[INFO] [stderr]    Compiling itertools v0.13.0
[INFO] [stderr]    Compiling unty v0.0.4
[INFO] [stderr]    Compiling hash32 v1.0.0
[INFO] [stderr]    Compiling widestring v1.2.1
[INFO] [stderr]    Compiling fastrand v2.4.1
[INFO] [stderr]    Compiling clang-sys v1.8.1
[INFO] [stderr]    Compiling const_format v0.2.36
[INFO] [stderr]    Compiling bincode_derive v2.0.1
[INFO] [stderr]    Compiling cstr-literal v0.1.0
[INFO] [stderr]    Compiling regex-automata v0.4.14
[INFO] [stderr]    Compiling nom v7.1.3
[INFO] [stderr]    Compiling parking_lot_core v0.9.12
[INFO] [stderr]    Compiling parking_lot v0.12.5
[INFO] [stderr]    Compiling regex v1.12.4
[INFO] [stderr]    Compiling cexpr v0.6.0
[INFO] [stderr]    Compiling serde_derive v1.0.228
[INFO] [stderr]    Compiling bincode v2.0.1
[INFO] [stderr]    Compiling exaecut-after-effects-sys v0.6.0
[INFO] [stderr]    Compiling exaecut-after-effects v0.6.0 (/opt/rustwide/workdir)
[INFO] [stdout] error[E0425]: cannot find value `UNKNOWN_ERR_10007` in this scope
[INFO] [stdout]    --> src/lib.rs:169:36
[INFO] [stdout]     |
[INFO] [stdout] 169 |         Unknown10007             = UNKNOWN_ERR_10007,
[INFO] [stdout]     |                                    ^^^^^^^^^^^^^^^^^ not found in this scope
[INFO] [stdout]     |
[INFO] [stdout] note: found an item that was configured out
[INFO] [stdout]    --> src/lib.rs:132:7
[INFO] [stdout]     |
[INFO] [stdout] 131 | #[cfg(target_os = "macos")]
[INFO] [stdout]     |       ------------------- the item is gated behind the `macos` feature
[INFO] [stdout] 132 | const UNKNOWN_ERR_10007: ::std::os::raw::c_uint = 10007;
[INFO] [stdout]     |       ^^^^^^^^^^^^^^^^^
[INFO] [stdout] note: found an item that was configured out
[INFO] [stdout]    --> src/lib.rs:134:7
[INFO] [stdout]     |
[INFO] [stdout] 133 | #[cfg(target_os = "windows")]
[INFO] [stdout]     |       --------------------- the item is gated behind the `windows` feature
[INFO] [stdout] 134 | const UNKNOWN_ERR_10007: ::std::os::raw::c_int = 10007;
[INFO] [stdout]     |       ^^^^^^^^^^^^^^^^^
[INFO] [stdout] 
[INFO] [stdout] 
[INFO] [stdout] error[E0531]: cannot find unit struct, unit variant or constant `UNKNOWN_ERR_10007` in this scope
[INFO] [stdout]    --> src/lib.rs:169:36
[INFO] [stdout]     |
[INFO] [stdout] 169 |         Unknown10007             = UNKNOWN_ERR_10007,
[INFO] [stdout]     |                                    ^^^^^^^^^^^^^^^^^ not found in this scope
[INFO] [stdout]     |
[INFO] [stdout] note: found an item that was configured out
[INFO] [stdout]    --> src/lib.rs:132:7
[INFO] [stdout]     |
[INFO] [stdout] 131 | #[cfg(target_os = "macos")]
[INFO] [stdout]     |       ------------------- the item is gated behind the `macos` feature
[INFO] [stdout] 132 | const UNKNOWN_ERR_10007: ::std::os::raw::c_uint = 10007;
[INFO] [stdout]     |       ^^^^^^^^^^^^^^^^^
[INFO] [stdout] note: found an item that was configured out
[INFO] [stdout]    --> src/lib.rs:134:7
[INFO] [stdout]     |
[INFO] [stdout] 133 | #[cfg(target_os = "windows")]
[INFO] [stdout]     |       --------------------- the item is gated behind the `windows` feature
[INFO] [stdout] 134 | const UNKNOWN_ERR_10007: ::std::os::raw::c_int = 10007;
[INFO] [stdout]     |       ^^^^^^^^^^^^^^^^^
[INFO] [stdout] 
[INFO] [stdout] 
[INFO] [stdout] warning: unused import: `crate::*`
[INFO] [stdout]  --> src/drawbot/suites/supplier.rs:1:5
[INFO] [stdout]   |
[INFO] [stdout] 1 | use crate::*;
[INFO] [stdout]   |     ^^^^^^^^
[INFO] [stdout]   |
[INFO] [stdout]   = note: `#[warn(unused_imports)]` (part of `#[warn(unused)]`) on by default
[INFO] [stdout] 
[INFO] [stdout] 
[INFO] [stdout] warning: unused import: `crate::*`
[INFO] [stdout]  --> src/drawbot/suites/surface.rs:1:5
[INFO] [stdout]   |
[INFO] [stdout] 1 | use crate::*;
[INFO] [stdout]   |     ^^^^^^^^
[INFO] [stdout] 
[INFO] [stdout] 
[INFO] [stdout] error[E0599]: no method named `len` found for unit type `()` in the current scope
[INFO] [stdout]     --> src/pf/parameters.rs:1119:29
[INFO] [stdout]      |
[INFO] [stdout] 1119 |         let to_copy = bytes.len().min(MAX_NAME_LEN);
[INFO] [stdout]      |                             ^^^
[INFO] [stdout]      |
[INFO] [stdout] help: there is a method `le` with a similar name, but with different arguments
[INFO] [stdout]     --> /rustc/e3feeb59cd1bdd011a2bfcc0747b55125d9b8527/library/core/src/cmp.rs:1520:4
[INFO] [stdout] 
[INFO] [stdout] 
[INFO] [stdout] error[E0599]: no method named `resize` found for unit type `()` in the current scope
[INFO] [stdout]     --> src/pf/parameters.rs:1121:19
[INFO] [stdout]      |
[INFO] [stdout] 1121 |             bytes.resize(to_copy, 0);
[INFO] [stdout]      |                   ^^^^^^ method not found in `()`
[INFO] [stdout] 
[INFO] [stdout] 
[INFO] [stdout] error[E0599]: no method named `get_mut` found for unit type `()` in the current scope
[INFO] [stdout]     --> src/pf/parameters.rs:1122:44
[INFO] [stdout]      |
[INFO] [stdout] 1122 |             if let Some(last_elem) = bytes.get_mut(MAX_NAME_LEN - 1) {
[INFO] [stdout]      |                                            ^^^^^^^ method not found in `()`
[INFO] [stdout] 
[INFO] [stdout] 
[INFO] [stdout] error[E0599]: no method named `len` found for unit type `()` in the current scope
[INFO] [stdout]     --> src/pf/parameters.rs:1125:62
[INFO] [stdout]      |
[INFO] [stdout] 1125 | ...   self.param_def.name_do_not_use_directly[0..bytes.len()].copy_from_slice(unsafe { std::mem::transmute(bytes.as_slice()) });
[INFO] [stdout]      |                                                        ^^^
[INFO] [stdout]      |
[INFO] [stdout] help: there is a method `le` with a similar name, but with different arguments
[INFO] [stdout]     --> /rustc/e3feeb59cd1bdd011a2bfcc0747b55125d9b8527/library/core/src/cmp.rs:1520:4
[INFO] [stdout] 
[INFO] [stdout] 
[INFO] [stdout] error[E0599]: no method named `as_slice` found for unit type `()` in the current scope
[INFO] [stdout]     --> src/pf/parameters.rs:1125:120
[INFO] [stdout]      |
[INFO] [stdout] 1125 | ..._from_slice(unsafe { std::mem::transmute(bytes.as_slice()) });
[INFO] [stdout]      |                                                   ^^^^^^^^ method not found in `()`
[INFO] [stdout] 
[INFO] [stdout] 
[INFO] [stdout] Some errors have detailed explanations: E0425, E0531, E0599.
[INFO] [stdout] 
[INFO] [stdout] For more information about an error, try `rustc --explain E0425`.
[INFO] [stdout] 
[INFO] [stderr] error: could not compile `exaecut-after-effects` (lib) due to 7 previous errors; 2 warnings emitted
[INFO] running `Command { std: "docker" "inspect" "4284b359c32f45141520825048364f7c50b5748fb15248a45a08cc24536fd0e4", kill_on_drop: false }`
[INFO] running `Command { std: "docker" "rm" "-f" "4284b359c32f45141520825048364f7c50b5748fb15248a45a08cc24536fd0e4", kill_on_drop: false }`
[INFO] [stdout] 4284b359c32f45141520825048364f7c50b5748fb15248a45a08cc24536fd0e4
