[INFO] fetching crate ex3-ic-ledger-client 0.17.2...
[INFO] testing ex3-ic-ledger-client-0.17.2 against 1.99.0-beta.8+cargoflags=--release for beta-release-1.100-2
[INFO] extracting crate ex3-ic-ledger-client 0.17.2 into /workspace/builds/worker-3-tc1/source
[INFO] started tweaking crates.io crate ex3-ic-ledger-client 0.17.2
[INFO] finished tweaking crates.io crate ex3-ic-ledger-client 0.17.2
[INFO] tweaked toml for crates.io crate ex3-ic-ledger-client 0.17.2 written to /workspace/builds/worker-3-tc1/source/Cargo.toml
[INFO] validating manifest of crates.io crate ex3-ic-ledger-client 0.17.2 on toolchain 1.99.0-beta.8
[INFO] running `Command { std: CARGO_HOME="/workspace/cargo-home" RUSTUP_HOME="/workspace/rustup-home" "/workspace/cargo-home/bin/cargo" "+1.99.0-beta.8" "metadata" "--manifest-path" "Cargo.toml" "--no-deps", kill_on_drop: false }`
[INFO] running `Command { std: CARGO_HOME="/workspace/cargo-home" RUSTUP_HOME="/workspace/rustup-home" "/workspace/cargo-home/bin/cargo" "+1.99.0-beta.8" "generate-lockfile" "--manifest-path" "Cargo.toml", kill_on_drop: false }`
[INFO] [stderr]     Updating crates.io index
[INFO] [stderr]      Locking 275 packages to highest compatible versions
[INFO] [stderr]       Adding crypto-common v0.1.6 (available: v0.1.7)
[INFO] [stderr]       Adding ic-cdk v0.12.3 (available: v0.20.3)
[INFO] [stderr]       Adding ic-ledger-types v0.9.0 (available: v0.16.0)
[INFO] [stderr]       Adding mockall v0.12.1 (available: v0.15.0)
[INFO] [stderr]       Adding rstest v0.18.2 (available: v0.27.0)
[INFO] running `Command { std: CARGO_HOME="/workspace/cargo-home" RUSTUP_HOME="/workspace/rustup-home" "/workspace/cargo-home/bin/cargo" "+1.99.0-beta.8" "fetch" "--manifest-path" "Cargo.toml", kill_on_drop: false }`
[INFO] [stderr]  Downloading crates ...
[INFO] [stderr]   Downloaded mockall v0.12.1
[INFO] [stderr]   Downloaded mockall_derive v0.12.1
[INFO] [stderr]   Downloaded ic0 v0.21.1
[INFO] [stderr]   Downloaded ic-ledger-types v0.9.0
[INFO] [stderr]   Downloaded ic-cdk v0.12.3
[INFO] [stderr]   Downloaded candid_derive v0.10.38
[INFO] [stderr]   Downloaded ic-cdk-executor v0.1.0
[INFO] [stderr]   Downloaded ex3-canister-client v0.17.4
[INFO] [stderr]   Downloaded ic-cdk-macros v0.8.4
[INFO] [stderr]   Downloaded serde_tokenstream v0.1.7
[INFO] [stderr]   Downloaded candid v0.10.38
[INFO] [stderr]   Downloaded ic_principal v0.1.5
[INFO] [stderr]   Downloaded binrw_derive v0.15.2
[INFO] [stderr]   Downloaded ic-agent v0.39.3
[INFO] [stderr]   Downloaded ic-verify-bls-signature v0.5.0
[INFO] [stderr]   Downloaded pairing v0.23.0
[INFO] [stderr]   Downloaded ic-transport-types v0.39.3
[INFO] [stderr]   Downloaded ic-certification v3.2.0
[INFO] [stderr]   Downloaded binrw v0.15.2
[INFO] [stderr]   Downloaded ic_bls12_381 v0.10.1
[INFO] [stderr]   Downloaded cached v0.52.0
[INFO] [stderr]   Downloaded async-watch v0.3.1
[INFO] [stderr]   Downloaded ex3-common-error-info v0.15.2
[INFO] [stderr]   Downloaded ex3-canister-error v0.17.9
[INFO] [stderr]   Downloaded arc-swap v1.9.3
[INFO] running `Command { std: "docker" "create" "-v" "/var/lib/crater-agent-workspace/builds/worker-3-tc1/source:/opt/rustwide/workdir:ro,Z" "-v" "/var/lib/crater-agent-workspace/builds/worker-3-tc1/target:/opt/rustwide/target:rw,Z" "-v" "/var/lib/crater-agent-workspace/cargo-home:/opt/rustwide/cargo-home:ro,Z" "-v" "/var/lib/crater-agent-workspace/rustup-home:/opt/rustwide/rustup-home:ro,Z" "-m" "1610612736" "--network" "none" "ghcr.io/rust-lang/crates-build-env/linux@sha256:77db811e55d90add9212f6832c23229e3de5f1c1f9905e8cb07319ea15df73ac" "sleep" "infinity", kill_on_drop: false }`
[INFO] [stdout] 43ff02795589acc2191c69123fc0c7c8ffdd153df4b7bb0839b76ce663033519
[INFO] running `Command { std: "docker" "start" "43ff02795589acc2191c69123fc0c7c8ffdd153df4b7bb0839b76ce663033519", kill_on_drop: false }`
[INFO] running `Command { std: "docker" "inspect" "43ff02795589acc2191c69123fc0c7c8ffdd153df4b7bb0839b76ce663033519", kill_on_drop: false }`
[INFO] running `Command { std: "docker" "exec" "-e" "SOURCE_DIR=/opt/rustwide/workdir" "-e" "CARGO_HOME=/opt/rustwide/cargo-home" "-e" "RUSTUP_HOME=/opt/rustwide/rustup-home" "-e" "CARGO_TARGET_DIR=/opt/rustwide/target" "-w" "/opt/rustwide/workdir" "--user" "0:0" "43ff02795589acc2191c69123fc0c7c8ffdd153df4b7bb0839b76ce663033519" "/opt/rustwide/cargo-home/bin/cargo" "+1.99.0-beta.8" "metadata" "--no-deps" "--format-version=1", kill_on_drop: false }`
[INFO] running `Command { std: "docker" "inspect" "43ff02795589acc2191c69123fc0c7c8ffdd153df4b7bb0839b76ce663033519", kill_on_drop: false }`
[INFO] running `Command { std: "docker" "exec" "-e" "SOURCE_DIR=/opt/rustwide/workdir" "-e" "CARGO_HOME=/opt/rustwide/cargo-home" "-e" "RUSTUP_HOME=/opt/rustwide/rustup-home" "-e" "CARGO_TARGET_DIR=/opt/rustwide/target" "-e" "CARGO_INCREMENTAL=0" "-e" "RUST_BACKTRACE=full" "-e" "RUSTFLAGS=--cap-lints=warn" "-e" "RUSTDOCFLAGS=--cap-lints=warn" "-w" "/opt/rustwide/workdir" "--user" "0:0" "43ff02795589acc2191c69123fc0c7c8ffdd153df4b7bb0839b76ce663033519" "/opt/rustwide/cargo-home/bin/cargo" "+1.99.0-beta.8" "build" "--frozen" "--message-format=json" "--release", kill_on_drop: false }`
[INFO] [stderr]    Compiling syn v2.0.119
[INFO] [stderr]    Compiling object v0.39.1
[INFO] [stderr]    Compiling num-traits v0.2.19
[INFO] [stderr]    Compiling stacker v0.1.25
[INFO] [stderr]    Compiling typenum v1.20.1
[INFO] [stderr]    Compiling binrw v0.15.2
[INFO] [stderr]    Compiling binrw_derive v0.15.2
[INFO] [stderr]    Compiling serde_core v1.0.229
[INFO] [stderr]    Compiling generic-array v0.14.9
[INFO] [stderr]    Compiling either v1.19.0
[INFO] [stderr]    Compiling serde v1.0.229
[INFO] [stderr]    Compiling num-integer v0.1.47
[INFO] [stderr]    Compiling crc32fast v1.5.2
[INFO] [stderr]    Compiling array-init v2.1.0
[INFO] [stderr]    Compiling arrayvec v0.5.2
[INFO] [stderr]    Compiling bytemuck v1.25.2
[INFO] [stderr]    Compiling syn v1.0.109
[INFO] [stderr]    Compiling typed-arena v2.0.2
[INFO] [stderr]    Compiling block-buffer v0.10.4
[INFO] [stderr]    Compiling crypto-common v0.1.6
[INFO] [stderr]    Compiling pretty v0.12.5
[INFO] [stderr]    Compiling digest v0.10.7
[INFO] [stderr]    Compiling num-bigint v0.4.8
[INFO] [stderr]    Compiling sha2 v0.10.9
[INFO] [stderr]    Compiling data-encoding v2.11.1
[INFO] [stderr]    Compiling unicode-width v0.2.2
[INFO] [stderr]    Compiling leb128 v0.2.7
[INFO] [stderr]    Compiling serde_bytes v0.11.19
[INFO] [stderr]    Compiling ic-cdk-executor v0.1.0
[INFO] [stderr]    Compiling ic0 v0.21.1
[INFO] [stderr]    Compiling thiserror-impl v2.0.21
[INFO] [stderr]    Compiling thiserror v2.0.21
[INFO] [stderr]    Compiling ar_archive_writer v0.5.3
[INFO] [stderr]    Compiling serde_tokenstream v0.1.7
[INFO] [stderr]    Compiling thiserror-impl v1.0.69
[INFO] [stderr]    Compiling candid_derive v0.10.38
[INFO] [stderr]    Compiling derive_more v0.99.20
[INFO] [stderr]    Compiling psm v0.1.32
[INFO] [stderr]    Compiling thiserror v1.0.69
[INFO] [stderr]    Compiling ic_principal v0.1.5
[INFO] [stderr]    Compiling candid v0.10.38
[INFO] [stderr]    Compiling ic-cdk-macros v0.8.4
[INFO] [stderr]    Compiling ic-cdk v0.12.3
[INFO] [stderr]    Compiling ex3-common-error-info v0.15.2
[INFO] [stderr]    Compiling ex3-canister-error v0.17.9
[INFO] [stderr]    Compiling ic-ledger-types v0.9.0
[INFO] [stderr]    Compiling ex3-canister-client v0.17.4
[INFO] [stdout] error[E0432]: unresolved import `thiserror`
[INFO] [stdout]   --> /opt/rustwide/cargo-home/registry/src/index.crates.io-1949cf8c6b5b557f/ex3-canister-client-0.17.4/src/error.rs:11:10
[INFO] [stdout]    |
[INFO] [stdout] 11 | #[derive(Error, Debug, PartialEq, Clone, Eq)]
[INFO] [stdout]    |          ^^^^^ could not find `__private` in `thiserror`
[INFO] [stdout]    |
[INFO] [stdout]    = note: this error originates in the derive macro `Error` (in Nightly builds, run with -Z macro-backtrace for more info)
[INFO] [stdout] 
[INFO] [stdout] 
[INFO] [stdout] error[E0599]: no method named `as_display` found for reference `&ErrorInfo` in the current scope
[INFO] [stdout]   --> /opt/rustwide/cargo-home/registry/src/index.crates.io-1949cf8c6b5b557f/ex3-canister-client-0.17.4/src/error.rs:14:13
[INFO] [stdout]    |
[INFO] [stdout] 14 |     #[error("Origin error: {0}")]
[INFO] [stdout]    |             ^^^^^^^^^^^^^^^^^^^ method not found in `&ErrorInfo`
[INFO] [stdout]    |
[INFO] [stdout]    = help: items from traits can only be used if the trait is in scope
[INFO] [stdout] help: the following traits which provide `as_display` are implemented but not in scope; perhaps you want to import one of them
[INFO] [stdout]    |
[INFO] [stdout]  1 + use ex3_canister_error::prelude::thiserror::display::AsDisplay;
[INFO] [stdout]    |
[INFO] [stdout]  1 + use thiserror::display::AsDisplay;
[INFO] [stdout]    |
[INFO] [stdout] 
[INFO] [stdout] 
[INFO] [stdout] error[E0599]: no method named `as_display` found for reference `&ErrorInfo` in the current scope
[INFO] [stdout]   --> /opt/rustwide/cargo-home/registry/src/index.crates.io-1949cf8c6b5b557f/ex3-canister-client-0.17.4/src/error.rs:30:13
[INFO] [stdout]    |
[INFO] [stdout] 30 |     #[error("ICLayer error: {0}")]
[INFO] [stdout]    |             ^^^^^^^^^^^^^^^^^^^^ method not found in `&ErrorInfo`
[INFO] [stdout]    |
[INFO] [stdout]    = help: items from traits can only be used if the trait is in scope
[INFO] [stdout] help: the following traits which provide `as_display` are implemented but not in scope; perhaps you want to import one of them
[INFO] [stdout]    |
[INFO] [stdout]  1 + use ex3_canister_error::prelude::thiserror::display::AsDisplay;
[INFO] [stdout]    |
[INFO] [stdout]  1 + use thiserror::display::AsDisplay;
[INFO] [stdout]    |
[INFO] [stdout] 
[INFO] [stdout] 
[INFO] [stdout] Some errors have detailed explanations: E0432, E0599.
[INFO] [stdout] 
[INFO] [stdout] For more information about an error, try `rustc --explain E0432`.
[INFO] [stdout] 
[INFO] [stderr] error: could not compile `ex3-canister-client` (lib) due to 3 previous errors
[INFO] [stderr] warning: build failed, waiting for other jobs to finish...
[INFO] running `Command { std: "docker" "inspect" "43ff02795589acc2191c69123fc0c7c8ffdd153df4b7bb0839b76ce663033519", kill_on_drop: false }`
[INFO] running `Command { std: "docker" "rm" "-f" "43ff02795589acc2191c69123fc0c7c8ffdd153df4b7bb0839b76ce663033519", kill_on_drop: false }`
[INFO] [stdout] 43ff02795589acc2191c69123fc0c7c8ffdd153df4b7bb0839b76ce663033519
