[INFO] fetching crate evnx-crypto 0.2.1...
[INFO] testing evnx-crypto-0.2.1 against 1.100.0-beta.1+cargoflags=--release for beta-release-1.100-2
[INFO] extracting crate evnx-crypto 0.2.1 into /workspace/builds/worker-1-tc2/source
[INFO] started tweaking crates.io crate evnx-crypto 0.2.1
[INFO] removed 0 missing tests
[INFO] finished tweaking crates.io crate evnx-crypto 0.2.1
[INFO] tweaked toml for crates.io crate evnx-crypto 0.2.1 written to /workspace/builds/worker-1-tc2/source/Cargo.toml
[INFO] validating manifest of crates.io crate evnx-crypto 0.2.1 on toolchain 1.100.0-beta.1
[INFO] running `Command { std: CARGO_HOME="/workspace/cargo-home" RUSTUP_HOME="/workspace/rustup-home" "/workspace/cargo-home/bin/cargo" "+1.100.0-beta.1" "metadata" "--manifest-path" "Cargo.toml" "--no-deps", kill_on_drop: false }`
[INFO] crate crates.io crate evnx-crypto 0.2.1 already has a lockfile, it will not be regenerated
[INFO] running `Command { std: CARGO_HOME="/workspace/cargo-home" RUSTUP_HOME="/workspace/rustup-home" "/workspace/cargo-home/bin/cargo" "+1.100.0-beta.1" "fetch" "--manifest-path" "Cargo.toml", kill_on_drop: false }`
[INFO] running `Command { std: "docker" "create" "-v" "/var/lib/crater-agent-workspace/builds/worker-1-tc2/source:/opt/rustwide/workdir:ro,Z" "-v" "/var/lib/crater-agent-workspace/builds/worker-1-tc2/target:/opt/rustwide/target:rw,Z" "-v" "/var/lib/crater-agent-workspace/cargo-home:/opt/rustwide/cargo-home:ro,Z" "-v" "/var/lib/crater-agent-workspace/rustup-home:/opt/rustwide/rustup-home:ro,Z" "-m" "1610612736" "--network" "none" "ghcr.io/rust-lang/crates-build-env/linux@sha256:77db811e55d90add9212f6832c23229e3de5f1c1f9905e8cb07319ea15df73ac" "sleep" "infinity", kill_on_drop: false }`
[INFO] [stdout] bf5d689ef1dceb68b28bd496ef77bbfa1f8f736d4ed76bbe8dcc270c54480000
[INFO] running `Command { std: "docker" "start" "bf5d689ef1dceb68b28bd496ef77bbfa1f8f736d4ed76bbe8dcc270c54480000", kill_on_drop: false }`
[INFO] running `Command { std: "docker" "inspect" "bf5d689ef1dceb68b28bd496ef77bbfa1f8f736d4ed76bbe8dcc270c54480000", kill_on_drop: false }`
[INFO] running `Command { std: "docker" "exec" "-e" "SOURCE_DIR=/opt/rustwide/workdir" "-e" "CARGO_HOME=/opt/rustwide/cargo-home" "-e" "RUSTUP_HOME=/opt/rustwide/rustup-home" "-e" "CARGO_TARGET_DIR=/opt/rustwide/target" "-w" "/opt/rustwide/workdir" "--user" "0:0" "bf5d689ef1dceb68b28bd496ef77bbfa1f8f736d4ed76bbe8dcc270c54480000" "/opt/rustwide/cargo-home/bin/cargo" "+1.100.0-beta.1" "metadata" "--no-deps" "--format-version=1", kill_on_drop: false }`
[INFO] running `Command { std: "docker" "inspect" "bf5d689ef1dceb68b28bd496ef77bbfa1f8f736d4ed76bbe8dcc270c54480000", kill_on_drop: false }`
[INFO] running `Command { std: "docker" "exec" "-e" "SOURCE_DIR=/opt/rustwide/workdir" "-e" "CARGO_HOME=/opt/rustwide/cargo-home" "-e" "RUSTUP_HOME=/opt/rustwide/rustup-home" "-e" "CARGO_TARGET_DIR=/opt/rustwide/target" "-e" "CARGO_INCREMENTAL=0" "-e" "RUST_BACKTRACE=full" "-e" "RUSTFLAGS=--cap-lints=warn" "-e" "RUSTDOCFLAGS=--cap-lints=warn" "-w" "/opt/rustwide/workdir" "--user" "0:0" "bf5d689ef1dceb68b28bd496ef77bbfa1f8f736d4ed76bbe8dcc270c54480000" "/opt/rustwide/cargo-home/bin/cargo" "+1.100.0-beta.1" "build" "--frozen" "--message-format=json" "--release", kill_on_drop: false }`
[INFO] [stderr]    Compiling typenum v1.20.1
[INFO] [stderr]    Compiling subtle v2.6.1
[INFO] [stderr]    Compiling cpufeatures v0.2.17
[INFO] [stderr]    Compiling cmov v0.5.4
[INFO] [stderr]    Compiling semver v1.0.28
[INFO] [stderr]    Compiling zerocopy v0.8.57
[INFO] [stderr]    Compiling opaque-debug v0.3.1
[INFO] [stderr]    Compiling rand_core v0.10.1
[INFO] [stderr]    Compiling find-msvc-tools v0.1.12
[INFO] [stderr]    Compiling libc v0.2.189
[INFO] [stderr]    Compiling generic-array v0.14.7
[INFO] [stderr]    Compiling num-traits v0.2.19
[INFO] [stderr]    Compiling proc-macro2 v1.0.107
[INFO] [stderr]    Compiling keccak v0.2.2
[INFO] [stderr]    Compiling base64ct v1.8.3
[INFO] [stderr]    Compiling signature v2.2.0
[INFO] [stderr]    Compiling cpufeatures v0.3.1
[INFO] [stderr]    Compiling arrayvec v0.7.8
[INFO] [stderr]    Compiling constant_time_eq v0.4.2
[INFO] [stderr]    Compiling ed25519 v2.2.3
[INFO] [stderr]    Compiling lazy_static v1.5.0
[INFO] [stderr]    Compiling hex v0.4.3
[INFO] [stderr]    Compiling ctutils v0.4.2
[INFO] [stderr]    Compiling rustc_version v0.4.1
[INFO] [stderr]    Compiling cc v1.4.5
[INFO] [stderr]    Compiling curve25519-dalek v4.1.3
[INFO] [stderr]    Compiling quote v1.0.47
[INFO] [stderr]    Compiling syn v2.0.119
[INFO] [stderr]    Compiling syn v3.0.5
[INFO] [stderr]    Compiling num-integer v0.1.47
[INFO] [stderr]    Compiling blake3 v1.8.7
[INFO] [stderr]    Compiling block-buffer v0.10.4
[INFO] [stderr]    Compiling inout v0.1.4
[INFO] [stderr]    Compiling num-bigint v0.4.8
[INFO] [stderr]    Compiling getrandom v0.2.17
[INFO] [stderr]    Compiling rand_core v0.6.4
[INFO] [stderr]    Compiling crypto-common v0.1.7
[INFO] [stderr]    Compiling password-hash v0.5.0
[INFO] [stderr]    Compiling digest v0.10.7
[INFO] [stderr]    Compiling universal-hash v0.5.1
[INFO] [stderr]    Compiling aead v0.5.2
[INFO] [stderr]    Compiling polyval v0.6.2
[INFO] [stderr]    Compiling poly1305 v0.8.0
[INFO] [stderr]    Compiling ghash v0.5.1
[INFO] [stderr]    Compiling sha2 v0.10.9
[INFO] [stderr]    Compiling hmac v0.12.1
[INFO] [stderr]    Compiling blake2 v0.10.6
[INFO] [stderr]    Compiling hkdf v0.12.4
[INFO] [stderr]    Compiling argon2 v0.5.3
[INFO] [stderr]    Compiling serde_derive v1.0.229
[INFO] [stderr]    Compiling srp v0.6.0
[INFO] [stderr]    Compiling ppv-lite86 v0.2.21
[INFO] [stderr]    Compiling serde v1.0.229
[INFO] [stderr]    Compiling rand_chacha v0.3.1
[INFO] [stderr]    Compiling rand v0.8.8
[INFO] [stderr]    Compiling zeroize_derive v1.5.0
[INFO] [stderr]    Compiling curve25519-dalek-derive v0.1.1
[INFO] [stderr]    Compiling thiserror-impl v1.0.69
[INFO] [stderr]    Compiling zeroize v1.9.0
[INFO] [stderr]    Compiling hybrid-array v0.4.15
[INFO] [stderr]    Compiling cipher v0.4.4
[INFO] [stderr]    Compiling aes v0.8.4
[INFO] [stderr]    Compiling chacha20 v0.9.1
[INFO] [stderr]    Compiling ctr v0.9.2
[INFO] [stderr]    Compiling chacha20poly1305 v0.10.1
[INFO] [stderr]    Compiling aes-gcm v0.10.3
[INFO] [stderr]    Compiling thiserror v1.0.69
[INFO] [stderr]    Compiling crypto-common v0.2.2
[INFO] [stderr]    Compiling block-buffer v0.12.1
[INFO] [stderr]    Compiling module-lattice v0.2.3
[INFO] [stderr]    Compiling ed25519-dalek v2.2.0
[INFO] [stderr]    Compiling x25519-dalek v2.0.1
[INFO] [stderr]    Compiling digest v0.11.3
[INFO] [stderr]    Compiling kem v0.3.0
[INFO] [stderr]    Compiling sha3 v0.11.0
[INFO] [stderr]    Compiling ml-kem v0.3.2
[INFO] [stderr]    Compiling evnx-crypto v0.2.1 (/opt/rustwide/workdir)
[INFO] [stderr]     Finished `release` profile [optimized] target(s) in 31.59s
[INFO] running `Command { std: "docker" "inspect" "bf5d689ef1dceb68b28bd496ef77bbfa1f8f736d4ed76bbe8dcc270c54480000", kill_on_drop: false }`
[INFO] running `Command { std: "docker" "exec" "-e" "SOURCE_DIR=/opt/rustwide/workdir" "-e" "CARGO_HOME=/opt/rustwide/cargo-home" "-e" "RUSTUP_HOME=/opt/rustwide/rustup-home" "-e" "CARGO_TARGET_DIR=/opt/rustwide/target" "-e" "CARGO_INCREMENTAL=0" "-e" "RUST_BACKTRACE=full" "-e" "RUSTFLAGS=--cap-lints=warn" "-e" "RUSTDOCFLAGS=--cap-lints=warn" "-w" "/opt/rustwide/workdir" "--user" "0:0" "bf5d689ef1dceb68b28bd496ef77bbfa1f8f736d4ed76bbe8dcc270c54480000" "/opt/rustwide/cargo-home/bin/cargo" "+1.100.0-beta.1" "test" "--frozen" "--no-run" "--message-format=json" "--release", kill_on_drop: false }`
[INFO] [stderr]    Compiling getrandom v0.3.4
[INFO] [stderr]    Compiling getrandom v0.4.3
[INFO] [stderr]    Compiling bitflags v2.13.2
[INFO] [stderr]    Compiling getrandom v0.2.17
[INFO] [stderr]    Compiling fastrand v2.5.0
[INFO] [stderr]    Compiling wait-timeout v0.2.1
[INFO] [stderr]    Compiling quick-error v1.2.3
[INFO] [stderr]    Compiling bit-vec v0.8.0
[INFO] [stderr]    Compiling regex-syntax v0.8.11
[INFO] [stderr]    Compiling unarray v0.1.4
[INFO] [stderr]    Compiling rand_core v0.6.4
[INFO] [stderr]    Compiling rustix v1.1.4
[INFO] [stderr]    Compiling crypto-common v0.1.7
[INFO] [stderr]    Compiling rand_chacha v0.3.1
[INFO] [stderr]    Compiling password-hash v0.5.0
[INFO] [stderr]    Compiling rand_core v0.9.5
[INFO] [stderr]    Compiling bit-set v0.8.0
[INFO] [stderr]    Compiling digest v0.10.7
[INFO] [stderr]    Compiling cipher v0.4.4
[INFO] [stderr]    Compiling universal-hash v0.5.1
[INFO] [stderr]    Compiling aead v0.5.2
[INFO] [stderr]    Compiling polyval v0.6.2
[INFO] [stderr]    Compiling poly1305 v0.8.0
[INFO] [stderr]    Compiling rand_xorshift v0.4.0
[INFO] [stderr]    Compiling rand_chacha v0.9.0
[INFO] [stderr]    Compiling rand v0.9.5
[INFO] [stderr]    Compiling curve25519-dalek v4.1.3
[INFO] [stderr]    Compiling blake2 v0.10.6
[INFO] [stderr]    Compiling sha2 v0.10.9
[INFO] [stderr]    Compiling hmac v0.12.1
[INFO] [stderr]    Compiling srp v0.6.0
[INFO] [stderr]    Compiling rand v0.8.8
[INFO] [stderr]    Compiling aes v0.8.4
[INFO] [stderr]    Compiling ctr v0.9.2
[INFO] [stderr]    Compiling chacha20 v0.9.1
[INFO] [stderr]    Compiling ghash v0.5.1
[INFO] [stderr]    Compiling hkdf v0.12.4
[INFO] [stderr]    Compiling chacha20poly1305 v0.10.1
[INFO] [stderr]    Compiling argon2 v0.5.3
[INFO] [stderr]    Compiling aes-gcm v0.10.3
[INFO] [stderr]    Compiling ed25519-dalek v2.2.0
[INFO] [stderr]    Compiling x25519-dalek v2.0.1
[INFO] [stderr]    Compiling evnx-crypto v0.2.1 (/opt/rustwide/workdir)
[INFO] [stderr]    Compiling tempfile v3.27.0
[INFO] [stderr]    Compiling rusty-fork v0.3.1
[INFO] [stderr]    Compiling proptest v1.11.0
[INFO] [stdout] error[E0599]: no associated function or constant named `from_ed25519_seed_for_test` found for struct `UserKeypair` in the current scope
[INFO] [stdout]   --> tests/mlkem.rs:65:27
[INFO] [stdout]    |
[INFO] [stdout] 65 |     let kp = UserKeypair::from_ed25519_seed_for_test(KAT_SEED);
[INFO] [stdout]    |                           ^^^^^^^^^^^^^^^^^^^^^^^^^^ associated function or constant not found in `UserKeypair`
[INFO] [stdout] 
[INFO] [stdout] 
[INFO] [stdout] error[E0599]: no associated function or constant named `from_ed25519_seed_for_test` found for struct `UserKeypair` in the current scope
[INFO] [stdout]   --> tests/mlkem.rs:92:27
[INFO] [stdout]    |
[INFO] [stdout] 92 |     let kp = UserKeypair::from_ed25519_seed_for_test(KAT_SEED);
[INFO] [stdout]    |                           ^^^^^^^^^^^^^^^^^^^^^^^^^^ associated function or constant not found in `UserKeypair`
[INFO] [stdout] 
[INFO] [stdout] 
[INFO] [stdout] error[E0599]: no associated function or constant named `from_ed25519_seed_for_test` found for struct `UserKeypair` in the current scope
[INFO] [stdout]    --> tests/mlkem.rs:121:26
[INFO] [stdout]     |
[INFO] [stdout] 121 |     let a = UserKeypair::from_ed25519_seed_for_test(KAT_SEED);
[INFO] [stdout]     |                          ^^^^^^^^^^^^^^^^^^^^^^^^^^ associated function or constant not found in `UserKeypair`
[INFO] [stdout] 
[INFO] [stdout] 
[INFO] [stdout] error[E0599]: no associated function or constant named `from_ed25519_seed_for_test` found for struct `UserKeypair` in the current scope
[INFO] [stdout]    --> tests/mlkem.rs:122:26
[INFO] [stdout]     |
[INFO] [stdout] 122 |     let b = UserKeypair::from_ed25519_seed_for_test(KAT_SEED);
[INFO] [stdout]     |                          ^^^^^^^^^^^^^^^^^^^^^^^^^^ associated function or constant not found in `UserKeypair`
[INFO] [stdout] 
[INFO] [stdout] 
[INFO] [stdout] error[E0599]: no associated function or constant named `from_ed25519_seed_for_test` found for struct `UserKeypair` in the current scope
[INFO] [stdout]    --> tests/mlkem.rs:128:26
[INFO] [stdout]     |
[INFO] [stdout] 128 |     let a = UserKeypair::from_ed25519_seed_for_test(KAT_SEED);
[INFO] [stdout]     |                          ^^^^^^^^^^^^^^^^^^^^^^^^^^ associated function or constant not found in `UserKeypair`
[INFO] [stdout] 
[INFO] [stdout] 
[INFO] [stdout] error[E0599]: no associated function or constant named `from_ed25519_seed_for_test` found for struct `UserKeypair` in the current scope
[INFO] [stdout]    --> tests/mlkem.rs:131:26
[INFO] [stdout]     |
[INFO] [stdout] 131 |     let b = UserKeypair::from_ed25519_seed_for_test(other);
[INFO] [stdout]     |                          ^^^^^^^^^^^^^^^^^^^^^^^^^^ associated function or constant not found in `UserKeypair`
[INFO] [stdout] 
[INFO] [stdout] 
[INFO] [stdout] error[E0599]: no associated function or constant named `from_bytes_for_test` found for struct `VaultKey` in the current scope
[INFO] [stdout]    --> tests/keypair.rs:301:35
[INFO] [stdout]     |
[INFO] [stdout] 301 |         let vault_key = VaultKey::from_bytes_for_test(key_bytes);
[INFO] [stdout]     |                                   ^^^^^^^^^^^^^^^^^^^ associated function or constant not found in `VaultKey`
[INFO] [stdout]     |
[INFO] [stdout] note: if you're trying to build a new `VaultKey`, consider using `VaultKey::generate` which returns `VaultKey`
[INFO] [stdout]    --> src/vault.rs:46:5
[INFO] [stdout]     |
[INFO] [stdout]  46 |     pub fn generate() -> Self {
[INFO] [stdout]     |     ^^^^^^^^^^^^^^^^^^^^^^^^^
[INFO] [stdout] 
[INFO] [stdout] 
[INFO] [stdout] error[E0599]: no associated function or constant named `from_bytes_for_test` found for struct `MasterKey` in the current scope
[INFO] [stdout]   --> tests/vault.rs:23:16
[INFO] [stdout]    |
[INFO] [stdout] 23 |     MasterKey::from_bytes_for_test(key)
[INFO] [stdout]    |                ^^^^^^^^^^^^^^^^^^^ associated function or constant not found in `MasterKey`
[INFO] [stdout] 
[INFO] [stdout] 
[INFO] [stdout] error[E0599]: no associated function or constant named `from_ed25519_seed_for_test` found for struct `UserKeypair` in the current scope
[INFO] [stdout]    --> tests/mlkem.rs:168:27
[INFO] [stdout]     |
[INFO] [stdout] 168 |     let kp = UserKeypair::from_ed25519_seed_for_test(KAT_SEED);
[INFO] [stdout]     |                           ^^^^^^^^^^^^^^^^^^^^^^^^^^ associated function or constant not found in `UserKeypair`
[INFO] [stdout] 
[INFO] [stdout] 
[INFO] [stdout] For more information about this error, try `rustc --explain E0599`.
[INFO] [stdout] 
[INFO] [stderr] error: could not compile `evnx-crypto` (test "keypair") due to 1 previous error
[INFO] [stderr] warning: build failed, waiting for other jobs to finish...
[INFO] [stdout] error[E0599]: no associated function or constant named `from_ed25519_seed_for_test` found for struct `UserKeypair` in the current scope
[INFO] [stdout]    --> tests/mlkem.rs:306:27
[INFO] [stdout]     |
[INFO] [stdout] 306 |     let kp = UserKeypair::from_ed25519_seed_for_test(KAT_SEED);
[INFO] [stdout]     |                           ^^^^^^^^^^^^^^^^^^^^^^^^^^ associated function or constant not found in `UserKeypair`
[INFO] [stdout] 
[INFO] [stdout] 
[INFO] [stdout] error[E0599]: no associated function or constant named `from_bytes_for_test` found for struct `VaultKey` in the current scope
[INFO] [stdout]    --> tests/vault.rs:169:35
[INFO] [stdout]     |
[INFO] [stdout] 169 |     let corrupted_key = VaultKey::from_bytes_for_test(corrupted_bytes);
[INFO] [stdout]     |                                   ^^^^^^^^^^^^^^^^^^^ associated function or constant not found in `VaultKey`
[INFO] [stdout]     |
[INFO] [stdout] note: if you're trying to build a new `VaultKey`, consider using `VaultKey::generate` which returns `VaultKey`
[INFO] [stdout]    --> src/vault.rs:46:5
[INFO] [stdout]     |
[INFO] [stdout]  46 |     pub fn generate() -> Self {
[INFO] [stdout]     |     ^^^^^^^^^^^^^^^^^^^^^^^^^
[INFO] [stdout] 
[INFO] [stdout] 
[INFO] [stdout] error[E0599]: no method named `x25519_private_for_test` found for struct `UserKeypair` in the current scope
[INFO] [stdout]    --> tests/mlkem.rs:478:49
[INFO] [stdout]     |
[INFO] [stdout] 478 |         let mine = StaticSecret::from(recipient.x25519_private_for_test());
[INFO] [stdout]     |                                                 ^^^^^^^^^^^^^^^^^^^^^^^ method not found in `UserKeypair`
[INFO] [stdout] 
[INFO] [stdout] 
[INFO] [stdout] For more information about this error, try `rustc --explain E0599`.
[INFO] [stdout] 
[INFO] [stderr] error: could not compile `evnx-crypto` (test "mlkem") due to 9 previous errors
[INFO] [stdout] For more information about this error, try `rustc --explain E0599`.
[INFO] [stdout] 
[INFO] [stderr] error: could not compile `evnx-crypto` (test "vault") due to 2 previous errors
[INFO] running `Command { std: "docker" "inspect" "bf5d689ef1dceb68b28bd496ef77bbfa1f8f736d4ed76bbe8dcc270c54480000", kill_on_drop: false }`
[INFO] running `Command { std: "docker" "rm" "-f" "bf5d689ef1dceb68b28bd496ef77bbfa1f8f736d4ed76bbe8dcc270c54480000", kill_on_drop: false }`
[INFO] [stdout] bf5d689ef1dceb68b28bd496ef77bbfa1f8f736d4ed76bbe8dcc270c54480000
