[INFO] fetching crate eventcore 2.1.0...
[INFO] testing eventcore-2.1.0 against 1.99.0-beta.8+cargoflags=--release for beta-release-1.100-2
[INFO] extracting crate eventcore 2.1.0 into /workspace/builds/worker-7-tc1/source
[INFO] started tweaking crates.io crate eventcore 2.1.0
[INFO] removed 0 missing tests
[INFO] finished tweaking crates.io crate eventcore 2.1.0
[INFO] tweaked toml for crates.io crate eventcore 2.1.0 written to /workspace/builds/worker-7-tc1/source/Cargo.toml
[INFO] validating manifest of crates.io crate eventcore 2.1.0 on toolchain 1.99.0-beta.8
[INFO] running `Command { std: CARGO_HOME="/workspace/cargo-home" RUSTUP_HOME="/workspace/rustup-home" "/workspace/cargo-home/bin/cargo" "+1.99.0-beta.8" "metadata" "--manifest-path" "Cargo.toml" "--no-deps", kill_on_drop: false }`
[INFO] crate crates.io crate eventcore 2.1.0 already has a lockfile, it will not be regenerated
[INFO] running `Command { std: CARGO_HOME="/workspace/cargo-home" RUSTUP_HOME="/workspace/rustup-home" "/workspace/cargo-home/bin/cargo" "+1.99.0-beta.8" "fetch" "--manifest-path" "Cargo.toml", kill_on_drop: false }`
[INFO] [stderr]     Updating crates.io index
[INFO] [stderr]  Downloading crates ...
[INFO] [stderr]   Downloaded tracing-test-macro v0.2.6
[INFO] [stderr]   Downloaded tracing-test v0.2.6
[INFO] [stderr]   Downloaded tracing-mock v0.1.0-beta.3
[INFO] [stderr]   Downloaded nutype v0.7.0
[INFO] [stderr]   Downloaded nutype_macros v0.7.0
[INFO] [stderr]   Downloaded kinded v0.5.0
[INFO] [stderr]   Downloaded kinded_macros v0.5.0
[INFO] [stderr]   Downloaded eventcore-sqlite v2.1.0
[INFO] [stderr]   Downloaded eventcore-types v2.1.0
[INFO] [stderr]   Downloaded eventcore-postgres v2.1.0
[INFO] [stderr]   Downloaded eventcore-macros v2.1.0
[INFO] running `Command { std: "docker" "create" "-v" "/var/lib/crater-agent-workspace/builds/worker-7-tc1/source:/opt/rustwide/workdir:ro,Z" "-v" "/var/lib/crater-agent-workspace/builds/worker-7-tc1/target:/opt/rustwide/target:rw,Z" "-v" "/var/lib/crater-agent-workspace/cargo-home:/opt/rustwide/cargo-home:ro,Z" "-v" "/var/lib/crater-agent-workspace/rustup-home:/opt/rustwide/rustup-home:ro,Z" "-m" "1610612736" "--network" "none" "ghcr.io/rust-lang/crates-build-env/linux@sha256:77db811e55d90add9212f6832c23229e3de5f1c1f9905e8cb07319ea15df73ac" "sleep" "infinity", kill_on_drop: false }`
[INFO] [stdout] 47191315e8422f25b4ad04cb83e8c1a2f0cdd8760b11a731a50beb26dcc95640
[INFO] running `Command { std: "docker" "start" "47191315e8422f25b4ad04cb83e8c1a2f0cdd8760b11a731a50beb26dcc95640", kill_on_drop: false }`
[INFO] running `Command { std: "docker" "inspect" "47191315e8422f25b4ad04cb83e8c1a2f0cdd8760b11a731a50beb26dcc95640", kill_on_drop: false }`
[INFO] running `Command { std: "docker" "exec" "-e" "SOURCE_DIR=/opt/rustwide/workdir" "-e" "CARGO_HOME=/opt/rustwide/cargo-home" "-e" "RUSTUP_HOME=/opt/rustwide/rustup-home" "-e" "CARGO_TARGET_DIR=/opt/rustwide/target" "-w" "/opt/rustwide/workdir" "--user" "0:0" "47191315e8422f25b4ad04cb83e8c1a2f0cdd8760b11a731a50beb26dcc95640" "/opt/rustwide/cargo-home/bin/cargo" "+1.99.0-beta.8" "metadata" "--no-deps" "--format-version=1", kill_on_drop: false }`
[INFO] running `Command { std: "docker" "inspect" "47191315e8422f25b4ad04cb83e8c1a2f0cdd8760b11a731a50beb26dcc95640", kill_on_drop: false }`
[INFO] running `Command { std: "docker" "exec" "-e" "SOURCE_DIR=/opt/rustwide/workdir" "-e" "CARGO_HOME=/opt/rustwide/cargo-home" "-e" "RUSTUP_HOME=/opt/rustwide/rustup-home" "-e" "CARGO_TARGET_DIR=/opt/rustwide/target" "-e" "CARGO_INCREMENTAL=0" "-e" "RUST_BACKTRACE=full" "-e" "RUSTFLAGS=--cap-lints=warn" "-e" "RUSTDOCFLAGS=--cap-lints=warn" "-w" "/opt/rustwide/workdir" "--user" "0:0" "47191315e8422f25b4ad04cb83e8c1a2f0cdd8760b11a731a50beb26dcc95640" "/opt/rustwide/cargo-home/bin/cargo" "+1.99.0-beta.8" "build" "--frozen" "--message-format=json" "--release", kill_on_drop: false }`
[INFO] [stderr]    Compiling syn v2.0.117
[INFO] [stderr]    Compiling unicode-segmentation v1.13.2
[INFO] [stderr]    Compiling futures-sink v0.3.32
[INFO] [stderr]    Compiling urlencoding v2.1.3
[INFO] [stderr]    Compiling serde_json v1.0.149
[INFO] [stderr]    Compiling nutype_macros v0.7.0
[INFO] [stderr]    Compiling bytemuck v1.25.0
[INFO] [stderr]    Compiling eventcore v2.1.0 (/opt/rustwide/workdir)
[INFO] [stderr]    Compiling getrandom v0.4.2
[INFO] [stderr]    Compiling rand v0.10.1
[INFO] [stderr]    Compiling atomic v0.6.1
[INFO] [stderr]    Compiling futures-channel v0.3.32
[INFO] [stderr]    Compiling uuid v1.23.1
[INFO] [stderr]    Compiling convert_case v0.11.0
[INFO] [stderr]    Compiling kinded_macros v0.5.0
[INFO] [stderr]    Compiling futures-macro v0.3.32
[INFO] [stderr]    Compiling serde_derive v1.0.228
[INFO] [stderr]    Compiling thiserror-impl v2.0.18
[INFO] [stderr]    Compiling tokio-macros v2.7.0
[INFO] [stderr]    Compiling tracing-attributes v0.1.31
[INFO] [stderr]    Compiling eventcore-macros v2.1.0
[INFO] [stderr]    Compiling tokio v1.52.3
[INFO] [stderr]    Compiling kinded v0.5.0
[INFO] [stderr]    Compiling futures-util v0.3.32
[INFO] [stderr]    Compiling tracing v0.1.44
[INFO] [stderr]    Compiling thiserror v2.0.18
[INFO] [stderr]    Compiling serde v1.0.228
[INFO] [stderr]    Compiling chrono v0.4.44
[INFO] [stderr]    Compiling futures-executor v0.3.32
[INFO] [stderr]    Compiling futures v0.3.32
[INFO] [stderr]    Compiling nutype v0.7.0
[INFO] [stderr]    Compiling eventcore-types v2.1.0
[INFO] [stderr]     Finished `release` profile [optimized] target(s) in 16.49s
[INFO] running `Command { std: "docker" "inspect" "47191315e8422f25b4ad04cb83e8c1a2f0cdd8760b11a731a50beb26dcc95640", kill_on_drop: false }`
[INFO] running `Command { std: "docker" "exec" "-e" "SOURCE_DIR=/opt/rustwide/workdir" "-e" "CARGO_HOME=/opt/rustwide/cargo-home" "-e" "RUSTUP_HOME=/opt/rustwide/rustup-home" "-e" "CARGO_TARGET_DIR=/opt/rustwide/target" "-e" "CARGO_INCREMENTAL=0" "-e" "RUST_BACKTRACE=full" "-e" "RUSTFLAGS=--cap-lints=warn" "-e" "RUSTDOCFLAGS=--cap-lints=warn" "-w" "/opt/rustwide/workdir" "--user" "0:0" "47191315e8422f25b4ad04cb83e8c1a2f0cdd8760b11a731a50beb26dcc95640" "/opt/rustwide/cargo-home/bin/cargo" "+1.99.0-beta.8" "test" "--frozen" "--no-run" "--message-format=json" "--release", kill_on_drop: false }`
[INFO] [stderr]    Compiling cc v1.2.61
[INFO] [stderr]    Compiling futures-io v0.3.32
[INFO] [stderr]    Compiling futures-channel v0.3.32
[INFO] [stderr]    Compiling crypto-common v0.1.7
[INFO] [stderr]    Compiling tracing v0.1.44
[INFO] [stderr]    Compiling smallvec v1.15.1
[INFO] [stderr]    Compiling tokio v1.52.3
[INFO] [stderr]    Compiling kinded_macros v0.5.0
[INFO] [stderr]    Compiling serde_json v1.0.149
[INFO] [stderr]    Compiling rustls v0.23.39
[INFO] [stderr]    Compiling tinyvec v1.11.0
[INFO] [stderr]    Compiling concurrent-queue v2.5.0
[INFO] [stderr]    Compiling webpki-roots v1.0.6
[INFO] [stderr]    Compiling crc-catalog v2.5.0
[INFO] [stderr]    Compiling rustix v1.1.4
[INFO] [stderr]    Compiling hashlink v0.10.0
[INFO] [stderr]    Compiling crc v3.4.0
[INFO] [stderr]    Compiling webpki-roots v0.26.11
[INFO] [stderr]    Compiling regex-automata v0.4.14
[INFO] [stderr]    Compiling digest v0.10.7
[INFO] [stderr]    Compiling crossbeam-queue v0.3.12
[INFO] [stderr]    Compiling either v1.15.0
[INFO] [stderr]    Compiling unicode-bidi v0.3.18
[INFO] [stderr]    Compiling icu_normalizer v2.2.0
[INFO] [stderr]    Compiling parking_lot_core v0.9.12
[INFO] [stderr]    Compiling futures-util v0.3.32
[INFO] [stderr]    Compiling sha2 v0.10.9
[INFO] [stderr]    Compiling hmac v0.12.1
[INFO] [stderr]    Compiling event-listener v5.4.1
[INFO] [stderr]    Compiling base64 v0.22.1
[INFO] [stderr]    Compiling unicode-properties v0.1.4
[INFO] [stderr]    Compiling kinded v0.5.0
[INFO] [stderr]    Compiling hkdf v0.12.4
[INFO] [stderr]    Compiling nutype_macros v0.7.0
[INFO] [stderr]    Compiling parking_lot v0.12.5
[INFO] [stderr]    Compiling md-5 v0.10.6
[INFO] [stderr]    Compiling rand v0.8.5
[INFO] [stderr]    Compiling uuid v1.23.1
[INFO] [stderr]    Compiling atoi v2.0.0
[INFO] [stderr]    Compiling unicode-normalization v0.1.25
[INFO] [stderr]    Compiling whoami v1.6.1
[INFO] [stderr]    Compiling futures-intrusive v0.5.0
[INFO] [stderr]    Compiling idna_adapter v1.2.1
[INFO] [stderr]    Compiling idna v1.1.0
[INFO] [stderr]    Compiling stringprep v0.1.5
[INFO] [stderr]    Compiling byteorder v1.5.0
[INFO] [stderr]    Compiling dotenvy v0.15.7
[INFO] [stderr]    Compiling chrono v0.4.44
[INFO] [stderr]    Compiling url v2.5.8
[INFO] [stderr]    Compiling ring v0.17.14
[INFO] [stderr]    Compiling rand_chacha v0.9.0
[INFO] [stderr]    Compiling tracing-test-macro v0.2.6
[INFO] [stderr]    Compiling eventcore-macros v2.1.0
[INFO] [stderr]    Compiling tracing-mock v0.1.0-beta.3
[INFO] [stderr]    Compiling tempfile v3.27.0
[INFO] [stderr]    Compiling rusty-fork v0.3.1
[INFO] [stderr]    Compiling proptest v1.11.0
[INFO] [stderr]    Compiling matchers v0.2.0
[INFO] [stderr]    Compiling tracing-subscriber v0.3.23
[INFO] [stderr]    Compiling futures-executor v0.3.32
[INFO] [stderr]    Compiling futures v0.3.32
[INFO] [stderr]    Compiling nutype v0.7.0
[INFO] [stderr]    Compiling eventcore-types v2.1.0
[INFO] [stderr]    Compiling tracing-test v0.2.6
[INFO] [stderr]    Compiling tokio-stream v0.1.18
[INFO] [stderr]    Compiling eventcore v2.1.0 (/opt/rustwide/workdir)
[INFO] [stderr]    Compiling rustls-webpki v0.103.13
[INFO] [stderr]    Compiling sqlx-core v0.8.6
[INFO] [stderr]    Compiling sqlx-postgres v0.8.6
[INFO] [stderr]    Compiling sqlx v0.8.6
[INFO] [stdout] error[E0432]: unresolved import `eventcore_memory`
[INFO] [stdout]  --> tests/dynamic_stream_discovery_test.rs:8:5
[INFO] [stdout]   |
[INFO] [stdout] 8 | use eventcore_memory::InMemoryEventStore;
[INFO] [stdout]   |     ^^^^^^^^^^^^^^^^ use of unresolved module or unlinked crate `eventcore_memory`
[INFO] [stdout]   |
[INFO] [stdout] help: there is a crate or module with a similar name
[INFO] [stdout]   |
[INFO] [stdout] 8 - use eventcore_memory::InMemoryEventStore;
[INFO] [stdout] 8 + use eventcore_macros::InMemoryEventStore;
[INFO] [stdout]   |
[INFO] [stdout] 
[INFO] [stdout] 
[INFO] [stdout] error[E0432]: unresolved import `eventcore_memory`
[INFO] [stdout]  --> tests/command_state_snapshot_test.rs:9:5
[INFO] [stdout]   |
[INFO] [stdout] 9 | use eventcore_memory::InMemoryEventStore;
[INFO] [stdout]   |     ^^^^^^^^^^^^^^^^ use of unresolved module or unlinked crate `eventcore_memory`
[INFO] [stdout]   |
[INFO] [stdout] help: there is a crate or module with a similar name
[INFO] [stdout]   |
[INFO] [stdout] 9 - use eventcore_memory::InMemoryEventStore;
[INFO] [stdout] 9 + use eventcore_macros::InMemoryEventStore;
[INFO] [stdout]   |
[INFO] [stdout] 
[INFO] [stdout] 
[INFO] [stdout] error[E0432]: unresolved import `eventcore_memory`
[INFO] [stdout]   --> tests/projection_config_test.rs:30:5
[INFO] [stdout]    |
[INFO] [stdout] 30 | use eventcore_memory::{InMemoryCheckpointStore, InMemoryEventStore, InMemoryProjectorCoordinator};
[INFO] [stdout]    |     ^^^^^^^^^^^^^^^^ use of unresolved module or unlinked crate `eventcore_memory`
[INFO] [stdout]    |
[INFO] [stdout] help: there is a crate or module with a similar name
[INFO] [stdout]    |
[INFO] [stdout] 30 - use eventcore_memory::{InMemoryCheckpointStore, InMemoryEventStore, InMemoryProjectorCoordinator};
[INFO] [stdout] 30 + use eventcore_macros::{InMemoryCheckpointStore, InMemoryEventStore, InMemoryProjectorCoordinator};
[INFO] [stdout]    |
[INFO] [stdout] 
[INFO] [stdout] 
[INFO] [stdout] error[E0432]: unresolved import `eventcore_memory`
[INFO] [stdout]   --> tests/multi_stream_atomic_test.rs:15:5
[INFO] [stdout]    |
[INFO] [stdout] 15 | use eventcore_memory::InMemoryEventStore;
[INFO] [stdout]    |     ^^^^^^^^^^^^^^^^ use of unresolved module or unlinked crate `eventcore_memory`
[INFO] [stdout]    |
[INFO] [stdout] help: there is a crate or module with a similar name
[INFO] [stdout]    |
[INFO] [stdout] 15 - use eventcore_memory::InMemoryEventStore;
[INFO] [stdout] 15 + use eventcore_macros::InMemoryEventStore;
[INFO] [stdout]    |
[INFO] [stdout] 
[INFO] [stdout] 
[INFO] [stdout] error[E0432]: unresolved import `eventcore_memory`
[INFO] [stdout]  --> tests/execute_future_is_send_test.rs:5:5
[INFO] [stdout]   |
[INFO] [stdout] 5 | use eventcore_memory::InMemoryEventStore;
[INFO] [stdout]   |     ^^^^^^^^^^^^^^^^ use of unresolved module or unlinked crate `eventcore_memory`
[INFO] [stdout]   |
[INFO] [stdout] help: there is a crate or module with a similar name
[INFO] [stdout]   |
[INFO] [stdout] 5 - use eventcore_memory::InMemoryEventStore;
[INFO] [stdout] 5 + use eventcore_macros::InMemoryEventStore;
[INFO] [stdout]   |
[INFO] [stdout] 
[INFO] [stdout] 
[INFO] [stdout] error[E0432]: unresolved import `eventcore_memory`
[INFO] [stdout]  --> tests/retry_policy_test.rs:5:5
[INFO] [stdout]   |
[INFO] [stdout] 5 | use eventcore_memory::InMemoryEventStore;
[INFO] [stdout]   |     ^^^^^^^^^^^^^^^^ use of unresolved module or unlinked crate `eventcore_memory`
[INFO] [stdout]   |
[INFO] [stdout] help: there is a crate or module with a similar name
[INFO] [stdout]   |
[INFO] [stdout] 5 - use eventcore_memory::InMemoryEventStore;
[INFO] [stdout] 5 + use eventcore_macros::InMemoryEventStore;
[INFO] [stdout]   |
[INFO] [stdout] 
[INFO] [stdout] 
[INFO] [stdout] error[E0432]: unresolved import `eventcore_memory`
[INFO] [stdout]  --> tests/single_stream_command_test.rs:5:5
[INFO] [stdout]   |
[INFO] [stdout] 5 | use eventcore_memory::InMemoryEventStore;
[INFO] [stdout]   |     ^^^^^^^^^^^^^^^^ use of unresolved module or unlinked crate `eventcore_memory`
[INFO] [stdout]   |
[INFO] [stdout] help: there is a crate or module with a similar name
[INFO] [stdout]   |
[INFO] [stdout] 5 - use eventcore_memory::InMemoryEventStore;
[INFO] [stdout] 5 + use eventcore_macros::InMemoryEventStore;
[INFO] [stdout]   |
[INFO] [stdout] 
[INFO] [stdout] 
[INFO] [stdout] For more information about this error, try `rustc --explain E0432`.
[INFO] [stdout] 
[INFO] [stderr] error: could not compile `eventcore` (test "execute_future_is_send_test") due to 1 previous error
[INFO] [stderr] warning: build failed, waiting for other jobs to finish...
[INFO] [stdout] error[E0432]: unresolved import `eventcore_memory`
[INFO] [stdout]   --> tests/mixed_event_type_projection_test.rs:20:5
[INFO] [stdout]    |
[INFO] [stdout] 20 | use eventcore_memory::{InMemoryCheckpointStore, InMemoryEventStore, InMemoryProjectorCoordinator};
[INFO] [stdout]    |     ^^^^^^^^^^^^^^^^ use of unresolved module or unlinked crate `eventcore_memory`
[INFO] [stdout]    |
[INFO] [stdout] help: there is a crate or module with a similar name
[INFO] [stdout]    |
[INFO] [stdout] 20 - use eventcore_memory::{InMemoryCheckpointStore, InMemoryEventStore, InMemoryProjectorCoordinator};
[INFO] [stdout] 20 + use eventcore_macros::{InMemoryCheckpointStore, InMemoryEventStore, InMemoryProjectorCoordinator};
[INFO] [stdout]    |
[INFO] [stdout] 
[INFO] [stdout] 
[INFO] [stdout] For more information about this error, try `rustc --explain E0432`.
[INFO] [stdout] 
[INFO] [stderr] error: could not compile `eventcore` (test "retry_policy_test") due to 1 previous error
[INFO] [stdout] For more information about this error, try `rustc --explain E0432`.
[INFO] [stdout] 
[INFO] [stdout] error[E0432]: unresolved import `eventcore_memory`
[INFO] [stdout]  --> src/lib.test.rs:2:5
[INFO] [stdout]   |
[INFO] [stdout] 2 | use eventcore_memory::InMemoryEventStore;
[INFO] [stdout]   |     ^^^^^^^^^^^^^^^^ use of unresolved module or unlinked crate `eventcore_memory`
[INFO] [stdout]   |
[INFO] [stdout] help: there is a crate or module with a similar name
[INFO] [stdout]   |
[INFO] [stdout] 2 - use eventcore_memory::InMemoryEventStore;
[INFO] [stdout] 2 + use eventcore_macros::InMemoryEventStore;
[INFO] [stdout]   |
[INFO] [stdout] 
[INFO] [stdout] 
[INFO] [stderr] error: could not compile `eventcore` (test "command_state_snapshot_test") due to 1 previous error
[INFO] [stdout] For more information about this error, try `rustc --explain E0432`.
[INFO] [stdout] 
[INFO] [stderr] error: could not compile `eventcore` (test "dynamic_stream_discovery_test") due to 1 previous error
[INFO] [stdout] error[E0308]: mismatched types
[INFO] [stdout]    --> tests/single_stream_command_test.rs:199:35
[INFO] [stdout]     |
[INFO] [stdout] 199 |                 event_account_id, &account_id,
[INFO] [stdout]     |                                   ^^^^^^^^^^^ expected `StreamId`, found `&StreamId`
[INFO] [stdout]     |
[INFO] [stdout] help: consider removing the borrow
[INFO] [stdout]     |
[INFO] [stdout] 199 -                 event_account_id, &account_id,
[INFO] [stdout] 199 +                 event_account_id, account_id,
[INFO] [stdout]     |
[INFO] [stdout] 
[INFO] [stdout] 
[INFO] [stdout] error[E0308]: mismatched types
[INFO] [stdout]    --> tests/single_stream_command_test.rs:202:38
[INFO] [stdout]     |
[INFO] [stdout] 202 |             assert_eq!(event_amount, &amount, "Event should have correct amount");
[INFO] [stdout]     |                                      ^^^^^^^ expected `MoneyAmount`, found `&MoneyAmount`
[INFO] [stdout]     |
[INFO] [stdout] help: consider removing the borrow
[INFO] [stdout]     |
[INFO] [stdout] 202 -             assert_eq!(event_amount, &amount, "Event should have correct amount");
[INFO] [stdout] 202 +             assert_eq!(event_amount, amount, "Event should have correct amount");
[INFO] [stdout]     |
[INFO] [stdout] 
[INFO] [stdout] 
[INFO] [stdout] error[E0433]: cannot find module or crate `eventcore_memory` in this scope
[INFO] [stdout]    --> tests/mixed_event_type_projection_test.rs:107:18
[INFO] [stdout]     |
[INFO] [stdout] 107 |     type Error = eventcore_memory::InMemoryCheckpointError;
[INFO] [stdout]     |                  ^^^^^^^^^^^^^^^^ use of unresolved module or unlinked crate `eventcore_memory`
[INFO] [stdout]     |
[INFO] [stdout] help: there is a crate or module with a similar name
[INFO] [stdout]     |
[INFO] [stdout] 107 -     type Error = eventcore_memory::InMemoryCheckpointError;
[INFO] [stdout] 107 +     type Error = eventcore_macros::InMemoryCheckpointError;
[INFO] [stdout]     |
[INFO] [stdout] 
[INFO] [stdout] 
[INFO] [stdout] error[E0433]: cannot find module or crate `eventcore_memory` in this scope
[INFO] [stdout]    --> tests/mixed_event_type_projection_test.rs:126:18
[INFO] [stdout]     |
[INFO] [stdout] 126 |     type Error = eventcore_memory::InMemoryCoordinationError;
[INFO] [stdout]     |                  ^^^^^^^^^^^^^^^^ use of unresolved module or unlinked crate `eventcore_memory`
[INFO] [stdout]     |
[INFO] [stdout] help: there is a crate or module with a similar name
[INFO] [stdout]     |
[INFO] [stdout] 126 -     type Error = eventcore_memory::InMemoryCoordinationError;
[INFO] [stdout] 126 +     type Error = eventcore_macros::InMemoryCoordinationError;
[INFO] [stdout]     |
[INFO] [stdout] 
[INFO] [stdout] 
[INFO] [stdout] error[E0433]: cannot find module or crate `eventcore_memory` in this scope
[INFO] [stdout]    --> tests/mixed_event_type_projection_test.rs:127:18
[INFO] [stdout]     |
[INFO] [stdout] 127 |     type Guard = eventcore_memory::InMemoryCoordinationGuard;
[INFO] [stdout]     |                  ^^^^^^^^^^^^^^^^ use of unresolved module or unlinked crate `eventcore_memory`
[INFO] [stdout]     |
[INFO] [stdout] help: there is a crate or module with a similar name
[INFO] [stdout]     |
[INFO] [stdout] 127 -     type Guard = eventcore_memory::InMemoryCoordinationGuard;
[INFO] [stdout] 127 +     type Guard = eventcore_macros::InMemoryCoordinationGuard;
[INFO] [stdout]     |
[INFO] [stdout] 
[INFO] [stdout] 
[INFO] [stdout] Some errors have detailed explanations: E0432, E0433.
[INFO] [stdout] 
[INFO] [stdout] For more information about an error, try `rustc --explain E0432`.
[INFO] [stdout] 
[INFO] [stderr] error: could not compile `eventcore` (test "mixed_event_type_projection_test") due to 4 previous errors
[INFO] [stdout] error[E0433]: cannot find module or crate `eventcore_memory` in this scope
[INFO] [stdout]    --> tests/projection_config_test.rs:119:18
[INFO] [stdout]     |
[INFO] [stdout] 119 |     type Error = eventcore_memory::InMemoryCheckpointError;
[INFO] [stdout]     |                  ^^^^^^^^^^^^^^^^ use of unresolved module or unlinked crate `eventcore_memory`
[INFO] [stdout]     |
[INFO] [stdout] help: there is a crate or module with a similar name
[INFO] [stdout]     |
[INFO] [stdout] 119 -     type Error = eventcore_memory::InMemoryCheckpointError;
[INFO] [stdout] 119 +     type Error = eventcore_macros::InMemoryCheckpointError;
[INFO] [stdout]     |
[INFO] [stdout] 
[INFO] [stdout] 
[INFO] [stdout] error[E0433]: cannot find module or crate `eventcore_memory` in this scope
[INFO] [stdout]    --> tests/projection_config_test.rs:138:18
[INFO] [stdout]     |
[INFO] [stdout] 138 |     type Error = eventcore_memory::InMemoryCoordinationError;
[INFO] [stdout]     |                  ^^^^^^^^^^^^^^^^ use of unresolved module or unlinked crate `eventcore_memory`
[INFO] [stdout]     |
[INFO] [stdout] help: there is a crate or module with a similar name
[INFO] [stdout]     |
[INFO] [stdout] 138 -     type Error = eventcore_memory::InMemoryCoordinationError;
[INFO] [stdout] 138 +     type Error = eventcore_macros::InMemoryCoordinationError;
[INFO] [stdout]     |
[INFO] [stdout] 
[INFO] [stdout] 
[INFO] [stdout] error[E0433]: cannot find module or crate `eventcore_memory` in this scope
[INFO] [stdout]    --> tests/projection_config_test.rs:139:18
[INFO] [stdout]     |
[INFO] [stdout] 139 |     type Guard = eventcore_memory::InMemoryCoordinationGuard;
[INFO] [stdout]     |                  ^^^^^^^^^^^^^^^^ use of unresolved module or unlinked crate `eventcore_memory`
[INFO] [stdout]     |
[INFO] [stdout] help: there is a crate or module with a similar name
[INFO] [stdout]     |
[INFO] [stdout] 139 -     type Guard = eventcore_memory::InMemoryCoordinationGuard;
[INFO] [stdout] 139 +     type Guard = eventcore_macros::InMemoryCoordinationGuard;
[INFO] [stdout]     |
[INFO] [stdout] 
[INFO] [stdout] 
[INFO] [stdout] error[E0433]: cannot find module or crate `eventcore_memory` in this scope
[INFO] [stdout]    --> tests/projection_config_test.rs:456:18
[INFO] [stdout]     |
[INFO] [stdout] 456 |     type Error = eventcore_memory::InMemoryCheckpointError;
[INFO] [stdout]     |                  ^^^^^^^^^^^^^^^^ use of unresolved module or unlinked crate `eventcore_memory`
[INFO] [stdout]     |
[INFO] [stdout] help: there is a crate or module with a similar name
[INFO] [stdout]     |
[INFO] [stdout] 456 -     type Error = eventcore_memory::InMemoryCheckpointError;
[INFO] [stdout] 456 +     type Error = eventcore_macros::InMemoryCheckpointError;
[INFO] [stdout]     |
[INFO] [stdout] 
[INFO] [stdout] 
[INFO] [stdout] error[E0433]: cannot find module or crate `eventcore_memory` in this scope
[INFO] [stdout]    --> tests/projection_config_test.rs:475:18
[INFO] [stdout]     |
[INFO] [stdout] 475 |     type Error = eventcore_memory::InMemoryCoordinationError;
[INFO] [stdout]     |                  ^^^^^^^^^^^^^^^^ use of unresolved module or unlinked crate `eventcore_memory`
[INFO] [stdout]     |
[INFO] [stdout] help: there is a crate or module with a similar name
[INFO] [stdout]     |
[INFO] [stdout] 475 -     type Error = eventcore_memory::InMemoryCoordinationError;
[INFO] [stdout] 475 +     type Error = eventcore_macros::InMemoryCoordinationError;
[INFO] [stdout]     |
[INFO] [stdout] 
[INFO] [stdout] 
[INFO] [stdout] error[E0433]: cannot find module or crate `eventcore_memory` in this scope
[INFO] [stdout]    --> tests/projection_config_test.rs:476:18
[INFO] [stdout]     |
[INFO] [stdout] 476 |     type Guard = eventcore_memory::InMemoryCoordinationGuard;
[INFO] [stdout]     |                  ^^^^^^^^^^^^^^^^ use of unresolved module or unlinked crate `eventcore_memory`
[INFO] [stdout]     |
[INFO] [stdout] help: there is a crate or module with a similar name
[INFO] [stdout]     |
[INFO] [stdout] 476 -     type Guard = eventcore_memory::InMemoryCoordinationGuard;
[INFO] [stdout] 476 +     type Guard = eventcore_macros::InMemoryCoordinationGuard;
[INFO] [stdout]     |
[INFO] [stdout] 
[INFO] [stdout] 
[INFO] [stdout] Some errors have detailed explanations: E0432, E0433.
[INFO] [stdout] 
[INFO] [stdout] For more information about an error, try `rustc --explain E0432`.
[INFO] [stdout] 
[INFO] [stderr] error: could not compile `eventcore` (test "projection_config_test") due to 7 previous errors
[INFO] [stdout] For more information about this error, try `rustc --explain E0432`.
[INFO] [stdout] 
[INFO] [stderr] error: could not compile `eventcore` (test "multi_stream_atomic_test") due to 1 previous error
[INFO] [stdout] Some errors have detailed explanations: E0308, E0432.
[INFO] [stdout] 
[INFO] [stdout] For more information about an error, try `rustc --explain E0308`.
[INFO] [stdout] 
[INFO] [stderr] error: could not compile `eventcore` (test "single_stream_command_test") due to 3 previous errors
[INFO] [stdout] For more information about this error, try `rustc --explain E0432`.
[INFO] [stdout] 
[INFO] [stderr] error: could not compile `eventcore` (lib test) due to 1 previous error
[INFO] running `Command { std: "docker" "inspect" "47191315e8422f25b4ad04cb83e8c1a2f0cdd8760b11a731a50beb26dcc95640", kill_on_drop: false }`
[INFO] running `Command { std: "docker" "rm" "-f" "47191315e8422f25b4ad04cb83e8c1a2f0cdd8760b11a731a50beb26dcc95640", kill_on_drop: false }`
[INFO] [stdout] 47191315e8422f25b4ad04cb83e8c1a2f0cdd8760b11a731a50beb26dcc95640
