[INFO] fetching crate eventcore-sqlite 2.1.0...
[INFO] testing eventcore-sqlite-2.1.0 against 1.100.0-beta.1+cargoflags=--release for beta-release-1.100-2
[INFO] extracting crate eventcore-sqlite 2.1.0 into /workspace/builds/worker-2-tc2/source
[INFO] started tweaking crates.io crate eventcore-sqlite 2.1.0
[INFO] removed 0 missing tests
[INFO] finished tweaking crates.io crate eventcore-sqlite 2.1.0
[INFO] tweaked toml for crates.io crate eventcore-sqlite 2.1.0 written to /workspace/builds/worker-2-tc2/source/Cargo.toml
[INFO] validating manifest of crates.io crate eventcore-sqlite 2.1.0 on toolchain 1.100.0-beta.1
[INFO] running `Command { std: CARGO_HOME="/workspace/cargo-home" RUSTUP_HOME="/workspace/rustup-home" "/workspace/cargo-home/bin/cargo" "+1.100.0-beta.1" "metadata" "--manifest-path" "Cargo.toml" "--no-deps", kill_on_drop: false }`
[INFO] crate crates.io crate eventcore-sqlite 2.1.0 already has a lockfile, it will not be regenerated
[INFO] running `Command { std: CARGO_HOME="/workspace/cargo-home" RUSTUP_HOME="/workspace/rustup-home" "/workspace/cargo-home/bin/cargo" "+1.100.0-beta.1" "fetch" "--manifest-path" "Cargo.toml", kill_on_drop: false }`
[INFO] running `Command { std: "docker" "create" "-v" "/var/lib/crater-agent-workspace/builds/worker-2-tc2/source:/opt/rustwide/workdir:ro,Z" "-v" "/var/lib/crater-agent-workspace/builds/worker-2-tc2/target:/opt/rustwide/target:rw,Z" "-v" "/var/lib/crater-agent-workspace/cargo-home:/opt/rustwide/cargo-home:ro,Z" "-v" "/var/lib/crater-agent-workspace/rustup-home:/opt/rustwide/rustup-home:ro,Z" "-m" "1610612736" "--network" "none" "ghcr.io/rust-lang/crates-build-env/linux@sha256:77db811e55d90add9212f6832c23229e3de5f1c1f9905e8cb07319ea15df73ac" "sleep" "infinity", kill_on_drop: false }`
[INFO] [stdout] 5547582467a24e71587d51723fa5875b40796e7979f82416260baadd02dc2b1d
[INFO] running `Command { std: "docker" "start" "5547582467a24e71587d51723fa5875b40796e7979f82416260baadd02dc2b1d", kill_on_drop: false }`
[INFO] running `Command { std: "docker" "inspect" "5547582467a24e71587d51723fa5875b40796e7979f82416260baadd02dc2b1d", kill_on_drop: false }`
[INFO] running `Command { std: "docker" "exec" "-e" "SOURCE_DIR=/opt/rustwide/workdir" "-e" "CARGO_HOME=/opt/rustwide/cargo-home" "-e" "RUSTUP_HOME=/opt/rustwide/rustup-home" "-e" "CARGO_TARGET_DIR=/opt/rustwide/target" "-w" "/opt/rustwide/workdir" "--user" "0:0" "5547582467a24e71587d51723fa5875b40796e7979f82416260baadd02dc2b1d" "/opt/rustwide/cargo-home/bin/cargo" "+1.100.0-beta.1" "metadata" "--no-deps" "--format-version=1", kill_on_drop: false }`
[INFO] running `Command { std: "docker" "inspect" "5547582467a24e71587d51723fa5875b40796e7979f82416260baadd02dc2b1d", kill_on_drop: false }`
[INFO] running `Command { std: "docker" "exec" "-e" "SOURCE_DIR=/opt/rustwide/workdir" "-e" "CARGO_HOME=/opt/rustwide/cargo-home" "-e" "RUSTUP_HOME=/opt/rustwide/rustup-home" "-e" "CARGO_TARGET_DIR=/opt/rustwide/target" "-e" "CARGO_INCREMENTAL=0" "-e" "RUST_BACKTRACE=full" "-e" "RUSTFLAGS=--cap-lints=warn" "-e" "RUSTDOCFLAGS=--cap-lints=warn" "-w" "/opt/rustwide/workdir" "--user" "0:0" "5547582467a24e71587d51723fa5875b40796e7979f82416260baadd02dc2b1d" "/opt/rustwide/cargo-home/bin/cargo" "+1.100.0-beta.1" "build" "--frozen" "--message-format=json" "--release", kill_on_drop: false }`
[INFO] [stderr]    Compiling convert_case v0.11.0
[INFO] [stderr]    Compiling futures-sink v0.3.32
[INFO] [stderr]    Compiling cc v1.2.61
[INFO] [stderr]    Compiling libc v0.2.186
[INFO] [stderr]    Compiling nutype_macros v0.7.0
[INFO] [stderr]    Compiling urlencoding v2.1.3
[INFO] [stderr]    Compiling ahash v0.8.12
[INFO] [stderr]    Compiling futures-macro v0.3.32
[INFO] [stderr]    Compiling async-stream-impl v0.3.6
[INFO] [stderr]    Compiling serde_json v1.0.149
[INFO] [stderr]    Compiling tokio v1.52.3
[INFO] [stderr]    Compiling futures-channel v0.3.32
[INFO] [stderr]    Compiling hashbrown v0.14.5
[INFO] [stderr]    Compiling kinded_macros v0.5.0
[INFO] [stderr]    Compiling async-stream v0.3.6
[INFO] [stderr]    Compiling futures-util v0.3.32
[INFO] [stderr]    Compiling kinded v0.5.0
[INFO] [stderr]    Compiling hashlink v0.9.1
[INFO] [stderr]    Compiling libsqlite3-sys v0.30.1
[INFO] [stderr]    Compiling getrandom v0.4.2
[INFO] [stderr]    Compiling uuid v1.23.1
[INFO] [stderr]    Compiling futures-executor v0.3.32
[INFO] [stderr]    Compiling nutype v0.7.0
[INFO] [stderr]    Compiling futures v0.3.32
[INFO] [stderr]    Compiling eventcore-types v2.1.0
[INFO] [stderr]    Compiling rusqlite v0.32.1
[INFO] [stderr]    Compiling eventcore-sqlite v2.1.0 (/opt/rustwide/workdir)
[INFO] [stderr]     Finished `release` profile [optimized] target(s) in 1m 43s
[INFO] running `Command { std: "docker" "inspect" "5547582467a24e71587d51723fa5875b40796e7979f82416260baadd02dc2b1d", kill_on_drop: false }`
[INFO] running `Command { std: "docker" "exec" "-e" "SOURCE_DIR=/opt/rustwide/workdir" "-e" "CARGO_HOME=/opt/rustwide/cargo-home" "-e" "RUSTUP_HOME=/opt/rustwide/rustup-home" "-e" "CARGO_TARGET_DIR=/opt/rustwide/target" "-e" "CARGO_INCREMENTAL=0" "-e" "RUST_BACKTRACE=full" "-e" "RUSTFLAGS=--cap-lints=warn" "-e" "RUSTDOCFLAGS=--cap-lints=warn" "-w" "/opt/rustwide/workdir" "--user" "0:0" "5547582467a24e71587d51723fa5875b40796e7979f82416260baadd02dc2b1d" "/opt/rustwide/cargo-home/bin/cargo" "+1.100.0-beta.1" "test" "--frozen" "--no-run" "--message-format=json" "--release", kill_on_drop: false }`
[INFO] [stderr]    Compiling tokio v1.52.3
[INFO] [stderr]    Compiling eventcore-sqlite v2.1.0 (/opt/rustwide/workdir)
[INFO] [stdout] error[E0433]: cannot find module or crate `eventcore_testing` in this scope
[INFO] [stdout]  --> tests/contract_suite_test.rs:3:9
[INFO] [stdout]   |
[INFO] [stdout] 3 |     use eventcore_testing::contract::backend_contract_tests;
[INFO] [stdout]   |         ^^^^^^^^^^^^^^^^^ use of unresolved module or unlinked crate `eventcore_testing`
[INFO] [stdout]   |
[INFO] [stdout]   = help: if you wanted to use a crate named `eventcore_testing`, use `cargo add eventcore_testing` to add it to your `Cargo.toml`
[INFO] [stdout] 
[INFO] [stdout] 
[INFO] [stdout] error[E0433]: cannot find module or crate `eventcore_testing` in this scope
[INFO] [stdout]  --> tests/batch_append_test.rs:8:5
[INFO] [stdout]   |
[INFO] [stdout] 8 | use eventcore_testing::contract::ContractTestEvent;
[INFO] [stdout]   |     ^^^^^^^^^^^^^^^^^ use of unresolved module or unlinked crate `eventcore_testing`
[INFO] [stdout]   |
[INFO] [stdout]   = help: if you wanted to use a crate named `eventcore_testing`, use `cargo add eventcore_testing` to add it to your `Cargo.toml`
[INFO] [stdout] 
[INFO] [stdout] 
[INFO] [stdout] For more information about this error, try `rustc --explain E0433`.
[INFO] [stdout] 
[INFO] [stderr] error: could not compile `eventcore-sqlite` (test "contract_suite_test") due to 1 previous error
[INFO] [stderr] warning: build failed, waiting for other jobs to finish...
[INFO] [stderr] error: could not compile `eventcore-sqlite` (test "batch_append_test") due to 1 previous error
[INFO] [stdout] For more information about this error, try `rustc --explain E0433`.
[INFO] [stdout] 
[INFO] [stdout] error[E0433]: cannot find module or crate `eventcore_testing` in this scope
[INFO] [stdout]  --> tests/snapshot_persistence_test.rs:4:5
[INFO] [stdout]   |
[INFO] [stdout] 4 | use eventcore_testing::contract::ContractTestEvent;
[INFO] [stdout]   |     ^^^^^^^^^^^^^^^^^ use of unresolved module or unlinked crate `eventcore_testing`
[INFO] [stdout]   |
[INFO] [stdout]   = help: if you wanted to use a crate named `eventcore_testing`, use `cargo add eventcore_testing` to add it to your `Cargo.toml`
[INFO] [stdout] 
[INFO] [stdout] 
[INFO] [stdout] For more information about this error, try `rustc --explain E0433`.
[INFO] [stdout] 
[INFO] [stderr] error: could not compile `eventcore-sqlite` (test "snapshot_persistence_test") due to 1 previous error
[INFO] running `Command { std: "docker" "inspect" "5547582467a24e71587d51723fa5875b40796e7979f82416260baadd02dc2b1d", kill_on_drop: false }`
[INFO] running `Command { std: "docker" "rm" "-f" "5547582467a24e71587d51723fa5875b40796e7979f82416260baadd02dc2b1d", kill_on_drop: false }`
[INFO] [stdout] 5547582467a24e71587d51723fa5875b40796e7979f82416260baadd02dc2b1d
