[INFO] fetching crate eventcore-examples 2.1.0...
[INFO] testing eventcore-examples-2.1.0 against 1.100.0-beta.1+cargoflags=--release for beta-release-1.100-2
[INFO] extracting crate eventcore-examples 2.1.0 into /workspace/builds/worker-5-tc2/source
[INFO] started tweaking crates.io crate eventcore-examples 2.1.0
[INFO] removed 0 missing tests
[INFO] finished tweaking crates.io crate eventcore-examples 2.1.0
[INFO] tweaked toml for crates.io crate eventcore-examples 2.1.0 written to /workspace/builds/worker-5-tc2/source/Cargo.toml
[INFO] validating manifest of crates.io crate eventcore-examples 2.1.0 on toolchain 1.100.0-beta.1
[INFO] running `Command { std: CARGO_HOME="/workspace/cargo-home" RUSTUP_HOME="/workspace/rustup-home" "/workspace/cargo-home/bin/cargo" "+1.100.0-beta.1" "metadata" "--manifest-path" "Cargo.toml" "--no-deps", kill_on_drop: false }`
[INFO] crate crates.io crate eventcore-examples 2.1.0 already has a lockfile, it will not be regenerated
[INFO] running `Command { std: CARGO_HOME="/workspace/cargo-home" RUSTUP_HOME="/workspace/rustup-home" "/workspace/cargo-home/bin/cargo" "+1.100.0-beta.1" "fetch" "--manifest-path" "Cargo.toml", kill_on_drop: false }`
[INFO] running `Command { std: "docker" "create" "-v" "/var/lib/crater-agent-workspace/builds/worker-5-tc2/source:/opt/rustwide/workdir:ro,Z" "-v" "/var/lib/crater-agent-workspace/builds/worker-5-tc2/target:/opt/rustwide/target:rw,Z" "-v" "/var/lib/crater-agent-workspace/cargo-home:/opt/rustwide/cargo-home:ro,Z" "-v" "/var/lib/crater-agent-workspace/rustup-home:/opt/rustwide/rustup-home:ro,Z" "-m" "1610612736" "--network" "none" "ghcr.io/rust-lang/crates-build-env/linux@sha256:77db811e55d90add9212f6832c23229e3de5f1c1f9905e8cb07319ea15df73ac" "sleep" "infinity", kill_on_drop: false }`
[INFO] [stdout] d53d3658889a3e8ac65ebe84dee270a37d93840382cfb8252707d0df727a6137
[INFO] running `Command { std: "docker" "start" "d53d3658889a3e8ac65ebe84dee270a37d93840382cfb8252707d0df727a6137", kill_on_drop: false }`
[INFO] running `Command { std: "docker" "inspect" "d53d3658889a3e8ac65ebe84dee270a37d93840382cfb8252707d0df727a6137", kill_on_drop: false }`
[INFO] running `Command { std: "docker" "exec" "-e" "SOURCE_DIR=/opt/rustwide/workdir" "-e" "CARGO_HOME=/opt/rustwide/cargo-home" "-e" "RUSTUP_HOME=/opt/rustwide/rustup-home" "-e" "CARGO_TARGET_DIR=/opt/rustwide/target" "-w" "/opt/rustwide/workdir" "--user" "0:0" "d53d3658889a3e8ac65ebe84dee270a37d93840382cfb8252707d0df727a6137" "/opt/rustwide/cargo-home/bin/cargo" "+1.100.0-beta.1" "metadata" "--no-deps" "--format-version=1", kill_on_drop: false }`
[INFO] running `Command { std: "docker" "inspect" "d53d3658889a3e8ac65ebe84dee270a37d93840382cfb8252707d0df727a6137", kill_on_drop: false }`
[INFO] running `Command { std: "docker" "exec" "-e" "SOURCE_DIR=/opt/rustwide/workdir" "-e" "CARGO_HOME=/opt/rustwide/cargo-home" "-e" "RUSTUP_HOME=/opt/rustwide/rustup-home" "-e" "CARGO_TARGET_DIR=/opt/rustwide/target" "-e" "CARGO_INCREMENTAL=0" "-e" "RUST_BACKTRACE=full" "-e" "RUSTFLAGS=--cap-lints=warn" "-e" "RUSTDOCFLAGS=--cap-lints=warn" "-w" "/opt/rustwide/workdir" "--user" "0:0" "d53d3658889a3e8ac65ebe84dee270a37d93840382cfb8252707d0df727a6137" "/opt/rustwide/cargo-home/bin/cargo" "+1.100.0-beta.1" "build" "--frozen" "--message-format=json" "--release", kill_on_drop: false }`
[INFO] [stderr]    Compiling eventcore-examples v2.1.0 (/opt/rustwide/workdir)
[INFO] [stderr]     Finished `release` profile [optimized] target(s) in 0.12s
[INFO] running `Command { std: "docker" "inspect" "d53d3658889a3e8ac65ebe84dee270a37d93840382cfb8252707d0df727a6137", kill_on_drop: false }`
[INFO] running `Command { std: "docker" "exec" "-e" "SOURCE_DIR=/opt/rustwide/workdir" "-e" "CARGO_HOME=/opt/rustwide/cargo-home" "-e" "RUSTUP_HOME=/opt/rustwide/rustup-home" "-e" "CARGO_TARGET_DIR=/opt/rustwide/target" "-e" "CARGO_INCREMENTAL=0" "-e" "RUST_BACKTRACE=full" "-e" "RUSTFLAGS=--cap-lints=warn" "-e" "RUSTDOCFLAGS=--cap-lints=warn" "-w" "/opt/rustwide/workdir" "--user" "0:0" "d53d3658889a3e8ac65ebe84dee270a37d93840382cfb8252707d0df727a6137" "/opt/rustwide/cargo-home/bin/cargo" "+1.100.0-beta.1" "test" "--frozen" "--no-run" "--message-format=json" "--release", kill_on_drop: false }`
[INFO] [stderr]    Compiling unicode-segmentation v1.13.2
[INFO] [stderr]    Compiling libc v0.2.186
[INFO] [stderr]    Compiling urlencoding v2.1.3
[INFO] [stderr]    Compiling getrandom v0.4.2
[INFO] [stderr]    Compiling nutype_macros v0.7.0
[INFO] [stderr]    Compiling syn v2.0.117
[INFO] [stderr]    Compiling convert_case v0.11.0
[INFO] [stderr]    Compiling uuid v1.23.1
[INFO] [stderr]    Compiling kinded_macros v0.5.0
[INFO] [stderr]    Compiling thiserror-impl v2.0.18
[INFO] [stderr]    Compiling tokio-macros v2.7.0
[INFO] [stderr]    Compiling serde_derive v1.0.228
[INFO] [stderr]    Compiling tokio v1.52.3
[INFO] [stderr]    Compiling kinded v0.5.0
[INFO] [stderr]    Compiling thiserror v2.0.18
[INFO] [stderr]    Compiling serde v1.0.228
[INFO] [stderr]    Compiling nutype v0.7.0
[INFO] [stderr]    Compiling eventcore-examples v2.1.0 (/opt/rustwide/workdir)
[INFO] [stdout] error[E0432]: unresolved import `eventcore`
[INFO] [stdout]  --> tests/retry_policy_test.rs:8:5
[INFO] [stdout]   |
[INFO] [stdout] 8 | use eventcore::{
[INFO] [stdout]   |     ^^^^^^^^^ use of unresolved module or unlinked crate `eventcore`
[INFO] [stdout]   |
[INFO] [stdout]   = help: if you wanted to use a crate named `eventcore`, use `cargo add eventcore` to add it to your `Cargo.toml`
[INFO] [stdout] 
[INFO] [stdout] 
[INFO] [stdout] error[E0432]: unresolved import `eventcore_memory`
[INFO] [stdout]   --> tests/retry_policy_test.rs:12:5
[INFO] [stdout]    |
[INFO] [stdout] 12 | use eventcore_memory::InMemoryEventStore;
[INFO] [stdout]    |     ^^^^^^^^^^^^^^^^ use of unresolved module or unlinked crate `eventcore_memory`
[INFO] [stdout]    |
[INFO] [stdout]    = help: if you wanted to use a crate named `eventcore_memory`, use `cargo add eventcore_memory` to add it to your `Cargo.toml`
[INFO] [stdout] 
[INFO] [stdout] 
[INFO] [stdout] error[E0432]: unresolved import `eventcore_types`
[INFO] [stdout]   --> tests/retry_policy_test.rs:13:5
[INFO] [stdout]    |
[INFO] [stdout] 13 | use eventcore_types::{
[INFO] [stdout]    |     ^^^^^^^^^^^^^^^ use of unresolved module or unlinked crate `eventcore_types`
[INFO] [stdout]    |
[INFO] [stdout] help: there is a crate or module with a similar name
[INFO] [stdout]    |
[INFO] [stdout] 13 - use eventcore_types::{
[INFO] [stdout] 13 + use eventcore_examples::{
[INFO] [stdout]    |
[INFO] [stdout] 
[INFO] [stdout] 
[INFO] [stdout] error[E0432]: unresolved import `eventcore`
[INFO] [stdout]   --> tests/multi_stream_atomic_test.rs:11:5
[INFO] [stdout]    |
[INFO] [stdout] 11 | use eventcore::{
[INFO] [stdout]    |     ^^^^^^^^^ use of unresolved module or unlinked crate `eventcore`
[INFO] [stdout]    |
[INFO] [stdout]    = help: if you wanted to use a crate named `eventcore`, use `cargo add eventcore` to add it to your `Cargo.toml`
[INFO] [stdout] 
[INFO] [stdout] 
[INFO] [stdout] error[E0432]: unresolved import `eventcore_memory`
[INFO] [stdout]   --> tests/multi_stream_atomic_test.rs:15:5
[INFO] [stdout]    |
[INFO] [stdout] 15 | use eventcore_memory::InMemoryEventStore;
[INFO] [stdout]    |     ^^^^^^^^^^^^^^^^ use of unresolved module or unlinked crate `eventcore_memory`
[INFO] [stdout]    |
[INFO] [stdout]    = help: if you wanted to use a crate named `eventcore_memory`, use `cargo add eventcore_memory` to add it to your `Cargo.toml`
[INFO] [stdout] 
[INFO] [stdout] 
[INFO] [stdout] error[E0432]: unresolved import `eventcore_testing`
[INFO] [stdout]   --> tests/multi_stream_atomic_test.rs:16:5
[INFO] [stdout]    |
[INFO] [stdout] 16 | use eventcore_testing::EventCollector;
[INFO] [stdout]    |     ^^^^^^^^^^^^^^^^^ use of unresolved module or unlinked crate `eventcore_testing`
[INFO] [stdout]    |
[INFO] [stdout]    = help: if you wanted to use a crate named `eventcore_testing`, use `cargo add eventcore_testing` to add it to your `Cargo.toml`
[INFO] [stdout] 
[INFO] [stdout] 
[INFO] [stdout] For more information about this error, try `rustc --explain E0432`.
[INFO] [stdout] 
[INFO] [stdout] error: cannot find attribute `stream` in this scope
[INFO] [stdout]   --> tests/multi_stream_atomic_test.rs:84:7
[INFO] [stdout]    |
[INFO] [stdout] 84 |     #[stream]
[INFO] [stdout]    |       ^^^^^^
[INFO] [stdout] 
[INFO] [stdout] 
[INFO] [stderr] error: could not compile `eventcore-examples` (test "retry_policy_test") due to 3 previous errors
[INFO] [stdout] error: cannot find attribute `stream` in this scope
[INFO] [stdout]    --> tests/multi_stream_atomic_test.rs:113:7
[INFO] [stdout]     |
[INFO] [stdout] 113 |     #[stream]
[INFO] [stdout]     |       ^^^^^^
[INFO] [stdout] 
[INFO] [stdout] 
[INFO] [stderr] warning: build failed, waiting for other jobs to finish...
[INFO] [stdout] error: cannot find attribute `stream` in this scope
[INFO] [stdout]    --> tests/multi_stream_atomic_test.rs:115:7
[INFO] [stdout]     |
[INFO] [stdout] 115 |     #[stream]
[INFO] [stdout]     |       ^^^^^^
[INFO] [stdout] 
[INFO] [stdout] 
[INFO] [stdout] error[E0433]: cannot find module or crate `eventcore` in this scope
[INFO] [stdout]   --> tests/experimental_modeling_test.rs:11:5
[INFO] [stdout]    |
[INFO] [stdout] 11 | use eventcore::{
[INFO] [stdout]    |     ^^^^^^^^^ use of unresolved module or unlinked crate `eventcore`
[INFO] [stdout]    |
[INFO] [stdout]    = help: if you wanted to use a crate named `eventcore`, use `cargo add eventcore` to add it to your `Cargo.toml`
[INFO] [stdout] 
[INFO] [stdout] 
[INFO] [stdout] error[E0432]: unresolved import `eventcore`
[INFO] [stdout]   --> tests/experimental_modeling_test.rs:11:5
[INFO] [stdout]    |
[INFO] [stdout] 11 | use eventcore::{
[INFO] [stdout]    |     ^^^^^^^^^ use of unresolved module or unlinked crate `eventcore`
[INFO] [stdout]    |
[INFO] [stdout]    = help: if you wanted to use a crate named `eventcore`, use `cargo add eventcore` to add it to your `Cargo.toml`
[INFO] [stdout] 
[INFO] [stdout] 
[INFO] [stdout] error[E0432]: unresolved import `eventcore_memory`
[INFO] [stdout]   --> tests/experimental_modeling_test.rs:22:5
[INFO] [stdout]    |
[INFO] [stdout] 22 | use eventcore_memory::InMemoryEventStore;
[INFO] [stdout]    |     ^^^^^^^^^^^^^^^^ use of unresolved module or unlinked crate `eventcore_memory`
[INFO] [stdout]    |
[INFO] [stdout]    = help: if you wanted to use a crate named `eventcore_memory`, use `cargo add eventcore_memory` to add it to your `Cargo.toml`
[INFO] [stdout] 
[INFO] [stdout] 
[INFO] [stdout] For more information about this error, try `rustc --explain E0432`.
[INFO] [stdout] 
[INFO] [stderr] error: could not compile `eventcore-examples` (test "multi_stream_atomic_test") due to 6 previous errors
[INFO] [stdout] error[E0432]: unresolved import `eventcore`
[INFO] [stdout]  --> tests/single_stream_command_test.rs:9:5
[INFO] [stdout]   |
[INFO] [stdout] 9 | use eventcore::{
[INFO] [stdout]   |     ^^^^^^^^^ use of unresolved module or unlinked crate `eventcore`
[INFO] [stdout]   |
[INFO] [stdout]   = help: if you wanted to use a crate named `eventcore`, use `cargo add eventcore` to add it to your `Cargo.toml`
[INFO] [stdout] 
[INFO] [stdout] 
[INFO] [stdout] error[E0432]: unresolved import `eventcore_memory`
[INFO] [stdout]   --> tests/single_stream_command_test.rs:13:5
[INFO] [stdout]    |
[INFO] [stdout] 13 | use eventcore_memory::InMemoryEventStore;
[INFO] [stdout]    |     ^^^^^^^^^^^^^^^^ use of unresolved module or unlinked crate `eventcore_memory`
[INFO] [stdout]    |
[INFO] [stdout]    = help: if you wanted to use a crate named `eventcore_memory`, use `cargo add eventcore_memory` to add it to your `Cargo.toml`
[INFO] [stdout] 
[INFO] [stdout] 
[INFO] [stdout] error[E0432]: unresolved import `eventcore_testing`
[INFO] [stdout]   --> tests/single_stream_command_test.rs:14:5
[INFO] [stdout]    |
[INFO] [stdout] 14 | use eventcore_testing::EventCollector;
[INFO] [stdout]    |     ^^^^^^^^^^^^^^^^^ use of unresolved module or unlinked crate `eventcore_testing`
[INFO] [stdout]    |
[INFO] [stdout]    = help: if you wanted to use a crate named `eventcore_testing`, use `cargo add eventcore_testing` to add it to your `Cargo.toml`
[INFO] [stdout] 
[INFO] [stdout] 
[INFO] [stdout] error[E0432]: unresolved import `eventcore`
[INFO] [stdout]  --> tests/scenario_test.rs:3:5
[INFO] [stdout]   |
[INFO] [stdout] 3 | use eventcore::{Command, CommandError, CommandLogic, Event, NewEvents, StreamId};
[INFO] [stdout]   |     ^^^^^^^^^ use of unresolved module or unlinked crate `eventcore`
[INFO] [stdout]   |
[INFO] [stdout]   = help: if you wanted to use a crate named `eventcore`, use `cargo add eventcore` to add it to your `Cargo.toml`
[INFO] [stdout] 
[INFO] [stdout] 
[INFO] [stdout] error[E0432]: unresolved import `eventcore_testing`
[INFO] [stdout]  --> tests/scenario_test.rs:4:5
[INFO] [stdout]   |
[INFO] [stdout] 4 | use eventcore_testing::TestScenario;
[INFO] [stdout]   |     ^^^^^^^^^^^^^^^^^ use of unresolved module or unlinked crate `eventcore_testing`
[INFO] [stdout]   |
[INFO] [stdout]   = help: if you wanted to use a crate named `eventcore_testing`, use `cargo add eventcore_testing` to add it to your `Cargo.toml`
[INFO] [stdout] 
[INFO] [stdout] 
[INFO] [stdout] error[E0433]: cannot find module or crate `eventcore` in this scope
[INFO] [stdout]    --> tests/scenario_test.rs:121:9
[INFO] [stdout]     |
[INFO] [stdout] 121 |         eventcore::require!(
[INFO] [stdout]     |         ^^^^^^^^^ use of unresolved module or unlinked crate `eventcore`
[INFO] [stdout] 
[INFO] [stdout] 
[INFO] [stdout] error: cannot find attribute `stream` in this scope
[INFO] [stdout]    --> tests/single_stream_command_test.rs:128:7
[INFO] [stdout]     |
[INFO] [stdout] 128 |     #[stream]
[INFO] [stdout]     |       ^^^^^^
[INFO] [stdout] 
[INFO] [stdout] 
[INFO] [stdout] error: cannot find attribute `model` in this scope
[INFO] [stdout]   --> tests/experimental_modeling_test.rs:34:7
[INFO] [stdout]    |
[INFO] [stdout] 34 |     #[model(origin)]
[INFO] [stdout]    |       ^^^^^
[INFO] [stdout] 
[INFO] [stdout] 
[INFO] [stdout] error: cannot find attribute `model` in this scope
[INFO] [stdout]   --> tests/experimental_modeling_test.rs:36:7
[INFO] [stdout]    |
[INFO] [stdout] 36 |     #[model(origin)]
[INFO] [stdout]    |       ^^^^^
[INFO] [stdout] 
[INFO] [stdout] 
[INFO] [stdout] error: cannot find attribute `stream` in this scope
[INFO] [stdout]    --> tests/single_stream_command_test.rs:156:7
[INFO] [stdout]     |
[INFO] [stdout] 156 |     #[stream]
[INFO] [stdout]     |       ^^^^^^
[INFO] [stdout] 
[INFO] [stdout] 
[INFO] [stdout] error: cannot find attribute `model` in this scope
[INFO] [stdout]   --> tests/experimental_modeling_test.rs:42:7
[INFO] [stdout]    |
[INFO] [stdout] 42 |     #[model(origin)]
[INFO] [stdout]    |       ^^^^^
[INFO] [stdout] 
[INFO] [stdout] 
[INFO] [stdout] error: cannot find attribute `model` in this scope
[INFO] [stdout]   --> tests/experimental_modeling_test.rs:48:7
[INFO] [stdout]    |
[INFO] [stdout] 48 |     #[model(origin)]
[INFO] [stdout]    |       ^^^^^
[INFO] [stdout] 
[INFO] [stdout] 
[INFO] [stdout] error: cannot find attribute `stream` in this scope
[INFO] [stdout]   --> tests/experimental_modeling_test.rs:54:7
[INFO] [stdout]    |
[INFO] [stdout] 54 |     #[stream]
[INFO] [stdout]    |       ^^^^^^
[INFO] [stdout]    |
[INFO] [stdout]    = note: `stream` is in scope, but it is a function, not an attribute
[INFO] [stdout] 
[INFO] [stdout] 
[INFO] [stdout] error: cannot find attribute `stream` in this scope
[INFO] [stdout]   --> tests/experimental_modeling_test.rs:56:7
[INFO] [stdout]    |
[INFO] [stdout] 56 |     #[stream]
[INFO] [stdout]    |       ^^^^^^
[INFO] [stdout]    |
[INFO] [stdout]    = note: `stream` is in scope, but it is a function, not an attribute
[INFO] [stdout] 
[INFO] [stdout] 
[INFO] [stdout] error: cannot find attribute `model` in this scope
[INFO] [stdout]    --> tests/experimental_modeling_test.rs:115:7
[INFO] [stdout]     |
[INFO] [stdout] 115 |     #[model(default)]
[INFO] [stdout]     |       ^^^^^
[INFO] [stdout] 
[INFO] [stdout] 
[INFO] [stdout] error: cannot find attribute `model` in this scope
[INFO] [stdout]    --> tests/experimental_modeling_test.rs:144:7
[INFO] [stdout]     |
[INFO] [stdout] 144 |     #[model(origin = generated)]
[INFO] [stdout]     |       ^^^^^
[INFO] [stdout] 
[INFO] [stdout] 
[INFO] [stdout] error: cannot find attribute `stream` in this scope
[INFO] [stdout]   --> tests/scenario_test.rs:77:7
[INFO] [stdout]    |
[INFO] [stdout] 77 |     #[stream]
[INFO] [stdout]    |       ^^^^^^
[INFO] [stdout] 
[INFO] [stdout] 
[INFO] [stdout] error: cannot find attribute `stream` in this scope
[INFO] [stdout]    --> tests/scenario_test.rs:104:7
[INFO] [stdout]     |
[INFO] [stdout] 104 |     #[stream]
[INFO] [stdout]     |       ^^^^^^
[INFO] [stdout] 
[INFO] [stdout] 
[INFO] [stdout] error[E0433]: cannot find module or crate `eventcore` in this scope
[INFO] [stdout]    --> tests/experimental_modeling_test.rs:248:18
[INFO] [stdout]     |
[INFO] [stdout] 248 |     let report = eventcore::model::check().expect("the runtime graph is complete");
[INFO] [stdout]     |                  ^^^^^^^^^ use of unresolved module or unlinked crate `eventcore`
[INFO] [stdout]     |
[INFO] [stdout]     = help: if you wanted to use a crate named `eventcore`, use `cargo add eventcore` to add it to your `Cargo.toml`
[INFO] [stdout] 
[INFO] [stdout] 
[INFO] [stdout] error[E0433]: cannot find module or crate `eventcore` in this scope
[INFO] [stdout]    --> tests/experimental_modeling_test.rs:249:31
[INFO] [stdout]     |
[INFO] [stdout] 249 |     assert_eq!(report.status, eventcore::model::CheckStatus::Verified);
[INFO] [stdout]     |                               ^^^^^^^^^ use of unresolved module or unlinked crate `eventcore`
[INFO] [stdout]     |
[INFO] [stdout]     = help: if you wanted to use a crate named `eventcore`, use `cargo add eventcore` to add it to your `Cargo.toml`
[INFO] [stdout] 
[INFO] [stdout] 
[INFO] [stdout] error[E0433]: cannot find module or crate `eventcore` in this scope
[INFO] [stdout]    --> tests/experimental_modeling_test.rs:132:45
[INFO] [stdout]     |
[INFO] [stdout] 132 |     ) -> Result<ModeledEvents<Self::Event>, eventcore::CommandError> {
[INFO] [stdout]     |                                             ^^^^^^^^^ use of unresolved module or unlinked crate `eventcore`
[INFO] [stdout]     |
[INFO] [stdout]     = help: if you wanted to use a crate named `eventcore`, use `cargo add eventcore` to add it to your `Cargo.toml`
[INFO] [stdout] 
[INFO] [stdout] 
[INFO] [stdout] error[E0433]: cannot find type `CommandSourceToEvent` in this scope
[INFO] [stdout]    --> tests/experimental_modeling_test.rs:134:24
[INFO] [stdout]     |
[INFO] [stdout] 134 |             .stream_id(CommandSourceToEvent::apply(self))
[INFO] [stdout]     |                        ^^^^^^^^^^^^^^^^^^^^ use of undeclared type `CommandSourceToEvent`
[INFO] [stdout] 
[INFO] [stdout] 
[INFO] [stdout] Some errors have detailed explanations: E0432, E0433.
[INFO] [stdout] 
[INFO] [stdout] error[E0433]: cannot find type `CommandAmountToEvent` in this scope
[INFO] [stdout]    --> tests/experimental_modeling_test.rs:135:21
[INFO] [stdout]     |
[INFO] [stdout] 135 |             .amount(CommandAmountToEvent::apply(self))
[INFO] [stdout]     |                     ^^^^^^^^^^^^^^^^^^^^ use of undeclared type `CommandAmountToEvent`
[INFO] [stdout] 
[INFO] [stdout] 
[INFO] [stdout] For more information about an error, try `rustc --explain E0432`.
[INFO] [stdout] 
[INFO] [stdout] error[E0433]: cannot find type `CommandActorToEvent` in this scope
[INFO] [stdout]    --> tests/experimental_modeling_test.rs:136:20
[INFO] [stdout]     |
[INFO] [stdout] 136 |             .actor(CommandActorToEvent::apply(self))
[INFO] [stdout]     |                    ^^^^^^^^^^^^^^^^^^^ use of undeclared type `CommandActorToEvent`
[INFO] [stdout] 
[INFO] [stdout] 
[INFO] [stdout] error[E0433]: cannot find type `BalanceToView` in this scope
[INFO] [stdout]    --> tests/experimental_modeling_test.rs:175:22
[INFO] [stdout]     |
[INFO] [stdout] 175 |             .balance(BalanceToView::apply(model.as_ref()))
[INFO] [stdout]     |                      ^^^^^^^^^^^^^ use of undeclared type `BalanceToView`
[INFO] [stdout] 
[INFO] [stdout] 
[INFO] [stdout] error[E0433]: cannot find type `CreditBalance` in this scope
[INFO] [stdout]    --> tests/experimental_modeling_test.rs:201:22
[INFO] [stdout]     |
[INFO] [stdout] 201 |             .balance(CreditBalance::apply((previous.as_ref(), &self)))
[INFO] [stdout]     |                      ^^^^^^^^^^^^^ use of undeclared type `CreditBalance`
[INFO] [stdout] 
[INFO] [stdout] 
[INFO] [stdout] error[E0433]: cannot find type `EventAmountToEffect` in this scope
[INFO] [stdout]    --> tests/experimental_modeling_test.rs:229:25
[INFO] [stdout]     |
[INFO] [stdout] 229 |                 .amount(EventAmountToEffect::apply(&event))
[INFO] [stdout]     |                         ^^^^^^^^^^^^^^^^^^^ use of undeclared type `EventAmountToEffect`
[INFO] [stdout] 
[INFO] [stdout] 
[INFO] [stdout] error[E0433]: cannot find type `SeedBalance` in this scope
[INFO] [stdout]    --> tests/experimental_modeling_test.rs:242:18
[INFO] [stdout]     |
[INFO] [stdout] 242 |         .balance(SeedBalance::apply(seed.as_ref()))
[INFO] [stdout]     |                  ^^^^^^^^^^^ use of undeclared type `SeedBalance`
[INFO] [stdout] 
[INFO] [stdout] 
[INFO] [stdout] error[E0433]: cannot find type `RequestSource` in this scope
[INFO] [stdout]    --> tests/experimental_modeling_test.rs:260:17
[INFO] [stdout]     |
[INFO] [stdout] 260 |         .source(RequestSource::apply(request.as_ref()))
[INFO] [stdout]     |                 ^^^^^^^^^^^^^ use of undeclared type `RequestSource`
[INFO] [stdout] 
[INFO] [stdout] 
[INFO] [stdout] error[E0433]: cannot find type `RequestTarget` in this scope
[INFO] [stdout]    --> tests/experimental_modeling_test.rs:261:17
[INFO] [stdout]     |
[INFO] [stdout] 261 |         .target(RequestTarget::apply(request.as_ref()))
[INFO] [stdout]     |                 ^^^^^^^^^^^^^ use of undeclared type `RequestTarget`
[INFO] [stdout] 
[INFO] [stdout] 
[INFO] [stdout] error[E0433]: cannot find type `RequestAmount` in this scope
[INFO] [stdout]    --> tests/experimental_modeling_test.rs:262:17
[INFO] [stdout]     |
[INFO] [stdout] 262 |         .amount(RequestAmount::apply(payload.as_ref()).expect("positive gateway amount"))
[INFO] [stdout]     |                 ^^^^^^^^^^^^^ use of undeclared type `RequestAmount`
[INFO] [stdout] 
[INFO] [stdout] 
[INFO] [stdout] error[E0433]: cannot find type `SessionActor` in this scope
[INFO] [stdout]    --> tests/experimental_modeling_test.rs:263:16
[INFO] [stdout]     |
[INFO] [stdout] 263 |         .actor(SessionActor::apply(session.as_ref()))
[INFO] [stdout]     |                ^^^^^^^^^^^^ use of undeclared type `SessionActor`
[INFO] [stdout] 
[INFO] [stdout] 
[INFO] [stdout] Some errors have detailed explanations: E0432, E0433.
[INFO] [stdout] 
[INFO] [stdout] For more information about an error, try `rustc --explain E0432`.
[INFO] [stdout] 
[INFO] [stderr] error: could not compile `eventcore-examples` (test "scenario_test") due to 5 previous errors
[INFO] [stderr] error: could not compile `eventcore-examples` (test "experimental_modeling_test") due to 25 previous errors
[INFO] [stdout] error[E0433]: cannot find module or crate `eventcore` in this scope
[INFO] [stdout]    --> tests/single_stream_command_test.rs:192:5
[INFO] [stdout]     |
[INFO] [stdout] 192 |     eventcore::StreamId::try_new(Uuid::now_v7().to_string()).expect("valid stream id")
[INFO] [stdout]     |     ^^^^^^^^^ use of unresolved module or unlinked crate `eventcore`
[INFO] [stdout]     |
[INFO] [stdout]     = help: if you wanted to use a crate named `eventcore`, use `cargo add eventcore` to add it to your `Cargo.toml`
[INFO] [stdout] 
[INFO] [stdout] 
[INFO] [stdout] error[E0433]: cannot find module or crate `eventcore` in this scope
[INFO] [stdout]   --> tests/single_stream_command_test.rs:63:21
[INFO] [stdout]    |
[INFO] [stdout] 63 |         account_id: eventcore::StreamId,
[INFO] [stdout]    |                     ^^^^^^^^^ use of unresolved module or unlinked crate `eventcore`
[INFO] [stdout]    |
[INFO] [stdout]    = help: if you wanted to use a crate named `eventcore`, use `cargo add eventcore` to add it to your `Cargo.toml`
[INFO] [stdout] 
[INFO] [stdout] 
[INFO] [stdout] error[E0433]: cannot find module or crate `eventcore` in this scope
[INFO] [stdout]   --> tests/single_stream_command_test.rs:67:21
[INFO] [stdout]    |
[INFO] [stdout] 67 |         account_id: eventcore::StreamId,
[INFO] [stdout]    |                     ^^^^^^^^^ use of unresolved module or unlinked crate `eventcore`
[INFO] [stdout]    |
[INFO] [stdout]    = help: if you wanted to use a crate named `eventcore`, use `cargo add eventcore` to add it to your `Cargo.toml`
[INFO] [stdout] 
[INFO] [stdout] 
[INFO] [stdout] error[E0433]: cannot find module or crate `eventcore` in this scope
[INFO] [stdout]   --> tests/single_stream_command_test.rs:73:29
[INFO] [stdout]    |
[INFO] [stdout] 73 |     fn stream_id(&self) -> &eventcore::StreamId {
[INFO] [stdout]    |                             ^^^^^^^^^ use of unresolved module or unlinked crate `eventcore`
[INFO] [stdout]    |
[INFO] [stdout]    = help: if you wanted to use a crate named `eventcore`, use `cargo add eventcore` to add it to your `Cargo.toml`
[INFO] [stdout] 
[INFO] [stdout] 
[INFO] [stdout] error[E0433]: cannot find module or crate `eventcore` in this scope
[INFO] [stdout]    --> tests/single_stream_command_test.rs:129:17
[INFO] [stdout]     |
[INFO] [stdout] 129 |     account_id: eventcore::StreamId,
[INFO] [stdout]     |                 ^^^^^^^^^ use of unresolved module or unlinked crate `eventcore`
[INFO] [stdout]     |
[INFO] [stdout]     = help: if you wanted to use a crate named `eventcore`, use `cargo add eventcore` to add it to your `Cargo.toml`
[INFO] [stdout] 
[INFO] [stdout] 
[INFO] [stdout] error[E0433]: cannot find module or crate `eventcore` in this scope
[INFO] [stdout]    --> tests/single_stream_command_test.rs:157:17
[INFO] [stdout]     |
[INFO] [stdout] 157 |     account_id: eventcore::StreamId,
[INFO] [stdout]     |                 ^^^^^^^^^ use of unresolved module or unlinked crate `eventcore`
[INFO] [stdout]     |
[INFO] [stdout]     = help: if you wanted to use a crate named `eventcore`, use `cargo add eventcore` to add it to your `Cargo.toml`
[INFO] [stdout] 
[INFO] [stdout] 
[INFO] [stdout] error[E0433]: cannot find module or crate `eventcore` in this scope
[INFO] [stdout]    --> tests/single_stream_command_test.rs:191:25
[INFO] [stdout]     |
[INFO] [stdout] 191 | fn test_account_id() -> eventcore::StreamId {
[INFO] [stdout]     |                         ^^^^^^^^^ use of unresolved module or unlinked crate `eventcore`
[INFO] [stdout]     |
[INFO] [stdout]     = help: if you wanted to use a crate named `eventcore`, use `cargo add eventcore` to add it to your `Cargo.toml`
[INFO] [stdout] 
[INFO] [stdout] 
[INFO] [stdout] Some errors have detailed explanations: E0432, E0433.
[INFO] [stdout] 
[INFO] [stdout] For more information about an error, try `rustc --explain E0432`.
[INFO] [stdout] 
[INFO] [stderr] error: could not compile `eventcore-examples` (test "single_stream_command_test") due to 12 previous errors
[INFO] running `Command { std: "docker" "inspect" "d53d3658889a3e8ac65ebe84dee270a37d93840382cfb8252707d0df727a6137", kill_on_drop: false }`
[INFO] running `Command { std: "docker" "rm" "-f" "d53d3658889a3e8ac65ebe84dee270a37d93840382cfb8252707d0df727a6137", kill_on_drop: false }`
[INFO] [stdout] d53d3658889a3e8ac65ebe84dee270a37d93840382cfb8252707d0df727a6137
