[INFO] fetching crate event-scanner 1.1.1...
[INFO] testing event-scanner-1.1.1 against 1.99.0-beta.8+cargoflags=--release for beta-release-1.100-2
[INFO] extracting crate event-scanner 1.1.1 into /workspace/builds/worker-0-tc1/source
[INFO] removed /workspace/builds/worker-0-tc1/source/rust-toolchain.toml
[INFO] started tweaking crates.io crate event-scanner 1.1.1
[INFO] removed 0 missing examples
[INFO] finished tweaking crates.io crate event-scanner 1.1.1
[INFO] tweaked toml for crates.io crate event-scanner 1.1.1 written to /workspace/builds/worker-0-tc1/source/Cargo.toml
[INFO] validating manifest of crates.io crate event-scanner 1.1.1 on toolchain 1.99.0-beta.8
[INFO] running `Command { std: CARGO_HOME="/workspace/cargo-home" RUSTUP_HOME="/workspace/rustup-home" "/workspace/cargo-home/bin/cargo" "+1.99.0-beta.8" "metadata" "--manifest-path" "Cargo.toml" "--no-deps", kill_on_drop: false }`
[INFO] crate crates.io crate event-scanner 1.1.1 already has a lockfile, it will not be regenerated
[INFO] running `Command { std: CARGO_HOME="/workspace/cargo-home" RUSTUP_HOME="/workspace/rustup-home" "/workspace/cargo-home/bin/cargo" "+1.99.0-beta.8" "fetch" "--manifest-path" "Cargo.toml", kill_on_drop: false }`
[INFO] [stderr]     Updating crates.io index
[INFO] [stderr]  Downloading crates ...
[INFO] [stderr]   Downloaded test-log-macros v0.2.19
[INFO] [stderr]   Downloaded test-log v0.2.19
[INFO] [stderr]   Downloaded robust-provider v1.0.1
[INFO] [stderr]   Downloaded zmij v1.0.16
[INFO] [stderr]   Downloaded alloy-rlp-derive v0.3.12
[INFO] [stderr]   Downloaded alloy v1.4.3
[INFO] [stderr]   Downloaded alloy-rlp v0.3.12
[INFO] [stderr]   Downloaded nybbles v0.4.7
[INFO] [stderr]   Downloaded alloy-trie v0.9.3
[INFO] [stderr]   Downloaded keccak-asm v0.1.4
[INFO] [stderr]   Downloaded rapidhash v4.2.1
[INFO] [stderr]   Downloaded const-hex v1.17.0
[INFO] [stderr]   Downloaded alloy-transport-ws v1.4.3
[INFO] [stderr]   Downloaded alloy-primitives v1.5.2
[INFO] [stderr]   Downloaded pest v2.8.5
[INFO] [stderr]   Downloaded sha3-asm v0.1.4
[INFO] [stderr]   Downloaded alloy-transport v1.4.3
[INFO] [stderr]   Downloaded alloy-sol-macro v1.5.2
[INFO] [stderr]   Downloaded alloy-sol-macro-input v1.5.2
[INFO] [stderr]   Downloaded alloy-json-rpc v1.4.3
[INFO] [stderr]   Downloaded syn-solidity v1.5.2
[INFO] [stderr]   Downloaded alloy-pubsub v1.4.3
[INFO] [stderr]   Downloaded alloy-sol-types v1.5.2
[INFO] [stderr]   Downloaded alloy-transport-http v1.4.3
[INFO] [stderr]   Downloaded alloy-json-abi v1.5.2
[INFO] [stderr]   Downloaded alloy-sol-type-parser v1.5.2
[INFO] [stderr]   Downloaded alloy-sol-macro-expander v1.5.2
[INFO] [stderr]   Downloaded alloy-signer v1.4.3
[INFO] [stderr]   Downloaded alloy-signer-local v1.4.3
[INFO] [stderr]   Downloaded alloy-network v1.4.3
[INFO] [stderr]   Downloaded alloy-serde v1.4.3
[INFO] [stderr]   Downloaded alloy-rpc-types-eth v1.4.3
[INFO] [stderr]   Downloaded serde_with v3.16.1
[INFO] [stderr]   Downloaded serde_with_macros v3.16.1
[INFO] [stderr]   Downloaded schemars v1.2.0
[INFO] [stderr]   Downloaded alloy-network-primitives v1.4.3
[INFO] [stderr]   Downloaded alloy-consensus v1.4.3
[INFO] [stderr]   Downloaded alloy-rpc-types-any v1.4.3
[INFO] [stderr]   Downloaded alloy-rpc-types-anvil v1.4.3
[INFO] [stderr]   Downloaded alloy-eips v1.4.3
[INFO] [stderr]   Downloaded alloy-tx-macros v1.4.3
[INFO] [stderr]   Downloaded alloy-consensus-any v1.4.3
[INFO] [stderr]   Downloaded alloy-rpc-client v1.4.3
[INFO] [stderr]   Downloaded alloy-rpc-types v1.4.3
[INFO] [stderr]   Downloaded alloy-provider v1.4.3
[INFO] [stderr]   Downloaded alloy-contract v1.4.3
[INFO] [stderr]   Downloaded alloy-node-bindings v1.4.3
[INFO] [stderr]   Downloaded alloy-core v1.5.2
[INFO] [stderr]   Downloaded alloy-chains v0.2.28
[INFO] [stderr]   Downloaded alloy-dyn-abi v1.5.2
[INFO] [stderr]   Downloaded criterion v0.8.1
[INFO] [stderr]   Downloaded alloy-genesis v1.4.3
[INFO] [stderr]   Downloaded c-kzg v2.1.5
[INFO] [stderr]   Downloaded criterion-plot v0.8.1
[INFO] running `Command { std: "docker" "create" "-v" "/var/lib/crater-agent-workspace/builds/worker-0-tc1/source:/opt/rustwide/workdir:ro,Z" "-v" "/var/lib/crater-agent-workspace/builds/worker-0-tc1/target:/opt/rustwide/target:rw,Z" "-v" "/var/lib/crater-agent-workspace/cargo-home:/opt/rustwide/cargo-home:ro,Z" "-v" "/var/lib/crater-agent-workspace/rustup-home:/opt/rustwide/rustup-home:ro,Z" "-m" "1610612736" "--network" "none" "ghcr.io/rust-lang/crates-build-env/linux@sha256:77db811e55d90add9212f6832c23229e3de5f1c1f9905e8cb07319ea15df73ac" "sleep" "infinity", kill_on_drop: false }`
[INFO] [stdout] c68c297fd3913a96fab6062ac37a401b1a53bb8cebfeaf76522de973dc998bef
[INFO] running `Command { std: "docker" "start" "c68c297fd3913a96fab6062ac37a401b1a53bb8cebfeaf76522de973dc998bef", kill_on_drop: false }`
[INFO] running `Command { std: "docker" "inspect" "c68c297fd3913a96fab6062ac37a401b1a53bb8cebfeaf76522de973dc998bef", kill_on_drop: false }`
[INFO] running `Command { std: "docker" "exec" "-e" "SOURCE_DIR=/opt/rustwide/workdir" "-e" "CARGO_HOME=/opt/rustwide/cargo-home" "-e" "RUSTUP_HOME=/opt/rustwide/rustup-home" "-e" "CARGO_TARGET_DIR=/opt/rustwide/target" "-w" "/opt/rustwide/workdir" "--user" "0:0" "c68c297fd3913a96fab6062ac37a401b1a53bb8cebfeaf76522de973dc998bef" "/opt/rustwide/cargo-home/bin/cargo" "+1.99.0-beta.8" "metadata" "--no-deps" "--format-version=1", kill_on_drop: false }`
[INFO] running `Command { std: "docker" "inspect" "c68c297fd3913a96fab6062ac37a401b1a53bb8cebfeaf76522de973dc998bef", kill_on_drop: false }`
[INFO] running `Command { std: "docker" "exec" "-e" "SOURCE_DIR=/opt/rustwide/workdir" "-e" "CARGO_HOME=/opt/rustwide/cargo-home" "-e" "RUSTUP_HOME=/opt/rustwide/rustup-home" "-e" "CARGO_TARGET_DIR=/opt/rustwide/target" "-e" "CARGO_INCREMENTAL=0" "-e" "RUST_BACKTRACE=full" "-e" "RUSTFLAGS=--cap-lints=warn" "-e" "RUSTDOCFLAGS=--cap-lints=warn" "-w" "/opt/rustwide/workdir" "--user" "0:0" "c68c297fd3913a96fab6062ac37a401b1a53bb8cebfeaf76522de973dc998bef" "/opt/rustwide/cargo-home/bin/cargo" "+1.99.0-beta.8" "build" "--frozen" "--message-format=json" "--release", kill_on_drop: false }`
[INFO] [stderr]    Compiling proc-macro2 v1.0.105
[INFO] [stderr]    Compiling quote v1.0.43
[INFO] [stderr]    Compiling unicode-ident v1.0.22
[INFO] [stderr]    Compiling serde_core v1.0.228
[INFO] [stderr]    Compiling serde v1.0.228
[INFO] [stderr]    Compiling libc v0.2.180
[INFO] [stderr]    Compiling cfg-if v1.0.4
[INFO] [stderr]    Compiling zeroize v1.8.2
[INFO] [stderr]    Compiling subtle v2.6.1
[INFO] [stderr]    Compiling version_check v0.9.5
[INFO] [stderr]    Compiling typenum v1.19.0
[INFO] [stderr]    Compiling crunchy v0.2.4
[INFO] [stderr]    Compiling const-oid v0.9.6
[INFO] [stderr]    Compiling itoa v1.0.17
[INFO] [stderr]    Compiling unicode-segmentation v1.12.0
[INFO] [stderr]    Compiling tiny-keccak v2.0.2
[INFO] [stderr]    Compiling paste v1.0.15
[INFO] [stderr]    Compiling unicode-xid v0.2.6
[INFO] [stderr]    Compiling ruint-macro v1.2.1
[INFO] [stderr]    Compiling pin-project-lite v0.2.16
[INFO] [stderr]    Compiling base16ct v0.2.0
[INFO] [stderr]    Compiling cpufeatures v0.2.17
[INFO] [stderr]    Compiling zmij v1.0.16
[INFO] [stderr]    Compiling der v0.7.10
[INFO] [stderr]    Compiling foldhash v0.2.0
[INFO] [stderr]    Compiling generic-array v0.14.9
[INFO] [stderr]    Compiling equivalent v1.0.2
[INFO] [stderr]    Compiling allocator-api2 v0.2.21
[INFO] [stderr]    Compiling rustc-hash v2.1.1
[INFO] [stderr]    Compiling memchr v2.7.6
[INFO] [stderr]    Compiling once_cell v1.21.3
[INFO] [stderr]    Compiling convert_case v0.10.0
[INFO] [stderr]    Compiling heck v0.5.0
[INFO] [stderr]    Compiling thiserror v2.0.18
[INFO] [stderr]    Compiling futures-core v0.3.31
[INFO] [stderr]    Compiling serde_json v1.0.149
[INFO] [stderr]    Compiling tracing-core v0.1.36
[INFO] [stderr]    Compiling stable_deref_trait v1.2.1
[INFO] [stderr]    Compiling winnow v0.7.14
[INFO] [stderr]    Compiling hashbrown v0.16.1
[INFO] [stderr]    Compiling futures-sink v0.3.31
[INFO] [stderr]    Compiling dunce v1.0.5
[INFO] [stderr]    Compiling fnv v1.0.7
[INFO] [stderr]    Compiling ident_case v1.0.1
[INFO] [stderr]    Compiling strsim v0.11.1
[INFO] [stderr]    Compiling futures-channel v0.3.31
[INFO] [stderr]    Compiling pin-utils v0.1.0
[INFO] [stderr]    Compiling writeable v0.6.2
[INFO] [stderr]    Compiling litemap v0.8.1
[INFO] [stderr]    Compiling syn v2.0.114
[INFO] [stderr]    Compiling proc-macro-error-attr2 v2.0.0
[INFO] [stderr]    Compiling shlex v1.3.0
[INFO] [stderr]    Compiling futures-task v0.3.31
[INFO] [stderr]    Compiling slab v0.4.11
[INFO] [stderr]    Compiling futures-io v0.3.31
[INFO] [stderr]    Compiling getrandom v0.2.17
[INFO] [stderr]    Compiling socket2 v0.6.1
[INFO] [stderr]    Compiling mio v1.1.1
[INFO] [stderr]    Compiling find-msvc-tools v0.1.8
[INFO] [stderr]    Compiling crc-catalog v2.4.0
[INFO] [stderr]    Compiling icu_normalizer_data v2.1.1
[INFO] [stderr]    Compiling icu_properties_data v2.1.2
[INFO] [stderr]    Compiling rand_core v0.6.4
[INFO] [stderr]    Compiling crc v3.4.0
[INFO] [stderr]    Compiling percent-encoding v2.3.2
[INFO] [stderr]    Compiling cc v1.2.53
[INFO] [stderr]    Compiling indexmap v2.13.0
[INFO] [stderr]    Compiling tower-service v0.3.3
[INFO] [stderr]    Compiling rustls-pki-types v1.14.0
[INFO] [stderr]    Compiling parking_lot_core v0.9.12
[INFO] [stderr]    Compiling httparse v1.10.1
[INFO] [stderr]    Compiling ff v0.13.1
[INFO] [stderr]    Compiling spki v0.7.3
[INFO] [stderr]    Compiling untrusted v0.9.0
[INFO] [stderr]    Compiling group v0.13.0
[INFO] [stderr]    Compiling form_urlencoded v1.2.2
[INFO] [stderr]    Compiling sync_wrapper v1.0.2
[INFO] [stderr]    Compiling tower-layer v0.3.3
[INFO] [stderr]    Compiling rustls v0.23.36
[INFO] [stderr]    Compiling try-lock v0.2.5
[INFO] [stderr]    Compiling base64 v0.22.1
[INFO] [stderr]    Compiling utf8_iter v1.0.4
[INFO] [stderr]    Compiling block-buffer v0.10.4
[INFO] [stderr]    Compiling crypto-common v0.1.6
[INFO] [stderr]    Compiling sec1 v0.7.3
[INFO] [stderr]    Compiling crypto-bigint v0.5.5
[INFO] [stderr]    Compiling scopeguard v1.2.0
[INFO] [stderr]    Compiling want v0.3.1
[INFO] [stderr]    Compiling digest v0.10.7
[INFO] [stderr]    Compiling lock_api v0.4.14
[INFO] [stderr]    Compiling futures-utils-wasm v0.1.0
[INFO] [stderr]    Compiling atomic-waker v1.1.2
[INFO] [stderr]    Compiling ipnet v2.11.0
[INFO] [stderr]    Compiling webpki-roots v1.0.5
[INFO] [stderr]    Compiling zerocopy v0.8.33
[INFO] [stderr]    Compiling hmac v0.12.1
[INFO] [stderr]    Compiling signature v2.2.0
[INFO] [stderr]    Compiling sha2 v0.10.9
[INFO] [stderr]    Compiling rfc6979 v0.4.0
[INFO] [stderr]    Compiling ryu v1.0.22
[INFO] [stderr]    Compiling rustversion v1.0.22
[INFO] [stderr]    Compiling iri-string v0.7.10
[INFO] [stderr]    Compiling bitflags v2.10.0
[INFO] [stderr]    Compiling crossbeam-utils v0.8.21
[INFO] [stderr]    Compiling log v0.4.29
[INFO] [stderr]    Compiling ring v0.17.14
[INFO] [stderr]    Compiling bimap v0.6.3
[INFO] [stderr]    Compiling hashbrown v0.14.5
[INFO] [stderr]    Compiling fastrand v2.3.0
[INFO] [stderr]    Compiling const-hex v1.17.0
[INFO] [stderr]    Compiling ruint v1.17.2
[INFO] [stderr]    Compiling elliptic-curve v0.13.8
[INFO] [stderr]    Compiling ecdsa v0.16.9
[INFO] [stderr]    Compiling synstructure v0.13.2
[INFO] [stderr]    Compiling syn-solidity v1.5.2
[INFO] [stderr]    Compiling macro-string v0.1.4
[INFO] [stderr]    Compiling proc-macro-error2 v2.0.1
[INFO] [stderr]    Compiling k256 v0.13.4
[INFO] [stderr]    Compiling lru v0.16.3
[INFO] [stderr]    Compiling serde_derive v1.0.228
[INFO] [stderr]    Compiling derive_more-impl v2.1.1
[INFO] [stderr]    Compiling alloy-rlp-derive v0.3.12
[INFO] [stderr]    Compiling zerofrom-derive v0.1.6
[INFO] [stderr]    Compiling tracing-attributes v0.1.31
[INFO] [stderr]    Compiling thiserror-impl v2.0.18
[INFO] [stderr]    Compiling yoke-derive v0.8.1
[INFO] [stderr]    Compiling zerovec-derive v0.11.2
[INFO] [stderr]    Compiling tokio-macros v2.6.0
[INFO] [stderr]    Compiling displaydoc v0.2.5
[INFO] [stderr]    Compiling auto_impl v1.3.0
[INFO] [stderr]    Compiling futures-macro v0.3.31
[INFO] [stderr]    Compiling async-trait v0.1.89
[INFO] [stderr]    Compiling strum_macros v0.27.2
[INFO] [stderr]    Compiling num_enum_derive v0.7.5
[INFO] [stderr]    Compiling pin-project-internal v1.1.10
[INFO] [stderr]    Compiling futures-util v0.3.31
[INFO] [stderr]    Compiling ppv-lite86 v0.2.21
[INFO] [stderr]    Compiling tracing v0.1.44
[INFO] [stderr]    Compiling async-stream-impl v0.3.6
[INFO] [stderr]    Compiling zerofrom v0.1.6
[INFO] [stderr]    Compiling yoke v0.8.1
[INFO] [stderr]    Compiling zerovec v0.11.5
[INFO] [stderr]    Compiling zerotrie v0.2.3
[INFO] [stderr]    Compiling rand_chacha v0.3.1
[INFO] [stderr]    Compiling num_enum v0.7.5
[INFO] [stderr]    Compiling pin-project v1.1.10
[INFO] [stderr]    Compiling async-stream v0.3.6
[INFO] [stderr]    Compiling rand v0.8.6
[INFO] [stderr]    Compiling strum v0.27.2
[INFO] [stderr]    Compiling tinystr v0.8.2
[INFO] [stderr]    Compiling potential_utf v0.1.4
[INFO] [stderr]    Compiling icu_collections v2.1.1
[INFO] [stderr]    Compiling icu_locale_core v2.1.1
[INFO] [stderr]    Compiling icu_provider v2.1.1
[INFO] [stderr]    Compiling derive_more v2.1.1
[INFO] [stderr]    Compiling icu_properties v2.1.2
[INFO] [stderr]    Compiling bytes v1.11.1
[INFO] [stderr]    Compiling alloy-sol-type-parser v1.5.2
[INFO] [stderr]    Compiling darling_core v0.21.3
[INFO] [stderr]    Compiling futures-executor v0.3.31
[INFO] [stderr]    Compiling arrayvec v0.7.6
[INFO] [stderr]    Compiling smallvec v1.15.1
[INFO] [stderr]    Compiling either v1.15.0
[INFO] [stderr]    Compiling serde_urlencoded v0.7.1
[INFO] [stderr]    Compiling futures v0.3.31
[INFO] [stderr]    Compiling icu_normalizer v2.1.1
[INFO] [stderr]    Compiling parking_lot v0.12.5
[INFO] [stderr]    Compiling dashmap v6.1.0
[INFO] [stderr]    Compiling itertools v0.14.0
[INFO] [stderr]    Compiling alloy-primitives v1.5.2
[INFO] [stderr]    Compiling idna_adapter v1.2.1
[INFO] [stderr]    Compiling idna v1.1.0
[INFO] [stderr]    Compiling alloy-rlp v0.3.12
[INFO] [stderr]    Compiling http v1.4.0
[INFO] [stderr]    Compiling tokio v1.49.0
[INFO] [stderr]    Compiling url v2.5.8
[INFO] [stderr]    Compiling alloy-json-abi v1.5.2
[INFO] [stderr]    Compiling nybbles v0.4.7
[INFO] [stderr]    Compiling http-body v1.0.1
[INFO] [stderr]    Compiling http-body-util v0.1.3
[INFO] [stderr]    Compiling alloy-sol-macro-input v1.5.2
[INFO] [stderr]    Compiling darling_macro v0.21.3
[INFO] [stderr]    Compiling darling v0.21.3
[INFO] [stderr]    Compiling serde_with_macros v3.16.1
[INFO] [stderr]    Compiling alloy-tx-macros v1.4.3
[INFO] [stderr]    Compiling alloy-sol-macro-expander v1.5.2
[INFO] [stderr]    Compiling serde_with v3.16.1
[INFO] [stderr]    Compiling alloy-serde v1.4.3
[INFO] [stderr]    Compiling alloy-eip2124 v0.2.0
[INFO] [stderr]    Compiling alloy-eip2930 v0.2.3
[INFO] [stderr]    Compiling alloy-eip7702 v0.6.3
[INFO] [stderr]    Compiling alloy-trie v0.9.3
[INFO] [stderr]    Compiling alloy-signer v1.4.3
[INFO] [stderr]    Compiling alloy-chains v0.2.28
[INFO] [stderr]    Compiling alloy-sol-macro v1.5.2
[INFO] [stderr]    Compiling rustls-webpki v0.103.13
[INFO] [stderr]    Compiling alloy-sol-types v1.5.2
[INFO] [stderr]    Compiling tower v0.5.3
[INFO] [stderr]    Compiling hyper v1.8.1
[INFO] [stderr]    Compiling tokio-util v0.7.18
[INFO] [stderr]    Compiling backon v1.6.0
[INFO] [stderr]    Compiling tokio-stream v0.1.18
[INFO] [stderr]    Compiling tower-http v0.6.8
[INFO] [stderr]    Compiling hyper-util v0.1.19
[INFO] [stderr]    Compiling alloy-eips v1.4.3
[INFO] [stderr]    Compiling alloy-json-rpc v1.4.3
[INFO] [stderr]    Compiling alloy-dyn-abi v1.5.2
[INFO] [stderr]    Compiling alloy-transport v1.4.3
[INFO] [stderr]    Compiling alloy-core v1.5.2
[INFO] [stderr]    Compiling alloy-pubsub v1.4.3
[INFO] [stderr]    Compiling alloy-consensus v1.4.3
[INFO] [stderr]    Compiling tokio-rustls v0.26.4
[INFO] [stderr]    Compiling hyper-rustls v0.27.7
[INFO] [stderr]    Compiling alloy-network-primitives v1.4.3
[INFO] [stderr]    Compiling alloy-consensus-any v1.4.3
[INFO] [stderr]    Compiling reqwest v0.12.28
[INFO] [stderr]    Compiling alloy-rpc-types-eth v1.4.3
[INFO] [stderr]    Compiling alloy-transport-http v1.4.3
[INFO] [stderr]    Compiling alloy-rpc-client v1.4.3
[INFO] [stderr]    Compiling alloy-rpc-types-any v1.4.3
[INFO] [stderr]    Compiling alloy-rpc-types v1.4.3
[INFO] [stderr]    Compiling alloy-network v1.4.3
[INFO] [stderr]    Compiling alloy-provider v1.4.3
[INFO] [stderr]    Compiling alloy-signer-local v1.4.3
[INFO] [stderr]    Compiling alloy-contract v1.4.3
[INFO] [stderr]    Compiling alloy v1.4.3
[INFO] [stderr]    Compiling robust-provider v1.0.1
[INFO] [stderr]    Compiling event-scanner v1.1.1 (/opt/rustwide/workdir)
[INFO] [stderr]     Finished `release` profile [optimized] target(s) in 1m 52s
[INFO] [stderr] warning: the following packages contain code that will be rejected by a future version of Rust: proc-macro-error2 v2.0.1
[INFO] [stderr] note: to see what the problems were, use the option `--future-incompat-report`, or run `cargo report future-incompatibilities --id 2`
[INFO] running `Command { std: "docker" "inspect" "c68c297fd3913a96fab6062ac37a401b1a53bb8cebfeaf76522de973dc998bef", kill_on_drop: false }`
[INFO] running `Command { std: "docker" "exec" "-e" "SOURCE_DIR=/opt/rustwide/workdir" "-e" "CARGO_HOME=/opt/rustwide/cargo-home" "-e" "RUSTUP_HOME=/opt/rustwide/rustup-home" "-e" "CARGO_TARGET_DIR=/opt/rustwide/target" "-e" "CARGO_INCREMENTAL=0" "-e" "RUST_BACKTRACE=full" "-e" "RUSTFLAGS=--cap-lints=warn" "-e" "RUSTDOCFLAGS=--cap-lints=warn" "-w" "/opt/rustwide/workdir" "--user" "0:0" "c68c297fd3913a96fab6062ac37a401b1a53bb8cebfeaf76522de973dc998bef" "/opt/rustwide/cargo-home/bin/cargo" "+1.99.0-beta.8" "test" "--frozen" "--no-run" "--message-format=json" "--release", kill_on_drop: false }`
[INFO] [stderr]    Compiling serde_core v1.0.228
[INFO] [stderr]    Compiling cfg-if v1.0.4
[INFO] [stderr]    Compiling zeroize v1.8.2
[INFO] [stderr]    Compiling subtle v2.6.1
[INFO] [stderr]    Compiling const-oid v0.9.6
[INFO] [stderr]    Compiling itoa v1.0.17
[INFO] [stderr]    Compiling libc v0.2.180
[INFO] [stderr]    Compiling typenum v1.19.0
[INFO] [stderr]    Compiling pin-project-lite v0.2.16
[INFO] [stderr]    Compiling cpufeatures v0.2.17
[INFO] [stderr]    Compiling base16ct v0.2.0
[INFO] [stderr]    Compiling equivalent v1.0.2
[INFO] [stderr]    Compiling foldhash v0.2.0
[INFO] [stderr]    Compiling allocator-api2 v0.2.21
[INFO] [stderr]    Compiling crunchy v0.2.4
[INFO] [stderr]    Compiling once_cell v1.21.3
[INFO] [stderr]    Compiling derive_more v2.1.1
[INFO] [stderr]    Compiling memchr v2.7.6
[INFO] [stderr]    Compiling rustc-hash v2.1.1
[INFO] [stderr]    Compiling tiny-keccak v2.0.2
[INFO] [stderr]    Compiling der v0.7.10
[INFO] [stderr]    Compiling thiserror v2.0.18
[INFO] [stderr]    Compiling tracing-core v0.1.36
[INFO] [stderr]    Compiling zmij v1.0.16
[INFO] [stderr]    Compiling futures-core v0.3.31
[INFO] [stderr]    Compiling zerofrom v0.1.6
[INFO] [stderr]    Compiling stable_deref_trait v1.2.1
[INFO] [stderr]    Compiling futures-sink v0.3.31
[INFO] [stderr]    Compiling winnow v0.7.14
[INFO] [stderr]    Compiling zerocopy v0.8.33
[INFO] [stderr]    Compiling zerocopy-derive v0.8.33
[INFO] [stderr]    Compiling pin-utils v0.1.0
[INFO] [stderr]    Compiling crc-catalog v2.4.0
[INFO] [stderr]    Compiling futures-io v0.3.31
[INFO] [stderr]    Compiling crc v3.4.0
[INFO] [stderr]    Compiling slab v0.4.11
[INFO] [stderr]    Compiling futures-channel v0.3.31
[INFO] [stderr]    Compiling writeable v0.6.2
[INFO] [stderr]    Compiling yoke v0.8.1
[INFO] [stderr]    Compiling litemap v0.8.1
[INFO] [stderr]    Compiling zerovec v0.11.5
[INFO] [stderr]    Compiling futures-task v0.3.31
[INFO] [stderr]    Compiling zerotrie v0.2.3
[INFO] [stderr]    Compiling rustls-pki-types v1.14.0
[INFO] [stderr]    Compiling percent-encoding v2.3.2
[INFO] [stderr]    Compiling icu_normalizer_data v2.1.1
[INFO] [stderr]    Compiling icu_properties_data v2.1.2
[INFO] [stderr]    Compiling getrandom v0.3.4
[INFO] [stderr]    Compiling log v0.4.29
[INFO] [stderr]    Compiling untrusted v0.9.0
[INFO] [stderr]    Compiling tower-service v0.3.3
[INFO] [stderr]    Compiling httparse v1.10.1
[INFO] [stderr]    Compiling futures-util v0.3.31
[INFO] [stderr]    Compiling tracing v0.1.44
[INFO] [stderr]    Compiling form_urlencoded v1.2.2
[INFO] [stderr]    Compiling getrandom v0.2.17
[INFO] [stderr]    Compiling socket2 v0.6.1
[INFO] [stderr]    Compiling rand_core v0.6.4
[INFO] [stderr]    Compiling mio v1.1.1
[INFO] [stderr]    Compiling ff v0.13.1
[INFO] [stderr]    Compiling ring v0.17.14
[INFO] [stderr]    Compiling generic-array v0.14.9
[INFO] [stderr]    Compiling utf8_iter v1.0.4
[INFO] [stderr]    Compiling sync_wrapper v1.0.2
[INFO] [stderr]    Compiling base64 v0.22.1
[INFO] [stderr]    Compiling tower-layer v0.3.3
[INFO] [stderr]    Compiling group v0.13.0
[INFO] [stderr]    Compiling scopeguard v1.2.0
[INFO] [stderr]    Compiling futures-utils-wasm v0.1.0
[INFO] [stderr]    Compiling lock_api v0.4.14
[INFO] [stderr]    Compiling webpki-roots v1.0.5
[INFO] [stderr]    Compiling bitflags v2.10.0
[INFO] [stderr]    Compiling try-lock v0.2.5
[INFO] [stderr]    Compiling crossbeam-utils v0.8.21
[INFO] [stderr]    Compiling rand_core v0.9.5
[INFO] [stderr]    Compiling want v0.3.1
[INFO] [stderr]    Compiling tinystr v0.8.2
[INFO] [stderr]    Compiling potential_utf v0.1.4
[INFO] [stderr]    Compiling atomic-waker v1.1.2
[INFO] [stderr]    Compiling ipnet v2.11.0
[INFO] [stderr]    Compiling utf-8 v0.7.6
[INFO] [stderr]    Compiling iri-string v0.7.10
[INFO] [stderr]    Compiling data-encoding v2.10.0
[INFO] [stderr]    Compiling icu_collections v2.1.1
[INFO] [stderr]    Compiling rustix v1.1.3
[INFO] [stderr]    Compiling ryu v1.0.22
[INFO] [stderr]    Compiling crypto-common v0.1.6
[INFO] [stderr]    Compiling block-buffer v0.10.4
[INFO] [stderr]    Compiling crypto-bigint v0.5.5
[INFO] [stderr]    Compiling icu_locale_core v2.1.1
[INFO] [stderr]    Compiling digest v0.10.7
[INFO] [stderr]    Compiling num_enum v0.7.5
[INFO] [stderr]    Compiling strum v0.27.2
[INFO] [stderr]    Compiling webpki-roots v0.26.11
[INFO] [stderr]    Compiling bimap v0.6.3
[INFO] [stderr]    Compiling sec1 v0.7.3
[INFO] [stderr]    Compiling hmac v0.12.1
[INFO] [stderr]    Compiling signature v2.2.0
[INFO] [stderr]    Compiling rfc6979 v0.4.0
[INFO] [stderr]    Compiling spki v0.7.3
[INFO] [stderr]    Compiling sha2 v0.10.9
[INFO] [stderr]    Compiling sha1 v0.10.6
[INFO] [stderr]    Compiling fastrand v2.3.0
[INFO] [stderr]    Compiling linux-raw-sys v0.11.0
[INFO] [stderr]    Compiling dyn-clone v1.0.20
[INFO] [stderr]    Compiling pin-project v1.1.10
[INFO] [stderr]    Compiling regex-syntax v0.8.8
[INFO] [stderr]    Compiling hashbrown v0.14.5
[INFO] [stderr]    Compiling anstyle v1.0.13
[INFO] [stderr]    Compiling async-stream v0.3.6
[INFO] [stderr]    Compiling autocfg v1.5.0
[INFO] [stderr]    Compiling crossbeam-epoch v0.9.18
[INFO] [stderr]    Compiling rayon-core v1.13.0
[INFO] [stderr]    Compiling utf8parse v0.2.2
[INFO] [stderr]    Compiling anstyle-parse v0.2.7
[INFO] [stderr]    Compiling alloca v0.4.0
[INFO] [stderr]    Compiling plotters-backend v0.3.7
[INFO] [stderr]    Compiling crossbeam-deque v0.8.6
[INFO] [stderr]    Compiling anstyle-query v1.1.5
[INFO] [stderr]    Compiling num-traits v0.2.19
[INFO] [stderr]    Compiling clap_lex v0.7.7
[INFO] [stderr]    Compiling is_terminal_polyfill v1.70.2
[INFO] [stderr]    Compiling colorchoice v1.0.4
[INFO] [stderr]    Compiling ciborium-io v0.2.2
[INFO] [stderr]    Compiling lazy_static v1.5.0
[INFO] [stderr]    Compiling anstream v0.6.21
[INFO] [stderr]    Compiling sharded-slab v0.1.7
[INFO] [stderr]    Compiling icu_provider v2.1.1
[INFO] [stderr]    Compiling icu_properties v2.1.2
[INFO] [stderr]    Compiling rustls-webpki v0.103.13
[INFO] [stderr]    Compiling clap_builder v4.5.54
[INFO] [stderr]    Compiling plotters-svg v0.3.7
[INFO] [stderr]    Compiling serde v1.0.228
[INFO] [stderr]    Compiling hashbrown v0.16.1
[INFO] [stderr]    Compiling const-hex v1.17.0
[INFO] [stderr]    Compiling elliptic-curve v0.13.8
[INFO] [stderr]    Compiling serde_json v1.0.149
[INFO] [stderr]    Compiling ecdsa v0.16.9
[INFO] [stderr]    Compiling serde_with v3.16.1
[INFO] [stderr]    Compiling ppv-lite86 v0.2.21
[INFO] [stderr]    Compiling half v2.7.1
[INFO] [stderr]    Compiling regex-automata v0.4.13
[INFO] [stderr]    Compiling k256 v0.13.4
[INFO] [stderr]    Compiling bytes v1.11.1
[INFO] [stderr]    Compiling arrayvec v0.7.6
[INFO] [stderr]    Compiling smallvec v1.15.1
[INFO] [stderr]    Compiling either v1.15.0
[INFO] [stderr]    Compiling alloy-sol-type-parser v1.5.2
[INFO] [stderr]    Compiling rustls v0.23.36
[INFO] [stderr]    Compiling futures-executor v0.3.31
[INFO] [stderr]    Compiling itertools v0.14.0
[INFO] [stderr]    Compiling futures v0.3.31
[INFO] [stderr]    Compiling icu_normalizer v2.1.1
[INFO] [stderr]    Compiling parking_lot_core v0.9.12
[INFO] [stderr]    Compiling rand_chacha v0.9.0
[INFO] [stderr]    Compiling alloy-rlp v0.3.12
[INFO] [stderr]    Compiling http v1.4.0
[INFO] [stderr]    Compiling ruint v1.17.2
[INFO] [stderr]    Compiling tokio v1.49.0
[INFO] [stderr]    Compiling idna_adapter v1.2.1
[INFO] [stderr]    Compiling parking_lot v0.12.5
[INFO] [stderr]    Compiling rand v0.9.2
[INFO] [stderr]    Compiling idna v1.1.0
[INFO] [stderr]    Compiling rand_chacha v0.3.1
[INFO] [stderr]    Compiling serde_urlencoded v0.7.1
[INFO] [stderr]    Compiling tempfile v3.24.0
[INFO] [stderr]    Compiling rand v0.8.6
[INFO] [stderr]    Compiling url v2.5.8
[INFO] [stderr]    Compiling alloy-primitives v1.5.2
[INFO] [stderr]    Compiling nybbles v0.4.7
[INFO] [stderr]    Compiling http-body v1.0.1
[INFO] [stderr]    Compiling dashmap v6.1.0
[INFO] [stderr]    Compiling http-body-util v0.1.3
[INFO] [stderr]    Compiling lru v0.16.3
[INFO] [stderr]    Compiling itertools v0.13.0
[INFO] [stderr]    Compiling ciborium-ll v0.2.2
[INFO] [stderr]    Compiling env_filter v0.1.4
[INFO] [stderr]    Compiling tracing-log v0.2.0
[INFO] [stderr]    Compiling thread_local v1.1.9
[INFO] [stderr]    Compiling cast v0.3.0
[INFO] [stderr]    Compiling same-file v1.0.6
[INFO] [stderr]    Compiling nu-ansi-term v0.50.3
[INFO] [stderr]    Compiling walkdir v2.5.0
[INFO] [stderr]    Compiling env_logger v0.11.8
[INFO] [stderr]    Compiling ciborium v0.2.2
[INFO] [stderr]    Compiling clap v4.5.54
[INFO] [stderr]    Compiling tinytemplate v1.2.1
[INFO] [stderr]    Compiling rayon v1.11.0
[INFO] [stderr]    Compiling plotters v0.3.7
[INFO] [stderr]    Compiling page_size v0.6.0
[INFO] [stderr]    Compiling test-log-macros v0.2.19
[INFO] [stderr]    Compiling oorandom v11.1.5
[INFO] [stderr]    Compiling anes v0.1.6
[INFO] [stderr]    Compiling alloy-json-abi v1.5.2
[INFO] [stderr]    Compiling alloy-eip2124 v0.2.0
[INFO] [stderr]    Compiling alloy-eip7702 v0.6.3
[INFO] [stderr]    Compiling alloy-serde v1.4.3
[INFO] [stderr]    Compiling alloy-eip2930 v0.2.3
[INFO] [stderr]    Compiling alloy-trie v0.9.3
[INFO] [stderr]    Compiling alloy-signer v1.4.3
[INFO] [stderr]    Compiling alloy-eips v1.4.3
[INFO] [stderr]    Compiling alloy-chains v0.2.28
[INFO] [stderr]    Compiling matchers v0.2.0
[INFO] [stderr]    Compiling regex v1.12.2
[INFO] [stderr]    Compiling tracing-subscriber v0.3.22
[INFO] [stderr]    Compiling criterion-plot v0.8.1
[INFO] [stderr]    Compiling alloy-hardforks v0.2.13
[INFO] [stderr]    Compiling alloy-sol-types v1.5.2
[INFO] [stderr]    Compiling tungstenite v0.26.2
[INFO] [stderr]    Compiling alloy-consensus v1.4.3
[INFO] [stderr]    Compiling alloy-genesis v1.4.3
[INFO] [stderr]    Compiling test-log v0.2.19
[INFO] [stderr]    Compiling tower v0.5.3
[INFO] [stderr]    Compiling tokio-rustls v0.26.4
[INFO] [stderr]    Compiling hyper v1.8.1
[INFO] [stderr]    Compiling tokio-util v0.7.18
[INFO] [stderr]    Compiling backon v1.6.0
[INFO] [stderr]    Compiling criterion v0.8.1
[INFO] [stderr]    Compiling tokio-stream v0.1.18
[INFO] [stderr]    Compiling tokio-tungstenite v0.26.2
[INFO] [stderr]    Compiling tower-http v0.6.8
[INFO] [stderr]    Compiling hyper-util v0.1.19
[INFO] [stderr]    Compiling alloy-json-rpc v1.4.3
[INFO] [stderr]    Compiling alloy-dyn-abi v1.5.2
[INFO] [stderr]    Compiling alloy-network-primitives v1.4.3
[INFO] [stderr]    Compiling alloy-consensus-any v1.4.3
[INFO] [stderr]    Compiling hyper-rustls v0.27.7
[INFO] [stderr]    Compiling alloy-rpc-types-eth v1.4.3
[INFO] [stderr]    Compiling alloy-transport v1.4.3
[INFO] [stderr]    Compiling reqwest v0.12.28
[INFO] [stderr]    Compiling alloy-core v1.5.2
[INFO] [stderr]    Compiling alloy-pubsub v1.4.3
[INFO] [stderr]    Compiling alloy-transport-ws v1.4.3
[INFO] [stderr]    Compiling alloy-transport-http v1.4.3
[INFO] [stderr]    Compiling alloy-rpc-client v1.4.3
[INFO] [stderr]    Compiling alloy-rpc-types-any v1.4.3
[INFO] [stderr]    Compiling alloy-rpc-types-anvil v1.4.3
[INFO] [stderr]    Compiling alloy-network v1.4.3
[INFO] [stderr]    Compiling alloy-rpc-types v1.4.3
[INFO] [stderr]    Compiling alloy-signer-local v1.4.3
[INFO] [stderr]    Compiling alloy-node-bindings v1.4.3
[INFO] [stderr]    Compiling alloy-provider v1.4.3
[INFO] [stderr]    Compiling alloy-contract v1.4.3
[INFO] [stderr]    Compiling alloy v1.4.3
[INFO] [stderr]    Compiling robust-provider v1.0.1
[INFO] [stderr]    Compiling event-scanner v1.1.1 (/opt/rustwide/workdir)
[INFO] [stdout] error[E0433]: cannot find module or crate `anyhow` in this scope
[INFO] [stdout]    --> src/block_range_scanner/reorg_handler.rs:210:78
[INFO] [stdout]     |
[INFO] [stdout] 210 |     async fn detects_reorg_when_old_hash_is_available_but_not_canonical() -> anyhow::Result<()> {
[INFO] [stdout]     |                                                                              ^^^^^^ use of unresolved module or unlinked crate `anyhow`
[INFO] [stdout]     |
[INFO] [stdout]     = help: if you wanted to use a crate named `anyhow`, use `cargo add anyhow` to add it to your `Cargo.toml`
[INFO] [stdout] 
[INFO] [stdout] 
[INFO] [stdout] error[E0433]: cannot find module or crate `anyhow` in this scope
[INFO] [stdout]    --> src/event_scanner/block_range_handler.rs:601:55
[INFO] [stdout]     |
[INFO] [stdout] 601 |     async fn stream_handler_streams_lagged_error() -> anyhow::Result<()> {
[INFO] [stdout]     |                                                       ^^^^^^ use of unresolved module or unlinked crate `anyhow`
[INFO] [stdout]     |
[INFO] [stdout]     = help: if you wanted to use a crate named `anyhow`, use `cargo add anyhow` to add it to your `Cargo.toml`
[INFO] [stdout] 
[INFO] [stdout] 
[INFO] [stdout] error[E0433]: cannot find module or crate `anyhow` in this scope
[INFO] [stdout]    --> src/event_scanner/block_range_handler.rs:629:79
[INFO] [stdout]     |
[INFO] [stdout] 629 |     async fn spawn_log_consumers_in_collection_mode_streams_lagged_error() -> anyhow::Result<()> {
[INFO] [stdout]     |                                                                               ^^^^^^ use of unresolved module or unlinked crate `anyhow`
[INFO] [stdout]     |
[INFO] [stdout]     = help: if you wanted to use a crate named `anyhow`, use `cargo add anyhow` to add it to your `Cargo.toml`
[INFO] [stdout] 
[INFO] [stdout] 
[INFO] [stdout] error[E0433]: cannot find module or crate `anyhow` in this scope
[INFO] [stdout]    --> src/event_scanner/modes/latest.rs:268:46
[INFO] [stdout]     |
[INFO] [stdout] 268 |     async fn accepts_zero_confirmations() -> anyhow::Result<()> {
[INFO] [stdout]     |                                              ^^^^^^ use of unresolved module or unlinked crate `anyhow`
[INFO] [stdout]     |
[INFO] [stdout]     = help: if you wanted to use a crate named `anyhow`, use `cargo add anyhow` to add it to your `Cargo.toml`
[INFO] [stdout] 
[INFO] [stdout] 
[INFO] [stdout] error[E0433]: cannot find module or crate `anyhow` in this scope
[INFO] [stdout]    --> src/event_scanner/modes/live.rs:170:46
[INFO] [stdout]     |
[INFO] [stdout] 170 |     async fn accepts_zero_confirmations() -> anyhow::Result<()> {
[INFO] [stdout]     |                                              ^^^^^^ use of unresolved module or unlinked crate `anyhow`
[INFO] [stdout]     |
[INFO] [stdout]     = help: if you wanted to use a crate named `anyhow`, use `cargo add anyhow` to add it to your `Cargo.toml`
[INFO] [stdout] 
[INFO] [stdout] 
[INFO] [stdout] error[E0433]: cannot find module or crate `anyhow` in this scope
[INFO] [stdout]    --> src/event_scanner/modes/sync/from_block.rs:168:46
[INFO] [stdout]     |
[INFO] [stdout] 168 |     async fn accepts_zero_confirmations() -> anyhow::Result<()> {
[INFO] [stdout]     |                                              ^^^^^^ use of unresolved module or unlinked crate `anyhow`
[INFO] [stdout]     |
[INFO] [stdout]     = help: if you wanted to use a crate named `anyhow`, use `cargo add anyhow` to add it to your `Cargo.toml`
[INFO] [stdout] 
[INFO] [stdout] 
[INFO] [stdout] error[E0433]: cannot find module or crate `anyhow` in this scope
[INFO] [stdout]    --> src/event_scanner/modes/sync/from_latest.rs:241:46
[INFO] [stdout]     |
[INFO] [stdout] 241 |     async fn accepts_zero_confirmations() -> anyhow::Result<()> {
[INFO] [stdout]     |                                              ^^^^^^ use of unresolved module or unlinked crate `anyhow`
[INFO] [stdout]     |
[INFO] [stdout]     = help: if you wanted to use a crate named `anyhow`, use `cargo add anyhow` to add it to your `Cargo.toml`
[INFO] [stdout] 
[INFO] [stdout] 
[INFO] [stdout] error[E0433]: cannot find module or crate `anyhow` in this scope
[INFO] [stdout]    --> src/event_scanner/scanner.rs:199:71
[INFO] [stdout]     |
[INFO] [stdout] 199 |     async fn test_historic_event_stream_listeners_vector_updates() -> anyhow::Result<()> {
[INFO] [stdout]     |                                                                       ^^^^^^ use of unresolved module or unlinked crate `anyhow`
[INFO] [stdout]     |
[INFO] [stdout]     = help: if you wanted to use a crate named `anyhow`, use `cargo add anyhow` to add it to your `Cargo.toml`
[INFO] [stdout] 
[INFO] [stdout] 
[INFO] [stdout] error[E0433]: cannot find module or crate `anyhow` in this scope
[INFO] [stdout]    --> src/event_scanner/scanner.rs:218:63
[INFO] [stdout]     |
[INFO] [stdout] 218 |     async fn test_historic_event_stream_channel_capacity() -> anyhow::Result<()> {
[INFO] [stdout]     |                                                               ^^^^^^ use of unresolved module or unlinked crate `anyhow`
[INFO] [stdout]     |
[INFO] [stdout]     = help: if you wanted to use a crate named `anyhow`, use `cargo add anyhow` to add it to your `Cargo.toml`
[INFO] [stdout] 
[INFO] [stdout] 
[INFO] [stdout] For more information about this error, try `rustc --explain E0433`.
[INFO] [stdout] 
[INFO] [stderr] error: could not compile `event-scanner` (lib test) due to 9 previous errors
[INFO] running `Command { std: "docker" "inspect" "c68c297fd3913a96fab6062ac37a401b1a53bb8cebfeaf76522de973dc998bef", kill_on_drop: false }`
[INFO] running `Command { std: "docker" "rm" "-f" "c68c297fd3913a96fab6062ac37a401b1a53bb8cebfeaf76522de973dc998bef", kill_on_drop: false }`
[INFO] [stdout] c68c297fd3913a96fab6062ac37a401b1a53bb8cebfeaf76522de973dc998bef
